000
CDUS45 KCYS 290427
CLILAR


CLIMATE REPORT
NATIONAL WEATHER SERVICE CHEYENNE WY
927 PM MST FRI NOV 28 2014


...................................

...THE LARAMIE WY AIRPORT CLIMATE SUMMARY FOR NOVEMBER 28 2014...
VALID TODAY AS OF 0900 PM LOCAL TIME.

CLIMATE NORMAL PERIOD 1981 TO 2010
CLIMATE RECORD PERIOD 1948 TO 2014


WEATHER ITEM   OBSERVED TIME   RECORD YEAR NORMAL DEPARTURE LAST
                VALUE   (LST)  VALUE       VALUE  FROM      YEAR
                                                  NORMAL
..................................................................
TEMPERATURE (F)
 TODAY
  MAXIMUM         54    253 PM  59    1998  35     19       52
  MINIMUM         35    445 AM -18    1987  13     22       19
  AVERAGE         45                        24     21       36

PRECIPITATION (IN)
  TODAY            0.00          0.17 2010   0.01  -0.01     0.00
  MONTH TO DATE    0.42                      0.51  -0.09     0.46
  SINCE JAN 1     13.58                     10.57   3.01    11.92

DEGREE DAYS
 HEATING
  TODAY           20                        41    -21       29
  MONTH TO DATE 1051                       986     65      923
  SINCE SEP 1   1895                      2057   -162     1993
  SINCE JUL 1   2074                      2229   -155     2064

 COOLING
  TODAY            0                         0      0        0
  MONTH TO DATE    0                         0      0        0
  SINCE SEP 1      0                         1     -1       24
  SINCE JAN 1     67                        67      0      162
..................................................................


WIND (MPH)
  HIGHEST WIND SPEED    29   HIGHEST WIND DIRECTION     W (250)
  HIGHEST GUST SPEED    39   HIGHEST GUST DIRECTION     W (250)
  AVERAGE WIND SPEED    13.6


SKY COVER
  AVERAGE SKY COVER 0.0


WEATHER CONDITIONS
 THE FOLLOWING WEATHER WAS RECORDED TODAY.
  NO SIGNIFICANT WEATHER WAS OBSERVED.


RELATIVE HUMIDITY (PERCENT)
 HIGHEST    44           200 AM
 LOWEST     18           100 PM
 AVERAGE    31

..........................................................


THE LARAMIE WY AIRPORT CLIMATE NORMALS FOR TOMORROW
                         NORMAL    RECORD    YEAR
 MAXIMUM TEMPERATURE (F)   35        57      1999
 MINIMUM TEMPERATURE (F)   12       -16      1979


SUNRISE AND SUNSET
NOVEMBER 28 2014......SUNRISE   706 AM MST   SUNSET   435 PM MST
NOVEMBER 29 2014......SUNRISE   707 AM MST   SUNSET   435 PM MST


-  INDICATES NEGATIVE NUMBERS.
R  INDICATES RECORD WAS SET OR TIED.
MM INDICATES DATA IS MISSING.
T  INDICATES TRACE AMOUNT.




$$
