000
CDUS45 KCYS 230732
CLILAR


CLIMATE REPORT
NATIONAL WEATHER SERVICE CHEYENNE WY
130 AM MDT SAT MAY 23 2015


...................................

...THE LARAMIE WY AIRPORT CLIMATE SUMMARY FOR MAY 22 2015...

CLIMATE NORMAL PERIOD 1981 TO 2010
CLIMATE RECORD PERIOD 1948 TO 2015


WEATHER ITEM   OBSERVED TIME   RECORD YEAR NORMAL DEPARTURE LAST
                VALUE   (LST)  VALUE       VALUE  FROM      YEAR
                                                  NORMAL
..................................................................
TEMPERATURE (F)
 YESTERDAY
  MAXIMUM         50    513 PM  81    2012  64    -14       66
  MINIMUM         38   1003 PM  27    1977  36      2       42
                                      1974
  AVERAGE         44                        50     -6       54

PRECIPITATION (IN)
  YESTERDAY        0.14          2.11 2008   0.06   0.08     0.00
  MONTH TO DATE    2.57                      1.11   1.46     1.27
  SINCE JAN 1      5.26                      3.37   1.89     3.80

DEGREE DAYS
 HEATING
  YESTERDAY       21                        15      6       11
  MONTH TO DATE  465                       414     51      467
  SINCE MAR 1   2127                      2287   -160     2258
  SINCE JUL 1   7804                      8463   -659     8302

 COOLING
  YESTERDAY        0                         0      0        0
  MONTH TO DATE    0                         0      0        0
  SINCE MAR 1      0                         0      0        0
  SINCE JAN 1      0                         0      0        0
..................................................................


WIND (MPH)
  HIGHEST WIND SPEED    24   HIGHEST WIND DIRECTION    SE (150)
  HIGHEST GUST SPEED    30   HIGHEST GUST DIRECTION     S (160)
  AVERAGE WIND SPEED    14.3


SKY COVER
  AVERAGE SKY COVER 0.8


WEATHER CONDITIONS
 THE FOLLOWING WEATHER WAS RECORDED YESTERDAY.
  THUNDERSTORM
  RAIN
  LIGHT RAIN


RELATIVE HUMIDITY (PERCENT)
 HIGHEST   100          1000 PM
 LOWEST     66           500 PM
 AVERAGE    83

..........................................................


THE LARAMIE WY AIRPORT CLIMATE NORMALS FOR TODAY
                         NORMAL    RECORD    YEAR
 MAXIMUM TEMPERATURE (F)   64        82      1984
 MINIMUM TEMPERATURE (F)   36        24      1986


SUNRISE AND SUNSET
MAY 23 2015...........SUNRISE   537 AM MDT   SUNSET   822 PM MDT
MAY 24 2015...........SUNRISE   537 AM MDT   SUNSET   823 PM MDT


-  INDICATES NEGATIVE NUMBERS.
R  INDICATES RECORD WAS SET OR TIED.
MM INDICATES DATA IS MISSING.
T  INDICATES TRACE AMOUNT.




$$
