000
CDUS45 KCYS 250740
CLILAR


CLIMATE REPORT
NATIONAL WEATHER SERVICE CHEYENNE WY
138 AM MDT FRI APR 25 2014


...................................

...THE LARAMIE WY AIRPORT CLIMATE SUMMARY FOR APRIL 24 2014...

CLIMATE NORMAL PERIOD 1981 TO 2010
CLIMATE RECORD PERIOD 1948 TO 2014


WEATHER ITEM   OBSERVED TIME   RECORD YEAR NORMAL DEPARTURE LAST
                VALUE   (LST)  VALUE       VALUE  FROM      YEAR
                                                  NORMAL
..................................................................
TEMPERATURE (F)
 YESTERDAY
  MAXIMUM         54    229 PM  77    2012  54      0       43
  MINIMUM         21    514 AM   9    1958  27     -6       17
  AVERAGE         38                        40     -2       30

PRECIPITATION (IN)
  YESTERDAY        0.00          0.34 2006   0.05  -0.05     0.00
  MONTH TO DATE    0.13                      0.81  -0.68     0.73
  SINCE JAN 1      1.86                      2.00  -0.14     1.64

DEGREE DAYS
 HEATING
  YESTERDAY       27                        25      2       35
  MONTH TO DATE  633                       674    -41      852
  SINCE MAR 1   1630                      1733   -103     1913
  SINCE JUL 1   7674                      7909   -235     7817

 COOLING
  YESTERDAY        0                         0      0        0
  MONTH TO DATE    0                         0      0        0
  SINCE MAR 1      0                         0      0        0
  SINCE JAN 1      0                         0      0        0
..................................................................


WIND (MPH)
  HIGHEST WIND SPEED    31   HIGHEST WIND DIRECTION     W (250)
  HIGHEST GUST SPEED    42   HIGHEST GUST DIRECTION     W (260)
  AVERAGE WIND SPEED    18.0


SKY COVER
  AVERAGE SKY COVER 0.2


WEATHER CONDITIONS
 THE FOLLOWING WEATHER WAS RECORDED YESTERDAY.
  NO SIGNIFICANT WEATHER WAS OBSERVED.


RELATIVE HUMIDITY (PERCENT)
 HIGHEST    68           500 AM
 LOWEST     20           200 PM
 AVERAGE    44

..........................................................


THE LARAMIE WY AIRPORT CLIMATE NORMALS FOR TODAY
                         NORMAL    RECORD    YEAR
 MAXIMUM TEMPERATURE (F)   54        72      1981
                                             1975
 MINIMUM TEMPERATURE (F)   27        12      1950


SUNRISE AND SUNSET
APRIL 25 2014.........SUNRISE   608 AM MDT   SUNSET   754 PM MDT
APRIL 26 2014.........SUNRISE   607 AM MDT   SUNSET   755 PM MDT


-  INDICATES NEGATIVE NUMBERS.
R  INDICATES RECORD WAS SET OR TIED.
MM INDICATES DATA IS MISSING.
T  INDICATES TRACE AMOUNT.




$$
