000
CDUS45 KCYS 140727
CLILAR


CLIMATE REPORT
NATIONAL WEATHER SERVICE CHEYENNE WY
1226 AM MST SUN FEB 14 2016


...................................

...THE LARAMIE WY AIRPORT CLIMATE SUMMARY FOR FEBRUARY 13 2016...

CLIMATE NORMAL PERIOD 1981 TO 2010
CLIMATE RECORD PERIOD 1948 TO 2016


WEATHER ITEM   OBSERVED TIME   RECORD YEAR NORMAL DEPARTURE LAST
                VALUE   (LST)  VALUE       VALUE  FROM      YEAR
                                                  NORMAL
..................................................................
TEMPERATURE (F)
 YESTERDAY
  MAXIMUM         51   1217 PM  57    1996  35     16       55
  MINIMUM         25   1146 PM -18    1948  11     14       24
  AVERAGE         38                        23     15       40

PRECIPITATION (IN)
  YESTERDAY        0.00          0.40 1990   0.02  -0.02     0.00
  MONTH TO DATE    0.01                      0.15  -0.14     0.27
  SINCE JAN 1      0.32                      0.42  -0.10     0.39

DEGREE DAYS
 HEATING
  YESTERDAY       27                        42    -15       25
  MONTH TO DATE  457                       556    -99      361
  SINCE DEC 1   3304                      3259     45     2859
  SINCE JUL 1   5228                      5571   -343     4987

 COOLING
  YESTERDAY        0                         0      0        0
  MONTH TO DATE    0                         0      0        0
  SINCE DEC 1      0                         0      0        0
  SINCE JAN 1      0                         0      0        0
..................................................................


WIND (MPH)
  HIGHEST WIND SPEED    45   HIGHEST WIND DIRECTION     W (280)
  HIGHEST GUST SPEED    55   HIGHEST GUST DIRECTION     W (260)
  AVERAGE WIND SPEED    20.6


SKY COVER
  AVERAGE SKY COVER 0.1


WEATHER CONDITIONS
 THE FOLLOWING WEATHER WAS RECORDED YESTERDAY.
  NO SIGNIFICANT WEATHER WAS OBSERVED.


RELATIVE HUMIDITY (PERCENT)
 HIGHEST    75          1000 PM
 LOWEST     22          1100 AM
 AVERAGE    49

..........................................................


THE LARAMIE WY AIRPORT CLIMATE NORMALS FOR TODAY
                         NORMAL    RECORD    YEAR
 MAXIMUM TEMPERATURE (F)   35        59      2015
 MINIMUM TEMPERATURE (F)   12       -14      1951


SUNRISE AND SUNSET
FEBRUARY 14 2016......SUNRISE   659 AM MST   SUNSET   535 PM MST
FEBRUARY 15 2016......SUNRISE   658 AM MST   SUNSET   536 PM MST


-  INDICATES NEGATIVE NUMBERS.
R  INDICATES RECORD WAS SET OR TIED.
MM INDICATES DATA IS MISSING.
T  INDICATES TRACE AMOUNT.




$$
