000
CDUS45 KVEF 240028
CLILAS


CLIMATE REPORT
NATIONAL WEATHER SERVICE LAS VEGAS, NV
528 PM PDT THU OCT 23 2014


...................................

...THE LAS VEGAS NV CLIMATE SUMMARY FOR OCTOBER 23 2014...
VALID TODAY AS OF 0500 PM LOCAL TIME.

CLIMATE NORMAL PERIOD 1981 TO 2010
CLIMATE RECORD PERIOD 1937 TO 2014


WEATHER ITEM   OBSERVED TIME   RECORD YEAR NORMAL DEPARTURE LAST
                VALUE   (LST)  VALUE       VALUE  FROM      YEAR
                                                  NORMAL
..................................................................
TEMPERATURE (F)
 TODAY
  MAXIMUM         86    333 PM  94    1959  78      8       82
  MINIMUM         62    639 AM  37    1953  56      6       57
                                      1949
                                      1938
  AVERAGE         74                        67      7       70

PRECIPITATION (IN)
  TODAY            0.00          0.23 2000   0.01  -0.01     0.00
  MONTH TO DATE    T                         0.18  -0.18      T
  SINCE OCT 1      T                         0.18  -0.18      T
  SINCE JAN 1      1.51                      3.24  -1.73     1.54

SNOWFALL (IN)
  TODAY            0.0           0.0    MM   0.0    0.0      0.0
  MONTH TO DATE    0.0                       0.0    0.0      0.0
  SINCE SEP 1      0.0                       0.0    0.0      0.0
  SINCE JUL 1      0.0                       0.0    0.0      0.0
  SNOW DEPTH       0

DEGREE DAYS
 HEATING
  TODAY            0                         2     -2        0
  MONTH TO DATE    0                        15    -15       19
  SINCE SEP 1      0                        16    -16       19
  SINCE JUL 1      0                        16    -16       19

 COOLING
  TODAY            9                         3      6        5
  MONTH TO DATE  257                       158     99       77
  SINCE SEP 1    877                       686    191      563
  SINCE JAN 1   3902                      3535    367     3735
..................................................................


WIND (MPH)
  RESULTANT WIND SPEED   4   RESULTANT WIND DIRECTION   S (180)
  HIGHEST WIND SPEED    10   HIGHEST WIND DIRECTION     S (200)
  HIGHEST GUST SPEED    12   HIGHEST GUST DIRECTION     S (200)
  AVERAGE WIND SPEED     6.0


SKY COVER
  POSSIBLE SUNSHINE  MM
  AVERAGE SKY COVER 0.4


WEATHER CONDITIONS
 THE FOLLOWING WEATHER WAS RECORDED TODAY.
  NO SIGNIFICANT WEATHER WAS OBSERVED.


RELATIVE HUMIDITY (PERCENT)
 HIGHEST    30           300 AM
 LOWEST     17           100 PM
 AVERAGE    24

..........................................................


THE LAS VEGAS NV CLIMATE NORMALS FOR TOMORROW
                         NORMAL    RECORD    YEAR
 MAXIMUM TEMPERATURE (F)   77        92      1959
 MINIMUM TEMPERATURE (F)   55        36      1953


SUNRISE AND SUNSET
OCTOBER 23 2014.......SUNRISE   655 AM PDT   SUNSET   555 PM PDT
OCTOBER 24 2014.......SUNRISE   656 AM PDT   SUNSET   553 PM PDT


-  INDICATES NEGATIVE NUMBERS.
R  INDICATES RECORD WAS SET OR TIED.
MM INDICATES DATA IS MISSING.
T  INDICATES TRACE AMOUNT.




$$
