000
CDUS45 KVEF 190830
CLILAS


CLIMATE REPORT
NATIONAL WEATHER SERVICE LAS VEGAS, NV
130 AM PDT SAT APR 19 2014


...................................

...THE LAS VEGAS NV CLIMATE SUMMARY FOR APRIL 18 2014...

CLIMATE NORMAL PERIOD 1981 TO 2010
CLIMATE RECORD PERIOD 1937 TO 2014


WEATHER ITEM   OBSERVED TIME   RECORD YEAR NORMAL DEPARTURE LAST
                VALUE   (LST)  VALUE       VALUE  FROM      YEAR
                                                  NORMAL
..................................................................
TEMPERATURE (F)
 YESTERDAY
  MAXIMUM         81    157 PM  98    1946  79      2       68
  MINIMUM         67    522 AM  35    1963  57     10       48
  AVERAGE         74                        68      6       58

PRECIPITATION (IN)
  YESTERDAY        0.00          0.30 1985   0.00   0.00     0.00
  MONTH TO DATE    T                         0.11  -0.11     0.03
  SINCE OCT 1      1.72                      2.98  -1.26     2.04
  SINCE JAN 1      0.30                      1.85  -1.55     0.61

SNOWFALL (IN)
  YESTERDAY        0.0           0.0    MM   0.0    0.0      0.0
  MONTH TO DATE    0.0                       0.0    0.0      0.0
  SINCE MAR 1      0.0                       0.0    0.0      0.0
  SINCE JUL 1      0.0                       0.3   -0.3       T
  SNOW DEPTH       0

DEGREE DAYS
 HEATING
  YESTERDAY        0                         2     -2        7
  MONTH TO DATE   35                        50    -15       32
  SINCE MAR 1    120                       239   -119      118
  SINCE JUL 1   1506                      1930   -424     1755

 COOLING
  YESTERDAY        9                         4      5        0
  MONTH TO DATE  117                        55     62       75
  SINCE MAR 1    148                        85     63      161
  SINCE JAN 1    151                        86     65      161
..................................................................


WIND (MPH)
  RESULTANT WIND SPEED  11   RESULTANT WIND DIRECTION   S (180)
  HIGHEST WIND SPEED    21   HIGHEST WIND DIRECTION     S (190)
  HIGHEST GUST SPEED    26   HIGHEST GUST DIRECTION     S (180)
  AVERAGE WIND SPEED    11.2


SKY COVER
  POSSIBLE SUNSHINE  MM
  AVERAGE SKY COVER 0.9


WEATHER CONDITIONS
 THE FOLLOWING WEATHER WAS RECORDED YESTERDAY.
  NO SIGNIFICANT WEATHER WAS OBSERVED.


RELATIVE HUMIDITY (PERCENT)
 HIGHEST    25          1100 PM
 LOWEST     13           900 AM
 AVERAGE    19

..........................................................


THE LAS VEGAS NV CLIMATE NORMALS FOR TODAY
                         NORMAL    RECORD    YEAR
 MAXIMUM TEMPERATURE (F)   79        98      1938
 MINIMUM TEMPERATURE (F)   57        35      1968


SUNRISE AND SUNSET
APRIL 19 2014.........SUNRISE   602 AM PDT   SUNSET   718 PM PDT
APRIL 20 2014.........SUNRISE   601 AM PDT   SUNSET   719 PM PDT


-  INDICATES NEGATIVE NUMBERS.
R  INDICATES RECORD WAS SET OR TIED.
MM INDICATES DATA IS MISSING.
T  INDICATES TRACE AMOUNT.




$$
