000
CDUS45 KVEF 010028
CLILAS


CLIMATE REPORT
NATIONAL WEATHER SERVICE LAS VEGAS, NV
527 PM PDT WED AUG 31 2016


...................................

...THE LAS VEGAS NV CLIMATE SUMMARY FOR AUGUST 31 2016...
VALID TODAY AS OF 0500 PM LOCAL TIME.

CLIMATE NORMAL PERIOD 1981 TO 2010
CLIMATE RECORD PERIOD 1937 TO 2016


WEATHER ITEM   OBSERVED TIME   RECORD YEAR NORMAL DEPARTURE LAST
                VALUE   (LST)  VALUE       VALUE  FROM      YEAR
                                                  NORMAL
..................................................................
TEMPERATURE (F)
 TODAY
  MAXIMUM        104   1229 PM 112    1948  99      5      103
  MINIMUM         82    523 AM  55    1942  77      5       80
  AVERAGE         93                        88      5       92

PRECIPITATION (IN)
  TODAY            0.00          0.07 1938   0.01  -0.01     0.00
  MONTH TO DATE    0.17                      0.33  -0.16     0.68
  SINCE OCT 1      5.12                      3.94   1.18     3.36
  SINCE JAN 1      3.71                      2.81   0.90     3.06

SNOWFALL (IN)
  TODAY            0.0           0.0    MM   0.0    0.0      0.0
  MONTH TO DATE    0.0                       0.0    0.0      0.0
  SINCE JUN 1      0.0                       0.0    0.0      0.0
  SINCE JUL 1      0.0                       0.0    0.0      0.0
  SNOW DEPTH      MM

DEGREE DAYS
 HEATING
  TODAY            0                         0      0        0
  MONTH TO DATE    0                         0      0        0
  SINCE JUN 1      0                         1     -1        0
  SINCE JUL 1      0                         0      0        0

 COOLING
  TODAY           28                        23      5       27
  MONTH TO DATE  819                       795     24      873
  SINCE JUN 1   2610                      2299    311     2489
  SINCE JAN 1   3146                      2849    297     3092
..................................................................


WIND (MPH)
  RESULTANT WIND SPEED   3   RESULTANT WIND DIRECTION  SE (140)
  HIGHEST WIND SPEED    14   HIGHEST WIND DIRECTION    SE (140)
  HIGHEST GUST SPEED    25   HIGHEST GUST DIRECTION    SE (140)
  AVERAGE WIND SPEED     4.7


SKY COVER
  POSSIBLE SUNSHINE  MM
  AVERAGE SKY COVER 0.3


WEATHER CONDITIONS
 THE FOLLOWING WEATHER WAS RECORDED TODAY.
  NO SIGNIFICANT WEATHER WAS OBSERVED.


RELATIVE HUMIDITY (PERCENT)
 HIGHEST    20           500 AM
 LOWEST      9          1200 PM
 AVERAGE    15

..........................................................


THE LAS VEGAS NV CLIMATE NORMALS FOR TOMORROW
                         NORMAL    RECORD    YEAR
 MAXIMUM TEMPERATURE (F)   99       113      1950
 MINIMUM TEMPERATURE (F)   76        57      1942
                                             1941


SUNRISE AND SUNSET
AUGUST 31 2016........SUNRISE   612 AM PDT   SUNSET   709 PM PDT
SEPTEMBER  1 2016.....SUNRISE   613 AM PDT   SUNSET   707 PM PDT


-  INDICATES NEGATIVE NUMBERS.
R  INDICATES RECORD WAS SET OR TIED.
MM INDICATES DATA IS MISSING.
T  INDICATES TRACE AMOUNT.




$$
