000
CDUS46 KLOX 230919
CLILAX


CLIMATE REPORT
NATIONAL WEATHER SERVICE LOS ANGELES/OXNARD CA
219 AM PDT TUE MAY 23 2017


...................................

...THE LOS ANGELES INTL AIRPORT CA CLIMATE SUMMARY FOR MAY 22 2017...

CLIMATE NORMAL PERIOD 1981 TO 2010
CLIMATE RECORD PERIOD 1944 TO 2017


WEATHER ITEM   OBSERVED TIME   RECORD YEAR NORMAL DEPARTURE LAST
                VALUE   (LST)  VALUE       VALUE  FROM      YEAR
                                                  NORMAL
..................................................................
TEMPERATURE (F)
 YESTERDAY
  MAXIMUM         69   1028 AM  76    1967  68      1       68
                                      1962
                                      1958
  MINIMUM         59   1157 PM  49    1948  58      1       53
  AVERAGE         64                        63      1       61

PRECIPITATION (IN)
  YESTERDAY        0.00          0.46 2006   0.01  -0.01     0.00
  MONTH TO DATE    0.13                      0.18  -0.05     0.59
  SINCE OCT 1     16.32                     12.41   3.91     7.25
  SINCE JAN 1     12.07                      8.69   3.38     6.01

SNOWFALL (IN)
  YESTERDAY        0.0
  MONTH TO DATE    0.0
  SINCE MAR 1      0.0
  SINCE JUL 1      0.0

DEGREE DAYS
 HEATING
  YESTERDAY        1                         2     -1        4
  MONTH TO DATE   57                        68    -11       48
  SINCE MAR 1    236                       447   -211      250
  SINCE JUL 1   1009                      1376   -367      946

 COOLING
  YESTERDAY        0                         0      0        0
  MONTH TO DATE   22                         4     18        1
  SINCE MAR 1     57                        21     36       36
  SINCE JAN 1     57                        30     27       93
..................................................................


WIND (MPH)
  HIGHEST WIND SPEED    17   HIGHEST WIND DIRECTION     W (270)
  HIGHEST GUST SPEED    23   HIGHEST GUST DIRECTION    SW (240)
  AVERAGE WIND SPEED     8.1


SKY COVER
  POSSIBLE SUNSHINE  MM
  AVERAGE SKY COVER 0.7


WEATHER CONDITIONS
 THE FOLLOWING WEATHER WAS RECORDED YESTERDAY.
  FOG
  HAZE


RELATIVE HUMIDITY (PERCENT)
 HIGHEST    97          1200 AM
 LOWEST     73          1000 AM
 AVERAGE    85

..........................................................


THE LOS ANGELES INTL AIRPORT CA CLIMATE NORMALS FOR TODAY
                         NORMAL    RECORD    YEAR
 MAXIMUM TEMPERATURE (F)   68        81      1949
 MINIMUM TEMPERATURE (F)   58        49      1960


SUNRISE AND SUNSET
MAY 23 2017...........SUNRISE   547 AM PDT   SUNSET   754 PM PDT
MAY 24 2017...........SUNRISE   547 AM PDT   SUNSET   755 PM PDT


-  INDICATES NEGATIVE NUMBERS.
R  INDICATES RECORD WAS SET OR TIED.
MM INDICATES DATA IS MISSING.
T  INDICATES TRACE AMOUNT.




$$
