000
CDUS46 KLOX 270903
CLILAX


CLIMATE REPORT
NATIONAL WEATHER SERVICE LOS ANGELES/OXNARD CA
103 AM PST FRI FEB 27 2015


...................................

...THE LOS ANGELES INTL AIRPORT CA CLIMATE SUMMARY FOR FEBRUARY 26 2015...

CLIMATE NORMAL PERIOD 1981 TO 2010
CLIMATE RECORD PERIOD 1944 TO 2015


WEATHER ITEM   OBSERVED TIME   RECORD YEAR NORMAL DEPARTURE LAST
                VALUE   (LST)  VALUE       VALUE  FROM      YEAR
                                                  NORMAL
..................................................................
TEMPERATURE (F)
 YESTERDAY
  MAXIMUM         64   1200 PM  83    1980  64      0       66
  MINIMUM         50    630 AM  38    1964  51     -1       57
  AVERAGE         57                        58     -1       62

PRECIPITATION (IN)
  YESTERDAY        0.00          2.35 1983   0.11  -0.11     0.06
  MONTH TO DATE    0.27                      3.04  -2.77     0.29
  SINCE OCT 1      6.22                      9.47  -3.25     1.30
  SINCE JAN 1      1.52                      5.75  -4.23     0.29

SNOWFALL (IN)
  YESTERDAY        0.0
  MONTH TO DATE    0.0
  SINCE DEC 1      0.0
  SINCE JUL 1      0.0

DEGREE DAYS
 HEATING
  YESTERDAY        8                         8      0        3
  MONTH TO DATE  109                       208    -99      134
  SINCE DEC 1    476                       730   -254      448
  SINCE JUL 1    518                       912   -394      548

 COOLING
  YESTERDAY        0                         0      0        0
  MONTH TO DATE   20                         0     20        0
  SINCE DEC 1     29                         5     24       32
  SINCE JAN 1     27                         4     23       16
..................................................................


WIND (MPH)
  HIGHEST WIND SPEED    14   HIGHEST WIND DIRECTION     W (260)
  HIGHEST GUST SPEED    16   HIGHEST GUST DIRECTION    SW (240)
  AVERAGE WIND SPEED     4.0


SKY COVER
  POSSIBLE SUNSHINE  MM
  AVERAGE SKY COVER 0.5


WEATHER CONDITIONS
 THE FOLLOWING WEATHER WAS RECORDED YESTERDAY.
  FOG
  HAZE


RELATIVE HUMIDITY (PERCENT)
 HIGHEST    96           300 AM
 LOWEST     64          1000 AM
 AVERAGE    80

..........................................................


THE LOS ANGELES INTL AIRPORT CA CLIMATE NORMALS FOR TODAY
                         NORMAL    RECORD    YEAR
 MAXIMUM TEMPERATURE (F)   64        83      1992
 MINIMUM TEMPERATURE (F)   51        37      1996


SUNRISE AND SUNSET
FEBRUARY 27 2015......SUNRISE   625 AM PST   SUNSET   548 PM PST
FEBRUARY 28 2015......SUNRISE   624 AM PST   SUNSET   549 PM PST


-  INDICATES NEGATIVE NUMBERS.
R  INDICATES RECORD WAS SET OR TIED.
MM INDICATES DATA IS MISSING.
T  INDICATES TRACE AMOUNT.




$$
