000
CDUS46 KLOX 280856
CLILAX


CLIMATE REPORT
NATIONAL WEATHER SERVICE LOS ANGELES/OXNARD CA
1256 AM PST WED JAN 28 2015


...................................

...THE LOS ANGELES INTL AIRPORT CA CLIMATE SUMMARY FOR JANUARY 27 2015...

CLIMATE NORMAL PERIOD 1981 TO 2010
CLIMATE RECORD PERIOD 1944 TO 2015


WEATHER ITEM   OBSERVED TIME   RECORD YEAR NORMAL DEPARTURE LAST
                VALUE   (LST)  VALUE       VALUE  FROM      YEAR
                                                  NORMAL
..................................................................
TEMPERATURE (F)
 YESTERDAY
  MAXIMUM         69   1124 AM  83    1986  65      4       65
  MINIMUM         54    152 AM  35    1950  49      5       54
  AVERAGE         62                        57      5       60

PRECIPITATION (IN)
  YESTERDAY        T             1.50 1983   0.08  -0.08     0.00
  MONTH TO DATE    1.21                      2.35  -1.14      T
  SINCE OCT 1      5.91                      6.07  -0.16     1.01
  SINCE JAN 1      1.21                      2.35  -1.14      T

SNOWFALL (IN)
  YESTERDAY        0.0
  MONTH TO DATE    0.0
  SINCE DEC 1      0.0
  SINCE JUL 1      0.0

DEGREE DAYS
 HEATING
  YESTERDAY        3                         8     -5        5
  MONTH TO DATE  153                       227    -74       95
  SINCE DEC 1    360                       487   -127      288
  SINCE JUL 1    402                       669   -267      388

 COOLING
  YESTERDAY        0                         0      0        0
  MONTH TO DATE    6                         0      6       16
  SINCE DEC 1      8                         1      7       32
  SINCE JAN 1      6                         0      6       16
..................................................................


WIND (MPH)
  HIGHEST WIND SPEED    15   HIGHEST WIND DIRECTION     W (270)
  HIGHEST GUST SPEED    18   HIGHEST GUST DIRECTION     W (270)
  AVERAGE WIND SPEED     4.9


SKY COVER
  POSSIBLE SUNSHINE  MM
  AVERAGE SKY COVER 0.4


WEATHER CONDITIONS
 THE FOLLOWING WEATHER WAS RECORDED YESTERDAY.
  NO SIGNIFICANT WEATHER WAS OBSERVED.


RELATIVE HUMIDITY (PERCENT)
 HIGHEST    93           200 AM
 LOWEST     55          1200 PM
 AVERAGE    74

..........................................................


THE LOS ANGELES INTL AIRPORT CA CLIMATE NORMALS FOR TODAY
                         NORMAL    RECORD    YEAR
 MAXIMUM TEMPERATURE (F)   65        86      1971
 MINIMUM TEMPERATURE (F)   49        32      1948


SUNRISE AND SUNSET
JANUARY 28 2015.......SUNRISE   653 AM PST   SUNSET   520 PM PST
JANUARY 29 2015.......SUNRISE   653 AM PST   SUNSET   521 PM PST


-  INDICATES NEGATIVE NUMBERS.
R  INDICATES RECORD WAS SET OR TIED.
MM INDICATES DATA IS MISSING.
T  INDICATES TRACE AMOUNT.




$$
