000
CDUS46 KLOX 280114
CLILAX


CLIMATE REPORT
NATIONAL WEATHER SERVICE LOS ANGELES/OXNARD CA
513 PM PST MON FEB 27 2017


...................................

...THE LOS ANGELES AIRPORT CLIMATE SUMMARY FOR FEBRUARY 27 2017...
VALID TODAY AS OF 500 PM LOCAL TIME.

CLIMATE NORMAL PERIOD 1981 TO 2010
CLIMATE RECORD PERIOD 1944 TO 2017


WEATHER ITEM   OBSERVED TIME   RECORD YEAR NORMAL DEPARTURE LAST
                VALUE   (LST)  VALUE       VALUE  FROM      YEAR
                                                  NORMAL
..................................................................
TEMPERATURE (F)
 TODAY
  MAXIMUM         57    326 PM  83    1992  64     -7       67
  MINIMUM         48    301 AM  37    1996  51     -3       52
  AVERAGE         53                        58     -5       60

PRECIPITATION (IN)
  TODAY            0.00          1.60 1991   0.11  -0.11     0.00
  MONTH TO DATE    4.04                      3.15   0.89     0.73
  SINCE OCT 1     15.73                      9.58   6.15     4.91
  SINCE JAN 1     11.48                      5.86   5.62     3.67

SNOWFALL (IN)
  TODAY            0.0
  MONTH TO DATE    0.0
  SINCE DEC 1      0.0
  SINCE JUL 1      0.0

DEGREE DAYS
 HEATING
  TODAY           12                         8      4        5
  MONTH TO DATE  201                       216    -15       98
  SINCE DEC 1    684                       738    -54      577
  SINCE JUL 1    763                       920   -157      688

 COOLING
  TODAY            0                         0      0        0
  MONTH TO DATE    0                         0      0       57
  SINCE DEC 1      2                         5     -3       63
  SINCE JAN 1      0                         4     -4       57
..................................................................


WIND (MPH)
  HIGHEST WIND SPEED    12   HIGHEST WIND DIRECTION     W (260)
  HIGHEST GUST SPEED    16   HIGHEST GUST DIRECTION     W (270)
  AVERAGE WIND SPEED     5.6


SKY COVER
  POSSIBLE SUNSHINE  MM
  AVERAGE SKY COVER 0.8


WEATHER CONDITIONS
 THE FOLLOWING WEATHER WAS RECORDED TODAY.
  NO SIGNIFICANT WEATHER WAS OBSERVED.


RELATIVE HUMIDITY (PERCENT)
 HIGHEST    86           200 AM
 LOWEST     66          1000 AM
 AVERAGE    76

..........................................................


THE LOS ANGELES AIRPORT CLIMATE NORMALS FOR TOMORROW
                         NORMAL    RECORD    YEAR
 MAXIMUM TEMPERATURE (F)   64        84      1967
 MINIMUM TEMPERATURE (F)   51        37      1962


SUNRISE AND SUNSET
FEBRUARY 27 2017......SUNRISE   624 AM PST   SUNSET   549 PM PST
FEBRUARY 28 2017......SUNRISE   623 AM PST   SUNSET   549 PM PST


-  INDICATES NEGATIVE NUMBERS.
R  INDICATES RECORD WAS SET OR TIED.
MM INDICATES DATA IS MISSING.
T  INDICATES TRACE AMOUNT.




$$
