000
CDUS46 KLOX 220113
CLILAX


CLIMATE REPORT
NATIONAL WEATHER SERVICE LOS ANGELES/OXNARD CA
613 PM PDT TUE OCT 21 2014


...................................

...THE LOS ANGELES AIRPORT CLIMATE SUMMARY FOR OCTOBER 21 2014...
VALID TODAY AS OF 0600 PM LOCAL TIME.

CLIMATE NORMAL PERIOD 1981 TO 2010
CLIMATE RECORD PERIOD 1944 TO 2014


WEATHER ITEM   OBSERVED TIME   RECORD YEAR NORMAL DEPARTURE LAST
                VALUE   (LST)  VALUE       VALUE  FROM      YEAR
                                                  NORMAL
..................................................................
TEMPERATURE (F)
 TODAY
  MAXIMUM         74   1222 PM 100    1965  72      2       68
  MINIMUM         63    607 AM  45    1949  59      4       57
  AVERAGE         69                        65      4       63

PRECIPITATION (IN)
  TODAY            0.00          0.28 1985   0.02  -0.02     0.00
  MONTH TO DATE    0.00                      0.32  -0.32     0.02
  SINCE JUL 1      0.19                      0.61  -0.42     0.05
  SINCE JAN 1      3.60                      9.42  -5.82     2.66

SNOWFALL (IN)
  TODAY            0.0
  MONTH TO DATE    0.0
  SINCE SEP 1      0.0
  SINCE JUL 1      0.0

DEGREE DAYS
 HEATING
  TODAY            0                         1     -1        2
  MONTH TO DATE    0                        18    -18       16
  SINCE SEP 1      0                        23    -23       16
  SINCE JUL 1      0                        27    -27       17

 COOLING
  TODAY            4                         2      2        0
  MONTH TO DATE  133                        49     84       71
  SINCE SEP 1    380                       171    209      232
  SINCE JAN 1   1098                       517    581      662
..................................................................


WIND (MPH)
  HIGHEST WIND SPEED    15   HIGHEST WIND DIRECTION     W (270)
  HIGHEST GUST SPEED    20   HIGHEST GUST DIRECTION     W (260)
  AVERAGE WIND SPEED     6.1


SKY COVER
  POSSIBLE SUNSHINE  MM
  AVERAGE SKY COVER 0.5


WEATHER CONDITIONS
 THE FOLLOWING WEATHER WAS RECORDED TODAY.
  FOG
  HAZE


RELATIVE HUMIDITY (PERCENT)
 HIGHEST    93          1200 AM
 LOWEST     61          1200 PM
 AVERAGE    77

..........................................................


THE LOS ANGELES AIRPORT CLIMATE NORMALS FOR TOMORROW
                         NORMAL    RECORD    YEAR
 MAXIMUM TEMPERATURE (F)   72       101      1965
 MINIMUM TEMPERATURE (F)   58        46      1949


SUNRISE AND SUNSET
OCTOBER 21 2014.......SUNRISE   704 AM PDT   SUNSET   612 PM PDT
OCTOBER 22 2014.......SUNRISE   704 AM PDT   SUNSET   611 PM PDT


-  INDICATES NEGATIVE NUMBERS.
R  INDICATES RECORD WAS SET OR TIED.
MM INDICATES DATA IS MISSING.
T  INDICATES TRACE AMOUNT.




$$
