000
CDUS46 KLOX 180118
CLILAX


CLIMATE REPORT
NATIONAL WEATHER SERVICE LOS ANGELES/OXNARD CA
518 PM PST SAT FEB 17 2018


...................................

...THE LOS ANGELES AIRPORT CLIMATE SUMMARY FOR FEBRUARY 17 2018...
VALID TODAY AS OF 0500 PM LOCAL TIME.

CLIMATE NORMAL PERIOD 1981 TO 2010
CLIMATE RECORD PERIOD 1944 TO 2018


WEATHER ITEM   OBSERVED TIME   RECORD YEAR NORMAL DEPARTURE LAST
                VALUE   (LST)  VALUE       VALUE  FROM      YEAR
                                                  NORMAL
..................................................................
TEMPERATURE (F)
 TODAY
  MAXIMUM         72   1254 PM  87    2007  64      8       59
  MINIMUM         51    528 AM  37    1956  50      1       53
  AVERAGE         62                        57      5       56

PRECIPITATION (IN)
  TODAY            0.00          1.88 1990   0.13  -0.13     1.58
  MONTH TO DATE    T                         1.96  -1.96     3.59
  SINCE OCT 1      1.51                      8.39  -6.88    15.28
  SINCE JAN 1      1.40                      4.67  -3.27    11.03

SNOWFALL (IN)
  TODAY            0.0
  MONTH TO DATE    0.0
  SINCE DEC 1      0.0
  SINCE JUL 1      0.0

DEGREE DAYS
 HEATING
  TODAY            3                         8     -5        9
  MONTH TO DATE   53                       136    -83      101
  SINCE DEC 1    288                       658   -370      584
  SINCE JUL 1    319                       840   -521      663

 COOLING
  TODAY            0                         0      0        0
  MONTH TO DATE    3                         0      3        0
  SINCE DEC 1     48                         5     43        2
  SINCE JAN 1     31                         4     27        0
..................................................................


WIND (MPH)
  HIGHEST WIND SPEED    14   HIGHEST WIND DIRECTION     W (270)
  HIGHEST GUST SPEED    15   HIGHEST GUST DIRECTION     W (250)
  AVERAGE WIND SPEED     5.9


SKY COVER
  POSSIBLE SUNSHINE  MM
  AVERAGE SKY COVER 0.1


WEATHER CONDITIONS
 THE FOLLOWING WEATHER WAS RECORDED TODAY.
  NO SIGNIFICANT WEATHER WAS OBSERVED.


RELATIVE HUMIDITY (PERCENT)
 HIGHEST    83          1200 AM
 LOWEST     16          1100 AM
 AVERAGE    50

..........................................................


THE LOS ANGELES AIRPORT CLIMATE NORMALS FOR TOMORROW
                         NORMAL    RECORD    YEAR
 MAXIMUM TEMPERATURE (F)   64        82      1981
 MINIMUM TEMPERATURE (F)   50        40      1946


SUNRISE AND SUNSET
FEBRUARY 17 2018......SUNRISE   636 AM PST   SUNSET   540 PM PST
FEBRUARY 18 2018......SUNRISE   635 AM PST   SUNSET   541 PM PST


-  INDICATES NEGATIVE NUMBERS.
R  INDICATES RECORD WAS SET OR TIED.
MM INDICATES DATA IS MISSING.
T  INDICATES TRACE AMOUNT.




$$
