000
CDUS46 KLOX 300130
CLILAX


CLIMATE REPORT
NATIONAL WEATHER SERVICE LOS ANGELES/OXNARD CA
630 PM PDT SUN MAY 29 2016


...................................

...THE LOS ANGELES AIRPORT CLIMATE SUMMARY FOR MAY 29 2016...
VALID TODAY AS OF 0600 PM LOCAL TIME.

CLIMATE NORMAL PERIOD 1981 TO 2010
CLIMATE RECORD PERIOD 1944 TO 2016


WEATHER ITEM   OBSERVED TIME   RECORD YEAR NORMAL DEPARTURE LAST
                VALUE   (LST)  VALUE       VALUE  FROM      YEAR
                                                  NORMAL
..................................................................
TEMPERATURE (F)
 TODAY
  MAXIMUM         69   1232 PM  85    1997  69      0       69
  MINIMUM         59    535 AM  50    1953  59      0       56
                                      1945
  AVERAGE         64                        64      0       63

PRECIPITATION (IN)
  TODAY            T             0.01 1971   0.00   0.00     0.00
                                      1954
  MONTH TO DATE    0.59                      0.21   0.38     0.43
  SINCE OCT 1      7.25                     12.44  -5.19     7.25
  SINCE JAN 1      6.01                      8.72  -2.71     2.55

SNOWFALL (IN)
  TODAY            0.0
  MONTH TO DATE    0.0
  SINCE MAR 1      0.0
  SINCE JUL 1      0.0

DEGREE DAYS
 HEATING
  TODAY            1                         2     -1        2
  MONTH TO DATE   62                        82    -20      108
  SINCE MAR 1    264                       461   -197      275
  SINCE JUL 1    960                      1390   -430      808

 COOLING
  TODAY            0                         1     -1        0
  MONTH TO DATE    1                         5     -4        0
  SINCE MAR 1     36                        22     14       86
  SINCE JAN 1     93                        31     62      113
..................................................................


WIND (MPH)
  HIGHEST WIND SPEED    18   HIGHEST WIND DIRECTION     W (270)
  HIGHEST GUST SPEED    23   HIGHEST GUST DIRECTION     W (280)
  AVERAGE WIND SPEED     8.8


SKY COVER
  POSSIBLE SUNSHINE  MM
  AVERAGE SKY COVER 0.7


WEATHER CONDITIONS
 THE FOLLOWING WEATHER WAS RECORDED TODAY.
  NO SIGNIFICANT WEATHER WAS OBSERVED.


RELATIVE HUMIDITY (PERCENT)
 HIGHEST    87           500 AM
 LOWEST     63          1000 AM
 AVERAGE    75

..........................................................


THE LOS ANGELES AIRPORT CLIMATE NORMALS FOR TOMORROW
                         NORMAL    RECORD    YEAR
 MAXIMUM TEMPERATURE (F)   69        84      1972
 MINIMUM TEMPERATURE (F)   59        51      1953
                                             1948


SUNRISE AND SUNSET
MAY 29 2016...........SUNRISE   544 AM PDT   SUNSET   758 PM PDT
MAY 30 2016...........SUNRISE   544 AM PDT   SUNSET   759 PM PDT


-  INDICATES NEGATIVE NUMBERS.
R  INDICATES RECORD WAS SET OR TIED.
MM INDICATES DATA IS MISSING.
T  INDICATES TRACE AMOUNT.




$$
