000
CDUS44 KLUB 220628
CLILBB


CLIMATE REPORT
NATIONAL WEATHER SERVICE LUBBOCK, TX
1227 AM CST SUN JAN 22 2017


...................................

...THE LUBBOCK CLIMATE SUMMARY FOR JANUARY 21 2017...

CLIMATE NORMAL PERIOD 1981 TO 2010
CLIMATE RECORD PERIOD 1911 TO 2017


WEATHER ITEM   OBSERVED TIME   RECORD YEAR NORMAL DEPARTURE LAST
                VALUE   (LST)  VALUE       VALUE  FROM      YEAR
                                                  NORMAL
..................................................................
TEMPERATURE (F)
 YESTERDAY
  MAXIMUM         62    259 PM  81    1950  55      7       54
  MINIMUM         42   1200 AM  -4    1918  27     15       28
  AVERAGE         52                        40     12       41

PRECIPITATION (IN)
  YESTERDAY        0.01          0.51 1983   0.02  -0.01      T
  MONTH TO DATE    2.03                      0.40   1.63     0.30
  SINCE DEC 1      2.52                      1.16   1.36     1.87
  SINCE JAN 1      2.03                      0.40   1.63     0.30

SNOWFALL (IN)
  YESTERDAY        0.0           5.5  1983   0.1   -0.1      0.0
  MONTH TO DATE    0.2                       1.7   -1.5      2.1
  SINCE DEC 1      0.2                       4.0   -3.8     13.3
  SINCE JUL 1      0.2                       4.9   -4.7     13.3
  SNOW DEPTH       0

DEGREE DAYS
 HEATING
  YESTERDAY       13                        24    -11       24
  MONTH TO DATE  450                       528    -78      552
  SINCE DEC 1   1156                      1284   -128     1212
  SINCE JUL 1   1520                      1926   -406     1731

 COOLING
  YESTERDAY        0                         0      0        0
  MONTH TO DATE    0                         0      0        0
  SINCE DEC 1      0                         0      0        0
  SINCE JAN 1      0                         0      0        0
..................................................................


WIND (MPH)
  RESULTANT WIND SPEED  19   RESULTANT WIND DIRECTION   W (250)
  HIGHEST WIND SPEED    45   HIGHEST WIND DIRECTION     W (290)
  HIGHEST GUST SPEED    53   HIGHEST GUST DIRECTION     W (290)
  AVERAGE WIND SPEED    21.3


SKY COVER
  AVERAGE SKY COVER 0.8


WEATHER CONDITIONS
 THE FOLLOWING WEATHER WAS RECORDED YESTERDAY.
  LIGHT RAIN


RELATIVE HUMIDITY (PERCENT)
 HIGHEST    77           500 AM
 LOWEST     32           300 PM
 AVERAGE    55

..........................................................


THE LUBBOCK CLIMATE NORMALS FOR TODAY
                         NORMAL    RECORD    YEAR
 MAXIMUM TEMPERATURE (F)   55        79      2009
                                             1943
 MINIMUM TEMPERATURE (F)   27        -6      1918


SUNRISE AND SUNSET
JANUARY 22 2017.......SUNRISE   749 AM CST   SUNSET   609 PM CST
JANUARY 23 2017.......SUNRISE   749 AM CST   SUNSET   610 PM CST


-  INDICATES NEGATIVE NUMBERS.
R  INDICATES RECORD WAS SET OR TIED.
MM INDICATES DATA IS MISSING.
T  INDICATES TRACE AMOUNT.




$$
