000
CDUS44 KLUB 300127
CLILBB


CLIMATE REPORT
NATIONAL WEATHER SERVICE LUBBOCK, TX
826 PM CDT MON JUN 29 2015


...................................

...THE LUBBOCK CLIMATE SUMMARY FOR JUNE 29 2015...
VALID TODAY AS OF 0800 PM LOCAL TIME.

CLIMATE NORMAL PERIOD 1981 TO 2010
CLIMATE RECORD PERIOD 1911 TO 2015


WEATHER ITEM   OBSERVED TIME   RECORD YEAR NORMAL DEPARTURE LAST
                VALUE   (LST)  VALUE       VALUE  FROM      YEAR
                                                  NORMAL
..................................................................
TEMPERATURE (F)
 TODAY
  MAXIMUM         94    345 PM 107    1957  92      2      102
  MINIMUM         68    615 AM  57    1948  67      1       73
  AVERAGE         81                        80      1       88

PRECIPITATION (IN)
  TODAY            0.09          0.67 1982   0.09   0.00     0.00
  MONTH TO DATE    2.15                      2.95  -0.80     2.59
  SINCE JUN 1      2.15                      2.95  -0.80     2.59
  SINCE JAN 1     18.08                      9.16   8.92     8.72

SNOWFALL (IN)
  TODAY            0.0           0.0  2002   0.0    0.0      0.0
  MONTH TO DATE    0.0                       0.0    0.0      0.0
  SINCE JUN 1      0.0                       0.0    0.0      0.0
  SINCE JUL 1     14.7                       8.2    6.5      4.2
  SNOW DEPTH       0

DEGREE DAYS
 HEATING
  TODAY            0                         0      0        0
  MONTH TO DATE    0                         0      0        0
  SINCE JUN 1      0                         0      0        0
  SINCE JUL 1   3275                      3377   -102     3513

 COOLING
  TODAY           16                        15      1       23
  MONTH TO DATE  366                       360      6      385
  SINCE JUN 1    366                       360      6      385
  SINCE JAN 1    504                       606   -102      664
..................................................................


WIND (MPH)
  RESULTANT WIND SPEED   6   RESULTANT WIND DIRECTION  SW (210)
  HIGHEST WIND SPEED    35   HIGHEST WIND DIRECTION     N (350)
  HIGHEST GUST SPEED    46   HIGHEST GUST DIRECTION     N (350)
  AVERAGE WIND SPEED     8.4


SKY COVER
  AVERAGE SKY COVER 0.6


WEATHER CONDITIONS
 THE FOLLOWING WEATHER WAS RECORDED TODAY.
  THUNDERSTORM
  LIGHT RAIN
  HAZE
  SANDSTORM


RELATIVE HUMIDITY (PERCENT)
 HIGHEST    66           700 AM
 LOWEST     28           300 PM
 AVERAGE    47

..........................................................


THE LUBBOCK CLIMATE NORMALS FOR TOMORROW
                         NORMAL    RECORD    YEAR
 MAXIMUM TEMPERATURE (F)   93       106      1957
 MINIMUM TEMPERATURE (F)   67        57      1940


SUNRISE AND SUNSET
JUNE 29 2015..........SUNRISE   640 AM CDT   SUNSET   902 PM CDT
JUNE 30 2015..........SUNRISE   640 AM CDT   SUNSET   902 PM CDT


-  INDICATES NEGATIVE NUMBERS.
R  INDICATES RECORD WAS SET OR TIED.
MM INDICATES DATA IS MISSING.
T  INDICATES TRACE AMOUNT.




$$
