000
CDUS44 KLUB 010127
CLILBB


CLIMATE REPORT
NATIONAL WEATHER SERVICE LUBBOCK, TX
826 PM CDT SUN APR 30 2017


...................................

...THE LUBBOCK CLIMATE SUMMARY FOR APRIL 30 2017...
VALID TODAY AS OF 0800 PM LOCAL TIME.

CLIMATE NORMAL PERIOD 1981 TO 2010
CLIMATE RECORD PERIOD 1911 TO 2017


WEATHER ITEM   OBSERVED TIME   RECORD YEAR NORMAL DEPARTURE LAST
                VALUE   (LST)  VALUE       VALUE  FROM      YEAR
                                                  NORMAL
..................................................................
TEMPERATURE (F)
 TODAY
  MAXIMUM         65    352 PM  94    2013  80    -15       74
  MINIMUM         36    445 AM  33    1918  51    -15       43
  AVERAGE         51                        65    -14       59

PRECIPITATION (IN)
  TODAY            T             2.18 1982   0.06  -0.06     0.00
  MONTH TO DATE    1.32                      1.41  -0.09     1.02
  SINCE MAR 1      1.99                      2.51  -0.52     1.22
  SINCE JAN 1      4.91                      3.91   0.00     1.61

SNOWFALL (IN)
  TODAY            0.0           T    2000   0.0    0.0      0.0
  MONTH TO DATE    T                         0.2   -0.2       T
  SINCE MAR 1      T                         0.8   -0.8       T
  SINCE JUL 1      0.2                       8.2   -8.0     13.3
  SNOW DEPTH       0

DEGREE DAYS
 HEATING
  TODAY           14                         3     11        6
  MONTH TO DATE  141                       182    -41      122
  SINCE MAR 1    361                       598   -237      371
  SINCE JUL 1   2445                      3337   -892     2771

 COOLING
  TODAY            0                         3     -3        0
  MONTH TO DATE   79                        49     30       35
  SINCE MAR 1    125                        56     69       47
  SINCE JAN 1    129                        56     73       51
..................................................................


WIND (MPH)
  RESULTANT WIND SPEED  26   RESULTANT WIND DIRECTION  NW (310)
  HIGHEST WIND SPEED    40   HIGHEST WIND DIRECTION    NW (310)
  HIGHEST GUST SPEED    53   HIGHEST GUST DIRECTION    NW (310)
  AVERAGE WIND SPEED    26.7


SKY COVER
  AVERAGE SKY COVER 0.3


WEATHER CONDITIONS
 THE FOLLOWING WEATHER WAS RECORDED TODAY.
  LIGHT RAIN


RELATIVE HUMIDITY (PERCENT)
 HIGHEST    89           200 AM
 LOWEST     19           500 PM
 AVERAGE    54

..........................................................


THE LUBBOCK CLIMATE NORMALS FOR TOMORROW
                         NORMAL    RECORD    YEAR
 MAXIMUM TEMPERATURE (F)   80        96      2012
                                             1992
 MINIMUM TEMPERATURE (F)   51        32      1970
                                             1967


SUNRISE AND SUNSET
APRIL 30 2017.........SUNRISE   659 AM CDT   SUNSET   830 PM CDT
MAY  1 2017...........SUNRISE   658 AM CDT   SUNSET   831 PM CDT


-  INDICATES NEGATIVE NUMBERS.
R  INDICATES RECORD WAS SET OR TIED.
MM INDICATES DATA IS MISSING.
T  INDICATES TRACE AMOUNT.




$$
