000
CDUS44 KLUB 250626
CLILBB


CLIMATE REPORT
NATIONAL WEATHER SERVICE LUBBOCK, TX
1226 AM CST SAT FEB 25 2017


...................................

...THE LUBBOCK CLIMATE SUMMARY FOR FEBRUARY 24 2017...

CLIMATE NORMAL PERIOD 1981 TO 2010
CLIMATE RECORD PERIOD 1911 TO 2017


WEATHER ITEM   OBSERVED TIME   RECORD YEAR NORMAL DEPARTURE LAST
                VALUE   (LST)  VALUE       VALUE  FROM      YEAR
                                                  NORMAL
..................................................................
TEMPERATURE (F)
 YESTERDAY
  MAXIMUM         58    456 PM  89    1918  61     -3       61
  MINIMUM         30    727 AM   1    1960  32     -2       26
  AVERAGE         44                        47     -3       44

PRECIPITATION (IN)
  YESTERDAY        0.00          1.08 1992   0.03  -0.03     0.00
  MONTH TO DATE    0.89                      0.64   0.25     0.09
  SINCE DEC 1      3.41                      2.05   1.36     1.96
  SINCE JAN 1      2.92                      1.29   1.63     0.39

SNOWFALL (IN)
  YESTERDAY        0.0           7.0  1960   0.0    0.0      0.0
  MONTH TO DATE    T                         1.5   -1.5       T
  SINCE DEC 1      0.2                       6.4   -6.2     13.3
  SINCE JUL 1      0.2                       7.3   -7.1     13.3
  SNOW DEPTH       0

DEGREE DAYS
 HEATING
  YESTERDAY       21                        18      3       21
  MONTH TO DATE  308                       504   -196      417
  SINCE DEC 1   1667                      2027   -360     1811
  SINCE JUL 1   2031                      2669   -638     2330

 COOLING
  YESTERDAY        0                         0      0        0
  MONTH TO DATE    4                         0      4        4
  SINCE DEC 1      4                         0      4        4
  SINCE JAN 1      4                         0      4        4
..................................................................


WIND (MPH)
  RESULTANT WIND SPEED   8   RESULTANT WIND DIRECTION   N (0)
  HIGHEST WIND SPEED    18   HIGHEST WIND DIRECTION    NW (320)
  HIGHEST GUST SPEED    24   HIGHEST GUST DIRECTION    NW (320)
  AVERAGE WIND SPEED    10.8


SKY COVER
  AVERAGE SKY COVER 0.0


WEATHER CONDITIONS
 THE FOLLOWING WEATHER WAS RECORDED YESTERDAY.
  NO SIGNIFICANT WEATHER WAS OBSERVED.


RELATIVE HUMIDITY (PERCENT)
 HIGHEST    82           600 AM
 LOWEST     21           100 AM
 AVERAGE    52

..........................................................


THE LUBBOCK CLIMATE NORMALS FOR TODAY
                         NORMAL    RECORD    YEAR
 MAXIMUM TEMPERATURE (F)   61        86      1989
                                             1917
 MINIMUM TEMPERATURE (F)   32        -8      1960


SUNRISE AND SUNSET
FEBRUARY 25 2017......SUNRISE   720 AM CST   SUNSET   641 PM CST
FEBRUARY 26 2017......SUNRISE   719 AM CST   SUNSET   642 PM CST


-  INDICATES NEGATIVE NUMBERS.
R  INDICATES RECORD WAS SET OR TIED.
MM INDICATES DATA IS MISSING.
T  INDICATES TRACE AMOUNT.




$$
