000
CDUS44 KLUB 070627
CLILBB


CLIMATE REPORT
NATIONAL WEATHER SERVICE LUBBOCK, TX
1226 AM CST SUN FEB 7 2016


...................................

...THE LUBBOCK CLIMATE SUMMARY FOR FEBRUARY 6 2016...

CLIMATE NORMAL PERIOD 1981 TO 2010
CLIMATE RECORD PERIOD 1911 TO 2016


WEATHER ITEM   OBSERVED TIME   RECORD YEAR NORMAL DEPARTURE LAST
                VALUE   (LST)  VALUE       VALUE  FROM      YEAR
                                                  NORMAL
..................................................................
TEMPERATURE (F)
 YESTERDAY
  MAXIMUM         57    452 PM  81    2015  57      0       81
  MINIMUM         17    707 AM   4    1956  28    -11       28
  AVERAGE         37                        43     -6       55

PRECIPITATION (IN)
  YESTERDAY        0.00          0.39 1931   0.02  -0.02     0.00
  MONTH TO DATE    0.00                      0.15  -0.15      T
  SINCE DEC 1      1.87                      1.56   0.31     2.00
  SINCE JAN 1      0.30                      0.80  -0.50     1.61

SNOWFALL (IN)
  YESTERDAY        0.0           1.8  2011   0.1   -0.1      0.0
  MONTH TO DATE    0.0                       0.5   -0.5      0.0
  SINCE DEC 1     13.3                       5.4    7.9      6.6
  SINCE JUL 1     13.3                       6.3    7.0      7.1
  SNOW DEPTH       0

DEGREE DAYS
 HEATING
  YESTERDAY       28                        22      6       10
  MONTH TO DATE  158                       137     21      121
  SINCE DEC 1   1552                      1660   -108     1575
  SINCE JUL 1   2071                      2302   -231     2250

 COOLING
  YESTERDAY        0                         0      0        0
  MONTH TO DATE    0                         0      0        0
  SINCE DEC 1      0                         0      0        0
  SINCE JAN 1      0                         0      0        0
..................................................................


WIND (MPH)
  RESULTANT WIND SPEED   3   RESULTANT WIND DIRECTION  SW (230)
  HIGHEST WIND SPEED    15   HIGHEST WIND DIRECTION    NW (310)
  HIGHEST GUST SPEED    18   HIGHEST GUST DIRECTION     S (160)
  AVERAGE WIND SPEED     8.7


SKY COVER
  AVERAGE SKY COVER 0.1


WEATHER CONDITIONS
 THE FOLLOWING WEATHER WAS RECORDED YESTERDAY.
  NO SIGNIFICANT WEATHER WAS OBSERVED.


RELATIVE HUMIDITY (PERCENT)
 HIGHEST    84           500 AM
 LOWEST     16           300 PM
 AVERAGE    50

..........................................................


THE LUBBOCK CLIMATE NORMALS FOR TODAY
                         NORMAL    RECORD    YEAR
 MAXIMUM TEMPERATURE (F)   57        84      2015
                                             1918
 MINIMUM TEMPERATURE (F)   29        -3      1933


SUNRISE AND SUNSET
FEBRUARY  7 2016......SUNRISE   739 AM CST   SUNSET   624 PM CST
FEBRUARY  8 2016......SUNRISE   738 AM CST   SUNSET   625 PM CST


-  INDICATES NEGATIVE NUMBERS.
R  INDICATES RECORD WAS SET OR TIED.
MM INDICATES DATA IS MISSING.
T  INDICATES TRACE AMOUNT.




$$
