873
CDUS44 KLUB 300627
CLILBB


CLIMATE REPORT
NATIONAL WEATHER SERVICE LUBBOCK, TX
126 AM CDT SAT APR 30 2016


...................................

...THE LUBBOCK CLIMATE SUMMARY FOR APRIL 29 2016...

CLIMATE NORMAL PERIOD 1981 TO 2010
CLIMATE RECORD PERIOD 1911 TO 2016


WEATHER ITEM   OBSERVED TIME   RECORD YEAR NORMAL DEPARTURE LAST
                VALUE   (LST)  VALUE       VALUE  FROM      YEAR
                                                  NORMAL
..................................................................
TEMPERATURE (F)
 YESTERDAY
  MAXIMUM         82    234 PM  97    2011  79      3       72
  MINIMUM         49   1159 PM  31    1968  50     -1       38
  AVERAGE         66                        65      1       55

PRECIPITATION (IN)
  YESTERDAY        0.00          0.87 1999   0.06  -0.06     0.00
  MONTH TO DATE    1.02                      1.35  -0.33     1.24
  SINCE MAR 1      1.22                      2.45  -1.23     1.54
  SINCE JAN 1      1.61                      3.85  -2.24     3.81

SNOWFALL (IN)
  YESTERDAY        0.0           T    1999   0.0    0.0      0.0
  MONTH TO DATE    T                         0.2   -0.2      0.0
  SINCE MAR 1      T                         0.8   -0.8      1.1
  SINCE JUL 1     13.3                       8.2    5.1     14.7
  SNOW DEPTH       0

DEGREE DAYS
 HEATING
  YESTERDAY        0                         3     -3       10
  MONTH TO DATE  116                       179    -63      130
  SINCE MAR 1    365                       594   -229      510
  SINCE JUL 1   2765                      3333   -568     3229

 COOLING
  YESTERDAY        1                         3     -2        0
  MONTH TO DATE   35                        47    -12       52
  SINCE MAR 1     47                        54     -7       55
  SINCE JAN 1     51                        54     -3       55
..................................................................


WIND (MPH)
  RESULTANT WIND SPEED   3   RESULTANT WIND DIRECTION   W (270)
  HIGHEST WIND SPEED    36   HIGHEST WIND DIRECTION    SW (240)
  HIGHEST GUST SPEED    43   HIGHEST GUST DIRECTION    SW (230)
  AVERAGE WIND SPEED    17.1


SKY COVER
  AVERAGE SKY COVER 0.4


WEATHER CONDITIONS
 THE FOLLOWING WEATHER WAS RECORDED YESTERDAY.
  FOG
  HAZE


RELATIVE HUMIDITY (PERCENT)
 HIGHEST    93           600 AM
 LOWEST      7           300 PM
 AVERAGE    50

..........................................................


THE LUBBOCK CLIMATE NORMALS FOR TODAY
                         NORMAL    RECORD    YEAR
 MAXIMUM TEMPERATURE (F)   80        94      2013
 MINIMUM TEMPERATURE (F)   51        33      1918


SUNRISE AND SUNSET
APRIL 30 2016.........SUNRISE   659 AM CDT   SUNSET   830 PM CDT
MAY  1 2016...........SUNRISE   658 AM CDT   SUNSET   831 PM CDT


-  INDICATES NEGATIVE NUMBERS.
R  INDICATES RECORD WAS SET OR TIED.
MM INDICATES DATA IS MISSING.
T  INDICATES TRACE AMOUNT.




$$
