000
CDUS44 KLUB 120626
CLILBB


CLIMATE REPORT
NATIONAL WEATHER SERVICE LUBBOCK, TX
1226 AM CST TUE DEC 12 2017


...................................

...THE LUBBOCK CLIMATE SUMMARY FOR DECEMBER 11 2017...

CLIMATE NORMAL PERIOD 1981 TO 2010
CLIMATE RECORD PERIOD 1911 TO 2017


WEATHER ITEM   OBSERVED TIME   RECORD YEAR NORMAL DEPARTURE LAST
                VALUE   (LST)  VALUE       VALUE  FROM      YEAR
                                                  NORMAL
..................................................................
TEMPERATURE (F)
 YESTERDAY
  MAXIMUM         70    321 PM  80    1939  54     16       72
  MINIMUM         24    811 AM   6    1917  27     -3       35
  AVERAGE         47                        41      6       54

PRECIPITATION (IN)
  YESTERDAY        0.00          0.77 2007   0.03  -0.03     0.00
  MONTH TO DATE    T                         0.28  -0.28     0.43
  SINCE DEC 1      T                         0.28  -0.28     0.43
  SINCE JAN 1     21.95                     18.64   3.31    13.41

SNOWFALL (IN)
  YESTERDAY        0.0           3.0  1954   0.0    0.0      0.0
  MONTH TO DATE    T                         0.6   -0.6       T
  SINCE DEC 1      T                         0.6   -0.6       T
  SINCE JUL 1      T                         1.5   -1.5       T
  SNOW DEPTH       0

DEGREE DAYS
 HEATING
  YESTERDAY       18                        24     -6       11
  MONTH TO DATE  201                       252    -51      271
  SINCE DEC 1    201                       252    -51      271
  SINCE JUL 1    707                       894   -187      635

 COOLING
  YESTERDAY        0                         0      0        0
  MONTH TO DATE    0                         0      0        0
  SINCE DEC 1      0                         0      0        0
  SINCE JAN 1   1991                      1804    187     2114
..................................................................


WIND (MPH)
  RESULTANT WIND SPEED   6   RESULTANT WIND DIRECTION  NW (320)
  HIGHEST WIND SPEED    16   HIGHEST WIND DIRECTION    NE (30)
  HIGHEST GUST SPEED    20   HIGHEST GUST DIRECTION    NE (30)
  AVERAGE WIND SPEED     9.5


SKY COVER
  AVERAGE SKY COVER 0.4


WEATHER CONDITIONS
 THE FOLLOWING WEATHER WAS RECORDED YESTERDAY.
  NO SIGNIFICANT WEATHER WAS OBSERVED.


RELATIVE HUMIDITY (PERCENT)
 HIGHEST    55           800 AM
 LOWEST      8           200 PM
 AVERAGE    32

..........................................................


THE LUBBOCK CLIMATE NORMALS FOR TODAY
                         NORMAL    RECORD    YEAR
 MAXIMUM TEMPERATURE (F)   54        82      1937
 MINIMUM TEMPERATURE (F)   27         6      1961


SUNRISE AND SUNSET
DECEMBER 12 2017......SUNRISE   743 AM CST   SUNSET   540 PM CST
DECEMBER 13 2017......SUNRISE   743 AM CST   SUNSET   540 PM CST


-  INDICATES NEGATIVE NUMBERS.
R  INDICATES RECORD WAS SET OR TIED.
MM INDICATES DATA IS MISSING.
T  INDICATES TRACE AMOUNT.




$$
