000
CDUS44 KLUB 300625
CLILBB


CLIMATE REPORT
NATIONAL WEATHER SERVICE LUBBOCK, TX
125 AM CDT THU OCT 30 2014


...................................

...THE LUBBOCK CLIMATE SUMMARY FOR OCTOBER 29 2014...

CLIMATE NORMAL PERIOD 1981 TO 2010
CLIMATE RECORD PERIOD 1911 TO 2014


WEATHER ITEM   OBSERVED TIME   RECORD YEAR NORMAL DEPARTURE LAST
                VALUE   (LST)  VALUE       VALUE  FROM      YEAR
                                                  NORMAL
..................................................................
TEMPERATURE (F)
 YESTERDAY
  MAXIMUM         71    429 PM  90    2003  71      0       77
  MINIMUM         41    535 AM  20    1917  43     -2       63
  AVERAGE         56                        57     -1       70

PRECIPITATION (IN)
  YESTERDAY        0.00          1.01 1928   0.05  -0.05     0.00
  MONTH TO DATE    0.38                      1.84  -1.46     1.11
  SINCE SEP 1      7.32                      4.35   2.97     1.65
  SINCE JAN 1     19.22                     17.42   1.80    11.43

SNOWFALL (IN)
  YESTERDAY        0.0           3.5  1976   0.0    0.0      0.0
  MONTH TO DATE    0.0                       0.0    0.0      0.0
  SINCE SEP 1      0.0                       0.0    0.0      0.0
  SINCE JUL 1      0.0                       0.0    0.0      0.0
  SNOW DEPTH       0

DEGREE DAYS
 HEATING
  YESTERDAY        9                         8      1        0
  MONTH TO DATE   85                       141    -56      152
  SINCE SEP 1    110                       164    -54      156
  SINCE JUL 1    110                       164    -54      156

 COOLING
  YESTERDAY        0                         1     -1        5
  MONTH TO DATE   60                        54      6       73
  SINCE SEP 1    288                       277     11      389
  SINCE JAN 1   1917                      1803    114     2117
..................................................................


WIND (MPH)
  RESULTANT WIND SPEED   7   RESULTANT WIND DIRECTION  SE (140)
  HIGHEST WIND SPEED    15   HIGHEST WIND DIRECTION     S (160)
  HIGHEST GUST SPEED    20   HIGHEST GUST DIRECTION     S (190)
  AVERAGE WIND SPEED     8.4


SKY COVER
  AVERAGE SKY COVER 0.0


WEATHER CONDITIONS
 THE FOLLOWING WEATHER WAS RECORDED YESTERDAY.
  NO SIGNIFICANT WEATHER WAS OBSERVED.


RELATIVE HUMIDITY (PERCENT)
 HIGHEST    71          1100 PM
 LOWEST     33           100 PM
 AVERAGE    52

..........................................................


THE LUBBOCK CLIMATE NORMALS FOR TODAY
                         NORMAL    RECORD    YEAR
 MAXIMUM TEMPERATURE (F)   71        90      2010
 MINIMUM TEMPERATURE (F)   43        18      1993


SUNRISE AND SUNSET
OCTOBER 30 2014.......SUNRISE   805 AM CDT   SUNSET   657 PM CDT
OCTOBER 31 2014.......SUNRISE   805 AM CDT   SUNSET   656 PM CDT


-  INDICATES NEGATIVE NUMBERS.
R  INDICATES RECORD WAS SET OR TIED.
MM INDICATES DATA IS MISSING.
T  INDICATES TRACE AMOUNT.




$$
