000
CDUS44 KLUB 170632
CLILBB


CLIMATE REPORT
NATIONAL WEATHER SERVICE LUBBOCK, TX
131 AM CDT TUE OCT 17 2017


...................................

...THE LUBBOCK CLIMATE SUMMARY FOR OCTOBER 16 2017...

CLIMATE NORMAL PERIOD 1981 TO 2010
CLIMATE RECORD PERIOD 1911 TO 2017


WEATHER ITEM   OBSERVED TIME   RECORD YEAR NORMAL DEPARTURE LAST
                VALUE   (LST)  VALUE       VALUE  FROM      YEAR
                                                  NORMAL
..................................................................
TEMPERATURE (F)
 YESTERDAY
  MAXIMUM         71    403 PM  92    2003  75     -4       91
                                      1979
  MINIMUM         37    622 AM  30    2001  48    -11       57
  AVERAGE         54                        62     -8       74

PRECIPITATION (IN)
  YESTERDAY        0.00          1.66 1942   0.07  -0.07     0.00
  MONTH TO DATE    0.42                      1.10  -0.68     1.05
  SINCE SEP 1      3.88                      3.61   0.27     2.52
  SINCE JAN 1     21.84                     16.68   5.16    12.44

SNOWFALL (IN)
  YESTERDAY        0.0           0.0  2002   0.0    0.0      0.0
  MONTH TO DATE    0.0                       0.0    0.0      0.0
  SINCE SEP 1      0.0                       0.0    0.0      0.0
  SINCE JUL 1      0.0                       0.0    0.0      0.0
  SNOW DEPTH       0

DEGREE DAYS
 HEATING
  YESTERDAY       11                         5      6        0
  MONTH TO DATE   46                        56    -10       31
  SINCE SEP 1     71                        79     -8       33
  SINCE JUL 1     71                        79     -8       33

 COOLING
  YESTERDAY        0                         2     -2        9
  MONTH TO DATE   75                        41     34       78
  SINCE SEP 1    325                       264     61      332
  SINCE JAN 1   1970                      1790    180     2058
..................................................................


WIND (MPH)
  RESULTANT WIND SPEED   4   RESULTANT WIND DIRECTION   S (190)
  HIGHEST WIND SPEED    14   HIGHEST WIND DIRECTION    SW (210)
  HIGHEST GUST SPEED    17   HIGHEST GUST DIRECTION     S (190)
  AVERAGE WIND SPEED     7.3


SKY COVER
  AVERAGE SKY COVER 0.0


WEATHER CONDITIONS
 THE FOLLOWING WEATHER WAS RECORDED YESTERDAY.
  HAZE


RELATIVE HUMIDITY (PERCENT)
 HIGHEST    85           500 AM
 LOWEST     20           400 PM
 AVERAGE    53

..........................................................


THE LUBBOCK CLIMATE NORMALS FOR TODAY
                         NORMAL    RECORD    YEAR
 MAXIMUM TEMPERATURE (F)   75        94      2016
 MINIMUM TEMPERATURE (F)   48        32      1999
                                             1976


SUNRISE AND SUNSET
OCTOBER 17 2017.......SUNRISE   754 AM CDT   SUNSET   711 PM CDT
OCTOBER 18 2017.......SUNRISE   755 AM CDT   SUNSET   710 PM CDT


-  INDICATES NEGATIVE NUMBERS.
R  INDICATES RECORD WAS SET OR TIED.
MM INDICATES DATA IS MISSING.
T  INDICATES TRACE AMOUNT.




$$
