000
CDUS43 KLBF 280919
CLILBF

CLIMATE REPORT
NATIONAL WEATHER SERVICE NORTH PLATTE
416 AM CDT FRI AUG 28 2015


...................................

...THE NORTH PLATTE NE CLIMATE SUMMARY FOR AUGUST 27 2015...

CLIMATE NORMAL PERIOD 1981 TO 2010
CLIMATE RECORD PERIOD 1874 TO 2015


WEATHER ITEM   OBSERVED TIME   RECORD YEAR NORMAL DEPARTURE LAST
                VALUE   (LST)  VALUE       VALUE  FROM      YEAR
                                                  NORMAL
..................................................................
TEMPERATURE (F)
 YESTERDAY
  MAXIMUM         89    420 PM 104    1990  85      4       76
  MINIMUM         59    612 AM  40    1992  55      4       65
  AVERAGE         74                        70      4       71

PRECIPITATION (IN)
  YESTERDAY        0.00          1.33 2014   0.06  -0.06     1.33
  MONTH TO DATE    3.19                      2.09   1.10     4.83
  SINCE JUN 1      8.47                      8.58  -0.11    13.72
  SINCE JAN 1     16.57                     16.02   0.55    18.01

SNOWFALL (IN)
  YESTERDAY        0.0           0.0  2002   0.0    0.0      0.0
                                      2001
  MONTH TO DATE    0.0                       0.0    0.0      0.0
  SINCE JUN 1      0.0                       0.0    0.0       T
  SINCE JUL 1      0.0                       0.0    0.0      0.0
  SNOW DEPTH       0

DEGREE DAYS
 HEATING
  YESTERDAY        0                         1     -1        0
  MONTH TO DATE   23                         6     17        0
  SINCE JUN 1     34                        62    -28       56
  SINCE JUL 1     29                        11     18       17

 COOLING
  YESTERDAY        9                         6      3        6
  MONTH TO DATE  164                       213    -49      240
  SINCE JUN 1    640                       644     -4      606
  SINCE JAN 1    642                       672    -30      655
..................................................................


WIND (MPH)
  HIGHEST WIND SPEED    17   HIGHEST WIND DIRECTION     N (350)
  HIGHEST GUST SPEED    23   HIGHEST GUST DIRECTION     N (360)
  AVERAGE WIND SPEED     7.6


SKY COVER
  POSSIBLE SUNSHINE  MM
  AVERAGE SKY COVER 0.0


WEATHER CONDITIONS
 THE FOLLOWING WEATHER WAS RECORDED YESTERDAY.
  FOG


RELATIVE HUMIDITY (PERCENT)
 HIGHEST   100           100 AM
 LOWEST     43           400 PM
 AVERAGE    72

..........................................................


THE NORTH PLATTE NE CLIMATE NORMALS FOR TODAY
                         NORMAL    RECORD    YEAR
 MAXIMUM TEMPERATURE (F)   84       102      2012
 MINIMUM TEMPERATURE (F)   55        35      1976


SUNRISE AND SUNSET
AUGUST 28 2015........SUNRISE   705 AM CDT   SUNSET   822 PM CDT
AUGUST 29 2015........SUNRISE   706 AM CDT   SUNSET   821 PM CDT


-  INDICATES NEGATIVE NUMBERS.
R  INDICATES RECORD WAS SET OR TIED.
MM INDICATES DATA IS MISSING.
T  INDICATES TRACE AMOUNT.

$$
