000
CDUS43 KLBF 300935
CLILBF

CLIMATE REPORT
NATIONAL WEATHER SERVICE NORTH PLATTE
434 AM CDT MON MAR 30 2015


...................................

...THE NORTH PLATTE NE CLIMATE SUMMARY FOR MARCH 29 2015...

CLIMATE NORMAL PERIOD 1981 TO 2010
CLIMATE RECORD PERIOD 1874 TO 2015


WEATHER ITEM   OBSERVED TIME   RECORD YEAR NORMAL DEPARTURE LAST
                VALUE   (LST)  VALUE       VALUE  FROM      YEAR
                                                  NORMAL
..................................................................
TEMPERATURE (F)
 YESTERDAY
  MAXIMUM         64    416 PM  86    1943  57      7       70
  MINIMUM         33   1145 PM  -8    1886  27      6       17
  AVERAGE         49                        42      7       44

PRECIPITATION (IN)
  YESTERDAY        0.00          1.16 1891   0.05  -0.05     0.00
  MONTH TO DATE    0.01                      0.96  -0.95     0.66
  SINCE MAR 1      0.01                      0.96  -0.95     0.66
  SINCE JAN 1      0.75                      1.80  -1.05     1.71

SNOWFALL (IN)
  YESTERDAY        0.0          12.0  1891   0.1   -0.1      0.0
  MONTH TO DATE    0.2                       4.1   -3.9      6.1
  SINCE MAR 1      0.2                       4.1   -3.9      6.1
  SINCE JUL 1     19.1                      25.0   -5.9     28.5
  SNOW DEPTH       0

DEGREE DAYS
 HEATING
  YESTERDAY       16                        23     -7       21
  MONTH TO DATE  638                       791   -153      835
  SINCE MAR 1    638                       791   -153      835
  SINCE JUL 1   5527                      5819   -292     6026

 COOLING
  YESTERDAY        0                         0      0        0
  MONTH TO DATE    0                         0      0        0
  SINCE MAR 1      0                         0      0        0
  SINCE JAN 1      0                         0      0        0
..................................................................


WIND (MPH)
  HIGHEST WIND SPEED    37   HIGHEST WIND DIRECTION    NW (320)
  HIGHEST GUST SPEED    49   HIGHEST GUST DIRECTION     N (340)
  AVERAGE WIND SPEED    13.9


SKY COVER
  POSSIBLE SUNSHINE  MM
  AVERAGE SKY COVER 0.0


WEATHER CONDITIONS
 THE FOLLOWING WEATHER WAS RECORDED YESTERDAY.
  NO SIGNIFICANT WEATHER WAS OBSERVED.


RELATIVE HUMIDITY (PERCENT)
 HIGHEST    70          1100 PM
 LOWEST     17           200 PM
 AVERAGE    44

..........................................................


THE NORTH PLATTE NE CLIMATE NORMALS FOR TODAY
                         NORMAL    RECORD    YEAR
 MAXIMUM TEMPERATURE (F)   57        87      1943
 MINIMUM TEMPERATURE (F)   28        -6      1886


SUNRISE AND SUNSET
MARCH 30 2015.........SUNRISE   730 AM CDT   SUNSET   805 PM CDT
MARCH 31 2015.........SUNRISE   728 AM CDT   SUNSET   806 PM CDT


-  INDICATES NEGATIVE NUMBERS.
R  INDICATES RECORD WAS SET OR TIED.
MM INDICATES DATA IS MISSING.
T  INDICATES TRACE AMOUNT.




$$
