000
CDUS43 KLBF 271022
CLILBF

CLIMATE REPORT
NATIONAL WEATHER SERVICE NORTH PLATTE
420 AM CST TUE JAN 27 2015


...................................

...THE NORTH PLATTE NE CLIMATE SUMMARY FOR JANUARY 26 2015...

CLIMATE NORMAL PERIOD 1981 TO 2010
CLIMATE RECORD PERIOD 1874 TO 2015


WEATHER ITEM   OBSERVED TIME   RECORD YEAR NORMAL DEPARTURE LAST
                VALUE   (LST)  VALUE       VALUE  FROM      YEAR
                                                  NORMAL
..................................................................
TEMPERATURE (F)
 YESTERDAY
  MAXIMUM         68    333 PM  69    1951  39     29       57
  MINIMUM         26   1059 PM -25    1950  12     14       12
  AVERAGE         47                        26     21       35

PRECIPITATION (IN)
  YESTERDAY        0.00          0.90 1944   0.01  -0.01      T
  MONTH TO DATE    0.06                      0.28  -0.22     0.07
  SINCE DEC 1      1.10                      0.69   0.41     0.23
  SINCE JAN 1      0.06                      0.28  -0.22     0.07

SNOWFALL (IN)
  YESTERDAY        0.0           4.5  1994   0.1   -0.1       T
  MONTH TO DATE    1.5                       4.0   -2.5      0.8
  SINCE DEC 1     10.2                       8.6    1.6      4.4
  SINCE JUL 1     10.6                      14.8   -4.2      7.5
  SNOW DEPTH       0

DEGREE DAYS
 HEATING
  YESTERDAY       18                        39    -21       30
  MONTH TO DATE 1027                      1044    -17      969
  SINCE DEC 1   2194                      2273    -79     2236
  SINCE JUL 1   3714                      3824   -110     3721

 COOLING
  YESTERDAY        0                         0      0        0
  MONTH TO DATE    0                         0      0        0
  SINCE DEC 1      0                         0      0        0
  SINCE JAN 1      0                         0      0        0
..................................................................


WIND (MPH)
  HIGHEST WIND SPEED    25   HIGHEST WIND DIRECTION    NW (320)
  HIGHEST GUST SPEED    33   HIGHEST GUST DIRECTION    NW (320)
  AVERAGE WIND SPEED     9.5


SKY COVER
  POSSIBLE SUNSHINE  MM
  AVERAGE SKY COVER 0.0


WEATHER CONDITIONS
 THE FOLLOWING WEATHER WAS RECORDED YESTERDAY.
  NO SIGNIFICANT WEATHER WAS OBSERVED.


RELATIVE HUMIDITY (PERCENT)
 HIGHEST    92           400 AM
 LOWEST     22           300 PM
 AVERAGE    57

..........................................................


THE NORTH PLATTE NE CLIMATE NORMALS FOR TODAY
                         NORMAL    RECORD    YEAR
 MAXIMUM TEMPERATURE (F)   40        67      2003
 MINIMUM TEMPERATURE (F)   12       -21      1963


SUNRISE AND SUNSET
JANUARY 27 2015.......SUNRISE   758 AM CST   SUNSET   553 PM CST
JANUARY 28 2015.......SUNRISE   757 AM CST   SUNSET   554 PM CST


-  INDICATES NEGATIVE NUMBERS.
R  INDICATES RECORD WAS SET OR TIED.
MM INDICATES DATA IS MISSING.
T  INDICATES TRACE AMOUNT.

$$
