000
CDUS43 KLBF 250945
CLILBF

CLIMATE REPORT
NATIONAL WEATHER SERVICE NORTH PLATTE
442 AM CDT FRI JUL 25 2014


...................................

...THE NORTH PLATTE NE CLIMATE SUMMARY FOR JULY 24 2014...

CLIMATE NORMAL PERIOD 1981 TO 2010
CLIMATE RECORD PERIOD 1874 TO 2014


WEATHER ITEM   OBSERVED TIME   RECORD YEAR NORMAL DEPARTURE LAST
                VALUE   (LST)  VALUE       VALUE  FROM      YEAR
                                                  NORMAL
..................................................................
TEMPERATURE (F)
 YESTERDAY
  MAXIMUM        100    456 PM 109    1940  88     12       87
  MINIMUM         63    126 AM  48    1911  61      2       56
  AVERAGE         82                        75      7       72

PRECIPITATION (IN)
  YESTERDAY        T             1.35 1906   0.10  -0.10     0.00
  MONTH TO DATE    0.14                      2.36  -2.22     0.84
  SINCE JUN 1      8.89                      5.78   3.11     2.79
  SINCE JAN 1     13.18                     13.22  -0.04     8.95

SNOWFALL (IN)
  YESTERDAY        0.0           0.0  2002   0.0    0.0      0.0
                                      2001
  MONTH TO DATE    0.0                       0.0    0.0      0.0
  SINCE JUN 1      T                         0.0    0.0       T
  SINCE JUL 1      0.0                       0.0    0.0      0.0
  SNOW DEPTH       0

DEGREE DAYS
 HEATING
  YESTERDAY        0                         0      0        0
  MONTH TO DATE   17                         0     17        4
  SINCE JUN 1     56                        51      5       51
  SINCE JUL 1     17                         0     17        4

 COOLING
  YESTERDAY       17                        10      7        7
  MONTH TO DATE  184                       226    -42      276
  SINCE JUN 1    315                       364    -49      455
  SINCE JAN 1    364                       392    -28      503
..................................................................


WIND (MPH)
  HIGHEST WIND SPEED    29   HIGHEST WIND DIRECTION     W (290)
  HIGHEST GUST SPEED    35   HIGHEST GUST DIRECTION     W (280)
  AVERAGE WIND SPEED    11.0


SKY COVER
  POSSIBLE SUNSHINE  MM
  AVERAGE SKY COVER 0.0


WEATHER CONDITIONS
 THE FOLLOWING WEATHER WAS RECORDED YESTERDAY.
  THUNDERSTORM
  LIGHT RAIN


RELATIVE HUMIDITY (PERCENT)
 HIGHEST    87          1200 AM
 LOWEST     24           500 PM
 AVERAGE    56

..........................................................


THE NORTH PLATTE NE CLIMATE NORMALS FOR TODAY
                         NORMAL    RECORD    YEAR
 MAXIMUM TEMPERATURE (F)   88       108      2003
                                             1936
 MINIMUM TEMPERATURE (F)   61        43      1911


SUNRISE AND SUNSET
JULY 25 2014..........SUNRISE   632 AM CDT   SUNSET   906 PM CDT
JULY 26 2014..........SUNRISE   633 AM CDT   SUNSET   905 PM CDT


-  INDICATES NEGATIVE NUMBERS.
R  INDICATES RECORD WAS SET OR TIED.
MM INDICATES DATA IS MISSING.
T  INDICATES TRACE AMOUNT.




$$
