000
CDUS43 KLBF 221149
CLILBF


CLIMATE REPORT
NATIONAL WEATHER SERVICE NORTH PLATTE
548 AM CST SUN JAN 22 2017


...................................

...THE NORTH PLATTE NE CLIMATE SUMMARY FOR JANUARY 21 2017...

CLIMATE NORMAL PERIOD 1981 TO 2010
CLIMATE RECORD PERIOD 1874 TO 2017


WEATHER ITEM   OBSERVED TIME   RECORD YEAR NORMAL DEPARTURE LAST
                VALUE   (LST)  VALUE       VALUE  FROM      YEAR
                                                  NORMAL
..................................................................
TEMPERATURE (F)
 YESTERDAY
  MAXIMUM         49    353 PM  71    1950  39     10       32
  MINIMUM         22    809 AM -22    1930  11     11       24
  AVERAGE         36                        25     11       28

PRECIPITATION (IN)
  YESTERDAY        0.00          0.31 1917   0.01  -0.01     0.06
  MONTH TO DATE    0.56                      0.23   0.33     0.24
  SINCE DEC 1      1.18                      0.64   0.54     0.52
  SINCE JAN 1      0.56                      0.23   0.33     0.24

SNOWFALL (IN)
  YESTERDAY        0.0           6.8  2007   0.2   -0.2      0.5
  MONTH TO DATE    7.2                       3.3    3.9      2.4
  SINCE DEC 1      8.0                       7.9    0.1      5.8
  SINCE JUL 1     13.0                      14.1   -1.1     10.4
  SNOW DEPTH       0

DEGREE DAYS
 HEATING
  YESTERDAY       29                        40    -11       37
  MONTH TO DATE  916                       845     71      815
  SINCE DEC 1   2142                      2074     68     1897
  SINCE JUL 1   3183                      3625   -442     3083

 COOLING
  YESTERDAY        0                         0      0        0
  MONTH TO DATE    0                         0      0        0
  SINCE DEC 1      0                         0      0        0
  SINCE JAN 1      0                         0      0        0
..................................................................


WIND (MPH)
  HIGHEST WIND SPEED     9   HIGHEST WIND DIRECTION    NW (300)
  HIGHEST GUST SPEED    12   HIGHEST GUST DIRECTION    NW (310)
  AVERAGE WIND SPEED     4.1


SKY COVER
  POSSIBLE SUNSHINE  MM
  AVERAGE SKY COVER 0.1


WEATHER CONDITIONS
 THE FOLLOWING WEATHER WAS RECORDED YESTERDAY.
  FOG
  FOG W/VISIBILITY <= 1/4 MILE


RELATIVE HUMIDITY (PERCENT)
 HIGHEST   100           200 AM
 LOWEST     50           300 PM
 AVERAGE    75

..........................................................


THE NORTH PLATTE NE CLIMATE NORMALS FOR TODAY
                         NORMAL    RECORD    YEAR
 MAXIMUM TEMPERATURE (F)   39        69      1943
 MINIMUM TEMPERATURE (F)   11       -21      1917


SUNRISE AND SUNSET
JANUARY 22 2017.......SUNRISE   802 AM CST   SUNSET   548 PM CST
JANUARY 23 2017.......SUNRISE   801 AM CST   SUNSET   549 PM CST


-  INDICATES NEGATIVE NUMBERS.
R  INDICATES RECORD WAS SET OR TIED.
MM INDICATES DATA IS MISSING.
T  INDICATES TRACE AMOUNT.

$$
