000
CDUS43 KLBF 120937
CLILBF

CLIMATE REPORT
NATIONAL WEATHER SERVICE NORTH PLATTE
436 AM CDT SAT JUL 12 2014


...................................

...THE NORTH PLATTE NE CLIMATE SUMMARY FOR JULY 11 2014...

CLIMATE NORMAL PERIOD 1981 TO 2010
CLIMATE RECORD PERIOD 1874 TO 2014


WEATHER ITEM   OBSERVED TIME   RECORD YEAR NORMAL DEPARTURE LAST
                VALUE   (LST)  VALUE       VALUE  FROM      YEAR
                                                  NORMAL
..................................................................
TEMPERATURE (F)
 YESTERDAY
  MAXIMUM         89    257 PM 112    1954  88      1       94
  MINIMUM         67    647 AM  44    1999  60      7       63
  AVERAGE         78                        74      4       79

PRECIPITATION (IN)
  YESTERDAY        0.03          2.34 1997   0.10  -0.07      T
  MONTH TO DATE    0.11                      1.02  -0.91     0.07
  SINCE JUN 1      8.86                      4.44   4.42     2.02
  SINCE JAN 1     13.15                     11.88   1.27     8.18

SNOWFALL (IN)
  YESTERDAY        0.0           0.0  2002   0.0    0.0      0.0
                                      2001
  MONTH TO DATE    0.0                       0.0    0.0      0.0
  SINCE JUN 1      T                         0.0    0.0       T
  SINCE JUL 1      0.0                       0.0    0.0      0.0
  SNOW DEPTH       0

DEGREE DAYS
 HEATING
  YESTERDAY        0                         0      0        0
  MONTH TO DATE    3                         0      3        4
  SINCE JUN 1     42                        51     -9       51
  SINCE JUL 1      3                         0      3        4

 COOLING
  YESTERDAY       13                         9      4       14
  MONTH TO DATE   80                        96    -16      108
  SINCE JUN 1    211                       234    -23      287
  SINCE JAN 1    260                       262     -2      335
..................................................................


WIND (MPH)
  HIGHEST WIND SPEED    23   HIGHEST WIND DIRECTION     W (280)
  HIGHEST GUST SPEED    29   HIGHEST GUST DIRECTION     W (290)
  AVERAGE WIND SPEED     6.8


SKY COVER
  POSSIBLE SUNSHINE  MM
  AVERAGE SKY COVER 0.4


WEATHER CONDITIONS
 THE FOLLOWING WEATHER WAS RECORDED YESTERDAY.
  THUNDERSTORM
  LIGHT RAIN
  FOG


RELATIVE HUMIDITY (PERCENT)
 HIGHEST    93           400 AM
 LOWEST     47           300 PM
 AVERAGE    70

..........................................................


THE NORTH PLATTE NE CLIMATE NORMALS FOR TODAY
                         NORMAL    RECORD    YEAR
 MAXIMUM TEMPERATURE (F)   89       107      1954
 MINIMUM TEMPERATURE (F)   60        46      1975


SUNRISE AND SUNSET
JULY 12 2014..........SUNRISE   621 AM CDT   SUNSET   916 PM CDT
JULY 13 2014..........SUNRISE   622 AM CDT   SUNSET   915 PM CDT


-  INDICATES NEGATIVE NUMBERS.
R  INDICATES RECORD WAS SET OR TIED.
MM INDICATES DATA IS MISSING.
T  INDICATES TRACE AMOUNT.

$$
