000
CDUS42 KILM 042109
CLILBT


CLIMATE REPORT
NATIONAL WEATHER SERVICE WILMINGTON NC
508 PM EDT WED MAY 4 2016


...................................

...THE LUMBERTON NC CLIMATE SUMMARY FOR MAY 4 2016...
VALID TODAY AS OF 0400 PM LOCAL TIME.

CLIMATE NORMAL PERIOD 1981 TO 2010
CLIMATE RECORD PERIOD 9999 TO 9999


WEATHER ITEM   OBSERVED TIME   NORMAL DEPARTURE LAST
                VALUE   (LST)  VALUE  FROM      YEAR
                                      NORMAL
......................................................
TEMPERATURE (F)
 TODAY
  MAXIMUM         80    159 PM  79      1       84
  MINIMUM         65    623 AM  54     11       49
  AVERAGE         73            66      7       67

PRECIPITATION (IN)
  TODAY            0.00          0.07  -0.07     0.00
  MONTH TO DATE    2.19          0.26   1.93     0.02
  SINCE MAR 1      6.54          6.41   0.13     6.09
  SINCE JAN 1     14.82         12.28   2.54    15.55

DEGREE DAYS
 HEATING
  TODAY            0             2     -2        0
  MONTH TO DATE    0            10    -10       12
  SINCE MAR 1    317           509   -192      414
  SINCE JUL 1   1996          2739   -743     2778

 COOLING
  TODAY            8             4      4        2
  MONTH TO DATE   30            13     17        2
  SINCE MAR 1    146            78     68       96
  SINCE JAN 1    147            81     66       96
......................................................


WIND (MPH)
  HIGHEST WIND SPEED    14   HIGHEST WIND DIRECTION    NW (300)
  HIGHEST GUST SPEED    17   HIGHEST GUST DIRECTION     W (290)
  AVERAGE WIND SPEED     5.3


SKY COVER
  POSSIBLE SUNSHINE  MM
  AVERAGE SKY COVER 0.6


WEATHER CONDITIONS
 THE FOLLOWING WEATHER WAS RECORDED TODAY.
  NO SIGNIFICANT WEATHER WAS OBSERVED.


RELATIVE HUMIDITY (PERCENT)
 HIGHEST    90          1200 AM
 LOWEST     39           300 PM
 AVERAGE    65

..........................................................


THE LUMBERTON NC CLIMATE NORMALS FOR TOMORROW
                         NORMAL
 MAXIMUM TEMPERATURE (F)   80
 MINIMUM TEMPERATURE (F)   54


SUNRISE AND SUNSET
MAY  4 2016...........SUNRISE   623 AM EDT   SUNSET   804 PM EDT
MAY  5 2016...........SUNRISE   622 AM EDT   SUNSET   805 PM EDT


-  INDICATES NEGATIVE NUMBERS.
R  INDICATES RECORD WAS SET OR TIED.
MM INDICATES DATA IS MISSING.
T  INDICATES TRACE AMOUNT.




$$
