000
CDUS42 KILM 030841
CLILBT


CLIMATE REPORT
NATIONAL WEATHER SERVICE WILMINGTON NC
440 AM EDT WED JUN 3 2015


...................................

...THE LUMBERTON NC CLIMATE SUMMARY FOR JUNE 2 2015...

CLIMATE NORMAL PERIOD 1981 TO 2010
CLIMATE RECORD PERIOD 9999 TO 9999


WEATHER ITEM   OBSERVED TIME   NORMAL DEPARTURE LAST
                VALUE   (LST)  VALUE  FROM      YEAR
                                      NORMAL
......................................................
TEMPERATURE (F)
 YESTERDAY
  MAXIMUM         88    119 PM  86      2       84
  MINIMUM         67   1020 PM  64      3       50
  AVERAGE         78            75      3       67

PRECIPITATION (IN)
  YESTERDAY        0.52          0.17   0.35     0.00
  MONTH TO DATE    0.75          0.33   0.42     0.00
  SINCE JUN 1      0.75          0.33   0.42     0.00
  SINCE JAN 1     18.21         15.40   2.81    17.26

DEGREE DAYS
 HEATING
  YESTERDAY        0             0      0        0
  MONTH TO DATE    0             0      0        0
  SINCE JUN 1      0             0      0        0
  SINCE JUL 1   2778          2761     17     2945

 COOLING
  YESTERDAY       13            10      3        2
  MONTH TO DATE   30            20     10        7
  SINCE JUN 1     30            20     10        7
  SINCE JAN 1    369           270     99      295
......................................................


WIND (MPH)
  HIGHEST WIND SPEED    16   HIGHEST WIND DIRECTION     S (160)
  HIGHEST GUST SPEED    23   HIGHEST GUST DIRECTION    SE (150)
  AVERAGE WIND SPEED     4.1


SKY COVER
  POSSIBLE SUNSHINE  MM
  AVERAGE SKY COVER 0.2


WEATHER CONDITIONS
 THE FOLLOWING WEATHER WAS RECORDED YESTERDAY.
  THUNDERSTORM
  HEAVY RAIN
  RAIN
  LIGHT RAIN
  FOG


RELATIVE HUMIDITY (PERCENT)
 HIGHEST    97           600 AM
 LOWEST     51           100 PM
 AVERAGE    74

..........................................................


THE LUMBERTON NC CLIMATE NORMALS FOR TODAY
                         NORMAL
 MAXIMUM TEMPERATURE (F)   86
 MINIMUM TEMPERATURE (F)   64


SUNRISE AND SUNSET
JUNE  3 2015..........SUNRISE   604 AM EDT   SUNSET   825 PM EDT
JUNE  4 2015..........SUNRISE   604 AM EDT   SUNSET   826 PM EDT


-  INDICATES NEGATIVE NUMBERS.
R  INDICATES RECORD WAS SET OR TIED.
MM INDICATES DATA IS MISSING.
T  INDICATES TRACE AMOUNT.




$$
