000
CDUS42 KILM 300841
CLILBT


CLIMATE REPORT
NATIONAL WEATHER SERVICE WILMINGTON NC
440 AM EDT FRI SEP 30 2016


...................................

...THE LUMBERTON NC CLIMATE SUMMARY FOR SEPTEMBER 29 2016...

CLIMATE NORMAL PERIOD 1981 TO 2010
CLIMATE RECORD PERIOD 9999 TO 9999


WEATHER ITEM   OBSERVED TIME   NORMAL DEPARTURE LAST
                VALUE   (LST)  VALUE  FROM      YEAR
                                      NORMAL
......................................................
TEMPERATURE (F)
 YESTERDAY
  MAXIMUM         77   1205 PM  80     -3       88
  MINIMUM         67    757 AM  58      9       75
  AVERAGE         72            69      3       82

PRECIPITATION (IN)
  YESTERDAY        0.92          0.16   0.76     0.16
  MONTH TO DATE    7.20          4.65   2.55     2.03
  SINCE SEP 1      7.20          4.65   2.55     2.03
  SINCE JAN 1     39.71         35.04   4.67    31.01

DEGREE DAYS
 HEATING
  YESTERDAY        0             1     -1        0
  MONTH TO DATE    0             7     -7        0
  SINCE SEP 1      0             7     -7        0
  SINCE JUL 1      0             7     -7        0

 COOLING
  YESTERDAY        7             5      2       17
  MONTH TO DATE  365           242    123      348
  SINCE SEP 1    365           242    123      348
  SINCE JAN 1   2264          1814    450     2290
......................................................


WIND (MPH)
  HIGHEST WIND SPEED    22   HIGHEST WIND DIRECTION    NE (40)
  HIGHEST GUST SPEED    28   HIGHEST GUST DIRECTION    NE (60)
  AVERAGE WIND SPEED     6.3


SKY COVER
  POSSIBLE SUNSHINE  MM
  AVERAGE SKY COVER 0.6


WEATHER CONDITIONS
 THE FOLLOWING WEATHER WAS RECORDED YESTERDAY.
  THUNDERSTORM
  HEAVY RAIN
  RAIN
  LIGHT RAIN
  FOG
  FOG W/VISIBILITY <= 1/4 MILE


RELATIVE HUMIDITY (PERCENT)
 HIGHEST   100           700 AM
 LOWEST     76          1200 PM
 AVERAGE    88

..........................................................


THE LUMBERTON NC CLIMATE NORMALS FOR TODAY
                         NORMAL
 MAXIMUM TEMPERATURE (F)   80
 MINIMUM TEMPERATURE (F)   57


SUNRISE AND SUNSET
SEPTEMBER 30 2016.....SUNRISE   711 AM EDT   SUNSET   701 PM EDT
OCTOBER  1 2016.......SUNRISE   711 AM EDT   SUNSET   700 PM EDT


-  INDICATES NEGATIVE NUMBERS.
R  INDICATES RECORD WAS SET OR TIED.
MM INDICATES DATA IS MISSING.
T  INDICATES TRACE AMOUNT.




$$
