000
CDUS42 KILM 010841
CLILBT


CLIMATE REPORT
NATIONAL WEATHER SERVICE WILMINGTON NC
441 AM EDT FRI AUG 1 2014


...................................

...THE LUMBERTON NC CLIMATE SUMMARY FOR JULY 31 2014...

CLIMATE NORMAL PERIOD 1981 TO 2010
CLIMATE RECORD PERIOD 9999 TO 9999


WEATHER ITEM   OBSERVED TIME   NORMAL DEPARTURE LAST
                VALUE   (LST)  VALUE  FROM      YEAR
                                      NORMAL
......................................................
TEMPERATURE (F)
 YESTERDAY
  MAXIMUM         89    213 PM  90     -1       87
  MINIMUM         71    631 AM  72     -1       71
  AVERAGE         80            81     -1       79

PRECIPITATION (IN)
  YESTERDAY        T             0.20  -0.20     0.00
  MONTH TO DATE    4.44          5.48  -1.04     5.63
  SINCE JUN 1     12.01          9.82   2.19    16.34
  SINCE JAN 1     29.27         24.89   4.38    30.82

DEGREE DAYS
 HEATING
  YESTERDAY        0             0      0        0
  MONTH TO DATE    0             0      0        0
  SINCE JUN 1      0             0      0        0
  SINCE JUL 1      0             0      0        0

 COOLING
  YESTERDAY       15            16     -1       14
  MONTH TO DATE  483           500    -17      494
  SINCE JUN 1    941           888     53      895
  SINCE JAN 1   1229          1138     91     1087
......................................................


WIND (MPH)
  HIGHEST WIND SPEED    14   HIGHEST WIND DIRECTION    SE (120)
  HIGHEST GUST SPEED    20   HIGHEST GUST DIRECTION    SE (120)
  AVERAGE WIND SPEED     5.5


SKY COVER
  POSSIBLE SUNSHINE  MM
  AVERAGE SKY COVER 0.6


WEATHER CONDITIONS
 THE FOLLOWING WEATHER WAS RECORDED YESTERDAY.
  LIGHT RAIN


RELATIVE HUMIDITY (PERCENT)
 HIGHEST    84           200 AM
 LOWEST     45          1200 PM
 AVERAGE    65

..........................................................


THE LUMBERTON NC CLIMATE NORMALS FOR TODAY
                         NORMAL
 MAXIMUM TEMPERATURE (F)   90
 MINIMUM TEMPERATURE (F)   71


SUNRISE AND SUNSET
AUGUST  1 2014........SUNRISE   627 AM EDT   SUNSET   818 PM EDT
AUGUST  2 2014........SUNRISE   627 AM EDT   SUNSET   817 PM EDT


-  INDICATES NEGATIVE NUMBERS.
R  INDICATES RECORD WAS SET OR TIED.
MM INDICATES DATA IS MISSING.
T  INDICATES TRACE AMOUNT.




$$
