000
CDUS42 KILM 212045
CLILBT


CLIMATE REPORT
NATIONAL WEATHER SERVICE WILMINGTON NC
445 PM EDT TUE OCT 21 2014


...................................

...THE LUMBERTON NC CLIMATE SUMMARY FOR OCTOBER 21 2014...
VALID TODAY AS OF 0400 PM LOCAL TIME.

CLIMATE NORMAL PERIOD 1981 TO 2010
CLIMATE RECORD PERIOD 9999 TO 9999


WEATHER ITEM   OBSERVED TIME   NORMAL DEPARTURE LAST
                VALUE   (LST)  VALUE  FROM      YEAR
                                      NORMAL
......................................................
TEMPERATURE (F)
 TODAY
  MAXIMUM         79    157 PM  74      5       71
  MINIMUM         49    636 AM  49      0       42
  AVERAGE         64            62      2       57

PRECIPITATION (IN)
  TODAY            0.00          0.06  -0.06     0.00
  MONTH TO DATE    0.60          2.00  -1.40     0.26
  SINCE SEP 1      4.52          6.80  -2.28     1.66
  SINCE JAN 1     36.68         37.19  -0.51    37.64

DEGREE DAYS
 HEATING
  TODAY            1             5     -4        8
  MONTH TO DATE   41            59    -18       22
  SINCE SEP 1     47            68    -21       22
  SINCE JUL 1     47            68    -21       22

 COOLING
  TODAY            0             2     -2        0
  MONTH TO DATE   87            59     28       80
  SINCE SEP 1    385           308     77      336
  SINCE JAN 1   2042          1880    162     1847
......................................................


WIND (MPH)
  HIGHEST WIND SPEED    13   HIGHEST WIND DIRECTION     W (270)
  HIGHEST GUST SPEED    18   HIGHEST GUST DIRECTION     W (270)
  AVERAGE WIND SPEED     3.1


SKY COVER
  POSSIBLE SUNSHINE  MM
  AVERAGE SKY COVER 0.1


WEATHER CONDITIONS
 THE FOLLOWING WEATHER WAS RECORDED TODAY.
  FOG
  FOG W/VISIBILITY <= 1/4 MILE


RELATIVE HUMIDITY (PERCENT)
 HIGHEST   100          1200 AM
 LOWEST     32           200 PM
 AVERAGE    66

..........................................................


THE LUMBERTON NC CLIMATE NORMALS FOR TOMORROW
                         NORMAL    RECORD    YEAR
 MAXIMUM TEMPERATURE (F)   74        MM        MM
 MINIMUM TEMPERATURE (F)   49        MM        MM


SUNRISE AND SUNSET
OCTOBER 21 2014.......SUNRISE   727 AM EDT   SUNSET   634 PM EDT
OCTOBER 22 2014.......SUNRISE   728 AM EDT   SUNSET   633 PM EDT


-  INDICATES NEGATIVE NUMBERS.
R  INDICATES RECORD WAS SET OR TIED.
MM INDICATES DATA IS MISSING.
T  INDICATES TRACE AMOUNT.




$$
