000
CDUS42 KILM 290849
CLILBT


CLIMATE REPORT
NATIONAL WEATHER SERVICE WILMINGTON NC
448 AM EDT WED MAR 29 2017


...................................

...THE LUMBERTON NC CLIMATE SUMMARY FOR MARCH 28 2017...

CLIMATE NORMAL PERIOD 1981 TO 2010
CLIMATE RECORD PERIOD 9999 TO 9999


WEATHER ITEM   OBSERVED TIME   NORMAL DEPARTURE LAST
                VALUE   (LST)  VALUE  FROM      YEAR
                                      NORMAL
......................................................
TEMPERATURE (F)
 YESTERDAY
  MAXIMUM         82    419 PM  70     12       79
  MINIMUM         61    315 AM  45     16       54
  AVERAGE         72            57     15       67

PRECIPITATION (IN)
  YESTERDAY        0.10          0.11  -0.01     0.01
  MONTH TO DATE    2.81          2.97  -0.16     1.18
  SINCE MAR 1      2.81          2.97  -0.16     1.18
  SINCE JAN 1      6.30          8.84  -2.54     9.46

SNOWFALL (IN)
  YESTERDAY       MM
  MONTH TO DATE   MM
  SINCE MAR 1     MM
  SINCE JUL 1     MM
  SNOW DEPTH      MM

DEGREE DAYS
 HEATING
  YESTERDAY        0             8     -8        0
  MONTH TO DATE  365           324     41      164
  SINCE MAR 1    365           324     41      164
  SINCE JUL 1   2012          2554   -542     1843

 COOLING
  YESTERDAY        7             0      7        2
  MONTH TO DATE   20             0     20       46
  SINCE MAR 1     20             0     20       46
  SINCE JAN 1     30             3     27       47
......................................................


WIND (MPH)
  HIGHEST WIND SPEED    16   HIGHEST WIND DIRECTION     W (250)
  HIGHEST GUST SPEED    25   HIGHEST GUST DIRECTION     W (250)
  AVERAGE WIND SPEED     7.5


SKY COVER
  POSSIBLE SUNSHINE  MM
  AVERAGE SKY COVER 0.4


WEATHER CONDITIONS
 THE FOLLOWING WEATHER WAS RECORDED YESTERDAY.
  THUNDERSTORM
  RAIN
  LIGHT RAIN
  FOG


RELATIVE HUMIDITY (PERCENT)
 HIGHEST    93           900 AM
 LOWEST     45           400 PM
 AVERAGE    69

..........................................................


THE LUMBERTON NC CLIMATE NORMALS FOR TODAY
                         NORMAL
 MAXIMUM TEMPERATURE (F)   70
 MINIMUM TEMPERATURE (F)   45


SUNRISE AND SUNSET
MARCH 29 2017.........SUNRISE   707 AM EDT   SUNSET   735 PM EDT
MARCH 30 2017.........SUNRISE   706 AM EDT   SUNSET   736 PM EDT


-  INDICATES NEGATIVE NUMBERS.
R  INDICATES RECORD WAS SET OR TIED.
MM INDICATES DATA IS MISSING.
T  INDICATES TRACE AMOUNT.




$$
