000
CDUS42 KILM 040841
CLILBT


CLIMATE REPORT
NATIONAL WEATHER SERVICE WILMINGTON NC
441 AM EDT SAT JUL 4 2015


...................................

...THE LUMBERTON NC CLIMATE SUMMARY FOR JULY 3 2015...

CLIMATE NORMAL PERIOD 1981 TO 2010
CLIMATE RECORD PERIOD 9999 TO 9999


WEATHER ITEM   OBSERVED TIME   NORMAL DEPARTURE LAST
                VALUE   (LST)  VALUE  FROM      YEAR
                                      NORMAL
......................................................
TEMPERATURE (F)
 YESTERDAY
  MAXIMUM         87    349 PM  91     -4       85
  MINIMUM         70    435 AM  71     -1       74
  AVERAGE         79            81     -2       80

PRECIPITATION (IN)
  YESTERDAY        0.20          0.14   0.06     0.32
  MONTH TO DATE    0.35          0.41  -0.06     0.32
  SINCE JUN 1      6.59          4.75   1.84     7.89
  SINCE JAN 1     24.05         19.82   4.23    25.15

DEGREE DAYS
 HEATING
  YESTERDAY        0             0      0        0
  MONTH TO DATE    0             0      0        0
  SINCE JUN 1      0             0      0        0
  SINCE JUL 1      0             0      0        0

 COOLING
  YESTERDAY       14            16     -2       15
  MONTH TO DATE   44            48     -4       51
  SINCE JUN 1    588           436    152      509
  SINCE JAN 1    927           686    241      797
......................................................


WIND (MPH)
  HIGHEST WIND SPEED    16   HIGHEST WIND DIRECTION    SW (230)
  HIGHEST GUST SPEED    22   HIGHEST GUST DIRECTION    SW (240)
  AVERAGE WIND SPEED     7.9


SKY COVER
  POSSIBLE SUNSHINE  MM
  AVERAGE SKY COVER 0.5


WEATHER CONDITIONS
 THE FOLLOWING WEATHER WAS RECORDED YESTERDAY.
  THUNDERSTORM
  HEAVY RAIN
  RAIN
  LIGHT RAIN
  FOG


RELATIVE HUMIDITY (PERCENT)
 HIGHEST    97           400 AM
 LOWEST     61           400 PM
 AVERAGE    79

..........................................................


THE LUMBERTON NC CLIMATE NORMALS FOR TODAY
                         NORMAL
 MAXIMUM TEMPERATURE (F)   91
 MINIMUM TEMPERATURE (F)   71


SUNRISE AND SUNSET
JULY  4 2015..........SUNRISE   608 AM EDT   SUNSET   833 PM EDT
JULY  5 2015..........SUNRISE   609 AM EDT   SUNSET   833 PM EDT


-  INDICATES NEGATIVE NUMBERS.
R  INDICATES RECORD WAS SET OR TIED.
MM INDICATES DATA IS MISSING.
T  INDICATES TRACE AMOUNT.




$$
