000
CDUS42 KILM 022200
CLILBT


CLIMATE REPORT
NATIONAL WEATHER SERVICE WILMINGTON NC
500 PM EST FRI DEC 2 2016


...................................

...THE LUMBERTON NC CLIMATE SUMMARY FOR DECEMBER 2 2016...
VALID TODAY AS OF 0400 PM LOCAL TIME.

CLIMATE NORMAL PERIOD 1981 TO 2010
CLIMATE RECORD PERIOD 9999 TO 9999


WEATHER ITEM   OBSERVED TIME   NORMAL DEPARTURE LAST
                VALUE   (LST)  VALUE  FROM      YEAR
                                      NORMAL
......................................................
TEMPERATURE (F)
 TODAY
  MAXIMUM         60    223 PM  61     -1       72
  MINIMUM         34    723 AM  38     -4       56
  AVERAGE         47            50     -3       64

PRECIPITATION (IN)
  TODAY            0.00          0.11  -0.11     0.12
  MONTH TO DATE    T             0.22  -0.22     0.12
  SINCE DEC 1      T             0.22  -0.22     0.12
  SINCE JAN 1     53.35         40.85  12.50    43.07

SNOWFALL (IN)
  TODAY           MM
  MONTH TO DATE   MM
  SINCE DEC 1     MM
  SINCE JUL 1     MM
  SNOW DEPTH      MM

DEGREE DAYS
 HEATING
  TODAY           18            16      2        1
  MONTH TO DATE   27            31     -4        9
  SINCE DEC 1     27            31     -4        9
  SINCE JUL 1    389           497   -108      290

 COOLING
  TODAY            0             0      0        0
  MONTH TO DATE    0             0      0        0
  SINCE DEC 1      0             0      0        0
  SINCE JAN 1   2371          1907    464     2391
......................................................


WIND (MPH)
  HIGHEST WIND SPEED    14   HIGHEST WIND DIRECTION     W (290)
  HIGHEST GUST SPEED    18   HIGHEST GUST DIRECTION    NW (300)
  AVERAGE WIND SPEED     5.6


SKY COVER
  POSSIBLE SUNSHINE  MM
  AVERAGE SKY COVER 0.0


WEATHER CONDITIONS
 THE FOLLOWING WEATHER WAS RECORDED TODAY.
  NO SIGNIFICANT WEATHER WAS OBSERVED.


RELATIVE HUMIDITY (PERCENT)
 HIGHEST   100           800 AM
 LOWEST     36           300 PM
 AVERAGE    68

..........................................................


THE LUMBERTON NC CLIMATE NORMALS FOR TOMORROW
                         NORMAL
 MAXIMUM TEMPERATURE (F)   61
 MINIMUM TEMPERATURE (F)   38


SUNRISE AND SUNSET
DECEMBER  2 2016......SUNRISE   706 AM EST   SUNSET   505 PM EST
DECEMBER  3 2016......SUNRISE   707 AM EST   SUNSET   505 PM EST


-  INDICATES NEGATIVE NUMBERS.
R  INDICATES RECORD WAS SET OR TIED.
MM INDICATES DATA IS MISSING.
T  INDICATES TRACE AMOUNT.




$$
