000
CDUS44 KLCH 050826
CLILCH


CLIMATE REPORT
NATIONAL WEATHER SERVICE LAKE CHARLES, LA
222 AM CST THU MAR 5 2015


...................................

...THE LAKE CHARLES CLIMATE SUMMARY FOR MARCH 4 2015...

CLIMATE NORMAL PERIOD 1981 TO 2010
CLIMATE RECORD PERIOD 1895 TO 2015


WEATHER ITEM   OBSERVED TIME   RECORD YEAR NORMAL DEPARTURE LAST
                VALUE   (LST)  VALUE       VALUE  FROM      YEAR
                                                  NORMAL
..................................................................
TEMPERATURE (F)
 YESTERDAY
  MAXIMUM         80    138 PM  84    1910  69     11       35
  MINIMUM         64    653 AM  23    2002  49     15       31
                                      1914
  AVERAGE         72                        59     13       33

PRECIPITATION (IN)
  YESTERDAY        0.03          2.35 1903   0.12  -0.09     0.44
  MONTH TO DATE    3.51                      0.49   3.02     0.68
  SINCE MAR 1      3.51                      0.49   3.02     0.68
  SINCE JAN 1     11.99                      9.18   2.81     7.47

SNOWFALL (IN)
  YESTERDAY        0.0           T    1954   0.0    0.0      0.0
  MONTH TO DATE    0.0                       0.0    0.0      0.0
  SINCE MAR 1      0.0                       0.0    0.0      0.0
  SINCE JUL 1      0.0                       0.1   -0.1      0.1
  SNOW DEPTH       0

DEGREE DAYS
 HEATING
  YESTERDAY        0                         7     -7       32
  MONTH TO DATE    8                        30    -22       61
  SINCE MAR 1      8                        30    -22       61
  SINCE JUL 1   1446                      1312    134     1712

 COOLING
  YESTERDAY        7                         1      6        0
  MONTH TO DATE    7                         4      3        3
  SINCE MAR 1      7                         4      3        3
  SINCE JAN 1     13                        27    -14       18
..................................................................


WIND (MPH)
  HIGHEST WIND SPEED    21   HIGHEST WIND DIRECTION     S (170)
  HIGHEST GUST SPEED    31   HIGHEST GUST DIRECTION    SW (220)
  AVERAGE WIND SPEED     8.5


SKY COVER
  POSSIBLE SUNSHINE  MM
  AVERAGE SKY COVER 1.0


WEATHER CONDITIONS
 THE FOLLOWING WEATHER WAS RECORDED YESTERDAY.
  HEAVY RAIN
  LIGHT RAIN
  FOG


RELATIVE HUMIDITY (PERCENT)
 HIGHEST   100           700 AM
 LOWEST     74          1200 PM
 AVERAGE    87

..........................................................


THE LAKE CHARLES CLIMATE NORMALS FOR TODAY
                         NORMAL    RECORD    YEAR
 MAXIMUM TEMPERATURE (F)   69        86      1910
 MINIMUM TEMPERATURE (F)   49        26      1917


SUNRISE AND SUNSET
MARCH  5 2015.........SUNRISE   635 AM CST   SUNSET   614 PM CST
MARCH  6 2015.........SUNRISE   634 AM CST   SUNSET   615 PM CST


-  INDICATES NEGATIVE NUMBERS.
R  INDICATES RECORD WAS SET OR TIED.
MM INDICATES DATA IS MISSING.
T  INDICATES TRACE AMOUNT.




$$
