000
CDUS44 KLCH 290920
CLILCH


CLIMATE REPORT
NATIONAL WEATHER SERVICE LAKE CHARLES, LA
320 AM CST THU JAN 29 2015


...................................

...THE LAKE CHARLES CLIMATE SUMMARY FOR JANUARY 28 2015...

CLIMATE NORMAL PERIOD 1981 TO 2010
CLIMATE RECORD PERIOD 1895 TO 2015


WEATHER ITEM   OBSERVED TIME   RECORD YEAR NORMAL DEPARTURE LAST
                VALUE   (LST)  VALUE       VALUE  FROM      YEAR
                                                  NORMAL
..................................................................
TEMPERATURE (F)
 YESTERDAY
  MAXIMUM         72    110 PM  81    1912  62     10       40
  MINIMUM         42    651 AM  21    1897  43     -1       26
  AVERAGE         57                        52      5       33

PRECIPITATION (IN)
  YESTERDAY        0.00          2.13 1990   0.16  -0.16     0.09
  MONTH TO DATE    6.90                      4.76   2.14     2.29
  SINCE DEC 1      8.93                      9.44  -0.51     4.34
  SINCE JAN 1      6.90                      4.76   2.14     2.29

SNOWFALL (IN)
  YESTERDAY        0.0           0.1  2014   0.0    0.0      0.1
  MONTH TO DATE    0.0                       0.0    0.0      0.1
  SINCE DEC 1      0.0                       T      0.0      0.1
  SINCE JUL 1      0.0                       T      0.0      0.1
  SNOW DEPTH       0

DEGREE DAYS
 HEATING
  YESTERDAY        8                        13     -5       32
  MONTH TO DATE  463                       384     79      503
  SINCE DEC 1    746                       751     -5      946
  SINCE JUL 1   1022                       958     64     1220

 COOLING
  YESTERDAY        0                         0      0        0
  MONTH TO DATE    0                         0      0        0
  SINCE DEC 1     17                        20     -3       25
  SINCE JAN 1      0                         0      0        0
..................................................................


WIND (MPH)
  HIGHEST WIND SPEED    17   HIGHEST WIND DIRECTION     S (160)
  HIGHEST GUST SPEED    22   HIGHEST GUST DIRECTION    SE (150)
  AVERAGE WIND SPEED     6.9


SKY COVER
  POSSIBLE SUNSHINE  MM
  AVERAGE SKY COVER 0.1


WEATHER CONDITIONS
 THE FOLLOWING WEATHER WAS RECORDED YESTERDAY.
  FOG


RELATIVE HUMIDITY (PERCENT)
 HIGHEST   100           100 AM
 LOWEST     72           900 AM
 AVERAGE    86

..........................................................


THE LAKE CHARLES CLIMATE NORMALS FOR TODAY
                         NORMAL    RECORD    YEAR
 MAXIMUM TEMPERATURE (F)   62        84      1912
 MINIMUM TEMPERATURE (F)   43        23      2014


SUNRISE AND SUNSET
JANUARY 29 2015.......SUNRISE   705 AM CST   SUNSET   547 PM CST
JANUARY 30 2015.......SUNRISE   705 AM CST   SUNSET   548 PM CST


-  INDICATES NEGATIVE NUMBERS.
R  INDICATES RECORD WAS SET OR TIED.
MM INDICATES DATA IS MISSING.
T  INDICATES TRACE AMOUNT.




$$
