000
CDUS44 KLCH 280813
CLILCH


CLIMATE REPORT
NATIONAL WEATHER SERVICE LAKE CHARLES, LA
313 AM CDT MON JUL 28 2014


...................................

...THE LAKE CHARLES CLIMATE SUMMARY FOR JULY 27 2014...

CLIMATE NORMAL PERIOD 1981 TO 2010
CLIMATE RECORD PERIOD 1895 TO 2014


WEATHER ITEM   OBSERVED TIME   RECORD YEAR NORMAL DEPARTURE LAST
                VALUE   (LST)  VALUE       VALUE  FROM      YEAR
                                                  NORMAL
..................................................................
TEMPERATURE (F)
 YESTERDAY
  MAXIMUM         92    238 PM  99    1930  92      0       93
                                      1925
                                      1915
  MINIMUM         76    444 AM  64    1911  75      1       78
  AVERAGE         84                        83      1       86

PRECIPITATION (IN)
  YESTERDAY        0.00          3.42 1943   0.17  -0.17     0.51
  MONTH TO DATE    6.61                      4.94   1.67     1.71
  SINCE JUN 1     21.15                     11.79   9.36     5.77
  SINCE JAN 1     36.32                     32.67   3.65    35.29

SNOWFALL (IN)
  YESTERDAY        0.0           0.0    MM   0.0    0.0      0.0
  MONTH TO DATE    0.0                       0.0    0.0      0.0
  SINCE JUN 1      0.0                       0.0    0.0      0.0
  SINCE JUL 1      0.0                       0.0    0.0      0.0
  SNOW DEPTH       0

DEGREE DAYS
 HEATING
  YESTERDAY        0                         0      0        0
  MONTH TO DATE    0                         0      0        0
  SINCE JUN 1      0                         0      0        0
  SINCE JUL 1      0                         0      0        0

 COOLING
  YESTERDAY       19                        18      1       21
  MONTH TO DATE  464                       483    -19      499
  SINCE JUN 1    940                       963    -23     1044
  SINCE JAN 1   1379                      1501   -122     1529
..................................................................


WIND (MPH)
  HIGHEST WIND SPEED    14   HIGHEST WIND DIRECTION    SW (220)
  HIGHEST GUST SPEED    19   HIGHEST GUST DIRECTION     S (200)
  AVERAGE WIND SPEED     6.1


SKY COVER
  POSSIBLE SUNSHINE  MM
  AVERAGE SKY COVER 0.1


WEATHER CONDITIONS
 THE FOLLOWING WEATHER WAS RECORDED YESTERDAY.
  FOG
  HAZE


RELATIVE HUMIDITY (PERCENT)
 HIGHEST    94           400 AM
 LOWEST     59          1100 AM
 AVERAGE    77

..........................................................


THE LAKE CHARLES CLIMATE NORMALS FOR TODAY
                         NORMAL    RECORD    YEAR
 MAXIMUM TEMPERATURE (F)   92       100      1995
                                             1930
                                             1915
 MINIMUM TEMPERATURE (F)   75        67      1917
                                             1904


SUNRISE AND SUNSET
JULY 28 2014..........SUNRISE   629 AM CDT   SUNSET   809 PM CDT
JULY 29 2014..........SUNRISE   630 AM CDT   SUNSET   808 PM CDT


-  INDICATES NEGATIVE NUMBERS.
R  INDICATES RECORD WAS SET OR TIED.
MM INDICATES DATA IS MISSING.
T  INDICATES TRACE AMOUNT.




$$
