000
CDUS44 KLCH 281245
CLILCH


CLIMATE REPORT
NATIONAL WEATHER SERVICE LAKE CHARLES, LA
745 AM CDT FRI AUG 28 2015


...................................

...THE LAKE CHARLES CLIMATE SUMMARY FOR AUGUST 27 2015...

CLIMATE NORMAL PERIOD 1981 TO 2010
CLIMATE RECORD PERIOD 1895 TO 2015


WEATHER ITEM   OBSERVED TIME   RECORD YEAR NORMAL DEPARTURE LAST
                VALUE   (LST)  VALUE       VALUE  FROM      YEAR
                                                  NORMAL
..................................................................
TEMPERATURE (F)
 YESTERDAY
  MAXIMUM         91    348 PM 103    1924  92     -1       90
  MINIMUM         67    600 AM  61    1917  74     -7       75
  AVERAGE         79                        82     -3       83

PRECIPITATION (IN)
  YESTERDAY        0.00          2.82 1972   0.14  -0.14     0.02
  MONTH TO DATE    3.38                      4.20  -0.82     7.71
  SINCE JUN 1     11.54                     16.68  -5.14    28.87
  SINCE JAN 1     45.97                     37.56   8.41    44.04

SNOWFALL (IN)
  YESTERDAY        0.0           0.0    MM   0.0    0.0      0.0
  MONTH TO DATE    0.0                       0.0    0.0      0.0
  SINCE JUN 1      0.0                       0.0    0.0      0.0
  SINCE JUL 1      0.0                       0.0    0.0      0.0
  SNOW DEPTH       0

DEGREE DAYS
 HEATING
  YESTERDAY        0                         0      0        0
  MONTH TO DATE    0                         0      0        0
  SINCE JUN 1      0                         0      0        0
  SINCE JUL 1      0                         0      0        0

 COOLING
  YESTERDAY       14                        17     -3       18
  MONTH TO DATE  525                       485     40      500
  SINCE JUN 1   1663                      1518    145     1512
  SINCE JAN 1   2307                      2056    251     1951
..................................................................


WIND (MPH)
  HIGHEST WIND SPEED    16   HIGHEST WIND DIRECTION     N (360)
  HIGHEST GUST SPEED    22   HIGHEST GUST DIRECTION     N (20)
  AVERAGE WIND SPEED     4.1


SKY COVER
  POSSIBLE SUNSHINE  MM
  AVERAGE SKY COVER 0.0


WEATHER CONDITIONS
 THE FOLLOWING WEATHER WAS RECORDED YESTERDAY.
  NO SIGNIFICANT WEATHER WAS OBSERVED.


RELATIVE HUMIDITY (PERCENT)
 HIGHEST    97          1200 AM
 LOWEST     38           300 PM
 AVERAGE    68

..........................................................


THE LAKE CHARLES CLIMATE NORMALS FOR TODAY
                         NORMAL    RECORD    YEAR
 MAXIMUM TEMPERATURE (F)   91       101      1913
 MINIMUM TEMPERATURE (F)   73        62      1927


SUNRISE AND SUNSET
AUGUST 28 2015........SUNRISE   647 AM CDT   SUNSET   740 PM CDT
AUGUST 29 2015........SUNRISE   648 AM CDT   SUNSET   739 PM CDT


-  INDICATES NEGATIVE NUMBERS.
R  INDICATES RECORD WAS SET OR TIED.
MM INDICATES DATA IS MISSING.
T  INDICATES TRACE AMOUNT.




$$
