000
CDUS44 KLCH 250048
CLILCH


CLIMATE REPORT
NATIONAL WEATHER SERVICE LAKE CHARLES, LA
748 PM CDT FRI MAR 24 2017


...................................

...THE LAKE CHARLES CLIMATE SUMMARY FOR MARCH 24 2017...
VALID TODAY AS OF 0500 PM LOCAL TIME.

CLIMATE NORMAL PERIOD 1981 TO 2010
CLIMATE RECORD PERIOD 1895 TO 2017


WEATHER ITEM   OBSERVED TIME   RECORD YEAR NORMAL DEPARTURE LAST
                VALUE   (LST)  VALUE       VALUE  FROM      YEAR
                                                  NORMAL
..................................................................
TEMPERATURE (F)
 TODAY
  MAXIMUM         78    207 PM  90    1910  73      5       70
  MINIMUM         68    604 AM  28    1915  53     15       53
  AVERAGE         73                        63     10       62

PRECIPITATION (IN)
  TODAY            0.00          1.48 1973   0.12  -0.12     0.27
  MONTH TO DATE    0.55                      2.83  -2.28     1.48
  SINCE MAR 1      0.55                      2.83  -2.28     1.48
  SINCE JAN 1      7.50                     11.52  -4.02     6.65

SNOWFALL (IN)
  TODAY            0.0           0.0    MM   0.0    0.0      0.0
  MONTH TO DATE    0.0                       0.0    0.0      0.0
  SINCE MAR 1      0.0                       0.0    0.0      0.0
  SINCE JUL 1      T                         0.1   -0.1      0.0
  SNOW DEPTH       0

DEGREE DAYS
 HEATING
  TODAY            0                         4     -4        3
  MONTH TO DATE   77                       139    -62       60
  SINCE MAR 1     77                       139    -62       60
  SINCE JUL 1    735                      1421   -686     1009

 COOLING
  TODAY            8                         2      6        0
  MONTH TO DATE   64                        35     29       80
  SINCE MAR 1     64                        35     29       80
  SINCE JAN 1    195                        58    137       95
..................................................................


WIND (MPH)
  HIGHEST WIND SPEED    29   HIGHEST WIND DIRECTION     S (160)
  HIGHEST GUST SPEED    37   HIGHEST GUST DIRECTION    SE (150)
  AVERAGE WIND SPEED    16.2


SKY COVER
  POSSIBLE SUNSHINE  MM
  AVERAGE SKY COVER 0.5


WEATHER CONDITIONS
 THE FOLLOWING WEATHER WAS RECORDED TODAY.
  FOG


RELATIVE HUMIDITY (PERCENT)
 HIGHEST    90           600 AM
 LOWEST     69          1000 AM
 AVERAGE    80

..........................................................


THE LAKE CHARLES CLIMATE NORMALS FOR TOMORROW
                         NORMAL    RECORD    YEAR
 MAXIMUM TEMPERATURE (F)   74        89      1910
 MINIMUM TEMPERATURE (F)   53        30      1915


SUNRISE AND SUNSET
MARCH 24 2017.........SUNRISE   711 AM CDT   SUNSET   727 PM CDT
MARCH 25 2017.........SUNRISE   710 AM CDT   SUNSET   728 PM CDT


-  INDICATES NEGATIVE NUMBERS.
R  INDICATES RECORD WAS SET OR TIED.
MM INDICATES DATA IS MISSING.
T  INDICATES TRACE AMOUNT.




$$
