429
CDUS44 KLCH 061245
CLILCH


CLIMATE REPORT
NATIONAL WEATHER SERVICE LAKE CHARLES, LA
645 AM CST SAT FEB 6 2016


...................................

...THE LAKE CHARLES CLIMATE SUMMARY FOR FEBRUARY 5 2016...

CLIMATE NORMAL PERIOD 1981 TO 2010
CLIMATE RECORD PERIOD 1895 TO 2016


WEATHER ITEM   OBSERVED TIME   RECORD YEAR NORMAL DEPARTURE LAST
                VALUE   (LST)  VALUE       VALUE  FROM      YEAR
                                                  NORMAL
..................................................................
TEMPERATURE (F)
 YESTERDAY
  MAXIMUM         57    300 PM  80    1957  63     -6       57
  MINIMUM         30    422 AM  17    1996  44    -14       42
  AVERAGE         44                        53     -9       50

PRECIPITATION (IN)
  YESTERDAY        0.00          3.13 1955   0.13  -0.13     0.00
  MONTH TO DATE    T                         0.66  -0.66     0.38
  SINCE DEC 1      7.34                     10.57  -3.23     9.31
  SINCE JAN 1      4.10                      5.89  -1.79     7.28

SNOWFALL (IN)
  YESTERDAY        0.0           T    1988   0.0    0.0     MM
  MONTH TO DATE    0.0                       0.0    0.0      0.0
  SINCE DEC 1      0.0                       T      0.0      0.0
  SINCE JUL 1      0.0                       T      0.0      0.0
  SNOW DEPTH       0

DEGREE DAYS
 HEATING
  YESTERDAY       21                        12      9       15
  MONTH TO DATE   50                        61    -11       77
  SINCE DEC 1    681                       845   -164      851
  SINCE JUL 1    757                      1052   -295     1127

 COOLING
  YESTERDAY        0                         0      0        0
  MONTH TO DATE    5                         0      5        0
  SINCE DEC 1     65                        30     35       17
  SINCE JAN 1      8                        10     -2        0
..................................................................


WIND (MPH)
  HIGHEST WIND SPEED    14   HIGHEST WIND DIRECTION    SE (120)
  HIGHEST GUST SPEED    19   HIGHEST GUST DIRECTION     E (70)
  AVERAGE WIND SPEED     3.6


SKY COVER
  POSSIBLE SUNSHINE  MM
  AVERAGE SKY COVER 0.0


WEATHER CONDITIONS
 THE FOLLOWING WEATHER WAS RECORDED YESTERDAY.
  NO SIGNIFICANT WEATHER WAS OBSERVED.


RELATIVE HUMIDITY (PERCENT)
 HIGHEST    92           300 AM
 LOWEST     22           100 PM
 AVERAGE    57

..........................................................


THE LAKE CHARLES CLIMATE NORMALS FOR TODAY
                         NORMAL    RECORD    YEAR
 MAXIMUM TEMPERATURE (F)   63        80      1969
                                             1950
                                             1911
 MINIMUM TEMPERATURE (F)   44        21      1912


SUNRISE AND SUNSET
FEBRUARY  6 2016......SUNRISE   700 AM CST   SUNSET   554 PM CST
FEBRUARY  7 2016......SUNRISE   700 AM CST   SUNSET   555 PM CST


-  INDICATES NEGATIVE NUMBERS.
R  INDICATES RECORD WAS SET OR TIED.
MM INDICATES DATA IS MISSING.
T  INDICATES TRACE AMOUNT.




$$
