000
CDUS44 KLCH 212209
CLILCH


CLIMATE REPORT
NATIONAL WEATHER SERVICE LAKE CHARLES, LA
509 PM CDT SUN SEP 21 2014


...................................

...THE LAKE CHARLES CLIMATE SUMMARY FOR SEPTEMBER 21 2014...
VALID TODAY AS OF 0500 PM LOCAL TIME.

CLIMATE NORMAL PERIOD 1981 TO 2010
CLIMATE RECORD PERIOD 1895 TO 2014


WEATHER ITEM   OBSERVED TIME   RECORD YEAR NORMAL DEPARTURE LAST
                VALUE   (LST)  VALUE       VALUE  FROM      YEAR
                                                  NORMAL
..................................................................
TEMPERATURE (F)
 TODAY
  MAXIMUM         91    341 PM 101    2005  87      4       75
  MINIMUM         69    620 AM  50    1913  68      1       72
  AVERAGE         80                        77      3       74

PRECIPITATION (IN)
  TODAY            0.00          4.97 1958   0.16  -0.16     1.62
  MONTH TO DATE    3.75                      3.86  -0.11     8.12
  SINCE SEP 1      3.75                      3.86  -0.11     8.12
  SINCE JAN 1     55.82                     42.08  13.74    47.12

SNOWFALL (IN)
  TODAY            0.0           0.0    MM   0.0    0.0     MM
  MONTH TO DATE    0.0                       0.0    0.0      0.0
  SINCE SEP 1      0.0                       0.0    0.0      0.0
  SINCE JUL 1      0.0                       0.0    0.0      0.0
  SNOW DEPTH       0

DEGREE DAYS
 HEATING
  TODAY            0                         0      0        0
  MONTH TO DATE    0                         0      0        0
  SINCE SEP 1      0                         0      0        0
  SINCE JUL 1      0                         0      0        0

 COOLING
  TODAY           15                        12      3        9
  MONTH TO DATE  325                       311     14      381
  SINCE SEP 1    325                       311     14      381
  SINCE JAN 1   2335                      2440   -105     2586
..................................................................


WIND (MPH)
  HIGHEST WIND SPEED    15   HIGHEST WIND DIRECTION    NE (50)
  HIGHEST GUST SPEED    21   HIGHEST GUST DIRECTION     E (90)
  AVERAGE WIND SPEED     6.0


SKY COVER
  POSSIBLE SUNSHINE  MM
  AVERAGE SKY COVER 0.1


WEATHER CONDITIONS
 THE FOLLOWING WEATHER WAS RECORDED TODAY.
  FOG


RELATIVE HUMIDITY (PERCENT)
 HIGHEST    93          1200 AM
 LOWEST     47           300 PM
 AVERAGE    70

..........................................................


THE LAKE CHARLES CLIMATE NORMALS FOR TOMORROW
                         NORMAL    RECORD    YEAR
 MAXIMUM TEMPERATURE (F)   87       100      2005
 MINIMUM TEMPERATURE (F)   67        46      1913


SUNRISE AND SUNSET
SEPTEMBER 21 2014.....SUNRISE   701 AM CDT   SUNSET   711 PM CDT
SEPTEMBER 22 2014.....SUNRISE   701 AM CDT   SUNSET   709 PM CDT


-  INDICATES NEGATIVE NUMBERS.
R  INDICATES RECORD WAS SET OR TIED.
MM INDICATES DATA IS MISSING.
T  INDICATES TRACE AMOUNT.




$$
