000
CDUS44 KLCH 231010
CLILCH


CLIMATE REPORT
NATIONAL WEATHER SERVICE LAKE CHARLES, LA
410 AM CST TUE JAN 23 2018


...................................

...THE LAKE CHARLES CLIMATE SUMMARY FOR JANUARY 22 2018...

CLIMATE NORMAL PERIOD 1981 TO 2010
CLIMATE RECORD PERIOD 1895 TO 2018


WEATHER ITEM   OBSERVED TIME   RECORD YEAR NORMAL DEPARTURE LAST
                VALUE   (LST)  VALUE       VALUE  FROM      YEAR
                                                  NORMAL
..................................................................
TEMPERATURE (F)
 YESTERDAY
  MAXIMUM         69    139 PM  79    1952  61      8       69
                                      1933
                                      1909
  MINIMUM         48   1157 PM  18    1935  42      6       58
  AVERAGE         59                        52      7       64

PRECIPITATION (IN)
  YESTERDAY        0.74          2.62 1923   0.16   0.58     0.03
  MONTH TO DATE    3.12                      3.83  -0.71     4.80
  SINCE DEC 1      8.02                      8.51  -0.49    16.85
  SINCE JAN 1      3.12                      3.83  -0.71     4.80

SNOWFALL (IN)
  YESTERDAY       MM             3.0  1935   0.0   MM        0.0
  MONTH TO DATE    0.1                       0.0    0.1       T
  SINCE DEC 1      2.2                       T      2.2       T
  SINCE JUL 1      2.2                       T      2.2       T
  SNOW DEPTH       0

DEGREE DAYS
 HEATING
  YESTERDAY        6                        13     -7        1
  MONTH TO DATE  430                       306    124      137
  SINCE DEC 1    797                       673    124      390
  SINCE JUL 1    945                       880     65      484

 COOLING
  YESTERDAY        0                         0      0        0
  MONTH TO DATE    1                         0      1       56
  SINCE DEC 1     25                        20      5      112
  SINCE JAN 1      1                         0      1       56
..................................................................


WIND (MPH)
  HIGHEST WIND SPEED    22   HIGHEST WIND DIRECTION    NW (320)
  HIGHEST GUST SPEED    26   HIGHEST GUST DIRECTION    NW (310)
  AVERAGE WIND SPEED    10.6


SKY COVER
  POSSIBLE SUNSHINE  MM
  AVERAGE SKY COVER 0.5


WEATHER CONDITIONS
 THE FOLLOWING WEATHER WAS RECORDED YESTERDAY.
  THUNDERSTORM
  HEAVY RAIN
  LIGHT RAIN
  FOG


RELATIVE HUMIDITY (PERCENT)
 HIGHEST   100           100 AM
 LOWEST     28           400 PM
 AVERAGE    64

..........................................................


THE LAKE CHARLES CLIMATE NORMALS FOR TODAY
                         NORMAL    RECORD    YEAR
 MAXIMUM TEMPERATURE (F)   62        85      1914
 MINIMUM TEMPERATURE (F)   42        17      1948


SUNRISE AND SUNSET
JANUARY 23 2018.......SUNRISE   708 AM CST   SUNSET   542 PM CST
JANUARY 24 2018.......SUNRISE   707 AM CST   SUNSET   543 PM CST


-  INDICATES NEGATIVE NUMBERS.
R  INDICATES RECORD WAS SET OR TIED.
MM INDICATES DATA IS MISSING.
T  INDICATES TRACE AMOUNT.




$$
