000
CDUS44 KLCH 312214
CLILCH


CLIMATE REPORT
NATIONAL WEATHER SERVICE LAKE CHARLES, LA
514 PM CDT TUE MAY 31 2016


...................................

...THE LAKE CHARLES CLIMATE SUMMARY FOR MAY 31 2016...
VALID TODAY AS OF 0500 PM LOCAL TIME.

CLIMATE NORMAL PERIOD 1981 TO 2010
CLIMATE RECORD PERIOD 1895 TO 2016


WEATHER ITEM   OBSERVED TIME   RECORD YEAR NORMAL DEPARTURE LAST
                VALUE   (LST)  VALUE       VALUE  FROM      YEAR
                                                  NORMAL
..................................................................
TEMPERATURE (F)
 TODAY
  MAXIMUM         88    107 PM 100    1911  88      0       85
  MINIMUM         70    536 AM  52    1984  70      0       70
  AVERAGE         79                        79      0       78

PRECIPITATION (IN)
  TODAY            0.00          4.40 1981   0.19  -0.19     0.07
  MONTH TO DATE   10.82                      5.20   5.62     6.56
  SINCE MAR 1     24.15                     12.19  11.96    25.95
  SINCE JAN 1     29.32                     20.88   8.44    34.43

SNOWFALL (IN)
  TODAY            0.0           0.0    MM   0.0    0.0      0.0
  MONTH TO DATE    0.0                       0.0    0.0      0.0
  SINCE MAR 1      0.0                       0.0    0.0       T
  SINCE JUL 1      0.0                       0.1   -0.1       T
  SNOW DEPTH       0

DEGREE DAYS
 HEATING
  TODAY            0                         0      0        0
  MONTH TO DATE    0                         0      0        0
  SINCE MAR 1     85                       208   -123      105
  SINCE JUL 1   1034                      1490   -456     1543

 COOLING
  TODAY           14                        14      0       13
  MONTH TO DATE  327                       330     -3      385
  SINCE MAR 1    601                       515     86      638
  SINCE JAN 1    616                       538     78      644
..................................................................


WIND (MPH)
  HIGHEST WIND SPEED    14   HIGHEST WIND DIRECTION     S (190)
  HIGHEST GUST SPEED    18   HIGHEST GUST DIRECTION     S (190)
  AVERAGE WIND SPEED     4.2


SKY COVER
  POSSIBLE SUNSHINE  MM
  AVERAGE SKY COVER 0.2


WEATHER CONDITIONS
 THE FOLLOWING WEATHER WAS RECORDED TODAY.
  NO SIGNIFICANT WEATHER WAS OBSERVED.


RELATIVE HUMIDITY (PERCENT)
 HIGHEST   100          1200 AM
 LOWEST     55          1100 AM
 AVERAGE    78

..........................................................


THE LAKE CHARLES CLIMATE NORMALS FOR TOMORROW
                         NORMAL    RECORD    YEAR
 MAXIMUM TEMPERATURE (F)   88       101      1911
 MINIMUM TEMPERATURE (F)   70        55      1930


SUNRISE AND SUNSET
MAY 31 2016...........SUNRISE   612 AM CDT   SUNSET   809 PM CDT
JUNE  1 2016..........SUNRISE   612 AM CDT   SUNSET   810 PM CDT


-  INDICATES NEGATIVE NUMBERS.
R  INDICATES RECORD WAS SET OR TIED.
MM INDICATES DATA IS MISSING.
T  INDICATES TRACE AMOUNT.




$$
