021
CDUS43 KLMK 080646
CLILEX


CLIMATE REPORT
NATIONAL WEATHER SERVICE LOUISVILLE KY
146 AM EST MON FEB 8 2016


...................................

...THE LEXINGTON KY CLIMATE SUMMARY FOR FEBRUARY 7 2016...

CLIMATE NORMAL PERIOD 1981 TO 2010
CLIMATE RECORD PERIOD 1872 TO 2016


WEATHER ITEM   OBSERVED TIME   RECORD YEAR NORMAL DEPARTURE LAST
                VALUE   (LST)  VALUE       VALUE  FROM      YEAR
                                                  NORMAL
..................................................................
TEMPERATURE (F)
 YESTERDAY
  MAXIMUM         53    326 PM  67    1925  43     10       60
  MINIMUM         27   1250 AM  -9    1978  26      1       32
  AVERAGE         40                        35      5       46

PRECIPITATION (IN)
  YESTERDAY        0.00          1.30 1890   0.11  -0.11     0.00
  MONTH TO DATE    1.38                      0.81   0.57     0.60
  SINCE DEC 1      9.83                      7.94   1.89     5.75
  SINCE JAN 1      2.62                      4.01  -1.39     2.45

SNOWFALL (IN)
  YESTERDAY        0.0           5.0  1979   0.1   -0.1      0.0
  MONTH TO DATE    0.0                       1.3   -1.3      0.3
  SINCE DEC 1      9.6                       7.7    1.9      6.2
  SINCE JUL 1      9.6                       8.0    1.6      7.8
  SNOW DEPTH       0

DEGREE DAYS
 HEATING
  YESTERDAY       25                        30     -5       19
  MONTH TO DATE  159                       214    -55      217
  SINCE DEC 1   1677                      2110   -433     2072
  SINCE JUL 1   2363                      2997   -634     3079

 COOLING
  YESTERDAY        0                         0      0        0
  MONTH TO DATE    0                         0      0        0
  SINCE DEC 1      0                         0      0        0
  SINCE JAN 1      0                         0      0        0
..................................................................


WIND (MPH)
  HIGHEST WIND SPEED    21   HIGHEST WIND DIRECTION     S (200)
  HIGHEST GUST SPEED    27   HIGHEST GUST DIRECTION     S (200)
  AVERAGE WIND SPEED     9.5


SKY COVER
  POSSIBLE SUNSHINE  MM
  AVERAGE SKY COVER 0.0


WEATHER CONDITIONS
 THE FOLLOWING WEATHER WAS RECORDED YESTERDAY.
  NO SIGNIFICANT WEATHER WAS OBSERVED.


RELATIVE HUMIDITY (PERCENT)
 HIGHEST    78          1200 AM
 LOWEST     28           300 PM
 AVERAGE    53

..........................................................


THE LEXINGTON KY CLIMATE NORMALS FOR TODAY
                         NORMAL    RECORD    YEAR
 MAXIMUM TEMPERATURE (F)   44        74      1937
 MINIMUM TEMPERATURE (F)   27       -13      1895


SUNRISE AND SUNSET
FEBRUARY  8 2016......SUNRISE   737 AM EST   SUNSET   609 PM EST
FEBRUARY  9 2016......SUNRISE   736 AM EST   SUNSET   610 PM EST


-  INDICATES NEGATIVE NUMBERS.
R  INDICATES RECORD WAS SET OR TIED.
MM INDICATES DATA IS MISSING.
T  INDICATES TRACE AMOUNT.




$$
