000
CDUS43 KLMK 062036
CLILEX


CLIMATE REPORT
NATIONAL WEATHER SERVICE LOUISVILLE KY
434 PM EDT MON JUL 6 2015


...................................

...THE LEXINGTON KY CLIMATE SUMMARY FOR JULY 6 2015...
VALID TODAY AS OF 0400 PM LOCAL TIME.

CLIMATE NORMAL PERIOD 1981 TO 2010
CLIMATE RECORD PERIOD 1872 TO 2015


WEATHER ITEM   OBSERVED TIME   RECORD YEAR NORMAL DEPARTURE LAST
                VALUE   (LST)  VALUE       VALUE  FROM      YEAR
                                                  NORMAL
..................................................................
TEMPERATURE (F)
 TODAY
  MAXIMUM         84    225 PM 103    2012  86     -2       86
  MINIMUM         63    518 AM  49    1972  66     -3       63
  AVERAGE         74                        76     -2       75

PRECIPITATION (IN)
  TODAY            0.00          2.82 1976   0.14  -0.14     0.00
  MONTH TO DATE    1.76                      0.83   0.93     0.37
  SINCE JUN 1      7.40                      5.27   2.13     5.96
  SINCE JAN 1     33.19                     24.60   8.59    27.31

SNOWFALL (IN)
  TODAY            0.0          MM      MM   0.0    0.0      0.0
  MONTH TO DATE    0.0                       0.0    0.0      0.0
  SINCE JUN 1      0.0                       0.0    0.0      0.0
  SINCE JUL 1      0.0                       0.0    0.0      0.0
  SNOW DEPTH       0

DEGREE DAYS
 HEATING
  TODAY            0                         0      0        0
  MONTH TO DATE    0                         0      0        0
  SINCE JUN 1     18                        11      7        0
  SINCE JUL 1      0                         0      0        0

 COOLING
  TODAY            9                        11     -2       10
  MONTH TO DATE   48                        66    -18       50
  SINCE JUN 1    337                       308     29      355
  SINCE JAN 1    505                       415     90      516
..................................................................


WIND (MPH)
  HIGHEST WIND SPEED    13   HIGHEST WIND DIRECTION    SW (220)
  HIGHEST GUST SPEED    16   HIGHEST GUST DIRECTION    SW (230)
  AVERAGE WIND SPEED     4.2


SKY COVER
  POSSIBLE SUNSHINE  MM
  AVERAGE SKY COVER 0.1


WEATHER CONDITIONS
 THE FOLLOWING WEATHER WAS RECORDED TODAY.
  FOG


RELATIVE HUMIDITY (PERCENT)
 HIGHEST   100          1200 AM
 LOWEST     58          1100 AM
 AVERAGE    79

..........................................................


THE LEXINGTON KY CLIMATE NORMALS FOR TOMORROW
                         NORMAL    RECORD    YEAR
 MAXIMUM TEMPERATURE (F)   86       105      2012
 MINIMUM TEMPERATURE (F)   66        47      1972


SUNRISE AND SUNSET
JULY  6 2015..........SUNRISE   622 AM EDT   SUNSET   904 PM EDT
JULY  7 2015..........SUNRISE   622 AM EDT   SUNSET   904 PM EDT


-  INDICATES NEGATIVE NUMBERS.
R  INDICATES RECORD WAS SET OR TIED.
MM INDICATES DATA IS MISSING.
T  INDICATES TRACE AMOUNT.




$$
