000
CDUS43 KLMK 300626
CLILEX


CLIMATE REPORT
NATIONAL WEATHER SERVICE LOUISVILLE KY
226 AM EDT FRI SEP 30 2016


...................................

...THE LEXINGTON KY CLIMATE SUMMARY FOR SEPTEMBER 29 2016...

CLIMATE NORMAL PERIOD 1981 TO 2010
CLIMATE RECORD PERIOD 1872 TO 2016


WEATHER ITEM   OBSERVED TIME   RECORD YEAR NORMAL DEPARTURE LAST
                VALUE   (LST)  VALUE       VALUE  FROM      YEAR
                                                  NORMAL
..................................................................
TEMPERATURE (F)
 YESTERDAY
  MAXIMUM         66    129 PM  97    1953  74     -8       73
  MINIMUM         48    313 AM  33    1942  52     -4       68
  AVERAGE         57                        63     -6       71

PRECIPITATION (IN)
  YESTERDAY        0.37          2.15 1934   0.11   0.26     1.31
  MONTH TO DATE    1.67                      2.81  -1.14     2.67
  SINCE SEP 1      1.67                      2.81  -1.14     2.67
  SINCE JAN 1     36.04                     34.48   1.56    45.96

SNOWFALL (IN)
  YESTERDAY       MM            MM      MM   0.0   MM        0.0
  MONTH TO DATE    0.0                       0.0    0.0      0.0
  SINCE SEP 1      0.0                       0.0    0.0      0.0
  SINCE JUL 1      0.0                       0.0    0.0      0.0
  SNOW DEPTH       0

DEGREE DAYS
 HEATING
  YESTERDAY        8                         4      4        0
  MONTH TO DATE   12                        46    -34       15
  SINCE SEP 1     12                        46    -34       15
  SINCE JUL 1     12                        48    -36       15

 COOLING
  YESTERDAY        0                         2     -2        6
  MONTH TO DATE  271                       143    128      201
  SINCE SEP 1    271                       143    128      201
  SINCE JAN 1   1547                      1160    387     1262
..................................................................


WIND (MPH)
  HIGHEST WIND SPEED    15   HIGHEST WIND DIRECTION     N (350)
  HIGHEST GUST SPEED    18   HIGHEST GUST DIRECTION     N (350)
  AVERAGE WIND SPEED     3.5


SKY COVER
  POSSIBLE SUNSHINE  MM
  AVERAGE SKY COVER 0.8


WEATHER CONDITIONS
 THE FOLLOWING WEATHER WAS RECORDED YESTERDAY.
  HEAVY RAIN
  RAIN
  LIGHT RAIN
  FOG


RELATIVE HUMIDITY (PERCENT)
 HIGHEST    93           300 AM
 LOWEST     56           200 PM
 AVERAGE    75

..........................................................


THE LEXINGTON KY CLIMATE NORMALS FOR TODAY
                         NORMAL    RECORD    YEAR
 MAXIMUM TEMPERATURE (F)   73        94      1941
 MINIMUM TEMPERATURE (F)   52        32      1899


SUNRISE AND SUNSET
SEPTEMBER 30 2016.....SUNRISE   734 AM EDT   SUNSET   722 PM EDT
OCTOBER  1 2016.......SUNRISE   734 AM EDT   SUNSET   721 PM EDT


-  INDICATES NEGATIVE NUMBERS.
R  INDICATES RECORD WAS SET OR TIED.
MM INDICATES DATA IS MISSING.
T  INDICATES TRACE AMOUNT.




$$
