000
CDUS43 KLMK 192030
CLILEX


CLIMATE REPORT
NATIONAL WEATHER SERVICE LOUISVILLE KY
430 PM EDT THU OCT 19 2017


...................................

...THE LEXINGTON KY CLIMATE SUMMARY FOR OCTOBER 19 2017...
VALID TODAY AS OF 0400 PM LOCAL TIME.

CLIMATE NORMAL PERIOD 1981 TO 2010
CLIMATE RECORD PERIOD 1872 TO 2017


WEATHER ITEM   OBSERVED TIME   RECORD YEAR NORMAL DEPARTURE LAST
                VALUE   (LST)  VALUE       VALUE  FROM      YEAR
                                                  NORMAL
..................................................................
TEMPERATURE (F)
 TODAY
  MAXIMUM         72    259 PM  87    2016  67      5       87
  MINIMUM         47    554 AM  26    1992  46      1       66
  AVERAGE         60                        56      4       77

PRECIPITATION (IN)
  TODAY            0.00          1.30 1960   0.11  -0.11     0.00
  MONTH TO DATE    4.07                      1.87   2.20     0.14
  SINCE SEP 1      7.81                      4.78   3.03     1.81
  SINCE JAN 1     42.75                     36.45   6.30    36.18

SNOWFALL (IN)
  TODAY            0.0           0.2  1972   0.0    0.0      0.0
  MONTH TO DATE    0.0                       0.0    0.0      0.0
  SINCE SEP 1      0.0                       0.0    0.0      0.0
  SINCE JUL 1      0.0                       0.0    0.0      0.0
  SNOW DEPTH       0

DEGREE DAYS
 HEATING
  TODAY            5                         9     -4        0
  MONTH TO DATE   50                       135    -85       36
  SINCE SEP 1     85                       187   -102       53
  SINCE JUL 1     85                       189   -104       53

 COOLING
  TODAY            0                         1     -1       12
  MONTH TO DATE   57                        23     34       70
  SINCE SEP 1    201                       169     32      341
  SINCE JAN 1   1282                      1186     96     1617
..................................................................


WIND (MPH)
  HIGHEST WIND SPEED    15   HIGHEST WIND DIRECTION    SW (220)
  HIGHEST GUST SPEED    20   HIGHEST GUST DIRECTION    SW (220)
  AVERAGE WIND SPEED     8.6


SKY COVER
  POSSIBLE SUNSHINE  MM
  AVERAGE SKY COVER 0.0


WEATHER CONDITIONS
 THE FOLLOWING WEATHER WAS RECORDED TODAY.
  NO SIGNIFICANT WEATHER WAS OBSERVED.


RELATIVE HUMIDITY (PERCENT)
 HIGHEST    86           500 AM
 LOWEST     44           300 PM
 AVERAGE    65

..........................................................


THE LEXINGTON KY CLIMATE NORMALS FOR TOMORROW
                         NORMAL    RECORD    YEAR
 MAXIMUM TEMPERATURE (F)   66        86      1963
 MINIMUM TEMPERATURE (F)   45        25      1972


SUNRISE AND SUNSET
OCTOBER 19 2017.......SUNRISE   751 AM EDT   SUNSET   655 PM EDT
OCTOBER 20 2017.......SUNRISE   752 AM EDT   SUNSET   654 PM EDT


-  INDICATES NEGATIVE NUMBERS.
R  INDICATES RECORD WAS SET OR TIED.
MM INDICATES DATA IS MISSING.
T  INDICATES TRACE AMOUNT.




$$
