000
CDUS44 KSHV 010740
CLILFK


CLIMATE REPORT
NATIONAL WEATHER SERVICE SHREVEPORT, LA
236 AM CDT WED JUL 1 2015


...................................

...THE LUFKIN CLIMATE SUMMARY FOR JUNE 30 2015...

CLIMATE NORMAL PERIOD 1981 TO 2010
CLIMATE RECORD PERIOD 1906 TO 2015


WEATHER ITEM   OBSERVED TIME   RECORD YEAR NORMAL DEPARTURE LAST
                VALUE   (LST)  VALUE       VALUE  FROM      YEAR
                                                  NORMAL
..................................................................
TEMPERATURE (F)
 YESTERDAY
  MAXIMUM         93    251 PM 104    1917  92      1       95
  MINIMUM         74   1159 PM  59    1985  72      2       78
  AVERAGE         84                        82      2       87

PRECIPITATION (IN)
  YESTERDAY        T             1.83 1989   0.14  -0.14     0.00
  MONTH TO DATE   10.15                      4.68   5.47     3.62
  SINCE DEC 1     48.28                     28.64  19.64    22.39
  SINCE JAN 1     46.23                     24.20  22.03    20.18

SNOWFALL (IN)
  YESTERDAY        0.0
  MONTH TO DATE    0.0
  SINCE JUN 1      0.0
  SINCE JUL 1      T
  SNOW DEPTH       0

DEGREE DAYS
 HEATING
  YESTERDAY        0                         0      0        0
  MONTH TO DATE    0                         0      0        0
  SINCE JUN 1      0                         0      0        0
  SINCE JUL 1   1691                      1917   -226     2125

 COOLING
  YESTERDAY       19                        17      2       22
  MONTH TO DATE  553                       452    101      539
  SINCE JUN 1    553                       452    101      539
  SINCE JAN 1   1236                       921    315     1035
..................................................................


WIND (MPH)
  HIGHEST WIND SPEED    25   HIGHEST WIND DIRECTION    SE (150)
  HIGHEST GUST SPEED    31   HIGHEST GUST DIRECTION    SE (150)
  AVERAGE WIND SPEED     5.3


SKY COVER
  POSSIBLE SUNSHINE  MM
  AVERAGE SKY COVER 0.2


WEATHER CONDITIONS
 THE FOLLOWING WEATHER WAS RECORDED YESTERDAY.
  THUNDERSTORM
  FOG
  HAZE


RELATIVE HUMIDITY (PERCENT)
 HIGHEST    88           500 AM
 LOWEST     56           100 PM
 AVERAGE    72

..........................................................


THE LUFKIN CLIMATE NORMALS FOR TODAY
                         NORMAL    RECORD    YEAR
 MAXIMUM TEMPERATURE (F)   92       104      1917
 MINIMUM TEMPERATURE (F)   72        60      1920


SUNRISE AND SUNSET
JULY  1 2015..........SUNRISE   618 AM CDT   SUNSET   827 PM CDT
JULY  2 2015..........SUNRISE   619 AM CDT   SUNSET   827 PM CDT


-  INDICATES NEGATIVE NUMBERS.
R  INDICATES RECORD WAS SET OR TIED.
MM INDICATES DATA IS MISSING.
T  INDICATES TRACE AMOUNT.




$$
