000
CDUS44 KSHV 040833
CLILFK


CLIMATE REPORT
NATIONAL WEATHER SERVICE SHREVEPORT, LA
232 AM CST SUN DEC 4 2016


...................................

...THE LUFKIN CLIMATE SUMMARY FOR DECEMBER 3 2016...

CLIMATE NORMAL PERIOD 1981 TO 2010
CLIMATE RECORD PERIOD 1906 TO 2016


WEATHER ITEM   OBSERVED TIME   RECORD YEAR NORMAL DEPARTURE LAST
                VALUE   (LST)  VALUE       VALUE  FROM      YEAR
                                                  NORMAL
..................................................................
TEMPERATURE (F)
 YESTERDAY
  MAXIMUM         50    403 PM  82    2005  64    -14       60
                                      1995
  MINIMUM         47   1202 PM  20    1929  42      5       32
  AVERAGE         49                        53     -4       46

PRECIPITATION (IN)
  YESTERDAY        3.46          4.40 1934   0.16   3.30     0.00
  MONTH TO DATE    3.90                      0.47   3.43     0.03
  SINCE DEC 1      3.90                      0.47   3.43     0.03
  SINCE JAN 1     49.23                     44.98   4.25    61.70

SNOWFALL (IN)
  YESTERDAY        0.0
  MONTH TO DATE    0.0
  SINCE DEC 1      0.0
  SINCE JUL 1      0.0
  SNOW DEPTH       0

DEGREE DAYS
 HEATING
  YESTERDAY       16                        13      3       19
  MONTH TO DATE   46                        38      8       47
  SINCE DEC 1     46                        38      8       47
  SINCE JUL 1    194                       345   -151      232

 COOLING
  YESTERDAY        0                         1     -1        0
  MONTH TO DATE    0                         3     -3        0
  SINCE DEC 1      0                         3     -3        0
  SINCE JAN 1   2809                      2586    223     3068
..................................................................


WIND (MPH)
  HIGHEST WIND SPEED    23   HIGHEST WIND DIRECTION     E (80)
  HIGHEST GUST SPEED    29   HIGHEST GUST DIRECTION     E (90)
  AVERAGE WIND SPEED    10.8


SKY COVER
  POSSIBLE SUNSHINE  MM
  AVERAGE SKY COVER 1.0


WEATHER CONDITIONS
 THE FOLLOWING WEATHER WAS RECORDED YESTERDAY.
  THUNDERSTORM
  HEAVY RAIN
  RAIN
  LIGHT RAIN
  FOG


RELATIVE HUMIDITY (PERCENT)
 HIGHEST   100           100 AM
 LOWEST     86           300 PM
 AVERAGE    93

..........................................................


THE LUFKIN CLIMATE NORMALS FOR TODAY
                         NORMAL    RECORD    YEAR
 MAXIMUM TEMPERATURE (F)   63        89      1910
 MINIMUM TEMPERATURE (F)   41        20      1929


SUNRISE AND SUNSET
DECEMBER  4 2016......SUNRISE   703 AM CST   SUNSET   516 PM CST
DECEMBER  5 2016......SUNRISE   703 AM CST   SUNSET   516 PM CST


-  INDICATES NEGATIVE NUMBERS.
R  INDICATES RECORD WAS SET OR TIED.
MM INDICATES DATA IS MISSING.
T  INDICATES TRACE AMOUNT.




$$
