884
CDUS44 KSHV 122232
CLILFK


CLIMATE REPORT
NATIONAL WEATHER SERVICE SHREVEPORT, LA
431 PM CST FRI FEB 12 2016


...................................

...THE LUFKIN CLIMATE SUMMARY FOR FEBRUARY 12 2016...
VALID TODAY AS OF 0400 PM LOCAL TIME.

CLIMATE NORMAL PERIOD 1981 TO 2010
CLIMATE RECORD PERIOD 1906 TO 2016


WEATHER ITEM   OBSERVED TIME   RECORD YEAR NORMAL DEPARTURE LAST
                VALUE   (LST)  VALUE       VALUE  FROM      YEAR
                                                  NORMAL
..................................................................
TEMPERATURE (F)
 TODAY
  MAXIMUM         76    350 PM  84    1931  63     13       66
  MINIMUM         43    744 AM  18    1963  41      2       43
  AVERAGE         60                        52      8       55

PRECIPITATION (IN)
  TODAY            0.00          3.32 1997   0.14  -0.14     0.00
  MONTH TO DATE    0.16                      1.68  -1.52     0.11
  SINCE DEC 1      6.68                     10.30  -3.62     9.52
  SINCE JAN 1      2.63                      5.86  -3.23     7.47

SNOWFALL (IN)
  TODAY            0.0
  MONTH TO DATE    0.0
  SINCE DEC 1      0.0
  SINCE JUL 1      0.0
  SNOW DEPTH       0

DEGREE DAYS
 HEATING
  TODAY            5                        13     -8       10
  MONTH TO DATE  178                       170      8      127
  SINCE DEC 1   1011                      1143   -132      956
  SINCE JUL 1   1196                      1450   -254     1252

 COOLING
  TODAY            0                         0      0        0
  MONTH TO DATE    3                         0      3        4
  SINCE DEC 1     39                        21     18       17
  SINCE JAN 1      6                         8     -2        5
..................................................................


WIND (MPH)
  HIGHEST WIND SPEED    12   HIGHEST WIND DIRECTION     W (250)
  HIGHEST GUST SPEED    16   HIGHEST GUST DIRECTION     W (250)
  AVERAGE WIND SPEED     4.1


SKY COVER
  POSSIBLE SUNSHINE  MM
  AVERAGE SKY COVER 0.3


WEATHER CONDITIONS
 THE FOLLOWING WEATHER WAS RECORDED TODAY.
  FOG
  FOG W/VISIBILITY <= 1/4 MILE


RELATIVE HUMIDITY (PERCENT)
 HIGHEST   100           600 AM
 LOWEST     38           200 PM
 AVERAGE    69

..........................................................


THE LUFKIN CLIMATE NORMALS FOR TOMORROW
                         NORMAL    RECORD    YEAR
 MAXIMUM TEMPERATURE (F)   63        84      1911
 MINIMUM TEMPERATURE (F)   41        18      1958


SUNRISE AND SUNSET
FEBRUARY 12 2016......SUNRISE   703 AM CST   SUNSET   603 PM CST
FEBRUARY 13 2016......SUNRISE   702 AM CST   SUNSET   604 PM CST


-  INDICATES NEGATIVE NUMBERS.
R  INDICATES RECORD WAS SET OR TIED.
MM INDICATES DATA IS MISSING.
T  INDICATES TRACE AMOUNT.




$$
