000
CDUS44 KSHV 242234
CLILFK


CLIMATE REPORT
NATIONAL WEATHER SERVICE SHREVEPORT, LA
433 PM CST SAT FEB 24 2018


...................................

...THE LUFKIN CLIMATE SUMMARY FOR FEBRUARY 24 2018...
VALID TODAY AS OF 0400 PM LOCAL TIME.

CLIMATE NORMAL PERIOD 1981 TO 2010
CLIMATE RECORD PERIOD 1906 TO 2018


WEATHER ITEM   OBSERVED TIME   RECORD YEAR NORMAL DEPARTURE LAST
                VALUE   (LST)  VALUE       VALUE  FROM      YEAR
                                                  NORMAL
..................................................................
TEMPERATURE (F)
 TODAY
  MAXIMUM         76   1218 PM  85    1918  66     10       81
  MINIMUM         66    108 AM  23    1965  44     22       54
  AVERAGE         71                        55     16       68

PRECIPITATION (IN)
  TODAY            0.04          1.92 1960   0.14  -0.10     0.00
  MONTH TO DATE    6.20                      3.36   2.84     2.13
  SINCE DEC 1     12.23                     11.98   0.25    12.69
  SINCE JAN 1      8.62                      7.54   1.08     7.78

SNOWFALL (IN)
  TODAY            0.0
  MONTH TO DATE    0.0
  SINCE DEC 1      1.1
  SINCE JUL 1      1.1
  SNOW DEPTH       0

DEGREE DAYS
 HEATING
  TODAY            0                        11    -11        0
  MONTH TO DATE  233                       313    -80      120
  SINCE DEC 1   1352                      1286     66      806
  SINCE JUL 1   1603                      1593     10      954

 COOLING
  TODAY            6                         0      6        3
  MONTH TO DATE   32                         0     32       38
  SINCE DEC 1     44                        21     23       94
  SINCE JAN 1     36                         8     28       63
..................................................................


WIND (MPH)
  HIGHEST WIND SPEED    24   HIGHEST WIND DIRECTION     S (170)
  HIGHEST GUST SPEED    33   HIGHEST GUST DIRECTION     S (170)
  AVERAGE WIND SPEED     7.5


SKY COVER
  POSSIBLE SUNSHINE  MM
  AVERAGE SKY COVER 0.7


WEATHER CONDITIONS
 THE FOLLOWING WEATHER WAS RECORDED TODAY.
  THUNDERSTORM
  LIGHT RAIN
  FOG


RELATIVE HUMIDITY (PERCENT)
 HIGHEST   100           100 AM
 LOWEST     84          1000 AM
 AVERAGE    92

..........................................................


THE LUFKIN CLIMATE NORMALS FOR TOMORROW
                         NORMAL    RECORD    YEAR
 MAXIMUM TEMPERATURE (F)   66        90      1918
 MINIMUM TEMPERATURE (F)   44        22      1965


SUNRISE AND SUNSET
FEBRUARY 24 2018......SUNRISE   651 AM CST   SUNSET   614 PM CST
FEBRUARY 25 2018......SUNRISE   650 AM CST   SUNSET   614 PM CST


-  INDICATES NEGATIVE NUMBERS.
R  INDICATES RECORD WAS SET OR TIED.
MM INDICATES DATA IS MISSING.
T  INDICATES TRACE AMOUNT.




$$
