000
CDUS44 KSHV 220847
CLILFK


CLIMATE REPORT
NATIONAL WEATHER SERVICE SHREVEPORT, LA
247 AM CST WED FEB 22 2017


...................................

...THE LUFKIN CLIMATE SUMMARY FOR FEBRUARY 21 2017...

CLIMATE NORMAL PERIOD 1981 TO 2010
CLIMATE RECORD PERIOD 1906 TO 2017


WEATHER ITEM   OBSERVED TIME   RECORD YEAR NORMAL DEPARTURE LAST
                VALUE   (LST)  VALUE       VALUE  FROM      YEAR
                                                  NORMAL
..................................................................
TEMPERATURE (F)
 YESTERDAY
  MAXIMUM         73    249 PM  87    1996  65      8       72
  MINIMUM         52   1159 PM  20    1978  43      9       61
  AVERAGE         63                        54      9       67

PRECIPITATION (IN)
  YESTERDAY        T             2.41 1950   0.14  -0.14     1.42
  MONTH TO DATE    2.13                      2.94  -0.81     1.58
  SINCE DEC 1     12.69                     11.56   1.13     8.10
  SINCE JAN 1      7.78                      7.12   0.66     4.05

SNOWFALL (IN)
  YESTERDAY        0.0
  MONTH TO DATE    0.0
  SINCE DEC 1      T
  SINCE JUL 1      T
  SNOW DEPTH       0

DEGREE DAYS
 HEATING
  YESTERDAY        2                        11     -9        0
  MONTH TO DATE  119                       280   -161      217
  SINCE DEC 1    805                      1253   -448     1050
  SINCE JUL 1    953                      1560   -607     1235

 COOLING
  YESTERDAY        0                         0      0        2
  MONTH TO DATE   35                         0     35       11
  SINCE DEC 1     91                        21     70       47
  SINCE JAN 1     60                         8     52       14
..................................................................


WIND (MPH)
  HIGHEST WIND SPEED    15   HIGHEST WIND DIRECTION    NW (310)
  HIGHEST GUST SPEED    20   HIGHEST GUST DIRECTION     W (290)
  AVERAGE WIND SPEED     4.8


SKY COVER
  POSSIBLE SUNSHINE  MM
  AVERAGE SKY COVER 0.6


WEATHER CONDITIONS
 THE FOLLOWING WEATHER WAS RECORDED YESTERDAY.
  LIGHT RAIN
  FOG


RELATIVE HUMIDITY (PERCENT)
 HIGHEST   100          1200 AM
 LOWEST     49           400 PM
 AVERAGE    75

..........................................................


THE LUFKIN CLIMATE NORMALS FOR TODAY
                         NORMAL    RECORD    YEAR
 MAXIMUM TEMPERATURE (F)   65        92      1996
 MINIMUM TEMPERATURE (F)   43        16      1978


SUNRISE AND SUNSET
FEBRUARY 22 2017......SUNRISE   653 AM CST   SUNSET   612 PM CST
FEBRUARY 23 2017......SUNRISE   652 AM CST   SUNSET   613 PM CST


-  INDICATES NEGATIVE NUMBERS.
R  INDICATES RECORD WAS SET OR TIED.
MM INDICATES DATA IS MISSING.
T  INDICATES TRACE AMOUNT.




$$
