000
CDUS44 KSHV 242243
CLILFK


CLIMATE REPORT
NATIONAL WEATHER SERVICE SHREVEPORT, LA
443 PM CST MON NOV 24 2014


...................................

...THE LUFKIN CLIMATE SUMMARY FOR NOVEMBER 24 2014...
VALID TODAY AS OF 0400 PM LOCAL TIME.

CLIMATE NORMAL PERIOD 1981 TO 2010
CLIMATE RECORD PERIOD 1906 TO 2014


WEATHER ITEM   OBSERVED TIME   RECORD YEAR NORMAL DEPARTURE LAST
                VALUE   (LST)  VALUE       VALUE  FROM      YEAR
                                                  NORMAL
..................................................................
TEMPERATURE (F)
 TODAY
  MAXIMUM         66    151 PM  85    1945  67     -1       48
  MINIMUM         46    713 AM  22    1970  44      2       37
  AVERAGE         56                        55      1       43

PRECIPITATION (IN)
  TODAY            0.00          5.28 1940   0.15  -0.15     0.07
  MONTH TO DATE    4.07                      4.02   0.05     1.34
  SINCE DEC 1     44.89                     47.96  -3.07    42.17
  SINCE JAN 1     42.68                     43.52  -0.84    37.86

SNOWFALL (IN)
  TODAY            0.0
  MONTH TO DATE    0.0
  SINCE SEP 1      0.0
  SINCE JUL 1      0.0
  SNOW DEPTH       0

DEGREE DAYS
 HEATING
  TODAY            9                        10     -1       22
  MONTH TO DATE  249                       172     77      191
  SINCE SEP 1    251                       238     13      217
  SINCE JUL 1    251                       238     13      217

 COOLING
  TODAY            0                         1     -1        0
  MONTH TO DATE   13                        34    -21       25
  SINCE SEP 1    726                       555    171      674
  SINCE JAN 1   2960                      2578    382     2841
..................................................................


WIND (MPH)
  HIGHEST WIND SPEED    15   HIGHEST WIND DIRECTION    NW (310)
  HIGHEST GUST SPEED    24   HIGHEST GUST DIRECTION    NW (320)
  AVERAGE WIND SPEED     8.5


SKY COVER
  POSSIBLE SUNSHINE  MM
  AVERAGE SKY COVER 0.0


WEATHER CONDITIONS
 THE FOLLOWING WEATHER WAS RECORDED TODAY.
  NO SIGNIFICANT WEATHER WAS OBSERVED.


RELATIVE HUMIDITY (PERCENT)
 HIGHEST    76           700 AM
 LOWEST     24           300 PM
 AVERAGE    50

..........................................................


THE LUFKIN CLIMATE NORMALS FOR TOMORROW
                         NORMAL    RECORD    YEAR
 MAXIMUM TEMPERATURE (F)   66        87      1945
 MINIMUM TEMPERATURE (F)   44        19      1938


SUNRISE AND SUNSET
NOVEMBER 24 2014......SUNRISE   654 AM CST   SUNSET   517 PM CST
NOVEMBER 25 2014......SUNRISE   655 AM CST   SUNSET   517 PM CST


-  INDICATES NEGATIVE NUMBERS.
R  INDICATES RECORD WAS SET OR TIED.
MM INDICATES DATA IS MISSING.
T  INDICATES TRACE AMOUNT.




$$
