000
CDUS44 KSHV 212144
CLILFK


CLIMATE REPORT
NATIONAL WEATHER SERVICE SHREVEPORT, LA
443 PM CDT THU AUG 21 2014


...................................

...THE LUFKIN CLIMATE SUMMARY FOR AUGUST 21 2014...
VALID TODAY AS OF 0400 PM LOCAL TIME.

CLIMATE NORMAL PERIOD 1981 TO 2010
CLIMATE RECORD PERIOD 1906 TO 2014


WEATHER ITEM   OBSERVED TIME   RECORD YEAR NORMAL DEPARTURE LAST
                VALUE   (LST)  VALUE       VALUE  FROM      YEAR
                                                  NORMAL
..................................................................
TEMPERATURE (F)
 TODAY
  MAXIMUM         97    244 PM 105    1925  94      3       96
  MINIMUM         76    249 AM  58    1940  71      5       69
  AVERAGE         87                        83      4       83

PRECIPITATION (IN)
  TODAY            0.00          2.37 1994   0.12  -0.12     0.00
  MONTH TO DATE    2.47                      2.21   0.26     1.12
  SINCE DEC 1     34.00                     33.90   0.10    30.16
  SINCE JAN 1     31.79                     29.46   2.33    25.85

DEGREE DAYS
 HEATING
  TODAY            0                         0      0        0
  MONTH TO DATE    0                         0      0        0
  SINCE JUN 1      0                         0      0        0
  SINCE JUL 1      0                         0      0        0

 COOLING
  TODAY           22                        18      4       18
  MONTH TO DATE  418                       378     40      401
  SINCE JUN 1   1537                      1380    157     1460
  SINCE JAN 1   2033                      1849    184     1974
..................................................................


WIND (MPH)
  HIGHEST WIND SPEED    15   HIGHEST WIND DIRECTION     S (170)
  HIGHEST GUST SPEED    19   HIGHEST GUST DIRECTION     S (190)
  AVERAGE WIND SPEED     7.1


SKY COVER
  POSSIBLE SUNSHINE  MM
  AVERAGE SKY COVER 0.4


WEATHER CONDITIONS
 THE FOLLOWING WEATHER WAS RECORDED TODAY.
  FOG
  FOG W/VISIBILITY <= 1/4 MILE


RELATIVE HUMIDITY (PERCENT)
 HIGHEST    94           200 AM
 LOWEST     40           200 PM
 AVERAGE    67

..........................................................


THE LUFKIN CLIMATE NORMALS FOR TOMORROW
                         NORMAL    RECORD    YEAR
 MAXIMUM TEMPERATURE (F)   94       104      2011
                                             1917
 MINIMUM TEMPERATURE (F)   71        57      1949


SUNRISE AND SUNSET
AUGUST 21 2014........SUNRISE   648 AM CDT   SUNSET   755 PM CDT
AUGUST 22 2014........SUNRISE   649 AM CDT   SUNSET   754 PM CDT


-  INDICATES NEGATIVE NUMBERS.
R  INDICATES RECORD WAS SET OR TIED.
MM INDICATES DATA IS MISSING.
T  INDICATES TRACE AMOUNT.




$$
