000
CDUS44 KSHV 112240
CLILFK


CLIMATE REPORT
NATIONAL WEATHER SERVICE SHREVEPORT, LA
440 PM CST MON DEC 11 2017


...................................

...THE LUFKIN CLIMATE SUMMARY FOR DECEMBER 11 2017...
VALID TODAY AS OF 0400 PM LOCAL TIME.

CLIMATE NORMAL PERIOD 1981 TO 2010
CLIMATE RECORD PERIOD 1906 TO 2017


WEATHER ITEM   OBSERVED TIME   RECORD YEAR NORMAL DEPARTURE LAST
                VALUE   (LST)  VALUE       VALUE  FROM      YEAR
                                                  NORMAL
..................................................................
TEMPERATURE (F)
 TODAY
  MAXIMUM         72    223 PM  81    2007  62     10       72
  MINIMUM         33    648 AM  19    1957  40     -7       48
  AVERAGE         53                        51      2       60

PRECIPITATION (IN)
  TODAY            0.00          2.73 1909   0.14  -0.14      T
  MONTH TO DATE    0.92                      1.67  -0.75     4.76
  SINCE DEC 1      0.92                      1.67  -0.75     4.76
  SINCE JAN 1     52.97                     46.18   6.79    50.09

SNOWFALL (IN)
  TODAY            0.0
  MONTH TO DATE    0.0
  SINCE DEC 1      0.0
  SINCE JUL 1      0.0
  SNOW DEPTH       0

DEGREE DAYS
 HEATING
  TODAY           12                        15     -3        5
  MONTH TO DATE  148                       150     -2      181
  SINCE DEC 1    148                       150     -2      181
  SINCE JUL 1    399                       457    -58      329

 COOLING
  TODAY            0                         0      0        0
  MONTH TO DATE    5                         4      1        0
  SINCE DEC 1      5                         4      1        0
  SINCE JAN 1   2661                      2587     74     2809
..................................................................


WIND (MPH)
  HIGHEST WIND SPEED     9   HIGHEST WIND DIRECTION    SW (220)
  HIGHEST GUST SPEED    12   HIGHEST GUST DIRECTION    SW (240)
  AVERAGE WIND SPEED     2.7


SKY COVER
  POSSIBLE SUNSHINE  MM
  AVERAGE SKY COVER 0.0


WEATHER CONDITIONS
 THE FOLLOWING WEATHER WAS RECORDED TODAY.
  NO SIGNIFICANT WEATHER WAS OBSERVED.


RELATIVE HUMIDITY (PERCENT)
 HIGHEST   100           500 AM
 LOWEST     29           300 PM
 AVERAGE    65

..........................................................


THE LUFKIN CLIMATE NORMALS FOR TOMORROW
                         NORMAL    RECORD    YEAR
 MAXIMUM TEMPERATURE (F)   61        81      1931
 MINIMUM TEMPERATURE (F)   40        16      1957


SUNRISE AND SUNSET
DECEMBER 11 2017......SUNRISE   708 AM CST   SUNSET   517 PM CST
DECEMBER 12 2017......SUNRISE   708 AM CST   SUNSET   517 PM CST


-  INDICATES NEGATIVE NUMBERS.
R  INDICATES RECORD WAS SET OR TIED.
MM INDICATES DATA IS MISSING.
T  INDICATES TRACE AMOUNT.




$$
