000
CDUS44 KSHV 280754
CLILFK


CLIMATE REPORT
NATIONAL WEATHER SERVICE SHREVEPORT, LA
250 AM CDT THU MAY 28 2015


...................................

...THE LUFKIN CLIMATE SUMMARY FOR MAY 27 2015...

CLIMATE NORMAL PERIOD 1981 TO 2010
CLIMATE RECORD PERIOD 1906 TO 2015


WEATHER ITEM   OBSERVED TIME   RECORD YEAR NORMAL DEPARTURE LAST
                VALUE   (LST)  VALUE       VALUE  FROM      YEAR
                                                  NORMAL
..................................................................
TEMPERATURE (F)
 YESTERDAY
  MAXIMUM         90    430 PM  98    1958  87      3       76
  MINIMUM         66    235 AM  48    1988  66      0       67
  AVERAGE         78                        77      1       72

PRECIPITATION (IN)
  YESTERDAY       MM             3.11 1948   0.17  MM        2.09
  MONTH TO DATE   14.26                      3.98  10.28     7.68
  SINCE DEC 1     36.64                     23.30  13.34    18.13
  SINCE JAN 1     34.59                     18.86  15.73    15.92

SNOWFALL (IN)
  YESTERDAY        0.0
  MONTH TO DATE    0.0
  SINCE MAR 1      0.0
  SINCE JUL 1      T
  SNOW DEPTH       0

DEGREE DAYS
 HEATING
  YESTERDAY        0                         0      0        0
  MONTH TO DATE    0                         1     -1       11
  SINCE MAR 1    171                       280   -109      322
  SINCE JUL 1   1691                      1914   -223     2125

 COOLING
  YESTERDAY       13                        12      1        7
  MONTH TO DATE  319                       242     77      250
  SINCE MAR 1    616                       399    217      426
  SINCE JAN 1    622                       418    204      444
..................................................................


WIND (MPH)
  HIGHEST WIND SPEED    23   HIGHEST WIND DIRECTION    NW (310)
  HIGHEST GUST SPEED    32   HIGHEST GUST DIRECTION    NW (310)
  AVERAGE WIND SPEED     4.0


SKY COVER
  POSSIBLE SUNSHINE  MM
  AVERAGE SKY COVER 0.3


WEATHER CONDITIONS
 THE FOLLOWING WEATHER WAS RECORDED YESTERDAY.
  THUNDERSTORM
  HEAVY RAIN
  RAIN
  LIGHT RAIN
  FOG


RELATIVE HUMIDITY (PERCENT)
 HIGHEST    93           800 AM
 LOWEST     50           400 PM
 AVERAGE    72

..........................................................


THE LUFKIN CLIMATE NORMALS FOR TODAY
                         NORMAL    RECORD    YEAR
 MAXIMUM TEMPERATURE (F)   88        99      1996
 MINIMUM TEMPERATURE (F)   67        48      1961


SUNRISE AND SUNSET
MAY 28 2015...........SUNRISE   617 AM CDT   SUNSET   816 PM CDT
MAY 29 2015...........SUNRISE   616 AM CDT   SUNSET   817 PM CDT


-  INDICATES NEGATIVE NUMBERS.
R  INDICATES RECORD WAS SET OR TIED.
MM INDICATES DATA IS MISSING.
T  INDICATES TRACE AMOUNT.




$$
