000
CDUS44 KLCH 062245
CLILFT


CLIMATE REPORT
NATIONAL WEATHER SERVICE LAKE CHARLES, LA
445 PM CST SAT FEB 6 2016


...................................

...THE LAFAYETTE CLIMATE SUMMARY FOR FEBRUARY 6 2016...
VALID TODAY AS OF 0400 PM LOCAL TIME.

CLIMATE NORMAL PERIOD 1981 TO 2010
CLIMATE RECORD PERIOD 1893 TO 2016


WEATHER ITEM   OBSERVED TIME   RECORD YEAR NORMAL DEPARTURE LAST
                VALUE   (LST)  VALUE       VALUE  FROM      YEAR
                                                  NORMAL
..................................................................
TEMPERATURE (F)
 TODAY
  MAXIMUM         57    350 PM  81    1957  64     -7       61
                                      1911
  MINIMUM         34    345 AM  23    1917  45    -11       33
                                      1912
  AVERAGE         46                        54     -8       47

PRECIPITATION (IN)
  TODAY            0.00          3.18 1974   0.16  -0.16     0.00
  MONTH TO DATE    2.92                      1.03   1.89     0.73
  SINCE DEC 1     11.45                     12.28  -0.83     8.84
  SINCE JAN 1      7.59                      6.70   0.89     5.34

SNOWFALL (IN)
  TODAY            0.0           T    2014   0.0    0.0      0.0
  MONTH TO DATE    0.0                       0.0    0.0      0.0
  SINCE DEC 1      0.0                       0.0    0.0      0.0
  SINCE JUL 1      0.0                       0.0    0.0      0.0
  SNOW DEPTH       0

DEGREE DAYS
 HEATING
  TODAY           19                        11      8       18
  MONTH TO DATE   65                        71     -6      101
  SINCE DEC 1    658                       828   -170      832
  SINCE JUL 1    746                      1027   -281     1133
..................................................................


WIND (MPH)
  HIGHEST WIND SPEED    12   HIGHEST WIND DIRECTION     S (170)
  HIGHEST GUST SPEED    16   HIGHEST GUST DIRECTION     S (170)
  AVERAGE WIND SPEED     2.3


SKY COVER
  POSSIBLE SUNSHINE  MM
  AVERAGE SKY COVER 0.4


WEATHER CONDITIONS
 THE FOLLOWING WEATHER WAS RECORDED TODAY.
  FOG


RELATIVE HUMIDITY (PERCENT)
 HIGHEST    92           400 AM
 LOWEST     29          1200 PM
 AVERAGE    61

..........................................................


THE LAFAYETTE CLIMATE NORMALS FOR TOMORROW
                         NORMAL    RECORD    YEAR
 MAXIMUM TEMPERATURE (F)   64        87      1957
 MINIMUM TEMPERATURE (F)   45        18      1895


SUNRISE AND SUNSET
FEBRUARY  6 2016......SUNRISE   656 AM CST   SUNSET   549 PM CST
FEBRUARY  7 2016......SUNRISE   655 AM CST   SUNSET   550 PM CST


-  INDICATES NEGATIVE NUMBERS.
R  INDICATES RECORD WAS SET OR TIED.
MM INDICATES DATA IS MISSING.
T  INDICATES TRACE AMOUNT.




$$
