000
CDUS44 KLCH 010852
CLILFT


CLIMATE REPORT
NATIONAL WEATHER SERVICE LAKE CHARLES, LA
350 AM CDT MON SEP 1 2014


...................................

...THE LAFAYETTE CLIMATE SUMMARY FOR AUGUST 31 2014...

CLIMATE NORMAL PERIOD 1981 TO 2010
CLIMATE RECORD PERIOD 1893 TO 2014


WEATHER ITEM   OBSERVED TIME   RECORD YEAR NORMAL DEPARTURE LAST
                VALUE   (LST)  VALUE       VALUE  FROM      YEAR
                                                  NORMAL
..................................................................
TEMPERATURE (F)
 YESTERDAY
  MAXIMUM         91    316 PM 103    2000  92     -1       93
  MINIMUM         74    654 AM  60    1946  74      0       73
  AVERAGE         83                        83      0       83

PRECIPITATION (IN)
  YESTERDAY        0.00          1.02 1927   0.15  -0.15     0.00
  MONTH TO DATE    8.48                      4.62   3.86     3.76
  SINCE JUN 1     23.05                     18.00   5.05    10.76
  SINCE JAN 1     46.09                     40.62   5.47    42.88

DEGREE DAYS
 COOLING
  YESTERDAY       18                        18      0       18
  MONTH TO DATE  555                       577    -22      562
  SINCE JUN 1   1588                      1647    -59     1638
  SINCE JAN 1   2057                      2261   -204     2102
..................................................................


WIND (MPH)
  HIGHEST WIND SPEED    16   HIGHEST WIND DIRECTION     S (190)
  HIGHEST GUST SPEED    20   HIGHEST GUST DIRECTION     S (200)
  AVERAGE WIND SPEED     4.7


SKY COVER
  POSSIBLE SUNSHINE  MM
  AVERAGE SKY COVER 0.2


WEATHER CONDITIONS
 THE FOLLOWING WEATHER WAS RECORDED YESTERDAY.
  THUNDERSTORM


RELATIVE HUMIDITY (PERCENT)
 HIGHEST   100           300 AM
 LOWEST     56           300 PM
 AVERAGE    78

..........................................................


THE LAFAYETTE CLIMATE NORMALS FOR TODAY
                         NORMAL    RECORD    YEAR
 MAXIMUM TEMPERATURE (F)   92       101      2000
 MINIMUM TEMPERATURE (F)   73        57      1915


SUNRISE AND SUNSET
SEPTEMBER  1 2014.....SUNRISE   645 AM CDT   SUNSET   731 PM CDT
SEPTEMBER  2 2014.....SUNRISE   645 AM CDT   SUNSET   729 PM CDT


-  INDICATES NEGATIVE NUMBERS.
R  INDICATES RECORD WAS SET OR TIED.
MM INDICATES DATA IS MISSING.
T  INDICATES TRACE AMOUNT.




$$
