000
CDUS44 KLCH 032300
CLILFT


CLIMATE REPORT
NATIONAL WEATHER SERVICE LAKE CHARLES, LA
500 PM CST SAT DEC 3 2016


...................................

...THE LAFAYETTE CLIMATE SUMMARY FOR DECEMBER 3 2016...
VALID TODAY AS OF 0500 PM LOCAL TIME.

CLIMATE NORMAL PERIOD 1981 TO 2010
CLIMATE RECORD PERIOD 1893 TO 2016


WEATHER ITEM   OBSERVED TIME   RECORD YEAR NORMAL DEPARTURE LAST
                VALUE   (LST)  VALUE       VALUE  FROM      YEAR
                                                  NORMAL
..................................................................
TEMPERATURE (F)
 TODAY
  MAXIMUM         62    359 PM  86    1933  67     -5       59
  MINIMUM         51   1011 AM  25    1929  47      4       43
  AVERAGE         57                        57      0       51

PRECIPITATION (IN)
  TODAY            0.61          5.05 1982   0.16   0.45     0.00
  MONTH TO DATE    0.65                      0.50   0.15     0.33
  SINCE DEC 1      0.65                      0.50   0.15     0.33
  SINCE JAN 1     72.52                     55.42  17.10    61.59

SNOWFALL (IN)
  TODAY            0.0           0.0    MM   0.0    0.0      0.0
  MONTH TO DATE    0.0                       0.0    0.0      0.0
  SINCE DEC 1      0.0                       0.0    0.0      0.0
  SINCE JUL 1      0.0                       0.0    0.0      0.0
  SNOW DEPTH       0

DEGREE DAYS
 HEATING
  TODAY            8                         9     -1       14
  MONTH TO DATE   26                        27     -1       25
  SINCE DEC 1     26                        27     -1       25
  SINCE JUL 1    112                       226   -114      113
..................................................................


WIND (MPH)
  HIGHEST WIND SPEED    15   HIGHEST WIND DIRECTION    NE (60)
  HIGHEST GUST SPEED    22   HIGHEST GUST DIRECTION     E (100)
  AVERAGE WIND SPEED     8.5


SKY COVER
  POSSIBLE SUNSHINE  MM
  AVERAGE SKY COVER 0.9


WEATHER CONDITIONS
 THE FOLLOWING WEATHER WAS RECORDED TODAY.
  HEAVY RAIN
  RAIN
  LIGHT RAIN
  FOG


RELATIVE HUMIDITY (PERCENT)
 HIGHEST    96           700 AM
 LOWEST     62           100 AM
 AVERAGE    79

..........................................................


THE LAFAYETTE CLIMATE NORMALS FOR TOMORROW
                         NORMAL    RECORD    YEAR
 MAXIMUM TEMPERATURE (F)   67        84      1928
                                             1922
 MINIMUM TEMPERATURE (F)   46        24      1929


SUNRISE AND SUNSET
DECEMBER  3 2016......SUNRISE   649 AM CST   SUNSET   507 PM CST
DECEMBER  4 2016......SUNRISE   649 AM CST   SUNSET   507 PM CST


-  INDICATES NEGATIVE NUMBERS.
R  INDICATES RECORD WAS SET OR TIED.
MM INDICATES DATA IS MISSING.
T  INDICATES TRACE AMOUNT.




$$
