000
CDUS44 KLCH 251245
CLILFT


CLIMATE REPORT
NATIONAL WEATHER SERVICE LAKE CHARLES, LA
745 AM CDT SUN SEP 25 2016


...................................

...THE LAFAYETTE CLIMATE SUMMARY FOR SEPTEMBER 24 2016...

CLIMATE NORMAL PERIOD 1981 TO 2010
CLIMATE RECORD PERIOD 1893 TO 2016


WEATHER ITEM   OBSERVED TIME   RECORD YEAR NORMAL DEPARTURE LAST
                VALUE   (LST)  VALUE       VALUE  FROM      YEAR
                                                  NORMAL
..................................................................
TEMPERATURE (F)
 YESTERDAY
  MAXIMUM         92    222 PM  97    1931  87      5       89
  MINIMUM         72    557 AM  47    1897  67      5       70
  AVERAGE         82                        77      5       80

PRECIPITATION (IN)
  YESTERDAY        0.00          3.30 2005   0.14  -0.14     0.00
  MONTH TO DATE    2.81                      3.81  -1.00     3.18
  SINCE SEP 1      2.81                      3.81  -1.00     3.18
  SINCE JAN 1     67.90                     44.43  23.47    46.29

DEGREE DAYS
 HEATING
  YESTERDAY        0                         0      0        0
  MONTH TO DATE    0                         0      0        0
  SINCE SEP 1      0                         0      0        0
  SINCE JUL 1      0                         0      0        0

 COOLING
  YESTERDAY       17                        12      5       15
  MONTH TO DATE  445                       361     84      366
  SINCE SEP 1    445                       361     84      366
  SINCE JAN 1   2834                      2622    212     2792
..................................................................


WIND (MPH)
  HIGHEST WIND SPEED    20   HIGHEST WIND DIRECTION     S (170)
  HIGHEST GUST SPEED    30   HIGHEST GUST DIRECTION     S (160)
  AVERAGE WIND SPEED     2.9


SKY COVER
  POSSIBLE SUNSHINE  MM
  AVERAGE SKY COVER 0.2


WEATHER CONDITIONS
 THE FOLLOWING WEATHER WAS RECORDED YESTERDAY.
  THUNDERSTORM


RELATIVE HUMIDITY (PERCENT)
 HIGHEST    94           100 AM
 LOWEST     52          1200 PM
 AVERAGE    73

..........................................................


THE LAFAYETTE CLIMATE NORMALS FOR TODAY
                         NORMAL    RECORD    YEAR
 MAXIMUM TEMPERATURE (F)   87        97      1921
                                             1912
 MINIMUM TEMPERATURE (F)   67        52      1928
                                             1914
                                             1909


SUNRISE AND SUNSET
SEPTEMBER 25 2016.....SUNRISE   658 AM CDT   SUNSET   700 PM CDT
SEPTEMBER 26 2016.....SUNRISE   659 AM CDT   SUNSET   659 PM CDT


-  INDICATES NEGATIVE NUMBERS.
R  INDICATES RECORD WAS SET OR TIED.
MM INDICATES DATA IS MISSING.
T  INDICATES TRACE AMOUNT.




$$
