000
CDUS44 KLCH 301245
CLILFT


CLIMATE REPORT
NATIONAL WEATHER SERVICE LAKE CHARLES, LA
745 AM CDT SUN AUG 30 2015


...................................

...THE LAFAYETTE CLIMATE SUMMARY FOR AUGUST 29 2015...

CLIMATE NORMAL PERIOD 1981 TO 2010
CLIMATE RECORD PERIOD 1893 TO 2015


WEATHER ITEM   OBSERVED TIME   RECORD YEAR NORMAL DEPARTURE LAST
                VALUE   (LST)  VALUE       VALUE  FROM      YEAR
                                                  NORMAL
..................................................................
TEMPERATURE (F)
 YESTERDAY
  MAXIMUM         91    429 PM  99    2011  92     -1       84
  MINIMUM         67    611 AM  58    1906  74     -7       75
  AVERAGE         79                        83     -4       80

PRECIPITATION (IN)
  YESTERDAY        0.00          1.80 1978   0.15  -0.15     0.13
                                      1970
  MONTH TO DATE    2.87                      4.32  -1.45     7.29
  SINCE JUN 1     12.51                     17.70  -5.19    21.86
  SINCE JAN 1     43.11                     40.32   2.79    44.90

DEGREE DAYS
 COOLING
  YESTERDAY       14                        18     -4       15
  MONTH TO DATE  564                       544     20      525
  SINCE JUN 1   1705                      1614     91     1558
  SINCE JAN 1   2397                      2228    169     2027
..................................................................


WIND (MPH)
  HIGHEST WIND SPEED     9   HIGHEST WIND DIRECTION     N (340)
  HIGHEST GUST SPEED    13   HIGHEST GUST DIRECTION     N (350)
  AVERAGE WIND SPEED     2.4


SKY COVER
  POSSIBLE SUNSHINE  MM
  AVERAGE SKY COVER 0.1


WEATHER CONDITIONS
 THE FOLLOWING WEATHER WAS RECORDED YESTERDAY.
  NO SIGNIFICANT WEATHER WAS OBSERVED.


RELATIVE HUMIDITY (PERCENT)
 HIGHEST    93           500 AM
 LOWEST     41           200 PM
 AVERAGE    67

..........................................................


THE LAFAYETTE CLIMATE NORMALS FOR TODAY
                         NORMAL    RECORD    YEAR
 MAXIMUM TEMPERATURE (F)   92       104      2000
 MINIMUM TEMPERATURE (F)   74        59      1906


SUNRISE AND SUNSET
AUGUST 30 2015........SUNRISE   644 AM CDT   SUNSET   733 PM CDT
AUGUST 31 2015........SUNRISE   644 AM CDT   SUNSET   732 PM CDT


-  INDICATES NEGATIVE NUMBERS.
R  INDICATES RECORD WAS SET OR TIED.
MM INDICATES DATA IS MISSING.
T  INDICATES TRACE AMOUNT.




$$
