243
CDUS44 KLCH 300850
CLILFT


CLIMATE REPORT
NATIONAL WEATHER SERVICE LAKE CHARLES, LA
349 AM CDT TUE AUG 30 2016


...................................

...THE LAFAYETTE CLIMATE SUMMARY FOR AUGUST 29 2016...

CLIMATE NORMAL PERIOD 1981 TO 2010
CLIMATE RECORD PERIOD 1893 TO 2016


WEATHER ITEM   OBSERVED TIME   RECORD YEAR NORMAL DEPARTURE LAST
                VALUE   (LST)  VALUE       VALUE  FROM      YEAR
                                                  NORMAL
..................................................................
TEMPERATURE (F)
 YESTERDAY
  MAXIMUM         89   1121 AM  99    2011  92     -3       91
  MINIMUM         75   1159 PM  58    1906  74      1       67
  AVERAGE         82                        83     -1       79

PRECIPITATION (IN)
  YESTERDAY        0.12          1.80 1978   0.15  -0.03     0.00
                                      1970
  MONTH TO DATE   24.74                      4.32  20.42     2.87
  SINCE JUN 1     36.70                     17.70  19.00    12.51
  SINCE JAN 1     65.09                     40.32  24.77    43.11

DEGREE DAYS
 COOLING
  YESTERDAY       17                        18     -1       14
  MONTH TO DATE  539                       544     -5      564
  SINCE JUN 1   1692                      1614     78     1705
  SINCE JAN 1   2349                      2228    121     2397
..................................................................


WIND (MPH)
  HIGHEST WIND SPEED    13   HIGHEST WIND DIRECTION    NE (30)
  HIGHEST GUST SPEED    27   HIGHEST GUST DIRECTION     E (110)
  AVERAGE WIND SPEED     5.4


SKY COVER
  POSSIBLE SUNSHINE  MM
  AVERAGE SKY COVER 0.2


WEATHER CONDITIONS
 THE FOLLOWING WEATHER WAS RECORDED YESTERDAY.
  THUNDERSTORM
  HEAVY RAIN
  RAIN
  LIGHT RAIN
  FOG


RELATIVE HUMIDITY (PERCENT)
 HIGHEST    94           100 AM
 LOWEST     68          1100 AM
 AVERAGE    81

..........................................................


THE LAFAYETTE CLIMATE NORMALS FOR TODAY
                         NORMAL    RECORD    YEAR
 MAXIMUM TEMPERATURE (F)   92       104      2000
 MINIMUM TEMPERATURE (F)   74        59      1906


SUNRISE AND SUNSET
AUGUST 30 2016........SUNRISE   644 AM CDT   SUNSET   732 PM CDT
AUGUST 31 2016........SUNRISE   645 AM CDT   SUNSET   731 PM CDT


-  INDICATES NEGATIVE NUMBERS.
R  INDICATES RECORD WAS SET OR TIED.
MM INDICATES DATA IS MISSING.
T  INDICATES TRACE AMOUNT.




$$
