000
CDUS44 KLCH 222207
CLILFT


CLIMATE REPORT
NATIONAL WEATHER SERVICE LAKE CHARLES, LA
407 PM CST MON DEC 22 2014


...................................

...THE LAFAYETTE CLIMATE SUMMARY FOR DECEMBER 22 2014...
VALID TODAY AS OF 0400 PM LOCAL TIME.

CLIMATE NORMAL PERIOD 1981 TO 2010
CLIMATE RECORD PERIOD 1893 TO 2014


WEATHER ITEM   OBSERVED TIME   RECORD YEAR NORMAL DEPARTURE LAST
                VALUE   (LST)  VALUE       VALUE  FROM      YEAR
                                                  NORMAL
..................................................................
TEMPERATURE (F)
 TODAY
  MAXIMUM         76    255 PM  81    1970  63     13       67
  MINIMUM         50   1202 AM  15    1989  44      6       47
  AVERAGE         63                        53     10       57

PRECIPITATION (IN)
  TODAY            0.00          3.15 1912   0.18  -0.18     0.06
  MONTH TO DATE    1.00                      3.88  -2.88     2.26
  SINCE DEC 1      1.00                      3.88  -2.88     2.26
  SINCE JAN 1     57.50                     58.80  -1.30    56.03

SNOWFALL (IN)
  TODAY            0.0           T    1995   0.0    0.0     MM
                                      1989
  MONTH TO DATE    0.0                       0.0    0.0      0.0
  SINCE DEC 1      0.0                       0.0    0.0      0.0
  SINCE JUL 1      0.0                       0.0    0.0      0.0
  SNOW DEPTH       0

DEGREE DAYS
 HEATING
  TODAY            2                        12    -10        8
  MONTH TO DATE  159                       238    -79      268
  SINCE DEC 1    159                       238    -79      268
  SINCE JUL 1    460                       437     23      537
..................................................................


WIND (MPH)
  HIGHEST WIND SPEED    24   HIGHEST WIND DIRECTION    SW (210)
  HIGHEST GUST SPEED    33   HIGHEST GUST DIRECTION    SW (220)
  AVERAGE WIND SPEED     5.3


SKY COVER
  POSSIBLE SUNSHINE  MM
  AVERAGE SKY COVER 0.9


WEATHER CONDITIONS
 THE FOLLOWING WEATHER WAS RECORDED TODAY.
  FOG
  FOG W/VISIBILITY <= 1/4 MILE


RELATIVE HUMIDITY (PERCENT)
 HIGHEST   100           400 AM
 LOWEST     64           300 PM
 AVERAGE    82

..........................................................


THE LAFAYETTE CLIMATE NORMALS FOR TOMORROW
                         NORMAL    RECORD    YEAR
 MAXIMUM TEMPERATURE (F)   63        81      1931
 MINIMUM TEMPERATURE (F)   44         9      1989


SUNRISE AND SUNSET
DECEMBER 22 2014......SUNRISE   701 AM CST   SUNSET   513 PM CST
DECEMBER 23 2014......SUNRISE   701 AM CST   SUNSET   513 PM CST


-  INDICATES NEGATIVE NUMBERS.
R  INDICATES RECORD WAS SET OR TIED.
MM INDICATES DATA IS MISSING.
T  INDICATES TRACE AMOUNT.




$$
