000
CDUS44 KLCH 210924
CLILFT


CLIMATE REPORT
NATIONAL WEATHER SERVICE LAKE CHARLES, LA
324 AM CST WED FEB 21 2018


...................................

...THE LAFAYETTE CLIMATE SUMMARY FOR FEBRUARY 20 2018...

CLIMATE NORMAL PERIOD 1981 TO 2010
CLIMATE RECORD PERIOD 1893 TO 2018


WEATHER ITEM   OBSERVED TIME   RECORD YEAR NORMAL DEPARTURE LAST
                VALUE   (LST)  VALUE       VALUE  FROM      YEAR
                                                  NORMAL
..................................................................
TEMPERATURE (F)
 YESTERDAY
  MAXIMUM         81    252 PM  84    1917  66     15       79
                                      1898
  MINIMUM         70    716 AM  27    1908  48     22       62
                                      1895
  AVERAGE         76                        57     19       71

PRECIPITATION (IN)
  YESTERDAY        0.00          1.79 1919   0.14  -0.14    MM
  MONTH TO DATE    1.40                      3.28  -1.88     0.06
  SINCE DEC 1     11.88                     14.53  -2.65    12.52
  SINCE JAN 1      5.59                      8.95  -3.36     3.43

SNOWFALL (IN)
  YESTERDAY        0.0           0.0    MM   0.0    0.0      0.0
  MONTH TO DATE    0.0                       0.0    0.0      0.0
  SINCE DEC 1      2.0                       0.0    2.0      0.0
  SINCE JUL 1      2.0                       0.0    2.0      0.0
  SNOW DEPTH       0

DEGREE DAYS
 HEATING
  YESTERDAY        0                         9     -9        0
  MONTH TO DATE   93                       212   -119       59
  SINCE DEC 1   1023                       969     54      483
  SINCE JUL 1   1190                      1168     22      569
..................................................................


WIND (MPH)
  HIGHEST WIND SPEED    23   HIGHEST WIND DIRECTION     S (180)
  HIGHEST GUST SPEED    32   HIGHEST GUST DIRECTION     S (180)
  AVERAGE WIND SPEED     9.6


SKY COVER
  POSSIBLE SUNSHINE  MM
  AVERAGE SKY COVER 0.7


WEATHER CONDITIONS
 THE FOLLOWING WEATHER WAS RECORDED YESTERDAY.
  HAZE


RELATIVE HUMIDITY (PERCENT)
 HIGHEST   100           600 AM
 LOWEST     67          1200 PM
 AVERAGE    84

..........................................................


THE LAFAYETTE CLIMATE NORMALS FOR TODAY
                         NORMAL    RECORD    YEAR
 MAXIMUM TEMPERATURE (F)   67        81      1917
 MINIMUM TEMPERATURE (F)   48        29      1942
                                             1908


SUNRISE AND SUNSET
FEBRUARY 21 2018......SUNRISE   642 AM CST   SUNSET   601 PM CST
FEBRUARY 22 2018......SUNRISE   641 AM CST   SUNSET   602 PM CST


-  INDICATES NEGATIVE NUMBERS.
R  INDICATES RECORD WAS SET OR TIED.
MM INDICATES DATA IS MISSING.
T  INDICATES TRACE AMOUNT.




$$
