000
CDUS44 KLCH 202205
CLILFT


CLIMATE REPORT
NATIONAL WEATHER SERVICE LAKE CHARLES, LA
504 PM CDT THU JUL 20 2017


...................................

...THE LAFAYETTE CLIMATE SUMMARY FOR JULY 20 2017...
VALID TODAY AS OF 0500 PM LOCAL TIME.

CLIMATE NORMAL PERIOD 1981 TO 2010
CLIMATE RECORD PERIOD 1893 TO 2017


WEATHER ITEM   OBSERVED TIME   RECORD YEAR NORMAL DEPARTURE LAST
                VALUE   (LST)  VALUE       VALUE  FROM      YEAR
                                                  NORMAL
..................................................................
TEMPERATURE (F)
 TODAY
  MAXIMUM         96    219 PM 100    1924  92      4       95
  MINIMUM         76    546 AM  66    1904  75      1       77
  AVERAGE         86                        84      2       86

PRECIPITATION (IN)
  TODAY            0.00          2.19 2001   0.19  -0.19     0.00
  MONTH TO DATE    5.88                      4.40   1.48     0.90
  SINCE JUN 1     16.90                     11.48   5.42     7.89
  SINCE JAN 1     37.45                     34.10   3.35    36.28

DEGREE DAYS
 COOLING
  TODAY           21                        19      2       21
  MONTH TO DATE  356                       364     -8      407
  SINCE JUN 1    789                       862    -73      934
  SINCE JAN 1   1709                      1476    233     1591
..................................................................


WIND (MPH)
  HIGHEST WIND SPEED     8   HIGHEST WIND DIRECTION    SW (230)
  HIGHEST GUST SPEED    11   HIGHEST GUST DIRECTION    SW (230)
  AVERAGE WIND SPEED     2.2


SKY COVER
  POSSIBLE SUNSHINE  MM
  AVERAGE SKY COVER 0.3


WEATHER CONDITIONS
 THE FOLLOWING WEATHER WAS RECORDED TODAY.
  FOG


RELATIVE HUMIDITY (PERCENT)
 HIGHEST   100          1200 AM
 LOWEST     56           200 PM
 AVERAGE    78

..........................................................


THE LAFAYETTE CLIMATE NORMALS FOR TOMORROW
                         NORMAL    RECORD    YEAR
 MAXIMUM TEMPERATURE (F)   92       103      1924
 MINIMUM TEMPERATURE (F)   75        65      1947
                                             1923


SUNRISE AND SUNSET
JULY 20 2017..........SUNRISE   620 AM CDT   SUNSET   809 PM CDT
JULY 21 2017..........SUNRISE   620 AM CDT   SUNSET   808 PM CDT


-  INDICATES NEGATIVE NUMBERS.
R  INDICATES RECORD WAS SET OR TIED.
MM INDICATES DATA IS MISSING.
T  INDICATES TRACE AMOUNT.




$$
