000
CDUS44 KLCH 292204
CLILFT


CLIMATE REPORT
NATIONAL WEATHER SERVICE LAKE CHARLES, LA
504 PM CDT FRI APR 29 2016


...................................

...THE LAFAYETTE CLIMATE SUMMARY FOR APRIL 29 2016...
VALID TODAY AS OF 0500 PM LOCAL TIME.

CLIMATE NORMAL PERIOD 1981 TO 2010
CLIMATE RECORD PERIOD 1893 TO 2016


WEATHER ITEM   OBSERVED TIME   RECORD YEAR NORMAL DEPARTURE LAST
                VALUE   (LST)  VALUE       VALUE  FROM      YEAR
                                                  NORMAL
..................................................................
TEMPERATURE (F)
 TODAY
  MAXIMUM         84    254 PM  92    1955  83      1       73
  MINIMUM         75    629 AM  44    1916  62     13       54
  AVERAGE         80                        72      8       64

PRECIPITATION (IN)
  TODAY            T             4.36 1960   0.14  -0.14     0.00
  MONTH TO DATE    5.70                      3.78   1.92    11.12
  SINCE MAR 1     11.11                      7.57   3.54    15.04
  SINCE JAN 1     20.24                     17.69   2.55    22.14

SNOWFALL (IN)
  TODAY            0.0           0.0    MM   0.0    0.0      0.0
  MONTH TO DATE    0.0                       0.0    0.0      0.0
  SINCE MAR 1      0.0                       0.0    0.0       T
  SINCE JUL 1      0.0                       T      0.0       T
  SNOW DEPTH       0

DEGREE DAYS
 HEATING
  TODAY            0                         0      0        1
  MONTH TO DATE   10                        38    -28        3
  SINCE MAR 1     71                       188   -117       86
  SINCE JUL 1    989                      1418   -429     1529

 COOLING
  TODAY           15                         8      7        0
  MONTH TO DATE  179                       151     28      213
  SINCE MAR 1    292                       214     78      303
  SINCE JAN 1    302                       246     56      308
..................................................................


WIND (MPH)
  HIGHEST WIND SPEED    23   HIGHEST WIND DIRECTION     S (180)
  HIGHEST GUST SPEED    34   HIGHEST GUST DIRECTION     S (160)
  AVERAGE WIND SPEED     9.3


SKY COVER
  POSSIBLE SUNSHINE  MM
  AVERAGE SKY COVER 0.7


WEATHER CONDITIONS
 THE FOLLOWING WEATHER WAS RECORDED TODAY.
  LIGHT RAIN
  FOG


RELATIVE HUMIDITY (PERCENT)
 HIGHEST    88          1200 AM
 LOWEST     59          1100 AM
 AVERAGE    74

..........................................................


THE LAFAYETTE CLIMATE NORMALS FOR TOMORROW
                         NORMAL    RECORD    YEAR
 MAXIMUM TEMPERATURE (F)   83        92      1955
                                             1901
 MINIMUM TEMPERATURE (F)   63        45      1965


SUNRISE AND SUNSET
APRIL 29 2016.........SUNRISE   626 AM CDT   SUNSET   745 PM CDT
APRIL 30 2016.........SUNRISE   625 AM CDT   SUNSET   745 PM CDT


-  INDICATES NEGATIVE NUMBERS.
R  INDICATES RECORD WAS SET OR TIED.
MM INDICATES DATA IS MISSING.
T  INDICATES TRACE AMOUNT.




$$
