000
CDUS44 KLCH 212214
CLILFT


CLIMATE REPORT
NATIONAL WEATHER SERVICE LAKE CHARLES, LA
514 PM CDT THU AUG 21 2014


...................................

...THE LAFAYETTE CLIMATE SUMMARY FOR AUGUST 21 2014...
VALID TODAY AS OF 0500 PM LOCAL TIME.

CLIMATE NORMAL PERIOD 1981 TO 2010
CLIMATE RECORD PERIOD 1893 TO 2014


WEATHER ITEM   OBSERVED TIME   RECORD YEAR NORMAL DEPARTURE LAST
                VALUE   (LST)  VALUE       VALUE  FROM      YEAR
                                                  NORMAL
..................................................................
TEMPERATURE (F)
 TODAY
  MAXIMUM         93   1150 AM 103    1925  93      0       93
  MINIMUM         76    246 PM  61    1940  75      1       73
  AVERAGE         85                        84      1       83

PRECIPITATION (IN)
  TODAY            0.05          2.26 1965   0.16  -0.11      T
  MONTH TO DATE    6.75                      3.15   3.60     2.36
  SINCE JUN 1     21.32                     16.53   4.79     9.36
  SINCE JAN 1     44.36                     39.15   5.21    41.48

DEGREE DAYS
 COOLING
  TODAY           20                        19      1       18
  MONTH TO DATE  374                       399    -25      393
  SINCE JUN 1   1407                      1469    -62     1469
  SINCE JAN 1   1876                      2083   -207     1933
..................................................................


WIND (MPH)
  HIGHEST WIND SPEED    18   HIGHEST WIND DIRECTION    SW (220)
  HIGHEST GUST SPEED    23   HIGHEST GUST DIRECTION    SW (220)
  AVERAGE WIND SPEED     1.9


SKY COVER
  POSSIBLE SUNSHINE  MM
  AVERAGE SKY COVER 0.2


WEATHER CONDITIONS
 THE FOLLOWING WEATHER WAS RECORDED TODAY.
  THUNDERSTORM
  LIGHT RAIN
  HAZE


RELATIVE HUMIDITY (PERCENT)
 HIGHEST    94          1200 AM
 LOWEST     60          1200 PM
 AVERAGE    77

..........................................................


THE LAFAYETTE CLIMATE NORMALS FOR TOMORROW
                         NORMAL    RECORD    YEAR
 MAXIMUM TEMPERATURE (F)   93       101      1921
 MINIMUM TEMPERATURE (F)   75        60      1956


SUNRISE AND SUNSET
AUGUST 21 2014........SUNRISE   639 AM CDT   SUNSET   743 PM CDT
AUGUST 22 2014........SUNRISE   639 AM CDT   SUNSET   742 PM CDT


-  INDICATES NEGATIVE NUMBERS.
R  INDICATES RECORD WAS SET OR TIED.
MM INDICATES DATA IS MISSING.
T  INDICATES TRACE AMOUNT.




$$
