000
CDUS41 KOKX 250616
CLILGA


CLIMATE REPORT
NATIONAL WEATHER SERVICE NEW YORK NY
216 AM EDT TUE JUL 25 2017


...................................

...THE LAGUARDIA NY CLIMATE SUMMARY FOR JULY 24 2017...

CLIMATE NORMAL PERIOD 1981 TO 2010
CLIMATE RECORD PERIOD 1939 TO 2017


WEATHER ITEM   OBSERVED TIME   RECORD YEAR NORMAL DEPARTURE LAST
                VALUE   (LST)  VALUE       VALUE  FROM      YEAR
                                                  NORMAL
..................................................................
TEMPERATURE (F)
 YESTERDAY
  MAXIMUM         73    230 AM  98    2010  86    -13       94
                                      1999
  MINIMUM         64   1159 PM  59    1992  70     -6       76
  AVERAGE         69                        78     -9       85

PRECIPITATION (IN)
  YESTERDAY        0.90          3.07 1997   0.15   0.75     0.00
  MONTH TO DATE    4.32                      3.40   0.92     2.42
  SINCE JUN 1      8.70                      7.34   1.36     4.66
  SINCE JAN 1     29.47                     25.03   4.44    20.03

SNOWFALL (IN)
  YESTERDAY        0.0          MM      MM   0.0    0.0      0.0
  MONTH TO DATE    0.0                       0.0    0.0      0.0
  SINCE OCT 1     33.2                      26.9    6.3     36.2
  SINCE JUL 1      0.0                       0.0    0.0      0.0
  SNOW DEPTH       0

DEGREE DAYS
 HEATING
  YESTERDAY        0                         0      0        0
  MONTH TO DATE    0                         0      0        0
  SINCE JUN 1     16                        16      0        2
  SINCE JUL 1      0                         0      0        0

 COOLING
  YESTERDAY        4                        13     -9       20
  MONTH TO DATE  354                       297     57      382
  SINCE JUN 1    634                       528    106      652
  SINCE JAN 1    739                       594    145      771
..................................................................


WIND (MPH)
  HIGHEST WIND SPEED    31   HIGHEST WIND DIRECTION    NE (50)
  HIGHEST GUST SPEED    36   HIGHEST GUST DIRECTION    NE (50)
  AVERAGE WIND SPEED    12.7


SKY COVER
  AVERAGE SKY COVER 1.0


WEATHER CONDITIONS
 THE FOLLOWING WEATHER WAS RECORDED YESTERDAY.
  HEAVY RAIN
  RAIN
  LIGHT RAIN
  FOG


RELATIVE HUMIDITY (PERCENT)
 HIGHEST   100           500 AM
 LOWEST     76           400 PM
 AVERAGE    88

..........................................................


THE LAGUARDIA NY CLIMATE NORMALS FOR TODAY
                         NORMAL    RECORD    YEAR
 MAXIMUM TEMPERATURE (F)   86        97      1999
 MINIMUM TEMPERATURE (F)   70        59      1997


SUNRISE AND SUNSET
JULY 25 2017..........SUNRISE   546 AM EDT   SUNSET   818 PM EDT
JULY 26 2017..........SUNRISE   547 AM EDT   SUNSET   817 PM EDT


-  INDICATES NEGATIVE NUMBERS.
R  INDICATES RECORD WAS SET OR TIED.
MM INDICATES DATA IS MISSING.
T  INDICATES TRACE AMOUNT.




$$
