000
CDUS41 KOKX 210628
CLILGA


CLIMATE REPORT
NATIONAL WEATHER SERVICE NEW YORK NY
228 AM EDT SUN SEP 21 2014


...................................

...THE LAGUARDIA NY CLIMATE SUMMARY FOR SEPTEMBER 20 2014...

CLIMATE NORMAL PERIOD 1981 TO 2010
CLIMATE RECORD PERIOD 1945 TO 2014


WEATHER ITEM   OBSERVED TIME   RECORD YEAR NORMAL DEPARTURE LAST
                VALUE   (LST)  VALUE       VALUE  FROM      YEAR
                                                  NORMAL
..................................................................
TEMPERATURE (F)
 YESTERDAY
  MAXIMUM         74   1131 AM  90    1983  75     -1       78
  MINIMUM         58    511 AM  46    1979  60     -2       62
  AVERAGE         66                        68     -2       70

PRECIPITATION (IN)
  YESTERDAY        0.00          1.72 1989   0.13  -0.13     0.00
  MONTH TO DATE    0.82                      2.44  -1.62     2.31
  SINCE SEP 1      0.82                      2.44  -1.62     2.31
  SINCE JAN 1     35.88                     32.69   3.19    29.65

SNOWFALL (IN)
  YESTERDAY        0.0          MM      MM   0.0    0.0      0.0
  MONTH TO DATE    0.0                       0.0    0.0      0.0
  SINCE OCT 1     52.4                      26.9   25.5     22.2
  SINCE JUL 1      0.0                       0.0    0.0      0.0
  SNOW DEPTH       0

DEGREE DAYS
 HEATING
  YESTERDAY        0                         1     -1        0
  MONTH TO DATE    8                         9     -1       15
  SINCE SEP 1      8                         9     -1       15
  SINCE JUL 1      8                        10     -2       15

 COOLING
  YESTERDAY        1                         4     -3        5
  MONTH TO DATE  140                       130     10      126
  SINCE SEP 1    140                       130     10      126
  SINCE JAN 1   1127                      1163    -36     1345
..................................................................


WIND (MPH)
  HIGHEST WIND SPEED    21   HIGHEST WIND DIRECTION     S (160)
  HIGHEST GUST SPEED    26   HIGHEST GUST DIRECTION    SE (150)
  AVERAGE WIND SPEED     9.7


SKY COVER
  AVERAGE SKY COVER 0.7


WEATHER CONDITIONS
 THE FOLLOWING WEATHER WAS RECORDED YESTERDAY.
  NO SIGNIFICANT WEATHER WAS OBSERVED.


RELATIVE HUMIDITY (PERCENT)
 HIGHEST    84          1000 PM
 LOWEST     57          1000 AM
 AVERAGE    71

..........................................................


THE LAGUARDIA NY CLIMATE NORMALS FOR TODAY
                         NORMAL    RECORD    YEAR
 MAXIMUM TEMPERATURE (F)   75        89      1940
 MINIMUM TEMPERATURE (F)   60        43      1956


SUNRISE AND SUNSET
SEPTEMBER 21 2014.....SUNRISE   642 AM EDT   SUNSET   655 PM EDT
SEPTEMBER 22 2014.....SUNRISE   643 AM EDT   SUNSET   653 PM EDT


-  INDICATES NEGATIVE NUMBERS.
R  INDICATES RECORD WAS SET OR TIED.
MM INDICATES DATA IS MISSING.
T  INDICATES TRACE AMOUNT.




$$
