000
CDUS46 KLOX 280130
CLILGB


CLIMATE REPORT
NATIONAL WEATHER SERVICE LOS ANGELES/OXNARD CA
630 PM PDT FRI MAY 27 2016


...................................

...THE LONG BEACH AIRPORT CA CLIMATE SUMMARY FOR MAY 27 2016...
VALID TODAY AS OF 0600 PM LOCAL TIME.

CLIMATE NORMAL PERIOD 1981 TO 2010
CLIMATE RECORD PERIOD 1958 TO 2016


WEATHER ITEM   OBSERVED TIME   RECORD YEAR NORMAL DEPARTURE LAST
                VALUE   (LST)  VALUE       VALUE  FROM      YEAR
                                                  NORMAL
..................................................................
TEMPERATURE (F)
 TODAY
  MAXIMUM         73    344 PM  91    1997  74     -1       72
                                      1973
  MINIMUM         59    245 AM  49    1964  59      0       60
  AVERAGE         66                        66      0       66

PRECIPITATION (IN)
  TODAY            0.00          0.05 1971   0.00   0.00     0.00
  MONTH TO DATE    0.05                      0.19  -0.14     0.77
  SINCE OCT 1      4.98                     11.93  -6.95     7.85
  SINCE JAN 1      3.98                      8.35  -4.37     2.59

SNOWFALL (IN)
  TODAY            0.0
  MONTH TO DATE    0.0
  SINCE MAR 1      0.0
  SINCE JUL 1      0.0

DEGREE DAYS
 HEATING
  TODAY            0                         1     -1        0
  MONTH TO DATE   17                        36    -19       33
  SINCE MAR 1    151                       321   -170      111
  SINCE JUL 1    794                      1212   -418      534

 COOLING
  TODAY            1                         2     -1        1
  MONTH TO DATE   18                        54    -36       22
  SINCE MAR 1     87                        93     -6      212
  SINCE JAN 1    134                       101     33      249
..................................................................


WIND (MPH)
  HIGHEST WIND SPEED    15   HIGHEST WIND DIRECTION    NW (300)
  HIGHEST GUST SPEED    18   HIGHEST GUST DIRECTION    NW (300)
  AVERAGE WIND SPEED     5.7


SKY COVER
  POSSIBLE SUNSHINE  MM
  AVERAGE SKY COVER 0.5


WEATHER CONDITIONS
 THE FOLLOWING WEATHER WAS RECORDED TODAY.
  NO SIGNIFICANT WEATHER WAS OBSERVED.


RELATIVE HUMIDITY (PERCENT)
 HIGHEST    84          1200 AM
 LOWEST     57           100 PM
 AVERAGE    71

..........................................................


THE LONG BEACH AIRPORT CA CLIMATE NORMALS FOR TOMORROW
                         NORMAL    RECORD    YEAR
 MAXIMUM TEMPERATURE (F)   74       100      1973
 MINIMUM TEMPERATURE (F)   59        47      1962


SUNRISE AND SUNSET
MAY 27 2016...........SUNRISE   544 AM PDT   SUNSET   756 PM PDT
MAY 28 2016...........SUNRISE   544 AM PDT   SUNSET   756 PM PDT


-  INDICATES NEGATIVE NUMBERS.
R  INDICATES RECORD WAS SET OR TIED.
MM INDICATES DATA IS MISSING.
T  INDICATES TRACE AMOUNT.




$$
