000
CDUS46 KLOX 250909
CLILGB


CLIMATE REPORT
NATIONAL WEATHER SERVICE LOS ANGELES/OXNARD CA
208 AM PDT MON MAY 25 2015


...................................

...THE LONG BEACH AIRPORT CA CLIMATE SUMMARY FOR MAY 24 2015...

CLIMATE NORMAL PERIOD 1981 TO 2010
CLIMATE RECORD PERIOD 1958 TO 2015


WEATHER ITEM   OBSERVED TIME   RECORD YEAR NORMAL DEPARTURE LAST
                VALUE   (LST)  VALUE       VALUE  FROM      YEAR
                                                  NORMAL
..................................................................
TEMPERATURE (F)
 YESTERDAY
  MAXIMUM         70    424 PM  81    2006  74     -4       69
                                      1986
  MINIMUM         60   1159 PM  49    1960  59      1       62
  AVERAGE         65                        66     -1       66

PRECIPITATION (IN)
  YESTERDAY        0.00          0.08 1977   0.01  -0.01     0.00
  MONTH TO DATE    0.77                      0.18   0.59     0.00
  SINCE OCT 1      7.85                     11.92  -4.07     4.43
  SINCE JAN 1      2.59                      8.34  -5.75     3.19

SNOWFALL (IN)
  YESTERDAY        0.0
  MONTH TO DATE    0.0
  SINCE MAR 1      0.0
  SINCE JUL 1      0.0

DEGREE DAYS
 HEATING
  YESTERDAY        0                         1     -1        0
  MONTH TO DATE   32                        33     -1        7
  SINCE MAR 1    110                       318   -208      138
  SINCE JUL 1    533                      1209   -676      716

 COOLING
  YESTERDAY        0                         2     -2        1
  MONTH TO DATE   19                        48    -29      125
  SINCE MAR 1    209                        87    122      212
  SINCE JAN 1    246                        95    151      227
..................................................................


WIND (MPH)
  HIGHEST WIND SPEED    13   HIGHEST WIND DIRECTION     S (190)
  HIGHEST GUST SPEED    16   HIGHEST GUST DIRECTION     S (190)
  AVERAGE WIND SPEED     5.8


SKY COVER
  POSSIBLE SUNSHINE  MM
  AVERAGE SKY COVER 0.7


WEATHER CONDITIONS
 THE FOLLOWING WEATHER WAS RECORDED YESTERDAY.
  NO SIGNIFICANT WEATHER WAS OBSERVED.


RELATIVE HUMIDITY (PERCENT)
 HIGHEST    78          1000 PM
 LOWEST     53           100 PM
 AVERAGE    66

..........................................................


THE LONG BEACH AIRPORT CA CLIMATE NORMALS FOR TODAY
                         NORMAL    RECORD    YEAR
 MAXIMUM TEMPERATURE (F)   74        91      1974
 MINIMUM TEMPERATURE (F)   59        47      1980
                                             1962


SUNRISE AND SUNSET
MAY 25 2015...........SUNRISE   546 AM PDT   SUNSET   754 PM PDT
MAY 26 2015...........SUNRISE   545 AM PDT   SUNSET   754 PM PDT


-  INDICATES NEGATIVE NUMBERS.
R  INDICATES RECORD WAS SET OR TIED.
MM INDICATES DATA IS MISSING.
T  INDICATES TRACE AMOUNT.




$$
