000
CDUS46 KLOX 240929
CLILGB


CLIMATE REPORT
NATIONAL WEATHER SERVICE LOS ANGELES/OXNARD CA
129 AM PST FRI NOV 24 2017


...................................

...THE LONG BEACH AIRPORT CA CLIMATE SUMMARY FOR NOVEMBER 23 2017...

CLIMATE NORMAL PERIOD 1981 TO 2010
CLIMATE RECORD PERIOD 1958 TO 2017


WEATHER ITEM   OBSERVED TIME   RECORD YEAR NORMAL DEPARTURE LAST
                VALUE   (LST)  VALUE       VALUE  FROM      YEAR
                                                  NORMAL
..................................................................
TEMPERATURE (F)
 YESTERDAY
  MAXIMUM         94R  1219 PM  94    2017  70     24       70
  MINIMUM         61    651 AM  41    1999  49     12       50
                                      1958
  AVERAGE         78                        60     18       60

PRECIPITATION (IN)
  YESTERDAY        0.00          0.21 1988   0.04  -0.04     0.00
  MONTH TO DATE    0.04                      0.69  -0.65     0.80
  SINCE OCT 1      0.04                      1.32  -1.28     1.21
  SINCE JAN 1     14.94                     10.00   4.94     5.20

SNOWFALL (IN)
  YESTERDAY        0.0
  MONTH TO DATE    0.0
  SINCE SEP 1      0.0
  SINCE JUL 1      0.0

DEGREE DAYS
 HEATING
  YESTERDAY        0                         6     -6        5
  MONTH TO DATE   10                        82    -72       29
  SINCE SEP 1     10                       103    -93       32
  SINCE JUL 1     10                       103    -93       32

 COOLING
  YESTERDAY       13                         0     13        0
  MONTH TO DATE   54                        19     35       81
  SINCE SEP 1    558                       355    203      501
  SINCE JAN 1   1524                      1123    401     1445
..................................................................


WIND (MPH)
  HIGHEST WIND SPEED    15   HIGHEST WIND DIRECTION     W (290)
  HIGHEST GUST SPEED    17   HIGHEST GUST DIRECTION    NW (300)
  AVERAGE WIND SPEED     3.0


SKY COVER
  POSSIBLE SUNSHINE  MM
  AVERAGE SKY COVER 0.0


WEATHER CONDITIONS
 THE FOLLOWING WEATHER WAS RECORDED YESTERDAY.
  NO SIGNIFICANT WEATHER WAS OBSERVED.


RELATIVE HUMIDITY (PERCENT)
 HIGHEST    60          1100 PM
 LOWEST     18          1200 PM
 AVERAGE    39

..........................................................


THE LONG BEACH AIRPORT CA CLIMATE NORMALS FOR TODAY
                         NORMAL    RECORD    YEAR
 MAXIMUM TEMPERATURE (F)   70        91      1977
 MINIMUM TEMPERATURE (F)   49        40      1973


SUNRISE AND SUNSET
NOVEMBER 24 2017......SUNRISE   633 AM PST   SUNSET   445 PM PST
NOVEMBER 25 2017......SUNRISE   634 AM PST   SUNSET   445 PM PST


-  INDICATES NEGATIVE NUMBERS.
R  INDICATES RECORD WAS SET OR TIED.
MM INDICATES DATA IS MISSING.
T  INDICATES TRACE AMOUNT.




$$
