000
CDUS46 KLOX 010904
CLILGB


CLIMATE REPORT
NATIONAL WEATHER SERVICE LOS ANGELES/OXNARD CA
203 AM PDT WED OCT 1 2014


...................................

...THE LONG BEACH AIRPORT CA CLIMATE SUMMARY FOR SEPTEMBER 30 2014...

CLIMATE NORMAL PERIOD 1981 TO 2010
CLIMATE RECORD PERIOD 1958 TO 2014


WEATHER ITEM   OBSERVED TIME   RECORD YEAR NORMAL DEPARTURE LAST
                VALUE   (LST)  VALUE       VALUE  FROM      YEAR
                                                  NORMAL
..................................................................
TEMPERATURE (F)
 YESTERDAY
  MAXIMUM         87    253 PM 100    1992  79      8       80
  MINIMUM         63    635 AM  50    1965  61      2       57
  AVERAGE         75                        70      5       69

PRECIPITATION (IN)
  YESTERDAY        0.00          0.91 1983   0.01  -0.01     0.00
  MONTH TO DATE    0.11                      0.18  -0.07     0.00
  SINCE JUL 1      0.19                      0.24  -0.05     0.07
  SINCE JAN 1      3.38                      8.68  -5.30     2.94

SNOWFALL (IN)
  YESTERDAY        0.0
  MONTH TO DATE    0.0
  SINCE SEP 1      0.0
  SINCE JUL 1      0.0

DEGREE DAYS
 HEATING
  YESTERDAY        0                         0      0        0
  MONTH TO DATE    0                         0      0        0
  SINCE SEP 1      0                         1     -1        0
  SINCE JUL 1      0                         1     -1        0

 COOLING
  YESTERDAY       10                         6      4        4
  MONTH TO DATE  367                       231    136      284
  SINCE SEP 1    367                       231    136      284
  SINCE JAN 1   1437                       999    438     1094
..................................................................


WIND (MPH)
  HIGHEST WIND SPEED    14   HIGHEST WIND DIRECTION    NW (310)
  HIGHEST GUST SPEED    16   HIGHEST GUST DIRECTION     W (280)
  AVERAGE WIND SPEED     3.5


SKY COVER
  POSSIBLE SUNSHINE  MM
  AVERAGE SKY COVER 0.0


WEATHER CONDITIONS
 THE FOLLOWING WEATHER WAS RECORDED YESTERDAY.
  NO SIGNIFICANT WEATHER WAS OBSERVED.


RELATIVE HUMIDITY (PERCENT)
 HIGHEST    87           100 AM
 LOWEST     29           300 PM
 AVERAGE    58

..........................................................


THE LONG BEACH AIRPORT CA CLIMATE NORMALS FOR TODAY
                         NORMAL    RECORD    YEAR
 MAXIMUM TEMPERATURE (F)   79       101      1991
 MINIMUM TEMPERATURE (F)   61        51      1971


SUNRISE AND SUNSET
OCTOBER  1 2014.......SUNRISE   647 AM PDT   SUNSET   637 PM PDT
OCTOBER  2 2014.......SUNRISE   648 AM PDT   SUNSET   635 PM PDT


-  INDICATES NEGATIVE NUMBERS.
R  INDICATES RECORD WAS SET OR TIED.
MM INDICATES DATA IS MISSING.
T  INDICATES TRACE AMOUNT.




$$
