000
CDUS46 KLOX 260122
CLILGB


CLIMATE REPORT
NATIONAL WEATHER SERVICE LOS ANGELES/OXNARD CA
522 PM PST SUN JAN 25 2015


...................................

...THE LONG BEACH AIRPORT CA CLIMATE SUMMARY FOR JANUARY 25 2015...
VALID TODAY AS OF 0500 PM LOCAL TIME.

CLIMATE NORMAL PERIOD 1981 TO 2010
CLIMATE RECORD PERIOD 1958 TO 2015


WEATHER ITEM   OBSERVED TIME   RECORD YEAR NORMAL DEPARTURE LAST
                VALUE   (LST)  VALUE       VALUE  FROM      YEAR
                                                  NORMAL
..................................................................
TEMPERATURE (F)
 TODAY
  MAXIMUM         82    403 PM  85    2003  68     14       72
  MINIMUM         51    724 AM  37    1965  46      5       54
  AVERAGE         67                        57     10       63

PRECIPITATION (IN)
  TODAY            0.00          1.91 1969   0.08  -0.08     0.00
  MONTH TO DATE    0.75                      2.11  -1.36      T
  SINCE OCT 1      6.01                      5.69   0.32     1.24
  SINCE JAN 1      0.75                      2.11  -1.36      T

SNOWFALL (IN)
  TODAY            0.0
  MONTH TO DATE    0.0
  SINCE DEC 1      0.0
  SINCE JUL 1      0.0

DEGREE DAYS
 HEATING
  TODAY            0                         8     -8        2
  MONTH TO DATE  126                       208    -82       94
  SINCE DEC 1    308                       479   -171      312
  SINCE JUL 1    344                       628   -284      407

 COOLING
  TODAY            2                         0      2        0
  MONTH TO DATE    6                         0      6       15
  SINCE DEC 1     11                         1     10       27
  SINCE JAN 1      6                         0      6       15
..................................................................


WIND (MPH)
  HIGHEST WIND SPEED    17   HIGHEST WIND DIRECTION     E (100)
  HIGHEST GUST SPEED    22   HIGHEST GUST DIRECTION     E (90)
  AVERAGE WIND SPEED     5.1


SKY COVER
  POSSIBLE SUNSHINE  MM
  AVERAGE SKY COVER 0.0


WEATHER CONDITIONS
 THE FOLLOWING WEATHER WAS RECORDED TODAY.
  NO SIGNIFICANT WEATHER WAS OBSERVED.


RELATIVE HUMIDITY (PERCENT)
 HIGHEST    50           300 AM
 LOWEST     15           200 PM
 AVERAGE    33

..........................................................


THE LONG BEACH AIRPORT CA CLIMATE NORMALS FOR TOMORROW
                         NORMAL    RECORD    YEAR
 MAXIMUM TEMPERATURE (F)   68        87      2003
 MINIMUM TEMPERATURE (F)   47        37      1989


SUNRISE AND SUNSET
JANUARY 25 2015.......SUNRISE   654 AM PST   SUNSET   516 PM PST
JANUARY 26 2015.......SUNRISE   653 AM PST   SUNSET   517 PM PST


-  INDICATES NEGATIVE NUMBERS.
R  INDICATES RECORD WAS SET OR TIED.
MM INDICATES DATA IS MISSING.
T  INDICATES TRACE AMOUNT.




$$
