000
CDHW41 PHFO 271245
CLILIH


CLIMATE REPORT
NATIONAL WEATHER SERVICE HONOLULU HI
245 AM HST WED AUG 27 2014


...................................

...THE LIHUE HI CLIMATE SUMMARY FOR AUGUST 26 2014...

CLIMATE NORMAL PERIOD 1981 TO 2010
CLIMATE RECORD PERIOD 1946 TO 2014


WEATHER ITEM   OBSERVED TIME   RECORD YEAR NORMAL DEPARTURE LAST
                VALUE   (LST)  VALUE       VALUE  FROM      YEAR
                                                  NORMAL
..................................................................
TEMPERATURE (F)
 YESTERDAY
  MAXIMUM         85    136 PM  89    1981  85      0       86
  MINIMUM         76    932 PM  68    1979  75      1       78
                                      1955
  AVERAGE         81                        80      1       82

PRECIPITATION (IN)
  YESTERDAY        0.02          0.32 1980   0.07  -0.05     0.00
  MONTH TO DATE    3.75                      1.83   1.92     0.63
  SINCE JUN 1      8.33                      5.31   3.02     2.29
  SINCE JAN 1     24.12                     21.15   2.97    17.09

SNOWFALL (IN)
  YESTERDAY        0.0
  MONTH TO DATE    0.0
  SINCE JUN 1      0.0
  SINCE JUL 1      0.0
  SNOW DEPTH       0

DEGREE DAYS
 HEATING
  YESTERDAY        0                         0      0        0
  MONTH TO DATE    0                         0      0        0
  SINCE JUN 1      0                         0      0        0
  SINCE JUL 1      0                         0      0        0

 COOLING
  YESTERDAY       16                        15      1       17
  MONTH TO DATE  381                       389     -8      374
  SINCE JUN 1   1224                      1222      2     1137
  SINCE JAN 1   2445                      2461    -16     2219
..................................................................


WIND (MPH)
  HIGHEST WIND SPEED    21   HIGHEST WIND DIRECTION    NE (60)
  HIGHEST GUST SPEED    26   HIGHEST GUST DIRECTION    NE (40)
  AVERAGE WIND SPEED    15.3


SKY COVER
  POSSIBLE SUNSHINE  MM
  AVERAGE SKY COVER 0.6


WEATHER CONDITIONS
 THE FOLLOWING WEATHER WAS RECORDED YESTERDAY.
  LIGHT RAIN


RELATIVE HUMIDITY (PERCENT)
 HIGHEST    79           400 AM
 LOWEST     61          1200 PM
 AVERAGE    70

..........................................................


THE LIHUE HI CLIMATE NORMALS FOR TODAY
                         NORMAL    RECORD    YEAR
 MAXIMUM TEMPERATURE (F)   85        89      1981
 MINIMUM TEMPERATURE (F)   75        68      1979
                                             1964


SUNRISE AND SUNSET
AUGUST 27 2014........SUNRISE   619 AM HST   SUNSET   658 PM HST
AUGUST 28 2014........SUNRISE   619 AM HST   SUNSET   657 PM HST


-  INDICATES NEGATIVE NUMBERS.
R  INDICATES RECORD WAS SET OR TIED.
MM INDICATES DATA IS MISSING.
T  INDICATES TRACE AMOUNT.




$$
