000
CDHW41 PHFO 211245
CLILIH


CLIMATE REPORT
NATIONAL WEATHER SERVICE HONOLULU HI
245 AM HST MON APR 21 2014


...................................

...THE LIHUE HI CLIMATE SUMMARY FOR APRIL 20 2014...

CLIMATE NORMAL PERIOD 1981 TO 2010
CLIMATE RECORD PERIOD 1946 TO 2014


WEATHER ITEM   OBSERVED TIME   RECORD YEAR NORMAL DEPARTURE LAST
                VALUE   (LST)  VALUE       VALUE  FROM      YEAR
                                                  NORMAL
..................................................................
TEMPERATURE (F)
 YESTERDAY
  MAXIMUM         78    357 PM  84    1981  79     -1       MM
  MINIMUM         70    739 AM  58    1966  69      1       MM
  AVERAGE         74                        74      0       MM

PRECIPITATION (IN)
  YESTERDAY        0.04          1.15 2009   0.06  -0.02     0.00
  MONTH TO DATE    0.30                      1.64  -1.34     1.56
  SINCE MAR 1      2.23                      6.25  -4.02     5.85
  SINCE JAN 1     12.63                     13.16  -0.53    12.73

SNOWFALL (IN)
  YESTERDAY        0.0
  MONTH TO DATE    0.0
  SINCE MAR 1      0.0
  SINCE JUL 1      0.0
  SNOW DEPTH       0

DEGREE DAYS
 HEATING
  YESTERDAY        0                         0      0       MM
  MONTH TO DATE    0                         0      0        0
  SINCE MAR 1      0                         0      0        0
  SINCE JUL 1      0                         0      0        0

 COOLING
  YESTERDAY        9                         9      0       MM
  MONTH TO DATE  190                       179     11      139
  SINCE MAR 1    401                       418    -17      292
  SINCE JAN 1    777                       813    -36      679
..................................................................


WIND (MPH)
  HIGHEST WIND SPEED    26   HIGHEST WIND DIRECTION    NE (50)
  HIGHEST GUST SPEED    32   HIGHEST GUST DIRECTION    NE (50)
  AVERAGE WIND SPEED    18.7


SKY COVER
  POSSIBLE SUNSHINE  MM
  AVERAGE SKY COVER 0.7


WEATHER CONDITIONS
 THE FOLLOWING WEATHER WAS RECORDED YESTERDAY.
  RAIN
  LIGHT RAIN
  FOG
  HAZE


RELATIVE HUMIDITY (PERCENT)
 HIGHEST    93           900 PM
 LOWEST     69          1200 PM
 AVERAGE    81

..........................................................


THE LIHUE HI CLIMATE NORMALS FOR TODAY
                         NORMAL    RECORD    YEAR
 MAXIMUM TEMPERATURE (F)   79        85      1981
 MINIMUM TEMPERATURE (F)   69        57      1958


SUNRISE AND SUNSET
APRIL 21 2014.........SUNRISE   613 AM HST   SUNSET   700 PM HST
APRIL 22 2014.........SUNRISE   612 AM HST   SUNSET   700 PM HST


-  INDICATES NEGATIVE NUMBERS.
R  INDICATES RECORD WAS SET OR TIED.
MM INDICATES DATA IS MISSING.
T  INDICATES TRACE AMOUNT.




$$
