000
CDHW41 PHFO 291245
CLILIH


CLIMATE REPORT
NATIONAL WEATHER SERVICE HONOLULU HI
245 AM HST FRI APR 29 2016


...................................

...THE LIHUE HI CLIMATE SUMMARY FOR APRIL 28 2016...

CLIMATE NORMAL PERIOD 1981 TO 2010
CLIMATE RECORD PERIOD 1946 TO 2016


WEATHER ITEM   OBSERVED TIME   RECORD YEAR NORMAL DEPARTURE LAST
                VALUE   (LST)  VALUE       VALUE  FROM      YEAR
                                                  NORMAL
..................................................................
TEMPERATURE (F)
 YESTERDAY
  MAXIMUM         86R       MM  84    1978  80      6       80
                                      1956
  MINIMUM         78        MM  61    2004  69      9       71
  AVERAGE         82                        75      7       76

PRECIPITATION (IN)
  YESTERDAY        0.01          1.45 1954   0.06  -0.05     0.03
  MONTH TO DATE    0.79                      2.12  -1.33     1.39
  SINCE MAR 1      3.41                      6.73  -3.32     3.03
  SINCE JAN 1      4.58                     13.64  -9.06     4.94

SNOWFALL (IN)
  YESTERDAY        0.0
  MONTH TO DATE    0.0
  SINCE MAR 1      0.0
  SINCE JUL 1      0.0
  SNOW DEPTH       0

DEGREE DAYS
 HEATING
  YESTERDAY        0                         0      0        0
  MONTH TO DATE    0                         0      0        0
  SINCE MAR 1      0                         0      0        0
  SINCE JUL 1      0                         0      0        0

 COOLING
  YESTERDAY       17                         9      8       11
  MONTH TO DATE  302                       251     51      327
  SINCE MAR 1    537                       490     47      581
  SINCE JAN 1    992                       885    107     1037
..................................................................


WIND (MPH)
  HIGHEST WIND SPEED    20   HIGHEST WIND DIRECTION     E (70)
  HIGHEST GUST SPEED    30   HIGHEST GUST DIRECTION     E (70)
  AVERAGE WIND SPEED    15.1


SKY COVER
  POSSIBLE SUNSHINE  MM
  AVERAGE SKY COVER 0.7


WEATHER CONDITIONS
 THE FOLLOWING WEATHER WAS RECORDED YESTERDAY.
  LIGHT RAIN


RELATIVE HUMIDITY (PERCENT)
 HIGHEST    74          1200 AM
 LOWEST     55           300 PM
 AVERAGE    65

..........................................................


THE LIHUE HI CLIMATE NORMALS FOR TODAY
                         NORMAL    RECORD    YEAR
 MAXIMUM TEMPERATURE (F)   80        85      1978
 MINIMUM TEMPERATURE (F)   69        59      1995
                                             1958


SUNRISE AND SUNSET
APRIL 29 2016.........SUNRISE   607 AM HST   SUNSET   703 PM HST
APRIL 30 2016.........SUNRISE   606 AM HST   SUNSET   703 PM HST


-  INDICATES NEGATIVE NUMBERS.
R  INDICATES RECORD WAS SET OR TIED.
MM INDICATES DATA IS MISSING.
T  INDICATES TRACE AMOUNT.




$$
