000
CDHW41 PHFO 191245
CLILIH


CLIMATE REPORT
NATIONAL WEATHER SERVICE HONOLULU HI
245 AM HST FRI DEC 19 2014


...................................

...THE LIHUE HI CLIMATE SUMMARY FOR DECEMBER 18 2014...

CLIMATE NORMAL PERIOD 1981 TO 2010
CLIMATE RECORD PERIOD 1946 TO 2014


WEATHER ITEM   OBSERVED TIME   RECORD YEAR NORMAL DEPARTURE LAST
                VALUE   (LST)  VALUE       VALUE  FROM      YEAR
                                                  NORMAL
..................................................................
TEMPERATURE (F)
 YESTERDAY
  MAXIMUM         80   1211 PM  87    2005  79      1       78
  MINIMUM         71    539 AM  55    1954  67      4       66
  AVERAGE         76                        73      3       72

PRECIPITATION (IN)
  YESTERDAY        0.06          4.40 1971   0.19  -0.13     0.01
  MONTH TO DATE    0.41                      2.99  -2.58     5.05
  SINCE DEC 1      0.41                      2.99  -2.58     5.05
  SINCE JAN 1     30.92                     34.84  -3.92    36.48

SNOWFALL (IN)
  YESTERDAY        0.0
  MONTH TO DATE    0.0
  SINCE DEC 1      0.0
  SINCE JUL 1      0.0
  SNOW DEPTH       0

DEGREE DAYS
 HEATING
  YESTERDAY        0                         0      0        0
  MONTH TO DATE    0                         0      0        0
  SINCE DEC 1      0                         0      0        0
  SINCE JUL 1      0                         0      0        0

 COOLING
  YESTERDAY       11                         8      3        7
  MONTH TO DATE  137                       155    -18      167
  SINCE DEC 1    137                       155    -18      167
  SINCE JAN 1   3953                      3846    107     3592
..................................................................


WIND (MPH)
  HIGHEST WIND SPEED    25   HIGHEST WIND DIRECTION     E (80)
  HIGHEST GUST SPEED    33   HIGHEST GUST DIRECTION     E (80)
  AVERAGE WIND SPEED    16.1


SKY COVER
  POSSIBLE SUNSHINE  MM
  AVERAGE SKY COVER 0.9


WEATHER CONDITIONS
 THE FOLLOWING WEATHER WAS RECORDED YESTERDAY.
  LIGHT RAIN
  FOG
  HAZE


RELATIVE HUMIDITY (PERCENT)
 HIGHEST    87           400 PM
 LOWEST     67          1000 AM
 AVERAGE    77

..........................................................


THE LIHUE HI CLIMATE NORMALS FOR TODAY
                         NORMAL    RECORD    YEAR
 MAXIMUM TEMPERATURE (F)   79        84      1980
 MINIMUM TEMPERATURE (F)   67        59      1972
                                             1954


SUNRISE AND SUNSET
DECEMBER 19 2014......SUNRISE   711 AM HST   SUNSET   558 PM HST
DECEMBER 20 2014......SUNRISE   711 AM HST   SUNSET   559 PM HST


-  INDICATES NEGATIVE NUMBERS.
R  INDICATES RECORD WAS SET OR TIED.
MM INDICATES DATA IS MISSING.
T  INDICATES TRACE AMOUNT.




$$
