000
CDHW41 PHFO 271245
CLILIH


CLIMATE REPORT
NATIONAL WEATHER SERVICE HONOLULU HI
245 AM HST TUE SEP 27 2016


...................................

...THE LIHUE HI CLIMATE SUMMARY FOR SEPTEMBER 26 2016...

CLIMATE NORMAL PERIOD 1981 TO 2010
CLIMATE RECORD PERIOD 1946 TO 2016


WEATHER ITEM   OBSERVED TIME   RECORD YEAR NORMAL DEPARTURE LAST
                VALUE   (LST)  VALUE       VALUE  FROM      YEAR
                                                  NORMAL
..................................................................
TEMPERATURE (F)
 YESTERDAY
  MAXIMUM         86    143 PM  90    1993  85      1       84
  MINIMUM         77    700 AM  67    1967  74      3       77
                                      1965
  AVERAGE         82                        79      3       81

PRECIPITATION (IN)
  YESTERDAY        0.02          0.50 1997   0.09  -0.07     0.01
  MONTH TO DATE    0.49                      1.77  -1.28     4.77
  SINCE SEP 1      0.49                      1.77  -1.28     4.77
  SINCE JAN 1     11.23                     23.22 -11.99    21.92

SNOWFALL (IN)
  YESTERDAY        0.0
  MONTH TO DATE    0.0
  SINCE SEP 1      0.0
  SINCE JUL 1      0.0
  SNOW DEPTH       0

DEGREE DAYS
 HEATING
  YESTERDAY        0                         0      0        0
  MONTH TO DATE    0                         0      0        0
  SINCE SEP 1      0                         0      0        0
  SINCE JUL 1      0                         0      0        0

 COOLING
  YESTERDAY       17                        14      3       16
  MONTH TO DATE  435                       379     56      413
  SINCE SEP 1    435                       379     56      413
  SINCE JAN 1   3094                      2905    189     3191
..................................................................


WIND (MPH)
  HIGHEST WIND SPEED    24   HIGHEST WIND DIRECTION     E (70)
  HIGHEST GUST SPEED    32   HIGHEST GUST DIRECTION    NE (60)
  AVERAGE WIND SPEED    16.9


SKY COVER
  POSSIBLE SUNSHINE  MM
  AVERAGE SKY COVER 0.5


WEATHER CONDITIONS
 THE FOLLOWING WEATHER WAS RECORDED YESTERDAY.
  LIGHT RAIN
  HAZE


RELATIVE HUMIDITY (PERCENT)
 HIGHEST    82           200 AM
 LOWEST     61          1100 AM
 AVERAGE    72

..........................................................


THE LIHUE HI CLIMATE NORMALS FOR TODAY
                         NORMAL    RECORD    YEAR
 MAXIMUM TEMPERATURE (F)   85        88      1981
 MINIMUM TEMPERATURE (F)   74        66      1977


SUNRISE AND SUNSET
SEPTEMBER 27 2016.....SUNRISE   628 AM HST   SUNSET   628 PM HST
SEPTEMBER 28 2016.....SUNRISE   628 AM HST   SUNSET   627 PM HST


-  INDICATES NEGATIVE NUMBERS.
R  INDICATES RECORD WAS SET OR TIED.
MM INDICATES DATA IS MISSING.
T  INDICATES TRACE AMOUNT.




$$
