000
CDHW41 PHFO 291245
CLILIH


CLIMATE REPORT
NATIONAL WEATHER SERVICE HONOLULU HI
245 AM HST SAT AUG 29 2015


...................................

...THE LIHUE HI CLIMATE SUMMARY FOR AUGUST 28 2015...

CLIMATE NORMAL PERIOD 1981 TO 2010
CLIMATE RECORD PERIOD 1946 TO 2015


WEATHER ITEM   OBSERVED TIME   RECORD YEAR NORMAL DEPARTURE LAST
                VALUE   (LST)  VALUE       VALUE  FROM      YEAR
                                                  NORMAL
..................................................................
TEMPERATURE (F)
 YESTERDAY
  MAXIMUM         87    313 PM  89    2013  85      2       85
  MINIMUM         75    812 AM  68    2013  75      0       76
                                      1979
                                      1964
  AVERAGE         81                        80      1       81

PRECIPITATION (IN)
  YESTERDAY        1.37R         0.32 2011   0.06   1.31      T
  MONTH TO DATE    8.76                      1.95   6.81     3.75
  SINCE JUN 1     10.50                      5.43   5.07     8.33
  SINCE JAN 1     16.39                     21.27  -4.88    24.12

SNOWFALL (IN)
  YESTERDAY        0.0
  MONTH TO DATE    0.0
  SINCE JUN 1      0.0
  SINCE JUL 1      0.0
  SNOW DEPTH       0

DEGREE DAYS
 HEATING
  YESTERDAY        0                         0      0        0
  MONTH TO DATE    0                         0      0        0
  SINCE JUN 1      0                         0      0        0
  SINCE JUL 1      0                         0      0        0

 COOLING
  YESTERDAY       16                        15      1       16
  MONTH TO DATE  466                       419     47      412
  SINCE JUN 1   1354                      1252    102     1255
  SINCE JAN 1   2777                      2491    286     2476
..................................................................


WIND (MPH)
  HIGHEST WIND SPEED    16   HIGHEST WIND DIRECTION     N (20)
  HIGHEST GUST SPEED    18   HIGHEST GUST DIRECTION    NW (310)
  AVERAGE WIND SPEED     7.7


SKY COVER
  POSSIBLE SUNSHINE  MM
  AVERAGE SKY COVER 0.6


WEATHER CONDITIONS
 THE FOLLOWING WEATHER WAS RECORDED YESTERDAY.
  HEAVY RAIN
  RAIN
  LIGHT RAIN
  FOG


RELATIVE HUMIDITY (PERCENT)
 HIGHEST   100           200 AM
 LOWEST     77           200 PM
 AVERAGE    89

..........................................................


THE LIHUE HI CLIMATE NORMALS FOR TODAY
                         NORMAL    RECORD    YEAR
 MAXIMUM TEMPERATURE (F)   85        88      1996
                                             1987
                                             1981
 MINIMUM TEMPERATURE (F)   75        67      1964


SUNRISE AND SUNSET
AUGUST 29 2015........SUNRISE   620 AM HST   SUNSET   657 PM HST
AUGUST 30 2015........SUNRISE   620 AM HST   SUNSET   656 PM HST


-  INDICATES NEGATIVE NUMBERS.
R  INDICATES RECORD WAS SET OR TIED.
MM INDICATES DATA IS MISSING.
T  INDICATES TRACE AMOUNT.




$$
