000
CDHW41 PHFO 031245
CLILIH


CLIMATE REPORT
NATIONAL WEATHER SERVICE HONOLULU HI
245 AM HST TUE MAR 3 2015


...................................

...THE LIHUE HI CLIMATE SUMMARY FOR MARCH 2 2015...

CLIMATE NORMAL PERIOD 1981 TO 2010
CLIMATE RECORD PERIOD 1946 TO 2015


WEATHER ITEM   OBSERVED TIME   RECORD YEAR NORMAL DEPARTURE LAST
                VALUE   (LST)  VALUE       VALUE  FROM      YEAR
                                                  NORMAL
..................................................................
TEMPERATURE (F)
 YESTERDAY
  MAXIMUM         83R   108 PM  83    1994  78      5       72
  MINIMUM         72   1157 PM  56    1991  66      6       63
  AVERAGE         78                        72      6       68

PRECIPITATION (IN)
  YESTERDAY        0.09          4.05 1960   0.15  -0.06     0.17
  MONTH TO DATE    0.09                      0.29  -0.20     0.17
  SINCE MAR 1      0.09                      0.29  -0.20     0.17
  SINCE JAN 1      2.00                      7.20  -5.20    10.57

SNOWFALL (IN)
  YESTERDAY        0.0
  MONTH TO DATE    0.0
  SINCE MAR 1      0.0
  SINCE JUL 1      0.0
  SNOW DEPTH       0

DEGREE DAYS
 HEATING
  YESTERDAY        0                         0      0        0
  MONTH TO DATE    0                         0      0        0
  SINCE MAR 1      0                         0      0        0
  SINCE JUL 1      0                         0      0        0

 COOLING
  YESTERDAY       13                         7      6        3
  MONTH TO DATE   22                        14      8       11
  SINCE MAR 1     22                        14      8       11
  SINCE JAN 1    478                       409     69      387
..................................................................


WIND (MPH)
  HIGHEST WIND SPEED    22   HIGHEST WIND DIRECTION    NE (60)
  HIGHEST GUST SPEED    25   HIGHEST GUST DIRECTION    NE (60)
  AVERAGE WIND SPEED    16.5


SKY COVER
  POSSIBLE SUNSHINE  MM
  AVERAGE SKY COVER 0.5


WEATHER CONDITIONS
 THE FOLLOWING WEATHER WAS RECORDED YESTERDAY.
  RAIN
  LIGHT RAIN
  FOG


RELATIVE HUMIDITY (PERCENT)
 HIGHEST    90          1100 PM
 LOWEST     58          1200 PM
 AVERAGE    74

..........................................................


THE LIHUE HI CLIMATE NORMALS FOR TODAY
                         NORMAL    RECORD    YEAR
 MAXIMUM TEMPERATURE (F)   78        84      1986
 MINIMUM TEMPERATURE (F)   66        58      1978
                                             1959


SUNRISE AND SUNSET
MARCH  3 2015.........SUNRISE   657 AM HST   SUNSET   642 PM HST
MARCH  4 2015.........SUNRISE   656 AM HST   SUNSET   643 PM HST


-  INDICATES NEGATIVE NUMBERS.
R  INDICATES RECORD WAS SET OR TIED.
MM INDICATES DATA IS MISSING.
T  INDICATES TRACE AMOUNT.




$$
