000
CDUS44 KLZK 250658
CLILIT


CLIMATE REPORT
NATIONAL WEATHER SERVICE LITTLE ROCK AR
157 AM CDT MON JUL 25 2016


...................................

...THE LITTLE ROCK ADAMS FIELD CLIMATE SUMMARY FOR JULY 24 2016...

CLIMATE NORMAL PERIOD 1981 TO 2010
CLIMATE RECORD PERIOD 1874 TO 2016


WEATHER ITEM   OBSERVED TIME   RECORD YEAR NORMAL DEPARTURE LAST
                VALUE   (LST)  VALUE       VALUE  FROM      YEAR
                                                  NORMAL
..................................................................
TEMPERATURE (F)
 YESTERDAY
  MAXIMUM         95    456 PM 103    1954  93      2       99
                                      1934
  MINIMUM         77    254 AM  62    1970  74      3       79
                                      1947
  AVERAGE         86                        83      3       89

PRECIPITATION (IN)
  YESTERDAY        0.00          2.60 1951   0.10  -0.10     0.00
  MONTH TO DATE    6.63                      2.60   4.03     4.76
  SINCE JUN 1      8.46                      6.25   2.21     7.52
  SINCE JAN 1     37.65                     28.15   9.50    37.31

SNOWFALL (IN)
  YESTERDAY        0.0          MM      MM   0.0    0.0      0.0
  MONTH TO DATE    0.0                       0.0    0.0      0.0
  SINCE JUN 1      0.0                       0.0    0.0      0.0
  SINCE JUL 1      0.0                       0.0    0.0      0.0
  SNOW DEPTH       0

DEGREE DAYS
 HEATING
  YESTERDAY        0                         0      0        0
  MONTH TO DATE    0                         0      0        0
  SINCE JUN 1      0                         0      0        0
  SINCE JUL 1      0                         0      0        0

 COOLING
  YESTERDAY       21                        18      3       24
  MONTH TO DATE  510                       425     85      461
  SINCE JUN 1   1050                       850    200      949
  SINCE JAN 1   1324                      1131    193     1279
..................................................................


WIND (MPH)
  HIGHEST WIND SPEED    17   HIGHEST WIND DIRECTION     W (250)
  HIGHEST GUST SPEED    22   HIGHEST GUST DIRECTION     W (250)
  AVERAGE WIND SPEED     4.1


SKY COVER
  POSSIBLE SUNSHINE  MM
  AVERAGE SKY COVER 0.8


WEATHER CONDITIONS
 THE FOLLOWING WEATHER WAS RECORDED YESTERDAY.
  THUNDERSTORM


RELATIVE HUMIDITY (PERCENT)
 HIGHEST    85           400 AM
 LOWEST     52          1200 PM
 AVERAGE    69

..........................................................


THE LITTLE ROCK ADAMS FIELD CLIMATE NORMALS FOR TODAY
                         NORMAL    RECORD    YEAR
 MAXIMUM TEMPERATURE (F)   93       103      1972
 MINIMUM TEMPERATURE (F)   74        61      2000


SUNRISE AND SUNSET
JULY 25 2016..........SUNRISE   614 AM CDT   SUNSET   816 PM CDT
JULY 26 2016..........SUNRISE   615 AM CDT   SUNSET   816 PM CDT


-  INDICATES NEGATIVE NUMBERS.
R  INDICATES RECORD WAS SET OR TIED.
MM INDICATES DATA IS MISSING.
T  INDICATES TRACE AMOUNT.




$$
