000
CDUS44 KLZK 282205
CLILIT


CLIMATE REPORT
NATIONAL WEATHER SERVICE LITTLE ROCK AR
405 PM CST WED JAN 28 2015


...................................

...THE LITTLE ROCK ADAMS FIELD CLIMATE SUMMARY FOR JANUARY 28 2015...
VALID TODAY AS OF 0400 PM LOCAL TIME.

CLIMATE NORMAL PERIOD 1981 TO 2010
CLIMATE RECORD PERIOD 1874 TO 2015


WEATHER ITEM   OBSERVED TIME   RECORD YEAR NORMAL DEPARTURE LAST
                VALUE   (LST)  VALUE       VALUE  FROM      YEAR
                                                  NORMAL
..................................................................
TEMPERATURE (F)
 TODAY
  MAXIMUM         62    159 PM  78    1975  52     10       33
  MINIMUM         35    712 AM   8    1963  31      4       18
  AVERAGE         49                        41      8       26

PRECIPITATION (IN)
  TODAY            0.00          2.43 1916   0.11  -0.11      T
  MONTH TO DATE    2.97                      3.21  -0.24     2.34
  SINCE DEC 1      6.13                      8.18  -2.05     9.28
  SINCE JAN 1      2.97                      3.21  -0.24     2.34

SNOWFALL (IN)
  TODAY            0.0           5.5  1966   0.0    0.0       T
  MONTH TO DATE    T                         1.4   -1.4       T
  SINCE DEC 1      T                         1.6   -1.6      1.3
  SINCE JUL 1      0.1                       1.6   -1.5      1.3
  SNOW DEPTH       0

DEGREE DAYS
 HEATING
  TODAY           16                        24     -8       39
  MONTH TO DATE  669                       672     -3      748
  SINCE DEC 1   1274                      1355    -81     1434
  SINCE JUL 1   1845                      1869    -24     2018

 COOLING
  TODAY            0                         0      0        0
  MONTH TO DATE    0                         0      0        0
  SINCE DEC 1      0                         2     -2        5
  SINCE JAN 1      0                         0      0        0
..................................................................


WIND (MPH)
  HIGHEST WIND SPEED    14   HIGHEST WIND DIRECTION    SE (120)
  HIGHEST GUST SPEED    17   HIGHEST GUST DIRECTION     S (160)
  AVERAGE WIND SPEED     5.4


SKY COVER
  POSSIBLE SUNSHINE  MM
  AVERAGE SKY COVER 0.2


WEATHER CONDITIONS
 THE FOLLOWING WEATHER WAS RECORDED TODAY.
  NO SIGNIFICANT WEATHER WAS OBSERVED.


RELATIVE HUMIDITY (PERCENT)
 HIGHEST    92           700 AM
 LOWEST     36           100 PM
 AVERAGE    64

..........................................................


THE LITTLE ROCK ADAMS FIELD CLIMATE NORMALS FOR TOMORROW
                         NORMAL    RECORD    YEAR
 MAXIMUM TEMPERATURE (F)   52        78      1975
 MINIMUM TEMPERATURE (F)   31         7      1966


SUNRISE AND SUNSET
JANUARY 28 2015.......SUNRISE   710 AM CST   SUNSET   534 PM CST
JANUARY 29 2015.......SUNRISE   709 AM CST   SUNSET   535 PM CST


-  INDICATES NEGATIVE NUMBERS.
R  INDICATES RECORD WAS SET OR TIED.
MM INDICATES DATA IS MISSING.
T  INDICATES TRACE AMOUNT.




$$
