000
CDUS44 KLZK 230909
CLILIT


CLIMATE REPORT
NATIONAL WEATHER SERVICE LITTLE ROCK AR
409 AM CDT WED APR 23 2014


...................................

...THE LITTLE ROCK ADAMS FIELD CLIMATE SUMMARY FOR APRIL 22 2014...

CLIMATE NORMAL PERIOD 1981 TO 2010
CLIMATE RECORD PERIOD 1874 TO 2014


WEATHER ITEM   OBSERVED TIME   RECORD YEAR NORMAL DEPARTURE LAST
                VALUE   (LST)  VALUE       VALUE  FROM      YEAR
                                                  NORMAL
..................................................................
TEMPERATURE (F)
 YESTERDAY
  MAXIMUM         81    421 PM  92    1955  75      6       75
  MINIMUM         56   1146 PM  38    1927  53      3       45
  AVERAGE         69                        64      5       60

PRECIPITATION (IN)
  YESTERDAY        0.00          2.47 1985   0.18  -0.18     0.00
  MONTH TO DATE    4.13                      3.70   0.43     3.03
  SINCE MAR 1      9.42                      8.38   1.04     7.60
  SINCE JAN 1     14.99                     15.59  -0.60    17.16

SNOWFALL (IN)
  YESTERDAY        0.0          MM      MM   0.0    0.0      0.0
  MONTH TO DATE    T                         0.0    0.0      0.0
  SINCE MAR 1      2.2                       0.4    1.8       T
  SINCE JUL 1      6.2                       3.5    2.7     10.6
  SNOW DEPTH       0

DEGREE DAYS
 HEATING
  YESTERDAY        0                         3     -3        5
  MONTH TO DATE  130                       125      5      158
  SINCE MAR 1    625                       500    125      651
  SINCE JUL 1   3398                      3013    385     2937

 COOLING
  YESTERDAY        4                         2      2        0
  MONTH TO DATE   38                        34      4       44
  SINCE MAR 1     38                        48    -10       47
  SINCE JAN 1     38                        50    -12       52
..................................................................


WIND (MPH)
  HIGHEST WIND SPEED    16   HIGHEST WIND DIRECTION     N (10)
  HIGHEST GUST SPEED    23   HIGHEST GUST DIRECTION    NW (320)
  AVERAGE WIND SPEED     6.0


SKY COVER
  POSSIBLE SUNSHINE  MM
  AVERAGE SKY COVER 0.4


WEATHER CONDITIONS
 THE FOLLOWING WEATHER WAS RECORDED YESTERDAY.
  FOG
  FOG W/VISIBILITY <= 1/4 MILE
  HAZE


RELATIVE HUMIDITY (PERCENT)
 HIGHEST    93          1200 AM
 LOWEST     23           300 PM
 AVERAGE    58

..........................................................


THE LITTLE ROCK ADAMS FIELD CLIMATE NORMALS FOR TODAY
                         NORMAL    RECORD    YEAR
 MAXIMUM TEMPERATURE (F)   75        90      2009
 MINIMUM TEMPERATURE (F)   53        40      1982


SUNRISE AND SUNSET
APRIL 23 2014.........SUNRISE   627 AM CDT   SUNSET   748 PM CDT
APRIL 24 2014.........SUNRISE   626 AM CDT   SUNSET   748 PM CDT


-  INDICATES NEGATIVE NUMBERS.
R  INDICATES RECORD WAS SET OR TIED.
MM INDICATES DATA IS MISSING.
T  INDICATES TRACE AMOUNT.




$$
