000
CDUS45 KPIH 302342
CLILLJ


CLIMATE REPORT
NATIONAL WEATHER SERVICE POCATELLO ID
537 PM MDT SAT MAY 30 2015


...................................

...THE CHALLIS ID CLIMATE SUMMARY FOR MAY 30 2015...
VALID TODAY AS OF 0500 PM LOCAL TIME.

CLIMATE NORMAL PERIOD 1981 TO 2010
CLIMATE RECORD PERIOD 1898 TO 2015


WEATHER ITEM   OBSERVED TIME   RECORD YEAR NORMAL DEPARTURE LAST
                VALUE   (LST)  VALUE       VALUE  FROM      YEAR
                                                  NORMAL
..................................................................
TEMPERATURE (F)
 TODAY
  MAXIMUM         68   1158 AM  90    2003  70     -2       77
  MINIMUM         45    328 AM  27    1898  42      3       36
  AVERAGE         57                        56      1       57

PRECIPITATION (IN)
  TODAY            0.07          0.81 1988   0.06   0.01     0.00
  MONTH TO DATE    1.01                      1.43  -0.42     0.11
  SINCE OCT 1      4.05                      6.02  -1.97     3.48
  SINCE JAN 1      2.26                      4.09  -1.83     2.75

SNOWFALL (IN)
  TODAY           MM
  MONTH TO DATE   MM
  SINCE MAR 1     MM
  SINCE JUL 1     MM
  SNOW DEPTH      MM

DEGREE DAYS
 HEATING
  TODAY            8                         9     -1        8
  MONTH TO DATE  339                       396    -57      327
  SINCE MAR 1   1663                      1938   -275     1815
  SINCE JUL 1   6801                      7987  -1186     7564

 COOLING
  TODAY            0                         0      0        0
  MONTH TO DATE    0                         0      0        0
  SINCE MAR 1      0                         0      0        0
  SINCE JAN 1      0                         0      0        0
..................................................................


WIND (MPH)
  HIGHEST WIND SPEED    14   HIGHEST WIND DIRECTION     W (270)
  HIGHEST GUST SPEED    17   HIGHEST GUST DIRECTION    NW (310)
  AVERAGE WIND SPEED     3.4


SKY COVER
  POSSIBLE SUNSHINE  MM
  AVERAGE SKY COVER 0.5


WEATHER CONDITIONS
 THE FOLLOWING WEATHER WAS RECORDED TODAY.
  RAIN
  LIGHT RAIN


RELATIVE HUMIDITY (PERCENT)
 HIGHEST    93           700 AM
 LOWEST     45          1200 PM
 AVERAGE    69

..........................................................


THE CHALLIS ID CLIMATE NORMALS FOR TOMORROW
                         NORMAL    RECORD    YEAR
 MAXIMUM TEMPERATURE (F)   70        90      1986
 MINIMUM TEMPERATURE (F)   42        29      1919


SUNRISE AND SUNSET
MAY 30 2015...........SUNRISE   556 AM MDT   SUNSET   913 PM MDT
MAY 31 2015...........SUNRISE   556 AM MDT   SUNSET   914 PM MDT


-  INDICATES NEGATIVE NUMBERS.
R  INDICATES RECORD WAS SET OR TIED.
MM INDICATES DATA IS MISSING.
T  INDICATES TRACE AMOUNT.




$$
