000
CDUS45 KPIH 280731
CLILLJ


CLIMATE REPORT
NATIONAL WEATHER SERVICE POCATELLO ID
129 AM MDT WED JUN 28 2017


...................................

...THE CHALLIS ID CLIMATE SUMMARY FOR JUNE 27 2017...

CLIMATE NORMAL PERIOD 1981 TO 2010
CLIMATE RECORD PERIOD 1898 TO 2017


WEATHER ITEM   OBSERVED TIME   RECORD YEAR NORMAL DEPARTURE LAST
                VALUE   (LST)  VALUE       VALUE  FROM      YEAR
                                                  NORMAL
..................................................................
TEMPERATURE (F)
 YESTERDAY
  MAXIMUM         80    225 PM  95    2015  80      0       93
  MINIMUM         51    539 AM  27    1915  48      3       47
                                      1969
  AVERAGE         66                        64      2       70

PRECIPITATION (IN)
  YESTERDAY        0.03          0.41 1952   0.04  -0.01     0.00
  MONTH TO DATE    1.05                      1.50  -0.45     0.14
  SINCE OCT 1      8.89                      7.57   1.32     5.50
  SINCE JAN 1      5.48                      5.64  -0.16     3.16

SNOWFALL (IN)
  YESTERDAY       MM
  MONTH TO DATE   MM
  SINCE JUN 1     MM
  SINCE JUL 1     MM
  SNOW DEPTH      MM

DEGREE DAYS
 HEATING
  YESTERDAY        0                         3     -3        0
  MONTH TO DATE  119                       159    -40       73
  SINCE JUN 1    119                       159    -40       73
  SINCE JUL 1   8346                      8155    191     7697

 COOLING
  YESTERDAY        1                         1      0        5
  MONTH TO DATE   36                        15     21       41
  SINCE JUN 1     36                        15     21       41
  SINCE JAN 1     38                        17     21       41
..................................................................


WIND (MPH)
  HIGHEST WIND SPEED    32   HIGHEST WIND DIRECTION    NW (300)
  HIGHEST GUST SPEED    42   HIGHEST GUST DIRECTION    NW (300)
  AVERAGE WIND SPEED     7.6


SKY COVER
  POSSIBLE SUNSHINE  MM
  AVERAGE SKY COVER 0.3


WEATHER CONDITIONS
 THE FOLLOWING WEATHER WAS RECORDED YESTERDAY.
  THUNDERSTORM
  LIGHT RAIN


RELATIVE HUMIDITY (PERCENT)
 HIGHEST    72           200 AM
 LOWEST     26           200 PM
 AVERAGE    49

..........................................................


THE CHALLIS ID CLIMATE NORMALS FOR TODAY
                         NORMAL    RECORD    YEAR
 MAXIMUM TEMPERATURE (F)   80       100      2015
 MINIMUM TEMPERATURE (F)   48        33      1975


SUNRISE AND SUNSET
JUNE 28 2017..........SUNRISE   555 AM MDT   SUNSET   926 PM MDT
JUNE 29 2017..........SUNRISE   555 AM MDT   SUNSET   926 PM MDT


-  INDICATES NEGATIVE NUMBERS.
R  INDICATES RECORD WAS SET OR TIED.
MM INDICATES DATA IS MISSING.
T  INDICATES TRACE AMOUNT.




$$
