000
CDUS45 KPIH 190732
CLILLJ


CLIMATE REPORT
NATIONAL WEATHER SERVICE POCATELLO ID
1230 AM MST MON FEB 19 2018


...................................

...THE CHALLIS ID CLIMATE SUMMARY FOR FEBRUARY 18 2018...

CLIMATE NORMAL PERIOD 1981 TO 2010
CLIMATE RECORD PERIOD 1898 TO 2018


WEATHER ITEM   OBSERVED TIME   RECORD YEAR NORMAL DEPARTURE LAST
                VALUE   (LST)  VALUE       VALUE  FROM      YEAR
                                                  NORMAL
..................................................................
TEMPERATURE (F)
 YESTERDAY
  MAXIMUM         37   1210 PM  55    1977  37      0       42
  MINIMUM         15   1125 PM -23    1942  15      0       28
  AVERAGE         26                        26      0       35

PRECIPITATION (IN)
  YESTERDAY        0.10          0.39 1986   0.02   0.08     0.01
  MONTH TO DATE    0.19                      0.38  -0.19     0.59
  SINCE OCT 1      1.53                      2.82  -1.29     5.50
  SINCE JAN 1      0.39                      0.89  -0.50     2.09

SNOWFALL (IN)
  YESTERDAY       MM
  MONTH TO DATE   MM
  SINCE DEC 1     MM
  SINCE JUL 1     MM
  SNOW DEPTH      MM

DEGREE DAYS
 HEATING
  YESTERDAY       39                        39      0       30
  MONTH TO DATE  543                       755   -212      677
  SINCE DEC 1   2934                      3634   -700     4278
  SINCE JUL 1   4840                      5677   -837     6065

 COOLING
  YESTERDAY        0                         0      0        0
  MONTH TO DATE    0                         0      0        0
  SINCE DEC 1      0                         0      0        0
  SINCE JAN 1      0                         0      0        0
..................................................................


WIND (MPH)
  HIGHEST WIND SPEED    22   HIGHEST WIND DIRECTION     W (260)
  HIGHEST GUST SPEED    28   HIGHEST GUST DIRECTION     W (260)
  AVERAGE WIND SPEED     5.1


SKY COVER
  POSSIBLE SUNSHINE  MM
  AVERAGE SKY COVER 0.6


WEATHER CONDITIONS
 THE FOLLOWING WEATHER WAS RECORDED YESTERDAY.
  HEAVY SNOW
  LIGHT SNOW
  FOG
  HAZE


RELATIVE HUMIDITY (PERCENT)
 HIGHEST    96           100 AM
 LOWEST     43           400 PM
 AVERAGE    70

..........................................................


THE CHALLIS ID CLIMATE NORMALS FOR TODAY
                         NORMAL    RECORD    YEAR
 MAXIMUM TEMPERATURE (F)   37        60      1981
 MINIMUM TEMPERATURE (F)   15       -17      1942


SUNRISE AND SUNSET
FEBRUARY 19 2018......SUNRISE   731 AM MST   SUNSET   611 PM MST
FEBRUARY 20 2018......SUNRISE   729 AM MST   SUNSET   613 PM MST


-  INDICATES NEGATIVE NUMBERS.
R  INDICATES RECORD WAS SET OR TIED.
MM INDICATES DATA IS MISSING.
T  INDICATES TRACE AMOUNT.




$$
