000
CDUS45 KPIH 270735
CLILLJ


CLIMATE REPORT
NATIONAL WEATHER SERVICE POCATELLO ID
133 AM MDT TUE SEP 27 2016


...................................

...THE CHALLIS ID CLIMATE SUMMARY FOR SEPTEMBER 26 2016...

CLIMATE NORMAL PERIOD 1981 TO 2010
CLIMATE RECORD PERIOD 1898 TO 2016


WEATHER ITEM   OBSERVED TIME   RECORD YEAR NORMAL DEPARTURE LAST
                VALUE   (LST)  VALUE       VALUE  FROM      YEAR
                                                  NORMAL
..................................................................
TEMPERATURE (F)
 YESTERDAY
  MAXIMUM         78    419 PM  86    2009  68     10       84
                                      1928
  MINIMUM         39    642 AM  20    1926  36      3       47
  AVERAGE         59                        52      7       66

PRECIPITATION (IN)
  YESTERDAY        0.00          0.42 2014   0.02  -0.02     0.00
  MONTH TO DATE    0.39                      0.67  -0.28     0.89
  SINCE OCT 1      6.21                      9.99  -3.78     6.67
  SINCE JAN 1      3.87                      8.06  -4.19     4.88

SNOWFALL (IN)
  YESTERDAY       MM
  MONTH TO DATE   MM
  SINCE SEP 1     MM
  SINCE JUL 1     MM
  SNOW DEPTH      MM

DEGREE DAYS
 HEATING
  YESTERDAY        6                        13     -7        0
  MONTH TO DATE  250                       222     28      156
  SINCE SEP 1    250                       222     28      156
  SINCE JUL 1    312                       295     17      219

 COOLING
  YESTERDAY        0                         0      0        1
  MONTH TO DATE    4                         4      0        8
  SINCE SEP 1      4                         4      0        8
  SINCE JAN 1    277                       246     31      315
..................................................................


WIND (MPH)
  HIGHEST WIND SPEED     9   HIGHEST WIND DIRECTION    SE (140)
  HIGHEST GUST SPEED    11   HIGHEST GUST DIRECTION    SE (150)
  AVERAGE WIND SPEED     1.6


SKY COVER
  POSSIBLE SUNSHINE  MM
  AVERAGE SKY COVER 0.0


WEATHER CONDITIONS
 THE FOLLOWING WEATHER WAS RECORDED YESTERDAY.
  HAZE


RELATIVE HUMIDITY (PERCENT)
 HIGHEST    85           700 AM
 LOWEST     19           300 PM
 AVERAGE    52

..........................................................


THE CHALLIS ID CLIMATE NORMALS FOR TODAY
                         NORMAL    RECORD    YEAR
 MAXIMUM TEMPERATURE (F)   68        84      2011
                                             1978
 MINIMUM TEMPERATURE (F)   36        23      1924


SUNRISE AND SUNSET
SEPTEMBER 27 2016.....SUNRISE   731 AM MDT   SUNSET   724 PM MDT
SEPTEMBER 28 2016.....SUNRISE   732 AM MDT   SUNSET   722 PM MDT


-  INDICATES NEGATIVE NUMBERS.
R  INDICATES RECORD WAS SET OR TIED.
MM INDICATES DATA IS MISSING.
T  INDICATES TRACE AMOUNT.




$$
