000
CDUS45 KPIH 220748
CLILLJ


CLIMATE REPORT
NATIONAL WEATHER SERVICE POCATELLO ID
1242 AM MST WED FEB 22 2017


...................................

...THE CHALLIS ID CLIMATE SUMMARY FOR FEBRUARY 21 2017...

CLIMATE NORMAL PERIOD 1981 TO 2010
CLIMATE RECORD PERIOD 1898 TO 2017


WEATHER ITEM   OBSERVED TIME   RECORD YEAR NORMAL DEPARTURE LAST
                VALUE   (LST)  VALUE       VALUE  FROM      YEAR
                                                  NORMAL
..................................................................
TEMPERATURE (F)
 YESTERDAY
  MAXIMUM         40   1236 PM  57    1961  38      2       39
  MINIMUM         29   1134 PM  -2    1940  16     13       19
  AVERAGE         35                        27      8       29

PRECIPITATION (IN)
  YESTERDAY        0.18          0.30 1929   0.02   0.16     0.00
  MONTH TO DATE    0.97                      0.44   0.53     0.08
  SINCE OCT 1      5.88                      2.88   3.00     2.98
  SINCE JAN 1      2.47                      0.95   1.52     0.64

SNOWFALL (IN)
  YESTERDAY       MM
  MONTH TO DATE   MM
  SINCE DEC 1     MM
  SINCE JUL 1     MM
  SNOW DEPTH      MM

DEGREE DAYS
 HEATING
  YESTERDAY       30                        38     -8       36
  MONTH TO DATE  765                       871   -106      847
  SINCE DEC 1   4366                      3750    616     3819
  SINCE JUL 1   6153                      5793    360     5685

 COOLING
  YESTERDAY        0                         0      0        0
  MONTH TO DATE    0                         0      0        0
  SINCE DEC 1      0                         0      0        0
  SINCE JAN 1      0                         0      0        0
..................................................................


WIND (MPH)
  HIGHEST WIND SPEED    25   HIGHEST WIND DIRECTION    SW (210)
  HIGHEST GUST SPEED    33   HIGHEST GUST DIRECTION     S (180)
  AVERAGE WIND SPEED     8.2


SKY COVER
  POSSIBLE SUNSHINE  MM
  AVERAGE SKY COVER 0.9


WEATHER CONDITIONS
 THE FOLLOWING WEATHER WAS RECORDED YESTERDAY.
  LIGHT RAIN
  SNOW
  LIGHT SNOW
  FOG
  FOG W/VISIBILITY <= 1/4 MILE


RELATIVE HUMIDITY (PERCENT)
 HIGHEST   100          1200 AM
 LOWEST     56           900 PM
 AVERAGE    78

..........................................................


THE CHALLIS ID CLIMATE NORMALS FOR TODAY
                         NORMAL    RECORD    YEAR
 MAXIMUM TEMPERATURE (F)   38        59      1988
 MINIMUM TEMPERATURE (F)   16       -10      1952


SUNRISE AND SUNSET
FEBRUARY 22 2017......SUNRISE   725 AM MST   SUNSET   616 PM MST
FEBRUARY 23 2017......SUNRISE   724 AM MST   SUNSET   617 PM MST


-  INDICATES NEGATIVE NUMBERS.
R  INDICATES RECORD WAS SET OR TIED.
MM INDICATES DATA IS MISSING.
T  INDICATES TRACE AMOUNT.




$$
