000
CDUS45 KPIH 270807
CLILLJ


CLIMATE REPORT
NATIONAL WEATHER SERVICE POCATELLO ID
204 AM MDT WED JUL 27 2016


...................................

...THE CHALLIS ID CLIMATE SUMMARY FOR JULY 26 2016...

CLIMATE NORMAL PERIOD 1981 TO 2010
CLIMATE RECORD PERIOD 1898 TO 2016


WEATHER ITEM   OBSERVED TIME   RECORD YEAR NORMAL DEPARTURE LAST
                VALUE   (LST)  VALUE       VALUE  FROM      YEAR
                                                  NORMAL
..................................................................
TEMPERATURE (F)
 YESTERDAY
  MAXIMUM         89   1240 PM 103    1964  88      1       86
  MINIMUM         51    525 AM  39    1951  52     -1       48
                                      1900
  AVERAGE         70                        70      0       67

PRECIPITATION (IN)
  YESTERDAY        0.01          0.67 1990   0.03  -0.02     0.00
  MONTH TO DATE    0.02                      0.70  -0.68     0.68
  SINCE OCT 1      5.64                      8.40  -2.76     4.98
  SINCE JAN 1      3.30                      6.47  -3.17     3.19

SNOWFALL (IN)
  YESTERDAY       MM
  MONTH TO DATE   MM
  SINCE JUN 1     MM
  SINCE JUL 1     MM
  SNOW DEPTH      MM

DEGREE DAYS
 HEATING
  YESTERDAY        0                         0      0        0
  MONTH TO DATE   28                        18     10       11
  SINCE JUN 1    101                       183    -82       58
  SINCE JUL 1     28                        18     10       11

 COOLING
  YESTERDAY        5                         5      0        2
  MONTH TO DATE   87                       105    -18       81
  SINCE JUN 1    152                       127     25      190
  SINCE JAN 1    152                       129     23      193
..................................................................


WIND (MPH)
  HIGHEST WIND SPEED    31   HIGHEST WIND DIRECTION    NE (30)
  HIGHEST GUST SPEED    39   HIGHEST GUST DIRECTION    NE (30)
  AVERAGE WIND SPEED     4.6


SKY COVER
  POSSIBLE SUNSHINE  MM
  AVERAGE SKY COVER 0.1


WEATHER CONDITIONS
 THE FOLLOWING WEATHER WAS RECORDED YESTERDAY.
  THUNDERSTORM


RELATIVE HUMIDITY (PERCENT)
 HIGHEST    48          1100 PM
 LOWEST     17           300 PM
 AVERAGE    33

..........................................................


THE CHALLIS ID CLIMATE NORMALS FOR TODAY
                         NORMAL    RECORD    YEAR
 MAXIMUM TEMPERATURE (F)   88       100      1928
 MINIMUM TEMPERATURE (F)   52        39      1918


SUNRISE AND SUNSET
JULY 27 2016..........SUNRISE   619 AM MDT   SUNSET   907 PM MDT
JULY 28 2016..........SUNRISE   620 AM MDT   SUNSET   906 PM MDT


-  INDICATES NEGATIVE NUMBERS.
R  INDICATES RECORD WAS SET OR TIED.
MM INDICATES DATA IS MISSING.
T  INDICATES TRACE AMOUNT.




$$
