000
CDUS45 KPIH 240731
CLILLJ


CLIMATE REPORT
NATIONAL WEATHER SERVICE POCATELLO ID
129 AM MDT THU APR 24 2014


...................................

...THE CHALLIS ID CLIMATE SUMMARY FOR APRIL 23 2014...

CLIMATE NORMAL PERIOD 1981 TO 2010
CLIMATE RECORD PERIOD 1898 TO 2014


WEATHER ITEM   OBSERVED TIME   RECORD YEAR NORMAL DEPARTURE LAST
                VALUE   (LST)  VALUE       VALUE  FROM      YEAR
                                                  NORMAL
..................................................................
TEMPERATURE (F)
 YESTERDAY
  MAXIMUM         49    406 PM  83    1977  59    -10       49
  MINIMUM         28    504 AM  15    2013  31     -3       15
  AVERAGE         39                        45     -6       32

PRECIPITATION (IN)
  YESTERDAY        0.00          0.41 1994   0.04  -0.04     0.00
  MONTH TO DATE    0.67                      0.59   0.08     0.03
  SINCE OCT 1      3.08                      4.36  -1.28     2.55
  SINCE JAN 1      2.35                      2.43  -0.08     0.48

SNOWFALL (IN)
  YESTERDAY       MM
  MONTH TO DATE   MM
  SINCE MAR 1     MM
  SINCE JUL 1     MM
  SNOW DEPTH      MM

DEGREE DAYS
 HEATING
  YESTERDAY       26                        20      6       33
  MONTH TO DATE  480                       514    -34      552
  SINCE MAR 1   1333                      1410    -77     1444
  SINCE JUL 1   7082                      7459   -377     7152

 COOLING
  YESTERDAY        0                         0      0        0
  MONTH TO DATE    0                         0      0        0
  SINCE MAR 1      0                         0      0        0
  SINCE JAN 1      0                         0      0        0
..................................................................


WIND (MPH)
  HIGHEST WIND SPEED    23   HIGHEST WIND DIRECTION     W (280)
  HIGHEST GUST SPEED    29   HIGHEST GUST DIRECTION    SW (220)
  AVERAGE WIND SPEED     8.4


SKY COVER
  POSSIBLE SUNSHINE  MM
  AVERAGE SKY COVER 0.6


WEATHER CONDITIONS
 THE FOLLOWING WEATHER WAS RECORDED YESTERDAY.
  NO SIGNIFICANT WEATHER WAS OBSERVED.


RELATIVE HUMIDITY (PERCENT)
 HIGHEST    75          1200 AM
 LOWEST     28           100 PM
 AVERAGE    52

..........................................................


THE CHALLIS ID CLIMATE NORMALS FOR TODAY
                         NORMAL    RECORD    YEAR
 MAXIMUM TEMPERATURE (F)   59        85      1977
 MINIMUM TEMPERATURE (F)   31        15      1915


SUNRISE AND SUNSET
APRIL 24 2014.........SUNRISE   638 AM MDT   SUNSET   833 PM MDT
APRIL 25 2014.........SUNRISE   636 AM MDT   SUNSET   834 PM MDT


-  INDICATES NEGATIVE NUMBERS.
R  INDICATES RECORD WAS SET OR TIED.
MM INDICATES DATA IS MISSING.
T  INDICATES TRACE AMOUNT.




$$
