000
CDUS45 KPIH 072325
CLILLJ


CLIMATE REPORT
NATIONAL WEATHER SERVICE POCATELLO ID
523 PM MDT TUE JUL 7 2015


...................................

...THE CHALLIS ID CLIMATE SUMMARY FOR JULY 7 2015...
VALID TODAY AS OF 0500 PM LOCAL TIME.

CLIMATE NORMAL PERIOD 1981 TO 2010
CLIMATE RECORD PERIOD 1898 TO 2015


WEATHER ITEM   OBSERVED TIME   RECORD YEAR NORMAL DEPARTURE LAST
                VALUE   (LST)  VALUE       VALUE  FROM      YEAR
                                                  NORMAL
..................................................................
TEMPERATURE (F)
 TODAY
  MAXIMUM         84    222 PM  99    1930  84      0       93
  MINIMUM         50    507 AM  37    1971  50      0       55
  AVERAGE         67                        67      0       74

PRECIPITATION (IN)
  TODAY            0.00          0.57 1915   0.03  -0.03     0.00
  MONTH TO DATE    0.16                      0.24  -0.08      T
  SINCE OCT 1      4.46                      7.94  -3.48     3.81
  SINCE JAN 1      2.67                      6.01  -3.34     3.08

SNOWFALL (IN)
  TODAY           MM
  MONTH TO DATE   MM
  SINCE JUN 1     MM
  SINCE JUL 1     MM
  SNOW DEPTH      MM

DEGREE DAYS
 HEATING
  TODAY            0                         1     -1        0
  MONTH TO DATE    0                        11    -11        0
  SINCE JUN 1     47                       176   -129      166
  SINCE JUL 1      0                        11    -11        0

 COOLING
  TODAY            2                         3     -1        9
  MONTH TO DATE   65                        18     47       54
  SINCE JUN 1    174                        40    134       60
  SINCE JAN 1    177                        42    135       60
..................................................................


WIND (MPH)
  HIGHEST WIND SPEED    17   HIGHEST WIND DIRECTION    NE (50)
  HIGHEST GUST SPEED    24   HIGHEST GUST DIRECTION    NE (50)
  AVERAGE WIND SPEED     2.1


SKY COVER
  POSSIBLE SUNSHINE  MM
  AVERAGE SKY COVER 0.1


WEATHER CONDITIONS
 THE FOLLOWING WEATHER WAS RECORDED TODAY.
  NO SIGNIFICANT WEATHER WAS OBSERVED.


RELATIVE HUMIDITY (PERCENT)
 HIGHEST    93           100 AM
 LOWEST     22           200 PM
 AVERAGE    58

..........................................................


THE CHALLIS ID CLIMATE NORMALS FOR TOMORROW
                         NORMAL    RECORD    YEAR
 MAXIMUM TEMPERATURE (F)   84        99      1899
 MINIMUM TEMPERATURE (F)   51        33      1981


SUNRISE AND SUNSET
JULY  7 2015..........SUNRISE   600 AM MDT   SUNSET   924 PM MDT
JULY  8 2015..........SUNRISE   600 AM MDT   SUNSET   923 PM MDT


-  INDICATES NEGATIVE NUMBERS.
R  INDICATES RECORD WAS SET OR TIED.
MM INDICATES DATA IS MISSING.
T  INDICATES TRACE AMOUNT.




$$
