000
CDUS45 KPIH 270738
CLILLJ


CLIMATE REPORT
NATIONAL WEATHER SERVICE POCATELLO ID
136 AM MDT SAT AUG 27 2016


...................................

...THE CHALLIS ID CLIMATE SUMMARY FOR AUGUST 26 2016...

CLIMATE NORMAL PERIOD 1981 TO 2010
CLIMATE RECORD PERIOD 1898 TO 2016


WEATHER ITEM   OBSERVED TIME   RECORD YEAR NORMAL DEPARTURE LAST
                VALUE   (LST)  VALUE       VALUE  FROM      YEAR
                                                  NORMAL
..................................................................
TEMPERATURE (F)
 YESTERDAY
  MAXIMUM         79    434 PM  97    2011  82     -3       90
                                      1988
  MINIMUM         44    518 AM  33    1992  45     -1       48
  AVERAGE         62                        63     -1       69

PRECIPITATION (IN)
  YESTERDAY        0.00          0.23 1990   0.03  -0.03      T
  MONTH TO DATE    0.18                      0.65  -0.47     0.46
  SINCE OCT 1      5.82                      9.18  -3.36     5.74
  SINCE JAN 1      3.48                      7.25  -3.77     3.95

SNOWFALL (IN)
  YESTERDAY       MM
  MONTH TO DATE   MM
  SINCE JUN 1     MM
  SINCE JUL 1     MM
  SNOW DEPTH      MM

DEGREE DAYS
 HEATING
  YESTERDAY        3                         3      0        0
  MONTH TO DATE   34                        33      1       27
  SINCE JUN 1    135                       219    -84      107
  SINCE JUL 1     62                        54      8       60

 COOLING
  YESTERDAY        0                         1     -1        4
  MONTH TO DATE   66                        80    -14       89
  SINCE JUN 1    258                       234     24      288
  SINCE JAN 1    258                       236     22      291
..................................................................


WIND (MPH)
  HIGHEST WIND SPEED    13   HIGHEST WIND DIRECTION    NW (320)
  HIGHEST GUST SPEED    16   HIGHEST GUST DIRECTION    NW (310)
  AVERAGE WIND SPEED     3.1


SKY COVER
  POSSIBLE SUNSHINE  MM
  AVERAGE SKY COVER 0.0


WEATHER CONDITIONS
 THE FOLLOWING WEATHER WAS RECORDED YESTERDAY.
  NO SIGNIFICANT WEATHER WAS OBSERVED.


RELATIVE HUMIDITY (PERCENT)
 HIGHEST    50           800 AM
 LOWEST     15           500 PM
 AVERAGE    33

..........................................................


THE CHALLIS ID CLIMATE NORMALS FOR TODAY
                         NORMAL    RECORD    YEAR
 MAXIMUM TEMPERATURE (F)   81        95      2001
 MINIMUM TEMPERATURE (F)   45        33      1954


SUNRISE AND SUNSET
AUGUST 27 2016........SUNRISE   654 AM MDT   SUNSET   821 PM MDT
AUGUST 28 2016........SUNRISE   655 AM MDT   SUNSET   819 PM MDT


-  INDICATES NEGATIVE NUMBERS.
R  INDICATES RECORD WAS SET OR TIED.
MM INDICATES DATA IS MISSING.
T  INDICATES TRACE AMOUNT.




$$
