648
CDUS45 KPIH 230731
CLILLJ


CLIMATE REPORT
NATIONAL WEATHER SERVICE POCATELLO ID
1230 AM MST MON JAN 23 2017


...................................

...THE CHALLIS ID CLIMATE SUMMARY FOR JANUARY 22 2017...

CLIMATE NORMAL PERIOD 1981 TO 2010
CLIMATE RECORD PERIOD 1898 TO 2017


WEATHER ITEM   OBSERVED TIME   RECORD YEAR NORMAL DEPARTURE LAST
                VALUE   (LST)  VALUE       VALUE  FROM      YEAR
                                                  NORMAL
..................................................................
TEMPERATURE (F)
 YESTERDAY
  MAXIMUM         19    811 PM  53    1934  30    -11       26
  MINIMUM         -2    715 AM -32    1962   9    -11        7
  AVERAGE          9                        20    -11       17

PRECIPITATION (IN)
  YESTERDAY        0.01          0.35 1993   0.02  -0.01     0.00
  MONTH TO DATE    1.50                      0.39   1.11     0.33
  SINCE OCT 1      4.91                      2.32   2.59     2.67
  SINCE JAN 1      1.50                      0.39   1.11     0.33

SNOWFALL (IN)
  YESTERDAY       MM
  MONTH TO DATE   MM
  SINCE DEC 1     MM
  SINCE JUL 1     MM
  SNOW DEPTH      MM

DEGREE DAYS
 HEATING
  YESTERDAY       56                        45     11       48
  MONTH TO DATE 1432                      1024    408     1118
  SINCE DEC 1   3110                      2477    633     2548
  SINCE JUL 1   4897                      4520    377     4414

 COOLING
  YESTERDAY        0                         0      0        0
  MONTH TO DATE    0                         0      0        0
  SINCE DEC 1      0                         0      0        0
  SINCE JAN 1      0                         0      0        0
..................................................................


WIND (MPH)
  HIGHEST WIND SPEED     7   HIGHEST WIND DIRECTION    SE (140)
  HIGHEST GUST SPEED     9   HIGHEST GUST DIRECTION    SE (140)
  AVERAGE WIND SPEED     2.4


SKY COVER
  POSSIBLE SUNSHINE  MM
  AVERAGE SKY COVER 0.8


WEATHER CONDITIONS
 THE FOLLOWING WEATHER WAS RECORDED YESTERDAY.
  LIGHT SNOW
  FOG
  FOG W/VISIBILITY <= 1/4 MILE


RELATIVE HUMIDITY (PERCENT)
 HIGHEST   100           200 AM
 LOWEST     84           400 PM
 AVERAGE    92

..........................................................


THE CHALLIS ID CLIMATE NORMALS FOR TODAY
                         NORMAL    RECORD    YEAR
 MAXIMUM TEMPERATURE (F)   30        55      1953
 MINIMUM TEMPERATURE (F)    9       -30      1962


SUNRISE AND SUNSET
JANUARY 23 2017.......SUNRISE   804 AM MST   SUNSET   534 PM MST
JANUARY 24 2017.......SUNRISE   803 AM MST   SUNSET   535 PM MST


-  INDICATES NEGATIVE NUMBERS.
R  INDICATES RECORD WAS SET OR TIED.
MM INDICATES DATA IS MISSING.
T  INDICATES TRACE AMOUNT.




$$
