000
CDUS45 KPIH 170736
CLILLJ


CLIMATE REPORT
NATIONAL WEATHER SERVICE POCATELLO ID
134 AM MDT THU APR 17 2014


...................................

...THE CHALLIS ID CLIMATE SUMMARY FOR APRIL 16 2014...

CLIMATE NORMAL PERIOD 1981 TO 2010
CLIMATE RECORD PERIOD 1898 TO 2014


WEATHER ITEM   OBSERVED TIME   RECORD YEAR NORMAL DEPARTURE LAST
                VALUE   (LST)  VALUE       VALUE  FROM      YEAR
                                                  NORMAL
..................................................................
TEMPERATURE (F)
 YESTERDAY
  MAXIMUM         56    502 PM  87    1915  57     -1       39
  MINIMUM         22    524 AM  12    1896  29     -7       20
                                      1982
  AVERAGE         39                        43     -4       30

PRECIPITATION (IN)
  YESTERDAY        0.00          0.30 1933   0.02  -0.02     0.00
  MONTH TO DATE    0.58                      0.38   0.20     0.01
  SINCE OCT 1      2.99                      4.15  -1.16     2.53
  SINCE JAN 1      2.26                      2.22   0.04     0.46

SNOWFALL (IN)
  YESTERDAY       MM
  MONTH TO DATE   MM
  SINCE MAR 1     MM
  SINCE JUL 1     MM
  SNOW DEPTH      MM

DEGREE DAYS
 HEATING
  YESTERDAY       26                        22      4       35
  MONTH TO DATE  352                       369    -17      364
  SINCE MAR 1   1205                      1265    -60     1256
  SINCE JUL 1   6954                      7314   -360     6964

 COOLING
  YESTERDAY        0                         0      0        0
  MONTH TO DATE    0                         0      0        0
  SINCE MAR 1      0                         0      0        0
  SINCE JAN 1      0                         0      0        0
..................................................................


WIND (MPH)
  HIGHEST WIND SPEED    16   HIGHEST WIND DIRECTION    NW (310)
  HIGHEST GUST SPEED    25   HIGHEST GUST DIRECTION    NW (330)
  AVERAGE WIND SPEED     4.4


SKY COVER
  POSSIBLE SUNSHINE  MM
  AVERAGE SKY COVER 0.1


WEATHER CONDITIONS
 THE FOLLOWING WEATHER WAS RECORDED YESTERDAY.
  NO SIGNIFICANT WEATHER WAS OBSERVED.


RELATIVE HUMIDITY (PERCENT)
 HIGHEST    57           400 AM
 LOWEST     17           200 PM
 AVERAGE    37

..........................................................


THE CHALLIS ID CLIMATE NORMALS FOR TODAY
                         NORMAL    RECORD    YEAR
 MAXIMUM TEMPERATURE (F)   58        79      1994
 MINIMUM TEMPERATURE (F)   30        16      2013


SUNRISE AND SUNSET
APRIL 17 2014.........SUNRISE   649 AM MDT   SUNSET   824 PM MDT
APRIL 18 2014.........SUNRISE   648 AM MDT   SUNSET   825 PM MDT


-  INDICATES NEGATIVE NUMBERS.
R  INDICATES RECORD WAS SET OR TIED.
MM INDICATES DATA IS MISSING.
T  INDICATES TRACE AMOUNT.




$$
