000
CDUS45 KPIH 260734
CLILLJ


CLIMATE REPORT
NATIONAL WEATHER SERVICE POCATELLO ID
1233 AM MST FRI DEC 26 2014


...................................

...THE CHALLIS ID CLIMATE SUMMARY FOR DECEMBER 25 2014...

CLIMATE NORMAL PERIOD 1981 TO 2010
CLIMATE RECORD PERIOD 1898 TO 2014


WEATHER ITEM   OBSERVED TIME   RECORD YEAR NORMAL DEPARTURE LAST
                VALUE   (LST)  VALUE       VALUE  FROM      YEAR
                                                  NORMAL
..................................................................
TEMPERATURE (F)
 YESTERDAY
  MAXIMUM         31   1242 PM  54    1980  27      4       24
  MINIMUM         21    901 PM -25    1924   7     14       -2
  AVERAGE         26                        17      9       11

PRECIPITATION (IN)
  YESTERDAY        0.00          0.29 2008   0.02  -0.02     0.00
  MONTH TO DATE    0.69                      0.60   0.09     0.28
  SINCE OCT 1      1.78                      1.79  -0.01     0.73
  SINCE JAN 1      7.71                      9.92  -2.21     4.93

SNOWFALL (IN)
  YESTERDAY       MM
  MONTH TO DATE   MM
  SINCE DEC 1     MM
  SINCE JUL 1     MM
  SNOW DEPTH      MM

DEGREE DAYS
 HEATING
  YESTERDAY       39                        48     -9       54
  MONTH TO DATE  892                      1163   -271     1260
  SINCE DEC 1    892                      1163   -271     1260
  SINCE JUL 1   2726                      3206   -480     3186

 COOLING
  YESTERDAY        0                         0      0        0
  MONTH TO DATE    0                         0      0        0
  SINCE DEC 1      0                         0      0        0
  SINCE JAN 1    310                       248     62      420
..................................................................


WIND (MPH)
  HIGHEST WIND SPEED    16   HIGHEST WIND DIRECTION    NE (30)
  HIGHEST GUST SPEED    22   HIGHEST GUST DIRECTION    NE (30)
  AVERAGE WIND SPEED     7.5


SKY COVER
  POSSIBLE SUNSHINE  MM
  AVERAGE SKY COVER 0.9


WEATHER CONDITIONS
 THE FOLLOWING WEATHER WAS RECORDED YESTERDAY.
  NO SIGNIFICANT WEATHER WAS OBSERVED.


RELATIVE HUMIDITY (PERCENT)
 HIGHEST    81          1000 AM
 LOWEST     55          1100 PM
 AVERAGE    68

..........................................................


THE CHALLIS ID CLIMATE NORMALS FOR TODAY
                         NORMAL    RECORD    YEAR
 MAXIMUM TEMPERATURE (F)   27        54      1980
 MINIMUM TEMPERATURE (F)    7       -18      1924


SUNRISE AND SUNSET
DECEMBER 26 2014......SUNRISE   812 AM MST   SUNSET   503 PM MST
DECEMBER 27 2014......SUNRISE   813 AM MST   SUNSET   504 PM MST


-  INDICATES NEGATIVE NUMBERS.
R  INDICATES RECORD WAS SET OR TIED.
MM INDICATES DATA IS MISSING.
T  INDICATES TRACE AMOUNT.




$$
