000
CDUS46 KMFR 300837
CLILMT


CLIMATE REPORT
NATIONAL WEATHER SERVICE MEDFORD, OR
136 AM PDT WED JUL 30 2014


...................................

...THE KLAMATH FALLS OR CLIMATE SUMMARY FOR JULY 29 2014...

CLIMATE NORMAL PERIOD 1981 TO 2010
CLIMATE RECORD PERIOD 1928 TO 2014


WEATHER ITEM   OBSERVED TIME   RECORD YEAR NORMAL DEPARTURE LAST
                VALUE   (LST)  VALUE       VALUE  FROM      YEAR
                                                  NORMAL
..................................................................
TEMPERATURE (F)
 YESTERDAY
  MAXIMUM         93    415 PM  96    2009  86      7       85
                                      2003
  MINIMUM         52    502 AM  37    1950  49      3       45
  AVERAGE         73                        67      6       65

PRECIPITATION (IN)
  YESTERDAY        T             0.64 1997   0.00   0.00     0.00
  MONTH TO DATE    0.09                      0.46  -0.37      T
  SINCE SEP 1      7.33                     14.51  -7.18     8.21
  SINCE JAN 1      6.59                      9.29  -2.70     4.55

SNOWFALL (IN)
  YESTERDAY       MM                        MM     MM       MM
  MONTH TO DATE   MM                        MM     MM       MM
  SINCE JUL 1     MM                        MM     MM       MM
  SNOW DEPTH      MM

DEGREE DAYS
 HEATING
  YESTERDAY        0                         1     -1        0
  MONTH TO DATE   10                        45    -35        1
  SINCE JUN 1    185                       262    -77      179
  SINCE JUL 1     10                        45    -35        1

 COOLING
  YESTERDAY        8                         3      5        0
  MONTH TO DATE  206                        72    134      167
  SINCE JUN 1    213                        83    130      213
  SINCE JAN 1    213                        84    129      213
..................................................................


WIND (MPH)
  HIGHEST WIND SPEED    23   HIGHEST WIND DIRECTION     S (160)
  HIGHEST GUST SPEED    36   HIGHEST GUST DIRECTION    SE (150)
  AVERAGE WIND SPEED     4.8


SKY COVER
  POSSIBLE SUNSHINE  MM
  AVERAGE SKY COVER 0.0


WEATHER CONDITIONS
 THE FOLLOWING WEATHER WAS RECORDED YESTERDAY.
  THUNDERSTORM
  LIGHT RAIN


RELATIVE HUMIDITY (PERCENT)
 HIGHEST    86           300 AM
 LOWEST     12           400 PM

..........................................................


THE KLAMATH FALLS OR CLIMATE NORMALS FOR TODAY
                         NORMAL    RECORD    YEAR
 MAXIMUM TEMPERATURE (F)   86        98      2003
                                             1988
 MINIMUM TEMPERATURE (F)   49        35      1975


SUNRISE AND SUNSET
JULY 30 2014..........SUNRISE   558 AM PDT   SUNSET   828 PM PDT
JULY 31 2014..........SUNRISE   559 AM PDT   SUNSET   827 PM PDT


-  INDICATES NEGATIVE NUMBERS.
R  INDICATES RECORD WAS SET OR TIED.
MM INDICATES DATA IS MISSING.
T  INDICATES TRACE AMOUNT.




$$
