000
CDUS46 KMFR 080842
CLILMT


CLIMATE REPORT
NATIONAL WEATHER SERVICE MEDFORD, OR
1241 AM PST THU DEC 8 2016


...................................

...THE KLAMATH FALLS OR CLIMATE SUMMARY FOR DECEMBER 7 2016...

CLIMATE NORMAL PERIOD 1981 TO 2010
CLIMATE RECORD PERIOD 1928 TO 2016


WEATHER ITEM   OBSERVED TIME   RECORD YEAR NORMAL DEPARTURE LAST
                VALUE   (LST)  VALUE       VALUE  FROM      YEAR
                                                  NORMAL
..................................................................
TEMPERATURE (F)
 YESTERDAY
  MAXIMUM         27   1159 PM  56    1975  39    -12       51
  MINIMUM         10    728 AM -16    2013  21    -11       41
  AVERAGE         19                        30    -11       46

PRECIPITATION (IN)
  YESTERDAY        T             1.59 1952   0.04  -0.04     0.01
  MONTH TO DATE    0.07                      0.32  -0.25     0.31
  SINCE OCT 1      3.31                      3.56  -0.25     2.00
  SINCE JAN 1     10.54                     13.83  -3.29     8.44

SNOWFALL (IN)
  YESTERDAY       MM                        MM     MM       MM
  MONTH TO DATE   MM                        MM     MM       MM
  SINCE JUL 1     MM                        MM     MM       MM
  SNOW DEPTH      MM

DEGREE DAYS
 HEATING
  YESTERDAY       46                        35     11       19
  MONTH TO DATE  255                       242     13      187
  SINCE DEC 1    255                       242     13      187
  SINCE JUL 1   1915                      2044   -129     1775

 COOLING
  YESTERDAY        0                         0      0        0
  MONTH TO DATE    0                         0      0        0
  SINCE DEC 1      0                         0      0        0
  SINCE JAN 1    215                       169     46      306
..................................................................


WIND (MPH)
  HIGHEST WIND SPEED    12   HIGHEST WIND DIRECTION    NE (50)
  HIGHEST GUST SPEED    17   HIGHEST GUST DIRECTION    NE (60)
  AVERAGE WIND SPEED     4.7


SKY COVER
  POSSIBLE SUNSHINE  MM
  AVERAGE SKY COVER 0.3


WEATHER CONDITIONS
 THE FOLLOWING WEATHER WAS RECORDED YESTERDAY.
  LIGHT SNOW
  FOG


RELATIVE HUMIDITY (PERCENT)
 HIGHEST    92           600 AM
 LOWEST     63           200 PM

..........................................................


THE KLAMATH FALLS OR CLIMATE NORMALS FOR TODAY
                         NORMAL    RECORD    YEAR
 MAXIMUM TEMPERATURE (F)   39        58      1981
 MINIMUM TEMPERATURE (F)   21       -20      2013


SUNRISE AND SUNSET
DECEMBER  8 2016......SUNRISE   723 AM PST   SUNSET   435 PM PST
DECEMBER  9 2016......SUNRISE   724 AM PST   SUNSET   435 PM PST


-  INDICATES NEGATIVE NUMBERS.
R  INDICATES RECORD WAS SET OR TIED.
MM INDICATES DATA IS MISSING.
T  INDICATES TRACE AMOUNT.




$$
