000
CDUS46 KMFR 250836
CLILMT


CLIMATE REPORT
NATIONAL WEATHER SERVICE MEDFORD, OR
136 AM PDT TUE JUL 25 2017


...................................

...THE KLAMATH FALLS OR CLIMATE SUMMARY FOR JULY 24 2017...

CLIMATE NORMAL PERIOD 1981 TO 2010
CLIMATE RECORD PERIOD 1928 TO 2017


WEATHER ITEM   OBSERVED TIME   RECORD YEAR NORMAL DEPARTURE LAST
                VALUE   (LST)  VALUE       VALUE  FROM      YEAR
                                                  NORMAL
..................................................................
TEMPERATURE (F)
 YESTERDAY
  MAXIMUM         93    449 PM  97    1996  86      7       92
  MINIMUM         55    501 AM  35    2014  49      6       48
  AVERAGE         74                        67      7       70

PRECIPITATION (IN)
  YESTERDAY        0.98R         0.14 2003   0.01   0.97     0.00
  MONTH TO DATE    0.98                      0.42   0.56     0.42
  SINCE OCT 1     12.24                     13.94  -1.70    11.64
  SINCE JAN 1      7.49                      9.25  -1.76     7.11

SNOWFALL (IN)
  YESTERDAY       MM                        MM     MM       MM
  MONTH TO DATE   MM                        MM     MM       MM
  SINCE JUL 1     MM                        MM     MM       MM
  SNOW DEPTH      MM

DEGREE DAYS
 HEATING
  YESTERDAY        0                         1     -1        0
  MONTH TO DATE    1                        40    -39       72
  SINCE JUN 1    168                       257    -89      240
  SINCE JUL 1      1                        40    -39       72

 COOLING
  YESTERDAY        9                         3      6        5
  MONTH TO DATE   95                        57     38       20
  SINCE JUN 1    158                        68     90       69
  SINCE JAN 1    161                        69     92       69
..................................................................


WIND (MPH)
  HIGHEST WIND SPEED    33   HIGHEST WIND DIRECTION     S (200)
  HIGHEST GUST SPEED    42   HIGHEST GUST DIRECTION     S (190)
  AVERAGE WIND SPEED     5.6


SKY COVER
  POSSIBLE SUNSHINE  MM
  AVERAGE SKY COVER 0.1


WEATHER CONDITIONS
 THE FOLLOWING WEATHER WAS RECORDED YESTERDAY.
  THUNDERSTORM
  HEAVY RAIN
  LIGHT RAIN
  HAZE


RELATIVE HUMIDITY (PERCENT)
 HIGHEST    93           300 AM
 LOWEST     18           400 PM

..........................................................


THE KLAMATH FALLS OR CLIMATE NORMALS FOR TODAY
                         NORMAL    RECORD    YEAR
 MAXIMUM TEMPERATURE (F)   86        97      1978
 MINIMUM TEMPERATURE (F)   49        40      1993


SUNRISE AND SUNSET
JULY 25 2017..........SUNRISE   553 AM PDT   SUNSET   833 PM PDT
JULY 26 2017..........SUNRISE   554 AM PDT   SUNSET   832 PM PDT


-  INDICATES NEGATIVE NUMBERS.
R  INDICATES RECORD WAS SET OR TIED.
MM INDICATES DATA IS MISSING.
T  INDICATES TRACE AMOUNT.




$$
