000
CDUS46 KMFR 200839
CLILMT


CLIMATE REPORT
NATIONAL WEATHER SERVICE MEDFORD, OR
138 AM PDT SAT SEP 20 2014


...................................

...THE KLAMATH FALLS OR CLIMATE SUMMARY FOR SEPTEMBER 19 2014...

CLIMATE NORMAL PERIOD 1981 TO 2010
CLIMATE RECORD PERIOD 1928 TO 2014


WEATHER ITEM   OBSERVED TIME   RECORD YEAR NORMAL DEPARTURE LAST
                VALUE   (LST)  VALUE       VALUE  FROM      YEAR
                                                  NORMAL
..................................................................
TEMPERATURE (F)
 YESTERDAY
  MAXIMUM         80    501 PM  91    1991  75      5       78
  MINIMUM         40    542 AM  24    1978  38      2       32
  AVERAGE         60                        56      4       55

PRECIPITATION (IN)
  YESTERDAY        0.00          0.81 1956   0.02  -0.02     0.00
  MONTH TO DATE    0.00                      0.36  -0.36     0.04
  SINCE SEP 1      0.00                      0.36  -0.36     0.04
  SINCE JAN 1      7.51                     10.10  -2.59     4.83

SNOWFALL (IN)
  YESTERDAY       MM                        MM     MM       MM
  MONTH TO DATE   MM                        MM     MM       MM
  SINCE JUL 1     MM                        MM     MM       MM
  SNOW DEPTH      MM

DEGREE DAYS
 HEATING
  YESTERDAY        5                         9     -4       10
  MONTH TO DATE   54                       121    -67       75
  SINCE SEP 1     54                       121    -67       75
  SINCE JUL 1    102                       240   -138      143

 COOLING
  YESTERDAY        0                         0      0        0
  MONTH TO DATE    2                         9     -7       17
  SINCE SEP 1      2                         9     -7       17
  SINCE JAN 1    323                       168    155      285
..................................................................


WIND (MPH)
  HIGHEST WIND SPEED    14   HIGHEST WIND DIRECTION     N (340)
  HIGHEST GUST SPEED    15   HIGHEST GUST DIRECTION     N (340)
  AVERAGE WIND SPEED     3.2


SKY COVER
  POSSIBLE SUNSHINE  MM
  AVERAGE SKY COVER 0.0


WEATHER CONDITIONS
 THE FOLLOWING WEATHER WAS RECORDED YESTERDAY.
  FOG


RELATIVE HUMIDITY (PERCENT)
 HIGHEST    93           600 AM
 LOWEST     23           500 PM

..........................................................


THE KLAMATH FALLS OR CLIMATE NORMALS FOR TODAY
                         NORMAL    RECORD    YEAR
 MAXIMUM TEMPERATURE (F)   75        88      2012
                                             1994
 MINIMUM TEMPERATURE (F)   38        26      1978


SUNRISE AND SUNSET
SEPTEMBER 20 2014.....SUNRISE   652 AM PDT   SUNSET   707 PM PDT
SEPTEMBER 21 2014.....SUNRISE   653 AM PDT   SUNSET   706 PM PDT


-  INDICATES NEGATIVE NUMBERS.
R  INDICATES RECORD WAS SET OR TIED.
MM INDICATES DATA IS MISSING.
T  INDICATES TRACE AMOUNT.




$$
