000
CDUS46 KMFR 290836
CLILMT


CLIMATE REPORT
NATIONAL WEATHER SERVICE MEDFORD, OR
136 AM PDT FRI MAY 29 2015


...................................

...THE KLAMATH FALLS OR CLIMATE SUMMARY FOR MAY 28 2015...

CLIMATE NORMAL PERIOD 1981 TO 2010
CLIMATE RECORD PERIOD 1928 TO 2015


WEATHER ITEM   OBSERVED TIME   RECORD YEAR NORMAL DEPARTURE LAST
                VALUE   (LST)  VALUE       VALUE  FROM      YEAR
                                                  NORMAL
..................................................................
TEMPERATURE (F)
 YESTERDAY
  MAXIMUM         79    440 PM  91    1983  68     11       59
  MINIMUM         40    439 AM  25    1977  39      1       34
  AVERAGE         60                        54      6       47

PRECIPITATION (IN)
  YESTERDAY        0.00          1.01 1932   0.02  -0.02     0.00
  MONTH TO DATE    1.45                      1.34   0.11     1.25
  SINCE OCT 1     11.51                     12.44  -0.93     6.67
  SINCE JAN 1      5.05                      7.75  -2.70     6.04

SNOWFALL (IN)
  YESTERDAY       MM                        MM     MM       MM
  MONTH TO DATE   MM                        MM     MM       MM
  SINCE JUL 1     MM                        MM     MM        0.0
  SNOW DEPTH      MM

DEGREE DAYS
 HEATING
  YESTERDAY        5                        12     -7       18
  MONTH TO DATE  382                       405    -23      329
  SINCE MAR 1   1672                      1883   -211     1633
  SINCE JUL 1   5246                      6724  -1478     6416

 COOLING
  YESTERDAY        0                         0      0        0
  MONTH TO DATE    0                         0      0        0
  SINCE MAR 1      0                         0      0        0
  SINCE JAN 1      0                         0      0        0
..................................................................


WIND (MPH)
  HIGHEST WIND SPEED    12   HIGHEST WIND DIRECTION    NW (330)
  HIGHEST GUST SPEED    14   HIGHEST GUST DIRECTION    NW (330)
  AVERAGE WIND SPEED     2.7


SKY COVER
  POSSIBLE SUNSHINE  MM
  AVERAGE SKY COVER 0.0


WEATHER CONDITIONS
 THE FOLLOWING WEATHER WAS RECORDED YESTERDAY.
  NO SIGNIFICANT WEATHER WAS OBSERVED.


RELATIVE HUMIDITY (PERCENT)
 HIGHEST    89           500 AM
 LOWEST     19           200 PM

..........................................................


THE KLAMATH FALLS OR CLIMATE NORMALS FOR TODAY
                         NORMAL    RECORD    YEAR
 MAXIMUM TEMPERATURE (F)   69        93      1986
 MINIMUM TEMPERATURE (F)   39        27      2014


SUNRISE AND SUNSET
MAY 29 2015...........SUNRISE   535 AM PDT   SUNSET   834 PM PDT
MAY 30 2015...........SUNRISE   534 AM PDT   SUNSET   835 PM PDT


-  INDICATES NEGATIVE NUMBERS.
R  INDICATES RECORD WAS SET OR TIED.
MM INDICATES DATA IS MISSING.
T  INDICATES TRACE AMOUNT.




$$
