827
CDUS46 KMFR 280837
CLILMT


CLIMATE REPORT
NATIONAL WEATHER SERVICE MEDFORD, OR
136 AM PDT WED SEP 28 2016


...................................

...THE KLAMATH FALLS OR CLIMATE SUMMARY FOR SEPTEMBER 27 2016...

CLIMATE NORMAL PERIOD 1981 TO 2010
CLIMATE RECORD PERIOD 1928 TO 2016


WEATHER ITEM   OBSERVED TIME   RECORD YEAR NORMAL DEPARTURE LAST
                VALUE   (LST)  VALUE       VALUE  FROM      YEAR
                                                  NORMAL
..................................................................
TEMPERATURE (F)
 YESTERDAY
  MAXIMUM         86    353 PM  91    1994  72     14       79
  MINIMUM         39    624 AM  26    2013  36      3       39
  AVERAGE         63                        54      9       59

PRECIPITATION (IN)
  YESTERDAY        0.00          2.34 1957   0.01  -0.01     0.00
  MONTH TO DATE    0.12                      0.50  -0.38     0.08
  SINCE OCT 1     11.76                     14.93  -3.17    12.90
  SINCE JAN 1      7.23                     10.24  -3.01     6.44

SNOWFALL (IN)
  YESTERDAY       MM                        MM     MM       MM
  MONTH TO DATE   MM                        MM     MM       MM
  SINCE JUL 1     MM                        MM     MM       MM
  SNOW DEPTH      MM

DEGREE DAYS
 HEATING
  YESTERDAY        2                        11     -9        6
  MONTH TO DATE  246                       201     45      209
  SINCE SEP 1    246                       201     45      209
  SINCE JUL 1    353                       320     33      261

 COOLING
  YESTERDAY        0                         0      0        0
  MONTH TO DATE    0                         9     -9       16
  SINCE SEP 1      0                         9     -9       16
  SINCE JAN 1    215                       168     47      306
..................................................................


WIND (MPH)
  HIGHEST WIND SPEED    12   HIGHEST WIND DIRECTION    NW (330)
  HIGHEST GUST SPEED    15   HIGHEST GUST DIRECTION     W (270)
  AVERAGE WIND SPEED     2.3


SKY COVER
  POSSIBLE SUNSHINE  MM
  AVERAGE SKY COVER 0.0


WEATHER CONDITIONS
 THE FOLLOWING WEATHER WAS RECORDED YESTERDAY.
  NO SIGNIFICANT WEATHER WAS OBSERVED.


RELATIVE HUMIDITY (PERCENT)
 HIGHEST    85           600 AM
 LOWEST     11           400 PM

..........................................................


THE KLAMATH FALLS OR CLIMATE NORMALS FOR TODAY
                         NORMAL    RECORD    YEAR
 MAXIMUM TEMPERATURE (F)   72        88      1967
 MINIMUM TEMPERATURE (F)   35        26      1986


SUNRISE AND SUNSET
SEPTEMBER 28 2016.....SUNRISE   701 AM PDT   SUNSET   653 PM PDT
SEPTEMBER 29 2016.....SUNRISE   702 AM PDT   SUNSET   651 PM PDT


-  INDICATES NEGATIVE NUMBERS.
R  INDICATES RECORD WAS SET OR TIED.
MM INDICATES DATA IS MISSING.
T  INDICATES TRACE AMOUNT.




$$
