000
CDUS45 KRIW 230740
CLILND


CLIMATE REPORT
NATIONAL WEATHER SERVICE RIVERTON WY
130 AM MDT SAT JUL 23 2016


...................................

...THE LANDER WY CLIMATE SUMMARY FOR JULY 22 2016...

CLIMATE NORMAL PERIOD 1981 TO 2010
CLIMATE RECORD PERIOD 1891 TO 2016


WEATHER ITEM   OBSERVED TIME   RECORD YEAR NORMAL DEPARTURE LAST
                VALUE   (LST)  VALUE       VALUE  FROM      YEAR
                                                  NORMAL
..................................................................
TEMPERATURE (F)
 YESTERDAY
  MAXIMUM         96    217 PM 100    2007  88      8       87
  MINIMUM         63    526 AM  42    1978  57      6       53
  AVERAGE         80                        72      8       70

PRECIPITATION (IN)
  YESTERDAY        T             0.86 1923   0.03  -0.03     0.00
  MONTH TO DATE    T                         0.50  -0.50     0.50
  SINCE JUN 1      0.57                      1.77  -1.20     1.30
  SINCE JAN 1     15.72                      7.99   7.73    11.82

SNOWFALL (IN)
  YESTERDAY        0.0                       0.0    0.0      0.0
  MONTH TO DATE    0.0                       0.0    0.0      0.0
  SINCE JUN 1      0.0                       0.1   -0.1      0.0
  SINCE JUL 1      0.0                       0.0    0.0      0.0
  SNOW DEPTH       0

DEGREE DAYS
 HEATING
  YESTERDAY        0                         0      0        0
  MONTH TO DATE    4                        11     -7       10
  SINCE JUN 1     26                       137   -111       41
  SINCE JUL 1      4                        11     -7       10

 COOLING
  YESTERDAY       15                         8      7        5
  MONTH TO DATE  153                       140     13       85
  SINCE JUN 1    281                       204     77      195
  SINCE JAN 1    281                       209     72      195
..................................................................


WIND (MPH)
  HIGHEST WIND SPEED    54   HIGHEST WIND DIRECTION    SW (220)
  HIGHEST GUST SPEED    72   HIGHEST GUST DIRECTION     S (180)
  AVERAGE WIND SPEED     6.8


SKY COVER
  POSSIBLE SUNSHINE  MM
  AVERAGE SKY COVER 0.0


WEATHER CONDITIONS
 THE FOLLOWING WEATHER WAS RECORDED YESTERDAY.
  THUNDERSTORM
  HAZE


RELATIVE HUMIDITY (PERCENT)
 HIGHEST    42           700 AM
 LOWEST     14           300 PM
 AVERAGE    28

..........................................................


THE LANDER WY CLIMATE NORMALS FOR TODAY
                         NORMAL    RECORD    YEAR
 MAXIMUM TEMPERATURE (F)   88       100      2003
 MINIMUM TEMPERATURE (F)   57        40      1899


SUNRISE AND SUNSET
JULY 23 2016..........SUNRISE   558 AM MDT   SUNSET   844 PM MDT
JULY 24 2016..........SUNRISE   559 AM MDT   SUNSET   844 PM MDT


-  INDICATES NEGATIVE NUMBERS.
R  INDICATES RECORD WAS SET OR TIED.
MM INDICATES DATA IS MISSING.
T  INDICATES TRACE AMOUNT.




$$
