000
CDUS45 KRIW 070742
CLILND


CLIMATE REPORT
NATIONAL WEATHER SERVICE RIVERTON WY
130 AM MDT TUE JUL 7 2015


...................................

...THE LANDER WY CLIMATE SUMMARY FOR JULY 6 2015...

CLIMATE NORMAL PERIOD 1981 TO 2010
CLIMATE RECORD PERIOD 1891 TO 2015


WEATHER ITEM   OBSERVED TIME   RECORD YEAR NORMAL DEPARTURE LAST
                VALUE   (LST)  VALUE       VALUE  FROM      YEAR
                                                  NORMAL
..................................................................
TEMPERATURE (F)
 YESTERDAY
  MAXIMUM         67    142 PM  97    1973  85    -18       95
                                      1930
  MINIMUM         54    542 AM  39    1904  54      0       58
  AVERAGE         61                        70     -9       77

PRECIPITATION (IN)
  YESTERDAY        0.20          0.45 1937   0.02   0.18     0.00
  MONTH TO DATE    0.29                      0.10   0.19      T
  SINCE JUN 1      1.09                      1.37  -0.28     0.60
  SINCE JAN 1     11.61                      7.59   4.02     4.79

SNOWFALL (IN)
  YESTERDAY        0.0                       0.0    0.0      0.0
  MONTH TO DATE    0.0                       0.0    0.0      0.0
  SINCE JUN 1      0.0                       0.1   -0.1      0.0
  SINCE JUL 1      0.0                       0.0    0.0      0.0
  SNOW DEPTH       0

DEGREE DAYS
 HEATING
  YESTERDAY        4                         1      3        0
  MONTH TO DATE    4                         6     -2        3
  SINCE JUN 1     35                       132    -97      139
  SINCE JUL 1      4                         6     -2        3

 COOLING
  YESTERDAY        0                         6     -6       12
  MONTH TO DATE   42                        31     11       44
  SINCE JUN 1    152                        95     57       67
  SINCE JAN 1    152                       100     52       85
..................................................................


WIND (MPH)
  HIGHEST WIND SPEED    13   HIGHEST WIND DIRECTION     S (200)
  HIGHEST GUST SPEED    17   HIGHEST GUST DIRECTION     N (360)
  AVERAGE WIND SPEED     5.0


SKY COVER
  POSSIBLE SUNSHINE  MM
  AVERAGE SKY COVER 1.0


WEATHER CONDITIONS
 THE FOLLOWING WEATHER WAS RECORDED YESTERDAY.
  LIGHT RAIN
  FOG


RELATIVE HUMIDITY (PERCENT)
 HIGHEST    93          1200 AM
 LOWEST     73           200 PM
 AVERAGE    83

..........................................................


THE LANDER WY CLIMATE NORMALS FOR TODAY
                         NORMAL    RECORD    YEAR
 MAXIMUM TEMPERATURE (F)   86        98      1989
 MINIMUM TEMPERATURE (F)   54        36      1902
                                             1895


SUNRISE AND SUNSET
JULY  7 2015..........SUNRISE   544 AM MDT   SUNSET   856 PM MDT
JULY  8 2015..........SUNRISE   544 AM MDT   SUNSET   855 PM MDT


-  INDICATES NEGATIVE NUMBERS.
R  INDICATES RECORD WAS SET OR TIED.
MM INDICATES DATA IS MISSING.
T  INDICATES TRACE AMOUNT.




$$
