000
CDUS45 KRIW 300753
CLILND


CLIMATE REPORT
NATIONAL WEATHER SERVICE RIVERTON WY
151 AM MDT SAT MAY 30 2015


...................................

...THE LANDER WY CLIMATE SUMMARY FOR MAY 29 2015...

CLIMATE NORMAL PERIOD 1981 TO 2010
CLIMATE RECORD PERIOD 1891 TO 2015


WEATHER ITEM   OBSERVED TIME   RECORD YEAR NORMAL DEPARTURE LAST
                VALUE   (LST)  VALUE       VALUE  FROM      YEAR
                                                  NORMAL
..................................................................
TEMPERATURE (F)
 YESTERDAY
  MAXIMUM         63    522 PM  93    2003  71     -8       85
  MINIMUM         46    114 AM  24    1947  44      2       57
  AVERAGE         55                        57     -2       71

PRECIPITATION (IN)
  YESTERDAY        0.01          3.45 1924   0.07  -0.06     0.00
  MONTH TO DATE    6.10                      2.08   4.02     1.50
  SINCE MAR 1      8.96                      5.11   3.85     3.38
  SINCE JAN 1     10.52                      6.10   4.42     4.18

SNOWFALL (IN)
  YESTERDAY        0.0                       0.0    0.0      0.0
  MONTH TO DATE    0.8                       4.8   -4.0      2.2
  SINCE MAR 1     20.0                      37.7  -17.7     20.4
  SINCE JUL 1     73.9                      91.3  -17.4     75.7
  SNOW DEPTH       0

DEGREE DAYS
 HEATING
  YESTERDAY       10                         8      2        0
  MONTH TO DATE  449                       352     97      325
  SINCE MAR 1   1807                      1902    -95     1841
  SINCE JUL 1   6931                      7606   -675     7577

 COOLING
  YESTERDAY        0                         0      0        6
  MONTH TO DATE    0                         0      0       16
  SINCE MAR 1      0                         0      0       16
  SINCE JAN 1      0                         0      0       16
..................................................................


WIND (MPH)
  HIGHEST WIND SPEED    14   HIGHEST WIND DIRECTION     E (70)
  HIGHEST GUST SPEED    17   HIGHEST GUST DIRECTION     E (70)
  AVERAGE WIND SPEED     4.2


SKY COVER
  POSSIBLE SUNSHINE  MM
  AVERAGE SKY COVER 0.6


WEATHER CONDITIONS
 THE FOLLOWING WEATHER WAS RECORDED YESTERDAY.
  RAIN
  LIGHT RAIN


RELATIVE HUMIDITY (PERCENT)
 HIGHEST    93           200 AM
 LOWEST     51           500 PM
 AVERAGE    72

..........................................................


THE LANDER WY CLIMATE NORMALS FOR TODAY
                         NORMAL    RECORD    YEAR
 MAXIMUM TEMPERATURE (F)   71        90      1984
 MINIMUM TEMPERATURE (F)   44        30      1982


SUNRISE AND SUNSET
MAY 30 2015...........SUNRISE   540 AM MDT   SUNSET   845 PM MDT
MAY 31 2015...........SUNRISE   540 AM MDT   SUNSET   846 PM MDT


-  INDICATES NEGATIVE NUMBERS.
R  INDICATES RECORD WAS SET OR TIED.
MM INDICATES DATA IS MISSING.
T  INDICATES TRACE AMOUNT.




$$
