283
CDUS45 KRIW 250034
CLILND


CLIMATE REPORT
NATIONAL WEATHER SERVICE RIVERTON WY
632 PM MDT FRI MAR 24 2017


...................................

...THE LANDER WY CLIMATE SUMMARY FOR MARCH 24 2017...
VALID TODAY AS OF 0500 PM LOCAL TIME.

CLIMATE NORMAL PERIOD 1981 TO 2010
CLIMATE RECORD PERIOD 1891 TO 2017


WEATHER ITEM   OBSERVED TIME   RECORD YEAR NORMAL DEPARTURE LAST
                VALUE   (LST)  VALUE       VALUE  FROM      YEAR
                                                  NORMAL
..................................................................
TEMPERATURE (F)
 TODAY
  MAXIMUM         58        MM  70    2012  50      8       51
  MINIMUM         31        MM  -7    1965  26      5       23
  AVERAGE         45                        38      7       37

PRECIPITATION (IN)
  TODAY            0.00          0.83 1959   0.04  -0.04     0.00
  MONTH TO DATE    1.04                      0.83   0.21     1.61
  SINCE MAR 1      1.04                      0.83   0.21     1.61
  SINCE JAN 1      3.42                      1.82   1.60     2.53

SNOWFALL (IN)
  TODAY            0.0                       0.6   -0.6      0.0
  MONTH TO DATE    T                        11.9  -11.9     10.0
  SINCE MAR 1      T                        11.9  -11.9     10.0
  SINCE JUL 1     61.0                      65.5   -4.5     47.0
  SNOW DEPTH       0

DEGREE DAYS
 HEATING
  TODAY           20                        27     -7       28
  MONTH TO DATE  553                       734   -181      617
  SINCE MAR 1    553                       734   -181      617
  SINCE JUL 1   6256                      6438   -182     5768

 COOLING
  TODAY            0                         0      0        0
  MONTH TO DATE    0                         0      0        0
  SINCE MAR 1      0                         0      0        0
  SINCE JAN 1      0                         0      0        0
..................................................................


WIND (MPH)
  HIGHEST WIND SPEED    14   HIGHEST WIND DIRECTION     W (250)
  HIGHEST GUST SPEED    MM   HIGHEST GUST DIRECTION    MM
  AVERAGE WIND SPEED     5.6


SKY COVER
  POSSIBLE SUNSHINE  MM
  AVERAGE SKY COVER 0.1


WEATHER CONDITIONS
 THE FOLLOWING WEATHER WAS RECORDED TODAY.
  NO SIGNIFICANT WEATHER WAS OBSERVED.


RELATIVE HUMIDITY (PERCENT)
 HIGHEST    92           200 AM
 LOWEST     38           100 PM
 AVERAGE    65

..........................................................


THE LANDER WY CLIMATE NORMALS FOR TOMORROW
                         NORMAL    RECORD    YEAR
 MAXIMUM TEMPERATURE (F)   51        73      2012
 MINIMUM TEMPERATURE (F)   26       -11      1965


SUNRISE AND SUNSET
MARCH 24 2017.........SUNRISE   711 AM MDT   SUNSET   732 PM MDT
MARCH 25 2017.........SUNRISE   709 AM MDT   SUNSET   733 PM MDT


-  INDICATES NEGATIVE NUMBERS.
R  INDICATES RECORD WAS SET OR TIED.
MM INDICATES DATA IS MISSING.
T  INDICATES TRACE AMOUNT.




$$
