000
CDUS45 KRIW 260732
CLILND


CLIMATE REPORT
NATIONAL WEATHER SERVICE RIVERTON WY
1231 AM MST SUN FEB 26 2017


...................................

...THE LANDER WY CLIMATE SUMMARY FOR FEBRUARY 25 2017...

CLIMATE NORMAL PERIOD 1981 TO 2010
CLIMATE RECORD PERIOD 1891 TO 2017


WEATHER ITEM   OBSERVED TIME   RECORD YEAR NORMAL DEPARTURE LAST
                VALUE   (LST)  VALUE       VALUE  FROM      YEAR
                                                  NORMAL
..................................................................
TEMPERATURE (F)
 YESTERDAY
  MAXIMUM         23    433 PM  64    1986  40    -17       52
  MINIMUM         -2    610 AM -14    1935  17    -19       19
  AVERAGE         11                        28    -17       36

PRECIPITATION (IN)
  YESTERDAY        0.00          0.32 2011   0.02  -0.02     0.00
                                      1923
  MONTH TO DATE    1.09                      0.50   0.59     0.50
  SINCE DEC 1      3.26                      1.49   1.77     1.40
  SINCE JAN 1      2.36                      0.91   1.45     0.92

SNOWFALL (IN)
  YESTERDAY        0.0                       0.4   -0.4      0.0
  MONTH TO DATE   19.6                       9.1   10.5      3.9
  SINCE DEC 1     47.0                      26.8   20.2     18.0
  SINCE JUL 1     61.0                      52.4    8.6     37.0
  SNOW DEPTH      11

DEGREE DAYS
 HEATING
  YESTERDAY       54                        37     17       29
  MONTH TO DATE  879                      1007   -128      827
  SINCE DEC 1   3998                      3724    274     3546
  SINCE JUL 1   5554                      5597    -43     5058

 COOLING
  YESTERDAY        0                         0      0        0
  MONTH TO DATE    0                         0      0        0
  SINCE DEC 1      0                         0      0        0
  SINCE JAN 1      0                         0      0        0
..................................................................


WIND (MPH)
  HIGHEST WIND SPEED    18   HIGHEST WIND DIRECTION     W (270)
  HIGHEST GUST SPEED    23   HIGHEST GUST DIRECTION     W (260)
  AVERAGE WIND SPEED     4.0


SKY COVER
  POSSIBLE SUNSHINE  MM
  AVERAGE SKY COVER 0.0


WEATHER CONDITIONS
 THE FOLLOWING WEATHER WAS RECORDED YESTERDAY.
  NO SIGNIFICANT WEATHER WAS OBSERVED.


RELATIVE HUMIDITY (PERCENT)
 HIGHEST    87           500 AM
 LOWEST     39           500 PM
 AVERAGE    63

..........................................................


THE LANDER WY CLIMATE NORMALS FOR TODAY
                         NORMAL    RECORD    YEAR
 MAXIMUM TEMPERATURE (F)   40        62      1932
 MINIMUM TEMPERATURE (F)   17       -14      1935


SUNRISE AND SUNSET
FEBRUARY 26 2017......SUNRISE   655 AM MST   SUNSET   601 PM MST
FEBRUARY 27 2017......SUNRISE   653 AM MST   SUNSET   602 PM MST


-  INDICATES NEGATIVE NUMBERS.
R  INDICATES RECORD WAS SET OR TIED.
MM INDICATES DATA IS MISSING.
T  INDICATES TRACE AMOUNT.




$$
