000
CDUS45 KRIW 010735
CLILND


CLIMATE REPORT
NATIONAL WEATHER SERVICE RIVERTON WY
135 AM MDT TUE SEP 1 2015


...................................

...THE LANDER WY CLIMATE SUMMARY FOR AUGUST 31 2015...

CLIMATE NORMAL PERIOD 1981 TO 2010
CLIMATE RECORD PERIOD 1891 TO 2015


WEATHER ITEM   OBSERVED TIME   RECORD YEAR NORMAL DEPARTURE LAST
                VALUE   (LST)  VALUE       VALUE  FROM      YEAR
                                                  NORMAL
..................................................................
TEMPERATURE (F)
 YESTERDAY
  MAXIMUM         86    415 PM  95    1954  81      5       69
  MINIMUM         53    621 AM  29    1908  51      2       50
  AVERAGE         70                        66      4       60

PRECIPITATION (IN)
  YESTERDAY        0.00          0.89 1909   0.02  -0.02     0.02
  MONTH TO DATE    0.58                      0.61  -0.03     1.61
  SINCE JUN 1      1.88                      2.66  -0.78     2.83
  SINCE JAN 1     12.40                      8.88   3.52     7.02

SNOWFALL (IN)
  YESTERDAY        0.0                       0.0    0.0      0.0
  MONTH TO DATE    0.0                       0.0    0.0      0.0
  SINCE JUN 1      0.0                       0.1   -0.1      0.0
  SINCE JUL 1      0.0                       0.0    0.0      0.0
  SNOW DEPTH       0

DEGREE DAYS
 HEATING
  YESTERDAY        0                         2     -2        5
  MONTH TO DATE   22                        23     -1       41
  SINCE JUN 1     71                       166    -95      180
  SINCE JUL 1     40                        40      0       44

 COOLING
  YESTERDAY        5                         3      2        0
  MONTH TO DATE  189                       168     21      123
  SINCE JUN 1    435                       440     -5      388
  SINCE JAN 1    435                       445    -10      406
..................................................................


WIND (MPH)
  HIGHEST WIND SPEED    25   HIGHEST WIND DIRECTION     W (260)
  HIGHEST GUST SPEED    35   HIGHEST GUST DIRECTION    SW (240)
  AVERAGE WIND SPEED     8.1


SKY COVER
  POSSIBLE SUNSHINE  MM
  AVERAGE SKY COVER 0.0


WEATHER CONDITIONS
 THE FOLLOWING WEATHER WAS RECORDED YESTERDAY.
  NO SIGNIFICANT WEATHER WAS OBSERVED.


RELATIVE HUMIDITY (PERCENT)
 HIGHEST    51           400 AM
 LOWEST      9           200 PM
 AVERAGE    30

..........................................................


THE LANDER WY CLIMATE NORMALS FOR TODAY
                         NORMAL    RECORD    YEAR
 MAXIMUM TEMPERATURE (F)   80        94      1983
 MINIMUM TEMPERATURE (F)   50        33      1905


SUNRISE AND SUNSET
SEPTEMBER  1 2015.....SUNRISE   639 AM MDT   SUNSET   750 PM MDT
SEPTEMBER  2 2015.....SUNRISE   640 AM MDT   SUNSET   748 PM MDT


-  INDICATES NEGATIVE NUMBERS.
R  INDICATES RECORD WAS SET OR TIED.
MM INDICATES DATA IS MISSING.
T  INDICATES TRACE AMOUNT.




$$
