000
CDUS43 KOAX 210625
CLILNK


CLIMATE REPORT
NATIONAL WEATHER SERVICE OMAHA NEBRASKA
1223 AM CST TUE NOV 21 2017


...................................

...THE LINCOLN, NEBRASKA CLIMATE SUMMARY FOR NOVEMBER 20 2017...

CLIMATE NORMAL PERIOD 1981 TO 2010
CLIMATE RECORD PERIOD 1887 TO 2017


WEATHER ITEM   OBSERVED TIME   RECORD YEAR NORMAL DEPARTURE LAST
                VALUE   (LST)  VALUE       VALUE  FROM      YEAR
                                                  NORMAL
..................................................................
TEMPERATURE (F)
 YESTERDAY
  MAXIMUM         61    239 PM  75    1936  48     13       53
                                      1933
  MINIMUM         32    226 AM   1    1985  25      7       21
  AVERAGE         47                        36     11       37

PRECIPITATION (IN)
  YESTERDAY        0.00          1.05 1994   0.04  -0.04     0.00
  MONTH TO DATE    0.07                      1.01  -0.94     0.08
  SINCE SEP 1      6.82                      6.00   0.82     5.32
  SINCE JAN 1     36.65                     27.58   9.07    26.71

SNOWFALL (IN)
  YESTERDAY        0.0                       0.0    0.0      0.0
  MONTH TO DATE    0.0                       1.0   -1.0       T
  SINCE JUL 1      T                         1.7   -1.7       T
  SNOW DEPTH       0

DEGREE DAYS
 HEATING
  YESTERDAY       18                        29    -11       28
  MONTH TO DATE  498                       468     30      303
  SINCE SEP 1    839                       941   -102      562
  SINCE JUL 1    839                       947   -108      563

 COOLING
  YESTERDAY        0                         0      0        0
  MONTH TO DATE    0                         0      0        0
  SINCE SEP 1    222                       138     84      220
  SINCE JAN 1   1252                      1173     79     1449
..................................................................


WIND (MPH)
  HIGHEST WIND SPEED    23   HIGHEST WIND DIRECTION    SW (210)
  HIGHEST GUST SPEED    27   HIGHEST GUST DIRECTION    SW (210)
  AVERAGE WIND SPEED     9.7


SKY COVER
  POSSIBLE SUNSHINE  MM
  AVERAGE SKY COVER 0.0


WEATHER CONDITIONS
 THE FOLLOWING WEATHER WAS RECORDED YESTERDAY.
  NO SIGNIFICANT WEATHER WAS OBSERVED.


RELATIVE HUMIDITY (PERCENT)
 HIGHEST    70          1100 PM
 LOWEST     25           300 PM
 AVERAGE    48

..........................................................


THE LINCOLN, NEBRASKA CLIMATE NORMALS FOR TODAY
                         NORMAL    RECORD    YEAR
 MAXIMUM TEMPERATURE (F)   47        73      2012
 MINIMUM TEMPERATURE (F)   25         3      1985
                                             1898


SUNRISE AND SUNSET
NOVEMBER 21 2017......SUNRISE   721 AM CST   SUNSET   504 PM CST
NOVEMBER 22 2017......SUNRISE   723 AM CST   SUNSET   504 PM CST


-  INDICATES NEGATIVE NUMBERS.
R  INDICATES RECORD WAS SET OR TIED.
MM INDICATES DATA IS MISSING.
T  INDICATES TRACE AMOUNT.




$$
