000
CDUS43 KOAX 260637
CLILNK


CLIMATE REPORT
NATIONAL WEATHER SERVICE OMAHA NEBRASKA
1234 AM CST MON JAN 26 2015


...................................

...THE LINCOLN, NEBRASKA CLIMATE SUMMARY FOR JANUARY 25 2015...

CLIMATE NORMAL PERIOD 1981 TO 2010
CLIMATE RECORD PERIOD 1887 TO 2015


WEATHER ITEM   OBSERVED TIME   RECORD YEAR NORMAL DEPARTURE LAST
                VALUE   (LST)  VALUE       VALUE  FROM      YEAR
                                                  NORMAL
..................................................................
TEMPERATURE (F)
 YESTERDAY
  MAXIMUM         46   1247 AM  69    1944  36     10       49
  MINIMUM         30   1023 PM -21    1905  14     16       33
  AVERAGE         38                        25     13       41

PRECIPITATION (IN)
  YESTERDAY        T             0.48 1941   0.03  -0.03     0.01
  MONTH TO DATE    0.09                      0.50  -0.41     0.21
  SINCE DEC 1      1.31                      1.45  -0.14     0.43
  SINCE JAN 1      0.09                      0.50  -0.41     0.21

SNOWFALL (IN)
  YESTERDAY        0.0                       0.2   -0.2      0.0
  MONTH TO DATE    0.9                       4.2   -3.3      3.3
  SINCE JUL 1      6.0                      12.9   -6.9      9.2
  SNOW DEPTH       0

DEGREE DAYS
 HEATING
  YESTERDAY       27                        40    -13       24
  MONTH TO DATE  975                      1016    -41     1042
  SINCE DEC 1   2007                      2200   -193     2363
  SINCE JUL 1   3316                      3461   -145     3660

 COOLING
  YESTERDAY        0                         0      0        0
  MONTH TO DATE    0                         0      0        0
  SINCE DEC 1      0                         0      0        0
  SINCE JAN 1      0                         0      0        0
..................................................................


WIND (MPH)
  HIGHEST WIND SPEED    38   HIGHEST WIND DIRECTION    NW (330)
  HIGHEST GUST SPEED    46   HIGHEST GUST DIRECTION    NW (320)
  AVERAGE WIND SPEED    16.5


SKY COVER
  POSSIBLE SUNSHINE  MM
  AVERAGE SKY COVER 0.8


WEATHER CONDITIONS
 THE FOLLOWING WEATHER WAS RECORDED YESTERDAY.
  LIGHT RAIN


RELATIVE HUMIDITY (PERCENT)
 HIGHEST    85          1000 PM
 LOWEST     70          1200 PM
 AVERAGE    78

..........................................................


THE LINCOLN, NEBRASKA CLIMATE NORMALS FOR TODAY
                         NORMAL    RECORD    YEAR
 MAXIMUM TEMPERATURE (F)   36        68      2002
 MINIMUM TEMPERATURE (F)   14       -17      1936


SUNRISE AND SUNSET
JANUARY 26 2015.......SUNRISE   743 AM CST   SUNSET   537 PM CST
JANUARY 27 2015.......SUNRISE   742 AM CST   SUNSET   538 PM CST


-  INDICATES NEGATIVE NUMBERS.
R  INDICATES RECORD WAS SET OR TIED.
MM INDICATES DATA IS MISSING.
T  INDICATES TRACE AMOUNT.




$$
