000
CDUS43 KOAX 280649
CLILNK


CLIMATE REPORT
NATIONAL WEATHER SERVICE OMAHA NEBRASKA
148 AM CDT SAT MAY 28 2016


...................................

...THE LINCOLN, NEBRASKA CLIMATE SUMMARY FOR MAY 27 2016...

CLIMATE NORMAL PERIOD 1981 TO 2010
CLIMATE RECORD PERIOD 1887 TO 2016


WEATHER ITEM   OBSERVED TIME   RECORD YEAR NORMAL DEPARTURE LAST
                VALUE   (LST)  VALUE       VALUE  FROM      YEAR
                                                  NORMAL
..................................................................
TEMPERATURE (F)
 YESTERDAY
  MAXIMUM         77    405 PM  95    1966  78     -1       83
  MINIMUM         60   1159 PM  36    1907  54      6       50
  AVERAGE         69                        66      3       67

PRECIPITATION (IN)
  YESTERDAY        1.21          3.32 2013   0.13   1.08     0.00
  MONTH TO DATE    5.42                      3.72   1.70    10.83
  SINCE MAR 1     10.72                      8.36   2.36    13.59
  SINCE JAN 1     12.31                      9.77   2.54    15.43

SNOWFALL (IN)
  YESTERDAY        0.0                       0.0    0.0      0.0
  MONTH TO DATE    0.0                       0.1   -0.1      0.0
  SINCE JUL 1     20.5                      26.0   -5.5     21.9
  SNOW DEPTH       0

DEGREE DAYS
 HEATING
  YESTERDAY        0                         2     -2        0
  MONTH TO DATE  127                       140    -13      133
  SINCE MAR 1    963                      1330   -367     1129
  SINCE JUL 1   4880                      6033  -1153     5816

 COOLING
  YESTERDAY        4                         3      1        2
  MONTH TO DATE   40                        49     -9       39
  SINCE MAR 1     49                        63    -14       44
  SINCE JAN 1     49                        63    -14       44
..................................................................


WIND (MPH)
  HIGHEST WIND SPEED    30   HIGHEST WIND DIRECTION     E (070)
  HIGHEST GUST SPEED    36   HIGHEST GUST DIRECTION     E (070)
  AVERAGE WIND SPEED     8.2


SKY COVER
  POSSIBLE SUNSHINE  MM
  AVERAGE SKY COVER 0.7


WEATHER CONDITIONS
 THE FOLLOWING WEATHER WAS RECORDED YESTERDAY.
  THUNDERSTORM
  HEAVY RAIN
  RAIN
  LIGHT RAIN
  FOG


RELATIVE HUMIDITY (PERCENT)
 HIGHEST    90          1200 AM
 LOWEST     58           200 PM
 AVERAGE    74

..........................................................


THE LINCOLN, NEBRASKA CLIMATE NORMALS FOR TODAY
                         NORMAL    RECORD    YEAR
 MAXIMUM TEMPERATURE (F)   78        98      1895
 MINIMUM TEMPERATURE (F)   55        34      1947


SUNRISE AND SUNSET
MAY 28 2016...........SUNRISE   559 AM CDT   SUNSET   850 PM CDT
MAY 29 2016...........SUNRISE   559 AM CDT   SUNSET   851 PM CDT


-  INDICATES NEGATIVE NUMBERS.
R  INDICATES RECORD WAS SET OR TIED.
MM INDICATES DATA IS MISSING.
T  INDICATES TRACE AMOUNT.




$$
