000
CDUS43 KOAX 222229
CLILNK


CLIMATE REPORT
NATIONAL WEATHER SERVICE OMAHA NEBRASKA
427 PM CST MON DEC 22 2014


...................................

...THE LINCOLN, NEBRASKA CLIMATE SUMMARY FOR DECEMBER 22 2014...
VALID TODAY AS OF 0400 PM LOCAL TIME.

CLIMATE NORMAL PERIOD 1981 TO 2010
CLIMATE RECORD PERIOD 1887 TO 2014


WEATHER ITEM   OBSERVED TIME   RECORD YEAR NORMAL DEPARTURE LAST
                VALUE   (LST)  VALUE       VALUE  FROM      YEAR
                                                  NORMAL
..................................................................
TEMPERATURE (F)
 TODAY
  MAXIMUM         45    205 PM  70    1933  36      9       24
  MINIMUM         43    957 AM -27    1983  15     28        6
  AVERAGE         44                        25     19       15

PRECIPITATION (IN)
  TODAY            0.14          1.34 1941   0.03   0.11     0.01
  MONTH TO DATE    1.03                      0.72   0.31     0.22
  SINCE DEC 1      1.03                      0.72   0.31     0.22
  SINCE JAN 1     34.55                     28.72   5.83    26.71

SNOWFALL (IN)
  TODAY            0.0                       0.2   -0.2      0.1
  MONTH TO DATE    0.7                       4.2   -3.5      5.7
  SINCE JUL 1      3.7                       7.0   -3.3      5.9
  SNOW DEPTH       0

DEGREE DAYS
 HEATING
  TODAY           21                        40    -19       50
  MONTH TO DATE  655                       823   -168      964
  SINCE DEC 1    655                       823   -168      964
  SINCE JUL 1   1964                      2084   -120     2261

 COOLING
  TODAY            0                         0      0        0
  MONTH TO DATE    0                         0      0        0
  SINCE DEC 1      0                         0      0        0
  SINCE JAN 1   1237                      1173     64     1236
..................................................................


WIND (MPH)
  HIGHEST WIND SPEED    17   HIGHEST WIND DIRECTION     S (170)
  HIGHEST GUST SPEED    22   HIGHEST GUST DIRECTION     S (170)
  AVERAGE WIND SPEED    11.2


SKY COVER
  POSSIBLE SUNSHINE  MM
  AVERAGE SKY COVER 0.9


WEATHER CONDITIONS
 THE FOLLOWING WEATHER WAS RECORDED TODAY.
  LIGHT RAIN
  FOG


RELATIVE HUMIDITY (PERCENT)
 HIGHEST   100           100 AM
 LOWEST     83          1100 AM
 AVERAGE    92

..........................................................


THE LINCOLN, NEBRASKA CLIMATE NORMALS FOR TOMORROW
                         NORMAL    RECORD    YEAR
 MAXIMUM TEMPERATURE (F)   36        71      1964
 MINIMUM TEMPERATURE (F)   15       -23      1989


SUNRISE AND SUNSET
DECEMBER 22 2014......SUNRISE   748 AM CST   SUNSET   503 PM CST
DECEMBER 23 2014......SUNRISE   749 AM CST   SUNSET   503 PM CST


-  INDICATES NEGATIVE NUMBERS.
R  INDICATES RECORD WAS SET OR TIED.
MM INDICATES DATA IS MISSING.
T  INDICATES TRACE AMOUNT.




$$
