000
CDUS43 KOAX 250632
CLILNK


CLIMATE REPORT
NATIONAL WEATHER SERVICE OMAHA NEBRASKA
130 AM CDT MON SEP 25 2017


...................................

...THE LINCOLN, NEBRASKA CLIMATE SUMMARY FOR SEPTEMBER 24 2017...

CLIMATE NORMAL PERIOD 1981 TO 2010
CLIMATE RECORD PERIOD 1887 TO 2017


WEATHER ITEM   OBSERVED TIME   RECORD YEAR NORMAL DEPARTURE LAST
                VALUE   (LST)  VALUE       VALUE  FROM      YEAR
                                                  NORMAL
..................................................................
TEMPERATURE (F)
 YESTERDAY
  MAXIMUM         88   1254 PM  93    2005  75     13       81
  MINIMUM         63   1159 PM  31    1942  49     14       66
  AVERAGE         76                        62     14       74

PRECIPITATION (IN)
  YESTERDAY        0.59          1.74 1913   0.09   0.50     0.17
  MONTH TO DATE    1.05                      2.50  -1.45     3.20
  SINCE SEP 1      1.05                      2.50  -1.45     3.20
  SINCE JAN 1     30.88                     24.08   6.80    24.59

SNOWFALL (IN)
  YESTERDAY        0.0                       0.0    0.0      0.0
  MONTH TO DATE    0.0                       0.0    0.0      0.0
  SINCE JUL 1      0.0                       0.0    0.0      0.0
  SNOW DEPTH       0

DEGREE DAYS
 HEATING
  YESTERDAY        0                         5     -5        0
  MONTH TO DATE   18                        57    -39        9
  SINCE SEP 1     18                        57    -39        9
  SINCE JUL 1     18                        63    -45       10

 COOLING
  YESTERDAY       11                         2      9        9
  MONTH TO DATE  195                       112     83      203
  SINCE SEP 1    195                       112     83      203
  SINCE JAN 1   1225                      1147     78     1432
..................................................................


WIND (MPH)
  HIGHEST WIND SPEED    25   HIGHEST WIND DIRECTION     S (160)
  HIGHEST GUST SPEED    33   HIGHEST GUST DIRECTION     S (190)
  AVERAGE WIND SPEED    11.9


SKY COVER
  POSSIBLE SUNSHINE  MM
  AVERAGE SKY COVER 0.3


WEATHER CONDITIONS
 THE FOLLOWING WEATHER WAS RECORDED YESTERDAY.
  THUNDERSTORM
  HEAVY RAIN
  RAIN
  LIGHT RAIN
  FOG


RELATIVE HUMIDITY (PERCENT)
 HIGHEST    93          1000 PM
 LOWEST     45          1200 PM
 AVERAGE    69

..........................................................


THE LINCOLN, NEBRASKA CLIMATE NORMALS FOR TODAY
                         NORMAL    RECORD    YEAR
 MAXIMUM TEMPERATURE (F)   75        93      1998
                                             1990
 MINIMUM TEMPERATURE (F)   49        29      1975


SUNRISE AND SUNSET
SEPTEMBER 25 2017.....SUNRISE   718 AM CDT   SUNSET   719 PM CDT
SEPTEMBER 26 2017.....SUNRISE   719 AM CDT   SUNSET   717 PM CDT


-  INDICATES NEGATIVE NUMBERS.
R  INDICATES RECORD WAS SET OR TIED.
MM INDICATES DATA IS MISSING.
T  INDICATES TRACE AMOUNT.




$$
