000
CDUS43 KOAX 212147
CLILNK


CLIMATE REPORT
NATIONAL WEATHER SERVICE OMAHA NEBRASKA
446 PM CDT THU AUG 21 2014


...................................

...THE LINCOLN, NEBRASKA CLIMATE SUMMARY FOR AUGUST 21 2014...
VALID TODAY AS OF 0400 PM LOCAL TIME.

CLIMATE NORMAL PERIOD 1981 TO 2010
CLIMATE RECORD PERIOD 1887 TO 2014


WEATHER ITEM   OBSERVED TIME   RECORD YEAR NORMAL DEPARTURE LAST
                VALUE   (LST)  VALUE       VALUE  FROM      YEAR
                                                  NORMAL
..................................................................
TEMPERATURE (F)
 TODAY
  MAXIMUM         88    259 PM 104    1929  86      2       92
  MINIMUM         71    642 AM  47    1994  63      8       69
                                      1890
  AVERAGE         80                        75      5       81

PRECIPITATION (IN)
  TODAY            0.23          2.41 2002   0.12   0.11     0.00
  MONTH TO DATE    1.68                      2.32  -0.64     1.10
  SINCE JUN 1      8.09                     10.07  -1.98     4.59
  SINCE JAN 1     17.84                     20.41  -2.57    20.44

SNOWFALL (IN)
  TODAY            0.0                       0.0    0.0      0.0
  MONTH TO DATE    0.0                       0.0    0.0      0.0
  SINCE JUL 1      0.0                       0.0    0.0      0.0
  SNOW DEPTH       0

DEGREE DAYS
 HEATING
  TODAY            0                         0      0        0
  MONTH TO DATE    0                         0      0        0
  SINCE JUN 1      4                        17    -13       23
  SINCE JUL 1      2                         1      1        3

 COOLING
  TODAY           15                        10      5       16
  MONTH TO DATE  235                       236     -1      168
  SINCE JUN 1    834                       868    -34      745
  SINCE JAN 1    994                       947     47      832
..................................................................


WIND (MPH)
  HIGHEST WIND SPEED    26   HIGHEST WIND DIRECTION    SW (240)
  HIGHEST GUST SPEED    39   HIGHEST GUST DIRECTION    SW (210)
  AVERAGE WIND SPEED    10.9


SKY COVER
  POSSIBLE SUNSHINE  MM
  AVERAGE SKY COVER 0.2


WEATHER CONDITIONS
 THE FOLLOWING WEATHER WAS RECORDED TODAY.
  THUNDERSTORM
  HEAVY RAIN
  LIGHT RAIN
  FOG


RELATIVE HUMIDITY (PERCENT)
 HIGHEST    82           900 AM
 LOWEST     55           200 AM
 AVERAGE    69

..........................................................


THE LINCOLN, NEBRASKA CLIMATE NORMALS FOR TOMORROW
                         NORMAL    RECORD    YEAR
 MAXIMUM TEMPERATURE (F)   86       103      1948
 MINIMUM TEMPERATURE (F)   63        46      1923


SUNRISE AND SUNSET
AUGUST 21 2014........SUNRISE   643 AM CDT   SUNSET   816 PM CDT
AUGUST 22 2014........SUNRISE   644 AM CDT   SUNSET   815 PM CDT


-  INDICATES NEGATIVE NUMBERS.
R  INDICATES RECORD WAS SET OR TIED.
MM INDICATES DATA IS MISSING.
T  INDICATES TRACE AMOUNT.




$$
