000
CDUS43 KOAX 200636
CLILNK


CLIMATE REPORT
NATIONAL WEATHER SERVICE OMAHA NEBRASKA
1234 AM CST MON FEB 20 2017


...................................

...THE LINCOLN, NEBRASKA CLIMATE SUMMARY FOR FEBRUARY 19 2017...

CLIMATE NORMAL PERIOD 1981 TO 2010
CLIMATE RECORD PERIOD 1887 TO 2017


WEATHER ITEM   OBSERVED TIME   RECORD YEAR NORMAL DEPARTURE LAST
                VALUE   (LST)  VALUE       VALUE  FROM      YEAR
                                                  NORMAL
..................................................................
TEMPERATURE (F)
 YESTERDAY
  MAXIMUM         73R   321 PM  71    1996  41     32       68
  MINIMUM         35    359 AM -15    1936  19     16       46
  AVERAGE         54                        30     24       57

PRECIPITATION (IN)
  YESTERDAY        0.00          0.50 1891   0.03  -0.03     0.00
  MONTH TO DATE    0.01                      0.50  -0.49     0.75
  SINCE DEC 1      2.73                      2.09   0.64     6.00
  SINCE JAN 1      1.11                      1.14  -0.03     1.58

SNOWFALL (IN)
  YESTERDAY        0.0                       0.2   -0.2      0.0
  MONTH TO DATE    0.2                       4.0   -3.8      7.3
  SINCE JUL 1      5.1                      18.1  -13.0     20.5
  SNOW DEPTH       0

DEGREE DAYS
 HEATING
  YESTERDAY       11                        35    -24        8
  MONTH TO DATE  521                       710   -189      639
  SINCE DEC 1   2855                      3146   -291     2789
  SINCE JUL 1   3663                      4407   -744     3689

 COOLING
  YESTERDAY        0                         0      0        0
  MONTH TO DATE    0                         0      0        0
  SINCE DEC 1      0                         0      0        0
  SINCE JAN 1      0                         0      0        0
..................................................................


WIND (MPH)
  HIGHEST WIND SPEED    26   HIGHEST WIND DIRECTION     S (180)
  HIGHEST GUST SPEED    34   HIGHEST GUST DIRECTION     S (190)
  AVERAGE WIND SPEED    11.3


SKY COVER
  POSSIBLE SUNSHINE  MM
  AVERAGE SKY COVER 0.0


WEATHER CONDITIONS
 THE FOLLOWING WEATHER WAS RECORDED YESTERDAY.
  FOG


RELATIVE HUMIDITY (PERCENT)
 HIGHEST    93           900 AM
 LOWEST     41           300 PM
 AVERAGE    67

..........................................................


THE LINCOLN, NEBRASKA CLIMATE NORMALS FOR TODAY
                         NORMAL    RECORD    YEAR
 MAXIMUM TEMPERATURE (F)   42        71      1991
 MINIMUM TEMPERATURE (F)   20       -10      1918


SUNRISE AND SUNSET
FEBRUARY 20 2017......SUNRISE   714 AM CST   SUNSET   608 PM CST
FEBRUARY 21 2017......SUNRISE   712 AM CST   SUNSET   609 PM CST


-  INDICATES NEGATIVE NUMBERS.
R  INDICATES RECORD WAS SET OR TIED.
MM INDICATES DATA IS MISSING.
T  INDICATES TRACE AMOUNT.




$$
