000
CDUS43 KOAX 170711
CLILNK


CLIMATE REPORT
NATIONAL WEATHER SERVICE OMAHA NEBRASKA
110 AM CST TUE JAN 17 2017


...................................

...THE LINCOLN, NEBRASKA CLIMATE SUMMARY FOR JANUARY 16 2017...

CLIMATE NORMAL PERIOD 1981 TO 2010
CLIMATE RECORD PERIOD 1887 TO 2017


WEATHER ITEM   OBSERVED TIME   RECORD YEAR NORMAL DEPARTURE LAST
                VALUE   (LST)  VALUE       VALUE  FROM      YEAR
                                                  NORMAL
..................................................................
TEMPERATURE (F)
 YESTERDAY
  MAXIMUM         33   1159 PM  66    1894  35     -2       34
  MINIMUM         32    755 AM -19    1977  14     18        8
  AVERAGE         33                        24      9       21

PRECIPITATION (IN)
  YESTERDAY        0.60R         0.58 1915   0.02   0.58     0.04
  MONTH TO DATE    0.95                      0.31   0.64     0.55
  SINCE DEC 1      2.57                      1.26   1.31     4.97
  SINCE JAN 1      0.95                      0.31   0.64     0.55

SNOWFALL (IN)
  YESTERDAY        0.0                       0.2   -0.2      0.9
  MONTH TO DATE    2.0                       2.6   -0.6      1.3
  SINCE JUL 1      3.7                      11.3   -7.6      8.7
  SNOW DEPTH       0

DEGREE DAYS
 HEATING
  YESTERDAY       32                        41     -9       44
  MONTH TO DATE  702                       653     49      614
  SINCE DEC 1   1885                      1837     48     1578
  SINCE JUL 1   2693                      3098   -405     2478

 COOLING
  YESTERDAY        0                         0      0        0
  MONTH TO DATE    0                         0      0        0
  SINCE DEC 1      0                         0      0        0
  SINCE JAN 1      0                         0      0        0
..................................................................


WIND (MPH)
  HIGHEST WIND SPEED    16   HIGHEST WIND DIRECTION     N (340)
  HIGHEST GUST SPEED    20   HIGHEST GUST DIRECTION    NW (330)
  AVERAGE WIND SPEED    11.2


SKY COVER
  POSSIBLE SUNSHINE  MM
  AVERAGE SKY COVER 1.0


WEATHER CONDITIONS
 THE FOLLOWING WEATHER WAS RECORDED YESTERDAY.
  RAIN
  LIGHT RAIN
  FREEZING RAIN
  LT FREEZING RAIN
  LIGHT SNOW
  FOG


RELATIVE HUMIDITY (PERCENT)
 HIGHEST   100           800 AM
 LOWEST     89           900 AM
 AVERAGE    95

..........................................................


THE LINCOLN, NEBRASKA CLIMATE NORMALS FOR TODAY
                         NORMAL    RECORD    YEAR
 MAXIMUM TEMPERATURE (F)   35        64      1986
 MINIMUM TEMPERATURE (F)   14       -16      1930


SUNRISE AND SUNSET
JANUARY 17 2017.......SUNRISE   748 AM CST   SUNSET   527 PM CST
JANUARY 18 2017.......SUNRISE   748 AM CST   SUNSET   528 PM CST


-  INDICATES NEGATIVE NUMBERS.
R  INDICATES RECORD WAS SET OR TIED.
MM INDICATES DATA IS MISSING.
T  INDICATES TRACE AMOUNT.




$$
