000
CDUS43 KOAX 100628
CLILNK


CLIMATE REPORT
NATIONAL WEATHER SERVICE OMAHA NEBRASKA
1228 AM CST WED FEB 10 2016


...................................

...THE LINCOLN, NEBRASKA CLIMATE SUMMARY FOR FEBRUARY 9 2016...

CLIMATE NORMAL PERIOD 1981 TO 2010
CLIMATE RECORD PERIOD 1887 TO 2016


WEATHER ITEM   OBSERVED TIME   RECORD YEAR NORMAL DEPARTURE LAST
                VALUE   (LST)  VALUE       VALUE  FROM      YEAR
                                                  NORMAL
..................................................................
TEMPERATURE (F)
 YESTERDAY
  MAXIMUM         30   1204 AM  68    1954  38     -8       37
  MINIMUM         17    807 AM -24    1975  16      1       32
  AVERAGE         24                        27     -3       35

PRECIPITATION (IN)
  YESTERDAY        0.00          0.80 1960   0.02  -0.02     0.00
  MONTH TO DATE    0.75                      0.23   0.52     0.82
  SINCE DEC 1      6.00                      1.82   4.18     2.95
  SINCE JAN 1      1.58                      0.87   0.71     1.73

SNOWFALL (IN)
  YESTERDAY        0.0                       0.3   -0.3      0.0
  MONTH TO DATE    7.3                       2.0    5.3     11.5
  SINCE JUL 1     20.5                      16.1    4.4     20.5
  SNOW DEPTH       2

DEGREE DAYS
 HEATING
  YESTERDAY       41                        38      3       30
  MONTH TO DATE  342                       348     -6      374
  SINCE DEC 1   2492                      2784   -292     2544
  SINCE JUL 1   3392                      4045   -653     3853

 COOLING
  YESTERDAY        0                         0      0        0
  MONTH TO DATE    0                         0      0        0
  SINCE DEC 1      0                         0      0        0
  SINCE JAN 1      0                         0      0        0
..................................................................


WIND (MPH)
  HIGHEST WIND SPEED    30   HIGHEST WIND DIRECTION     N (340)
  HIGHEST GUST SPEED    35   HIGHEST GUST DIRECTION     N (340)
  AVERAGE WIND SPEED    13.5


SKY COVER
  POSSIBLE SUNSHINE  MM
  AVERAGE SKY COVER 0.3


WEATHER CONDITIONS
 THE FOLLOWING WEATHER WAS RECORDED YESTERDAY.
  NO SIGNIFICANT WEATHER WAS OBSERVED.


RELATIVE HUMIDITY (PERCENT)
 HIGHEST    71          1100 PM
 LOWEST     50           300 PM
 AVERAGE    61

..........................................................


THE LINCOLN, NEBRASKA CLIMATE NORMALS FOR TODAY
                         NORMAL    RECORD    YEAR
 MAXIMUM TEMPERATURE (F)   38        75      1999
 MINIMUM TEMPERATURE (F)   16       -16      1905


SUNRISE AND SUNSET
FEBRUARY 10 2016......SUNRISE   728 AM CST   SUNSET   555 PM CST
FEBRUARY 11 2016......SUNRISE   727 AM CST   SUNSET   556 PM CST


-  INDICATES NEGATIVE NUMBERS.
R  INDICATES RECORD WAS SET OR TIED.
MM INDICATES DATA IS MISSING.
T  INDICATES TRACE AMOUNT.




$$
