000
CDUS43 KOAX 300800
CLILNK


CLIMATE REPORT
NATIONAL WEATHER SERVICE OMAHA NEBRASKA
259 AM CDT SAT MAY 30 2015


...................................

...THE LINCOLN, NEBRASKA CLIMATE SUMMARY FOR MAY 29 2015...

CLIMATE NORMAL PERIOD 1981 TO 2010
CLIMATE RECORD PERIOD 1887 TO 2015


WEATHER ITEM   OBSERVED TIME   RECORD YEAR NORMAL DEPARTURE LAST
                VALUE   (LST)  VALUE       VALUE  FROM      YEAR
                                                  NORMAL
..................................................................
TEMPERATURE (F)
 YESTERDAY
  MAXIMUM         81    438 PM 102    1934  79      2       88
  MINIMUM         55   1159 PM  32    1947  55      0       61
  AVERAGE         68                        67      1       75

PRECIPITATION (IN)
  YESTERDAY        T             2.64 1998   0.15  -0.15     0.00
  MONTH TO DATE   10.90                      4.00   6.90     5.26
  SINCE MAR 1     13.66                      8.64   5.02     8.89
  SINCE JAN 1     15.50                     10.05   5.45     9.75

SNOWFALL (IN)
  YESTERDAY        0.0                       0.0    0.0      0.0
  MONTH TO DATE    0.0                       0.1   -0.1      0.0
  SINCE JUL 1     21.9                      26.0   -4.1     18.2
  SNOW DEPTH       0

DEGREE DAYS
 HEATING
  YESTERDAY        0                         2     -2        0
  MONTH TO DATE  133                       144    -11      134
  SINCE MAR 1   1129                      1334   -205     1365
  SINCE JUL 1   5816                      6037   -221     6482

 COOLING
  YESTERDAY        3                         4     -1       10
  MONTH TO DATE   47                        57    -10      119
  SINCE MAR 1     52                        71    -19      134
  SINCE JAN 1     52                        71    -19      134
..................................................................


WIND (MPH)
  HIGHEST WIND SPEED    32   HIGHEST WIND DIRECTION     N (340)
  HIGHEST GUST SPEED    37   HIGHEST GUST DIRECTION     N (350)
  AVERAGE WIND SPEED    11.8


SKY COVER
  POSSIBLE SUNSHINE  MM
  AVERAGE SKY COVER 0.5


WEATHER CONDITIONS
 THE FOLLOWING WEATHER WAS RECORDED YESTERDAY.
  LIGHT RAIN


RELATIVE HUMIDITY (PERCENT)
 HIGHEST    93           300 AM
 LOWEST     52           400 PM
 AVERAGE    73

..........................................................


THE LINCOLN, NEBRASKA CLIMATE NORMALS FOR TODAY
                         NORMAL    RECORD    YEAR
 MAXIMUM TEMPERATURE (F)   79       104      1934
 MINIMUM TEMPERATURE (F)   55        40      1947
                                             1930
                                             1897


SUNRISE AND SUNSET
MAY 30 2015...........SUNRISE   559 AM CDT   SUNSET   851 PM CDT
MAY 31 2015...........SUNRISE   558 AM CDT   SUNSET   852 PM CDT


-  INDICATES NEGATIVE NUMBERS.
R  INDICATES RECORD WAS SET OR TIED.
MM INDICATES DATA IS MISSING.
T  INDICATES TRACE AMOUNT.




$$
