000
CDUS43 KLOT 252238
CLILOT


CLIMATE REPORT
NATIONAL WEATHER SERVICE CHICAGO IL
434 PM CST SAT FEB 25 2017


...................................

...THE ROMEOVILLE  WFO CLIMATE SUMMARY FOR FEBRUARY 25 2017...
VALID TODAY AS OF 0400 PM LOCAL TIME.

CLIMATE NORMAL PERIOD 1981 TO 2010
CLIMATE RECORD PERIOD 1992 TO 2017


WEATHER ITEM   OBSERVED TIME   RECORD YEAR NORMAL DEPARTURE
                VALUE   (LST)  VALUE       VALUE  FROM
                                                  NORMAL
...............................................................
TEMPERATURE (F)
 TODAY
  MAXIMUM         32        MM  73    2000  39     -7
  MINIMUM         22        MM  -2    2003  23     -1
  AVERAGE         27                        31     -4

PRECIPITATION (IN)
  TODAY            T             0.45 1994   0.08  -0.08
  MONTH TO DATE    0.89                      1.54  -0.65
  SINCE DEC 1      5.08                      5.72  -0.64
  SINCE JAN 1      3.56                      3.47   0.09

SNOWFALL (IN)
  TODAY            T             6.0  1994   0.2   -0.2
  MONTH TO DATE    1.3                       5.8   -4.5
  SINCE DEC 1     19.4                      25.9   -6.5
  SINCE JUL 1     19.4                      26.8   -7.4

DEGREE DAYS
 HEATING
  TODAY           38                        34      4
  MONTH TO DATE  686                       948   -262
  SINCE DEC 1   3053                      3410   -357
  SINCE JUL 1   3909                      4629   -720

 COOLING
  TODAY            0                         0      0
  MONTH TO DATE    0                         0      0
  SINCE DEC 1      0                         0      0
  SINCE JAN 1      0                         0      0
...............................................................







THE ROMEOVILLE  WFO CLIMATE NORMALS FOR TOMORROW
                         NORMAL    RECORD    YEAR
 MAXIMUM TEMPERATURE (F)   40        64      2000
 MINIMUM TEMPERATURE (F)   23        -1      2014
                                             1994


SUNRISE AND SUNSET
FEBRUARY 25 2017......SUNRISE   633 AM CST   SUNSET   538 PM CST
FEBRUARY 26 2017......SUNRISE   631 AM CST   SUNSET   540 PM CST


-  INDICATES NEGATIVE NUMBERS.
R  INDICATES RECORD WAS SET OR TIED.
MM INDICATES DATA IS MISSING.
T  INDICATES TRACE AMOUNT.




$$
