000
CDUS43 KLOT 262138
CLILOT

CLIMATE REPORT
NATIONAL WEATHER SERVICE CHICAGO IL
433 PM CDT THU MAR 26 2015

...................................

...THE ROMEOVILLE  WFO CLIMATE SUMMARY FOR MARCH 26 2015...
VALID TODAY AS OF 0400 PM LOCAL TIME.

CLIMATE NORMAL PERIOD 1981 TO 2010
CLIMATE RECORD PERIOD 1992 TO 2015


WEATHER ITEM   OBSERVED TIME   RECORD YEAR NORMAL DEPARTURE
                VALUE   (LST)  VALUE       VALUE  FROM
                                                  NORMAL
...............................................................
TEMPERATURE (F)
 TODAY
  MAXIMUM         45        MM  78    2007  52     -7
  MINIMUM         31        MM  14    2014  33     -2
                                      2001
                                      1996
  AVERAGE         38                        43     -5

PRECIPITATION (IN)
  TODAY            0.00          0.39 1994   0.09  -0.09
  MONTH TO DATE    0.67                      2.30  -1.63
  SINCE MAR 1      0.67                      2.30  -1.63
  SINCE JAN 1      3.51                      6.01  -2.50

SNOWFALL (IN)
  TODAY            0.0           0.9  1992   0.0    0.0
  MONTH TO DATE    4.3                       4.1    0.2
  SINCE MAR 1      4.3                       4.1    0.2
  SINCE JUL 1     35.5                      31.5    4.0

DEGREE DAYS
 HEATING
  TODAY           27                        22      5
  MONTH TO DATE  766                       710     56
  SINCE MAR 1    766                       710     56
  SINCE JUL 1   6011                      5438    573

 COOLING
  TODAY            0                         0      0
  MONTH TO DATE    0                         0      0
  SINCE MAR 1      0                         0      0
  SINCE JAN 1      0                         0      0
...............................................................

THE ROMEOVILLE  WFO CLIMATE NORMALS FOR TOMORROW
                         NORMAL    RECORD    YEAR
 MAXIMUM TEMPERATURE (F)   53        77      1998
 MINIMUM TEMPERATURE (F)   33        12      1996

SUNRISE AND SUNSET
MARCH 26 2015.........SUNRISE   646 AM CDT   SUNSET   711 PM CDT
MARCH 27 2015.........SUNRISE   644 AM CDT   SUNSET   712 PM CDT


-  INDICATES NEGATIVE NUMBERS.
R  INDICATES RECORD WAS SET OR TIED.
MM INDICATES DATA IS MISSING.
T  INDICATES TRACE AMOUNT.

$$
