000
CDUS43 KLOT 030648 CCA
CLILOT

CLIMATE REPORT
NATIONAL WEATHER SERVICE CHICAGO IL
143 AM CDT FRI JUL 3 2015...COR MIN


...................................

...THE ROMEOVILLE  WFO CLIMATE SUMMARY FOR JULY 2 2015...

CLIMATE NORMAL PERIOD 1981 TO 2010
CLIMATE RECORD PERIOD 1992 TO 2015


WEATHER ITEM   OBSERVED RECORD YEAR NORMAL DEPARTURE LAST
                VALUE   VALUE       VALUE  FROM      YEAR
                                           NORMAL
...........................................................
TEMPERATURE (F)
 YESTERDAY
  MAXIMUM         71     95    2012  84    -13       70
  MINIMUM         52     48    2001  64    -12       56
  AVERAGE         62                 74    -12       63

PRECIPITATION (IN)
  YESTERDAY        0.00   1.25 1993   0.13  -0.13     0.28
  MONTH TO DATE    0.02               0.26  -0.24     0.29
  SINCE JUN 1      8.52               4.60   3.92     9.51
  SINCE JAN 1     20.43              19.30   1.13    24.88

DEGREE DAYS
 HEATING
  YESTERDAY        4                  0      4
  MONTH TO DATE    6                  0      6
  SINCE JUN 1     33                 33      0
  SINCE JUL 1      6                  0      6

 COOLING
  YESTERDAY        0                  9     -9
  MONTH TO DATE    0                 18    -18
  SINCE JUN 1    137                198    -61
  SINCE JAN 1    213                256    -43
...........................................................







THE ROMEOVILLE  WFO CLIMATE NORMALS FOR TODAY
                         NORMAL    RECORD    YEAR
 MAXIMUM TEMPERATURE (F)   84        94      2012
 MINIMUM TEMPERATURE (F)   64        54      2014


SUNRISE AND SUNSET
JULY  3 2015..........SUNRISE   523 AM CDT   SUNSET   830 PM CDT
JULY  4 2015..........SUNRISE   523 AM CDT   SUNSET   830 PM CDT


-  INDICATES NEGATIVE NUMBERS.
R  INDICATES RECORD WAS SET OR TIED.
MM INDICATES DATA IS MISSING.
T  INDICATES TRACE AMOUNT.




$$
