000
CDUS43 KLOT 022255
CLILOT


CLIMATE REPORT
NATIONAL WEATHER SERVICE CHICAGO IL
453 PM CST MON MAR 2 2015


...................................

...THE ROMEOVILLE  WFO CLIMATE SUMMARY FOR MARCH 2 2015...
VALID TODAY AS OF 0400 PM LOCAL TIME.

CLIMATE NORMAL PERIOD 1981 TO 2010
CLIMATE RECORD PERIOD 1992 TO 2015


WEATHER ITEM   OBSERVED TIME   RECORD YEAR NORMAL DEPARTURE
                VALUE   (LST)  VALUE       VALUE  FROM
                                                  NORMAL
...............................................................
TEMPERATURE (F)
 TODAY
  MAXIMUM         33        MM  59    2008  41     -8
  MINIMUM          4        MM   1    2014  25    -21
  AVERAGE         19                        33    -14

PRECIPITATION (IN)
  TODAY            0.00          0.83 2002   0.08  -0.08
  MONTH TO DATE    0.02                      0.17  -0.15
  SINCE MAR 1      0.02                      0.17  -0.15
  SINCE JAN 1      2.86                      3.88  -1.02

SNOWFALL (IN)
  TODAY            0.0           7.1  2002   0.3   -0.3
  MONTH TO DATE    0.3                       0.5   -0.2
  SINCE MAR 1      0.3                       0.5   -0.2
  SINCE JUL 1     31.5                      27.9    3.6

DEGREE DAYS
 HEATING
  TODAY           46                        32     14
  MONTH TO DATE   92                        64     28
  SINCE MAR 1     92                        64     28
  SINCE JUL 1   5337                      4792    545

 COOLING
  TODAY            0                         0      0
  MONTH TO DATE    0                         0      0
  SINCE MAR 1      0                         0      0
  SINCE JAN 1      0                         0      0
...............................................................


THE ROMEOVILLE  WFO CLIMATE NORMALS FOR TOMORROW
                         NORMAL    RECORD    YEAR
 MAXIMUM TEMPERATURE (F)   42        60      2001
 MINIMUM TEMPERATURE (F)   25        -5      2002


SUNRISE AND SUNSET
MARCH  2 2015.........SUNRISE   626 AM CST   SUNSET   544 PM CST
MARCH  3 2015.........SUNRISE   624 AM CST   SUNSET   545 PM CST


-  INDICATES NEGATIVE NUMBERS.
R  INDICATES RECORD WAS SET OR TIED.
MM INDICATES DATA IS MISSING.
T  INDICATES TRACE AMOUNT.


$$
