000
CDUS43 KLOT 250634
CLILOT


CLIMATE REPORT
NATIONAL WEATHER SERVICE CHICAGO IL
134 AM CDT THU AUG 25 2016


...................................

...THE ROMEOVILLE  WFO CLIMATE SUMMARY FOR AUGUST 24 2016...

CLIMATE NORMAL PERIOD 1981 TO 2010
CLIMATE RECORD PERIOD 1992 TO 2016


WEATHER ITEM   OBSERVED RECORD YEAR NORMAL DEPARTURE LAST
                VALUE   VALUE       VALUE  FROM      YEAR
                                           NORMAL
...........................................................
TEMPERATURE (F)
 YESTERDAY
  MAXIMUM         83     93    2012  82      1       74
  MINIMUM         68     53    2015  62      6       53
  AVERAGE         76                 72      4       64

PRECIPITATION (IN)
  YESTERDAY        0.55   1.75 1999   0.13   0.42     0.00
  MONTH TO DATE    5.72               3.18   2.54     2.86
  SINCE JUN 1     15.48              12.23   3.25    15.51
  SINCE JAN 1     27.71              26.93   0.78    27.42

DEGREE DAYS
 HEATING
  YESTERDAY        0                  0      0
  MONTH TO DATE    0                  0      0
  SINCE JUN 1      9                 35    -26
  SINCE JUL 1      2                  2      0

 COOLING
  YESTERDAY       11                  7      4
  MONTH TO DATE  247                186     61
  SINCE JUN 1    776                648    128
  SINCE JAN 1    869                706    163
...........................................................







THE ROMEOVILLE  WFO CLIMATE NORMALS FOR TODAY
                         NORMAL    RECORD    YEAR
 MAXIMUM TEMPERATURE (F)   81        93      2012
 MINIMUM TEMPERATURE (F)   62        56      2000


SUNRISE AND SUNSET
AUGUST 25 2016........SUNRISE   612 AM CDT   SUNSET   736 PM CDT
AUGUST 26 2016........SUNRISE   613 AM CDT   SUNSET   734 PM CDT


-  INDICATES NEGATIVE NUMBERS.
R  INDICATES RECORD WAS SET OR TIED.
MM INDICATES DATA IS MISSING.
T  INDICATES TRACE AMOUNT.




$$
