000
CDUS43 KLOT 260632
CLILOT


CLIMATE REPORT
NATIONAL WEATHER SERVICE CHICAGO IL
132 AM CDT MON SEP 26 2016


...................................

...THE ROMEOVILLE  WFO CLIMATE SUMMARY FOR SEPTEMBER 25 2016...

CLIMATE NORMAL PERIOD 1981 TO 2010
CLIMATE RECORD PERIOD 1992 TO 2016


WEATHER ITEM   OBSERVED RECORD YEAR NORMAL DEPARTURE LAST
                VALUE   VALUE       VALUE  FROM      YEAR
                                           NORMAL
...........................................................
TEMPERATURE (F)
 YESTERDAY
  MAXIMUM         84     86    1999  72     12       78
  MINIMUM         63     39    2001  50     13       61
  AVERAGE         74                 61     13       70

PRECIPITATION (IN)
  YESTERDAY        0.29   1.07 1993   0.10   0.19     0.00
  MONTH TO DATE    1.09               2.69  -1.60     5.46
  SINCE SEP 1      1.09               2.69  -1.60     5.46
  SINCE JAN 1     31.00              30.51   0.49    33.12

DEGREE DAYS
 HEATING
  YESTERDAY        0                  5     -5
  MONTH TO DATE    1                 59    -58
  SINCE SEP 1      1                 59    -58
  SINCE JUL 1      3                 67    -64

 COOLING
  YESTERDAY        9                  2      7
  MONTH TO DATE  171                 87     84
  SINCE SEP 1    171                 87     84
  SINCE JAN 1   1115                840    275
...........................................................







THE ROMEOVILLE  WFO CLIMATE NORMALS FOR TODAY
                         NORMAL    RECORD    YEAR
 MAXIMUM TEMPERATURE (F)   72        93      1998
 MINIMUM TEMPERATURE (F)   50        37      2000


SUNRISE AND SUNSET
SEPTEMBER 26 2016.....SUNRISE   644 AM CDT   SUNSET   642 PM CDT
SEPTEMBER 27 2016.....SUNRISE   645 AM CDT   SUNSET   640 PM CDT


-  INDICATES NEGATIVE NUMBERS.
R  INDICATES RECORD WAS SET OR TIED.
MM INDICATES DATA IS MISSING.
T  INDICATES TRACE AMOUNT.




$$
