000
CDUS43 KLMK 180628
CLILOU


CLIMATE REPORT
NATIONAL WEATHER SERVICE LOUISVILLE KY
128 AM EST SUN FEB 18 2018


...................................

...THE LOUISVILLE BOWMAN KY CLIMATE SUMMARY FOR FEBRUARY 17 2018...

CLIMATE NORMAL PERIOD 1981 TO 2010
CLIMATE RECORD PERIOD 9999 TO 9999


WEATHER ITEM   OBSERVED TIME   RECORD YEAR NORMAL DEPARTURE LAST
                VALUE   (LST)  VALUE       VALUE  FROM      YEAR
                                                  NORMAL
..................................................................
TEMPERATURE (F)
 YESTERDAY
  MAXIMUM         40   1159 PM  MM      MM  47     -7       70
  MINIMUM         32    439 AM  MM      MM  30      2       44
  AVERAGE         36                        39     -3       57

PRECIPITATION (IN)
  YESTERDAY        0.28         MM      MM   0.11   0.17     0.00
  MONTH TO DATE    3.34                      1.93   1.41     0.59
  SINCE DEC 1      7.82                      9.32  -1.50     9.87
  SINCE JAN 1      5.07                      5.31  -0.24     4.83

SNOWFALL (IN)
  YESTERDAY       MM            MM      MM  MM     MM       MM
  MONTH TO DATE   MM                        MM     MM       MM
  SINCE DEC 1     MM                        MM     MM       MM
  SINCE JUL 1     MM                        MM     MM       MM
  SNOW DEPTH      MM

DEGREE DAYS
 HEATING
  YESTERDAY       29                        26      3        8
  MONTH TO DATE  467                       480    -13      353
  SINCE DEC 1   2389                      2285    104     1925
  SINCE JUL 1   3141                      3089     52     2453

 COOLING
  YESTERDAY        0                         0      0        0
  MONTH TO DATE    2                         0      2        0
  SINCE DEC 1      2                         0      2        1
  SINCE JAN 1      2                         0      2        0
..................................................................


WIND (MPH)
  HIGHEST WIND SPEED    18   HIGHEST WIND DIRECTION     W (280)
  HIGHEST GUST SPEED    27   HIGHEST GUST DIRECTION    NW (300)
  AVERAGE WIND SPEED     4.2


SKY COVER
  POSSIBLE SUNSHINE  MM
  AVERAGE SKY COVER 0.8


WEATHER CONDITIONS
 THE FOLLOWING WEATHER WAS RECORDED YESTERDAY.
  LIGHT RAIN
  SNOW
  LIGHT SNOW
  FOG


RELATIVE HUMIDITY (PERCENT)
 HIGHEST   100           100 PM
 LOWEST     70           200 AM
 AVERAGE    85

..........................................................


THE LOUISVILLE BOWMAN KY CLIMATE NORMALS FOR TODAY
                         NORMAL
 MAXIMUM TEMPERATURE (F)   47
 MINIMUM TEMPERATURE (F)   30


SUNRISE AND SUNSET
FEBRUARY 18 2018......SUNRISE   729 AM EST   SUNSET   624 PM EST
FEBRUARY 19 2018......SUNRISE   728 AM EST   SUNSET   625 PM EST


-  INDICATES NEGATIVE NUMBERS.
R  INDICATES RECORD WAS SET OR TIED.
MM INDICATES DATA IS MISSING.
T  INDICATES TRACE AMOUNT.




$$
