000
CDUS43 KLMK 222036
CLILOU


CLIMATE REPORT
NATIONAL WEATHER SERVICE LOUISVILLE KY
435 PM EDT MON SEP 22 2014


...................................

...THE LOUISVILLE BOWMAN KY CLIMATE SUMMARY FOR SEPTEMBER 22 2014...
VALID TODAY AS OF 0400 PM LOCAL TIME.

CLIMATE NORMAL PERIOD 1981 TO 2010
CLIMATE RECORD PERIOD 9999 TO 9999


WEATHER ITEM   OBSERVED TIME   RECORD YEAR NORMAL DEPARTURE LAST
                VALUE   (LST)  VALUE       VALUE  FROM      YEAR
                                                  NORMAL
..................................................................
TEMPERATURE (F)
 TODAY
  MAXIMUM         69    314 PM  MM      MM  77     -8       72
  MINIMUM         53    651 AM  MM      MM  56     -3       50
  AVERAGE         61                        67     -6       61

PRECIPITATION (IN)
  TODAY            0.00         MM      MM   0.11  -0.11     0.00
  MONTH TO DATE    3.05                      2.20   0.85     3.33
  SINCE SEP 1      3.05                      2.20   0.85     3.33
  SINCE JAN 1     33.51                     33.74  -0.23    40.39

SNOWFALL (IN)
  TODAY           MM            MM      MM  MM     MM       MM
  MONTH TO DATE   MM                        MM     MM       MM
  SINCE SEP 1     MM                        MM     MM       MM
  SINCE JUL 1     MM                        MM     MM       MM
  SNOW DEPTH      MM

DEGREE DAYS
 HEATING
  TODAY            4                         2      2        4
  MONTH TO DATE   26                        12     14        7
  SINCE SEP 1     26                        12     14        7
  SINCE JUL 1     26                        12     14        7

 COOLING
  TODAY            0                         4     -4        0
  MONTH TO DATE  132                       151    -19      179
  SINCE SEP 1    132                       151    -19      179
  SINCE JAN 1   1477                      1390     87     1382
..................................................................


WIND (MPH)
  HIGHEST WIND SPEED    12   HIGHEST WIND DIRECTION    NW (330)
  HIGHEST GUST SPEED    17   HIGHEST GUST DIRECTION     N (340)
  AVERAGE WIND SPEED     7.2


SKY COVER
  POSSIBLE SUNSHINE  MM
  AVERAGE SKY COVER 0.2


WEATHER CONDITIONS
 THE FOLLOWING WEATHER WAS RECORDED TODAY.
  NO SIGNIFICANT WEATHER WAS OBSERVED.


RELATIVE HUMIDITY (PERCENT)
 HIGHEST    83           700 AM
 LOWEST     42           300 PM
 AVERAGE    63

..........................................................




SUNRISE AND SUNSET
SEPTEMBER 22 2014.....SUNRISE   730 AM EDT   SUNSET   740 PM EDT
SEPTEMBER 23 2014.....SUNRISE   731 AM EDT   SUNSET   738 PM EDT


-  INDICATES NEGATIVE NUMBERS.
R  INDICATES RECORD WAS SET OR TIED.
MM INDICATES DATA IS MISSING.
T  INDICATES TRACE AMOUNT.




$$
