000
CDUS43 KJKL 200535
CLILOZ

CLIMATE REPORT
NATIONAL WEATHER SERVICE JACKSON KY
135 AM EDT SAT SEP 20 2014
...................................

...THE LONDON KY CLIMATE SUMMARY FOR SEPTEMBER 19 2014...

CLIMATE NORMAL PERIOD 1981 TO 2010
CLIMATE RECORD PERIOD 1954 TO 2014

WEATHER ITEM   OBSERVED TIME   RECORD YEAR NORMAL DEPARTURE LAST
                VALUE   (LST)  VALUE       VALUE  FROM      YEAR
                                                  NORMAL
..................................................................
TEMPERATURE (F)
 YESTERDAY
  MAXIMUM         80    523 PM  92    2005  79      1       82
                                      1978
  MINIMUM         54    644 AM  39    1956  56     -2       61
  AVERAGE         67                        67      0       72

PRECIPITATION (IN)
  YESTERDAY        0.00          0.51 1968   0.11  -0.11     0.00
  MONTH TO DATE    1.38                      2.13  -0.75     0.97
  SINCE SEP 1      1.38                      2.13  -0.75     0.97
  SINCE JAN 1      M                         34.81  M       42.01

SNOWFALL (IN)
  YESTERDAY       MM
  MONTH TO DATE   MM
  SINCE SEP 1     MM
  SINCE JUL 1     MM
  SNOW DEPTH      MM

DEGREE DAYS
 HEATING
  YESTERDAY        0                         2     -2        0
  MONTH TO DATE    6                        11     -5        7
  SINCE SEP 1      6                        11     -5        7
  SINCE JUL 1      6                        12     -6        7

 COOLING
  YESTERDAY        2                         4     -2        7
  MONTH TO DATE  132                       113     19      130
  SINCE SEP 1    132                       113     19      130
  SINCE JAN 1      M                      1137      M     1022
..................................................................

WIND (MPH)
  HIGHEST WIND SPEED    10   HIGHEST WIND DIRECTION     S (200)
  HIGHEST GUST SPEED    31   HIGHEST GUST DIRECTION    SE (150)
  AVERAGE WIND SPEED     2.5

SKY COVER
  POSSIBLE SUNSHINE  MM
  AVERAGE SKY COVER 0.1

WEATHER CONDITIONS
 THE FOLLOWING WEATHER WAS RECORDED YESTERDAY.
  FOG

RELATIVE HUMIDITY (PERCENT)
 HIGHEST    90          1000 PM
 LOWEST     45           300 PM
 AVERAGE    68
..........................................................

THE LONDON KY CLIMATE NORMALS FOR TODAY
                         NORMAL    RECORD    YEAR
 MAXIMUM TEMPERATURE (F)   78        92      1955
 MINIMUM TEMPERATURE (F)   55        40      1956

SUNRISE AND SUNSET
SEPTEMBER 20 2014.....SUNRISE   722 AM EDT   SUNSET   736 PM EDT
SEPTEMBER 21 2014.....SUNRISE   723 AM EDT   SUNSET   735 PM EDT

-  INDICATES NEGATIVE NUMBERS.
R  INDICATES RECORD WAS SET OR TIED.
MM INDICATES DATA IS MISSING.
T  INDICATES TRACE AMOUNT.

$$
