000
CDUS43 KJKL 290523 RRA
CLILOZ

CLIMATE REPORT
NATIONAL WEATHER SERVICE JACKSON KY
122 AM EDT SAT APR 29 2017

...................................

...THE LONDON KY CLIMATE SUMMARY FOR APRIL 28 2017...

CLIMATE NORMAL PERIOD 1981 TO 2010
CLIMATE RECORD PERIOD 1954 TO 2017


WEATHER ITEM   OBSERVED TIME   RECORD YEAR NORMAL DEPARTURE LAST
                VALUE   (LST)  VALUE       VALUE  FROM      YEAR
                                                  NORMAL
..................................................................
TEMPERATURE (F)
 YESTERDAY
  MAXIMUM         82    303 PM  85    1956  72     10       80
  MINIMUM         49    546 AM  30    1967  48      1       59
  AVERAGE         66                        60      6       70

PRECIPITATION (IN)
  YESTERDAY        0.00          1.55 1970   0.14  -0.14     0.79
  MONTH TO DATE    5.31                      3.78   1.53     2.90
  SINCE MAR 1     10.34                      7.83   2.51     5.03

SNOWFALL (IN)
  YESTERDAY       MM
  MONTH TO DATE   MM
  SINCE MAR 1     MM
  SINCE JUL 1     MM
  SNOW DEPTH      MM

DEGREE DAYS
 HEATING
  YESTERDAY        0                         6     -6        0
  MONTH TO DATE  124                       264   -140      228
  SINCE MAR 1    637                       813   -176      627
  SINCE JUL 1   3232                      4089   -857     3543

 COOLING
  YESTERDAY        1                         1      0        5
  MONTH TO DATE   32                        20     12       22
  SINCE MAR 1     35                        23     12       22
  SINCE JAN 1     35                        23     12       22
..................................................................


WIND (MPH)
  HIGHEST WIND SPEED    16   HIGHEST WIND DIRECTION     S (200)
  HIGHEST GUST SPEED    25   HIGHEST GUST DIRECTION    SW (210)
  AVERAGE WIND SPEED     5.9


SKY COVER
  POSSIBLE SUNSHINE  MM
  AVERAGE SKY COVER 0.2


WEATHER CONDITIONS
 THE FOLLOWING WEATHER WAS RECORDED YESTERDAY.
  NO SIGNIFICANT WEATHER WAS OBSERVED.


RELATIVE HUMIDITY (PERCENT)
 HIGHEST    89           100 AM
 LOWEST     42           200 PM
 AVERAGE    66

..........................................................


THE LONDON KY CLIMATE NORMALS FOR TODAY
                         NORMAL    RECORD    YEAR
 MAXIMUM TEMPERATURE (F)   73        86      1970
 MINIMUM TEMPERATURE (F)   49        30      1961


SUNRISE AND SUNSET
APRIL 29 2017.........SUNRISE   644 AM EDT   SUNSET   824 PM EDT
APRIL 30 2017.........SUNRISE   643 AM EDT   SUNSET   825 PM EDT


-  INDICATES NEGATIVE NUMBERS.
R  INDICATES RECORD WAS SET OR TIED.
MM INDICATES DATA IS MISSING.
T  INDICATES TRACE AMOUNT.




$$
