000
CDUS43 KJKL 020611
CLILOZ

CLIMATE REPORT
NATIONAL WEATHER SERVICE JACKSON KY
110 AM EST FRI DEC 2 2016
...................................

...THE LONDON KY CLIMATE SUMMARY FOR DECEMBER 1 2016...

CLIMATE NORMAL PERIOD 1981 TO 2010
CLIMATE RECORD PERIOD 1954 TO 2016

WEATHER ITEM   OBSERVED TIME   RECORD YEAR NORMAL DEPARTURE LAST
                VALUE   (LST)  VALUE       VALUE  FROM      YEAR
                                                  NORMAL
..................................................................
TEMPERATURE (F)
 YESTERDAY
  MAXIMUM         48    339 PM  72    2006  52     -4       62
  MINIMUM         31   1159 PM   8    1964  33     -2       50
  AVERAGE         40                        42     -2       56

PRECIPITATION (IN)
  YESTERDAY        0.00          1.56 1996   0.14  -0.14     1.26
  MONTH TO DATE    0.00                      0.14  -0.14     1.26
  SINCE DEC 1      0.00                      0.14  -0.14     1.26

SNOWFALL (IN)
  YESTERDAY       MM
  MONTH TO DATE   MM
  SINCE DEC 1     MM
  SINCE JUL 1     MM
  SNOW DEPTH      MM

DEGREE DAYS
 HEATING
  YESTERDAY       25                        23      2        9
  MONTH TO DATE   25                        23      2        9
  SINCE DEC 1     25                        23      2        9
  SINCE JUL 1    616                       853   -237      674

 COOLING
  YESTERDAY        0                         0      0        0
  MONTH TO DATE    0                         0      0        0
  SINCE DEC 1      0                         0      0        0
  SINCE JAN 1   1507                      1190    317     1387
..................................................................

WIND (MPH)
  HIGHEST WIND SPEED    15   HIGHEST WIND DIRECTION     W (260)
  HIGHEST GUST SPEED    20   HIGHEST GUST DIRECTION     W (270)
  AVERAGE WIND SPEED     6.1

SKY COVER
  POSSIBLE SUNSHINE  MM
  AVERAGE SKY COVER 0.3

WEATHER CONDITIONS
 THE FOLLOWING WEATHER WAS RECORDED YESTERDAY.
  NO SIGNIFICANT WEATHER WAS OBSERVED.

RELATIVE HUMIDITY (PERCENT)
 HIGHEST    85          1100 PM
 LOWEST     42           300 PM
 AVERAGE    64
..........................................................

THE LONDON KY CLIMATE NORMALS FOR TODAY
                         NORMAL    RECORD    YEAR
 MAXIMUM TEMPERATURE (F)   52        78      1982
 MINIMUM TEMPERATURE (F)   32        10      1960

SUNRISE AND SUNSET
DECEMBER  2 2016......SUNRISE   732 AM EST   SUNSET   519 PM EST
DECEMBER  3 2016......SUNRISE   733 AM EST   SUNSET   519 PM EST

-  INDICATES NEGATIVE NUMBERS.
R  INDICATES RECORD WAS SET OR TIED.
MM INDICATES DATA IS MISSING.
T  INDICATES TRACE AMOUNT.

$$
