000
CDUS43 KJKL 200524
CLILOZ

CLIMATE REPORT
NATIONAL WEATHER SERVICE JACKSON KY
1222 AM EST SAT DEC 20 2014

...................................

...THE LONDON KY CLIMATE SUMMARY FOR DECEMBER 19 2014...

CLIMATE NORMAL PERIOD 1981 TO 2010
CLIMATE RECORD PERIOD 1954 TO 2014


WEATHER ITEM   OBSERVED TIME   RECORD YEAR NORMAL DEPARTURE LAST
                VALUE   (LST)  VALUE       VALUE  FROM      YEAR
                                                  NORMAL
..................................................................
TEMPERATURE (F)
 YESTERDAY
  MAXIMUM         41    251 PM  68    2008  47     -6       63
  MINIMUM         29   1159 PM  -8    1963  29      0       29
  AVERAGE         35                        38     -3       46

PRECIPITATION (IN)
  YESTERDAY        0.00          0.89 1957   0.13  -0.13     0.00
  MONTH TO DATE    1.92                      2.71  -0.79     4.07
  SINCE DEC 1      1.92                      2.71  -0.79     4.07
  SINCE JAN 1        MM                     45.61     MM    54.05

SNOWFALL (IN)
  YESTERDAY       MM
  MONTH TO DATE   MM
  SINCE DEC 1     MM
  SINCE JUL 1     MM
  SNOW DEPTH      MM

DEGREE DAYS
 HEATING
  YESTERDAY       30                        27      3       19
  MONTH TO DATE  445                       480    -35      458
  SINCE DEC 1    445                       480    -35      458
  SINCE JUL 1   1389                      1310     79     1325

 COOLING
  YESTERDAY        0                         0      0        0
  MONTH TO DATE    0                         0      0        0
  SINCE DEC 1      0                         0      0        0
  SINCE JAN 1     MM                      1190     MM     1083
..................................................................


WIND (MPH)
  HIGHEST WIND SPEED     8   HIGHEST WIND DIRECTION     N (20)
  HIGHEST GUST SPEED    10   HIGHEST GUST DIRECTION     N (360)
  AVERAGE WIND SPEED     4.0


SKY COVER
  POSSIBLE SUNSHINE  MM
  AVERAGE SKY COVER 0.5


WEATHER CONDITIONS
 THE FOLLOWING WEATHER WAS RECORDED YESTERDAY.
  HAZE


RELATIVE HUMIDITY (PERCENT)
 HIGHEST    72           700 AM
 LOWEST     54           200 PM
 AVERAGE    63

..........................................................


THE LONDON KY CLIMATE NORMALS FOR TODAY
                         NORMAL    RECORD    YEAR
 MAXIMUM TEMPERATURE (F)   46        68      1967
 MINIMUM TEMPERATURE (F)   29         4      2004


SUNRISE AND SUNSET
DECEMBER 20 2014......SUNRISE   746 AM EST   SUNSET   522 PM EST
DECEMBER 21 2014......SUNRISE   746 AM EST   SUNSET   523 PM EST


-  INDICATES NEGATIVE NUMBERS.
R  INDICATES RECORD WAS SET OR TIED.
MM INDICATES DATA IS MISSING.
T  INDICATES TRACE AMOUNT.




$$
