000
CDUS44 KCRP 240040 RRB
CLILRD

CLIMATE REPORT
NATIONAL WEATHER SERVICE CORPUS CHRISTI TX
638 PM CST THU FEB 23 2017


...................................

...THE LAREDO CLIMATE SUMMARY FOR FEBRUARY 23 2017...
VALID TODAY AS OF 600 PM LOCAL TIME.

CLIMATE NORMAL PERIOD 1981 TO 2010
CLIMATE RECORD PERIOD 1900 TO 2017


WEATHER ITEM   OBSERVED TIME   RECORD YEAR NORMAL DEPARTURE LAST
                VALUE   (LST)  VALUE       VALUE  FROM      YEAR
                                                  NORMAL
..................................................................
TEMPERATURE (F)
 TODAY
  MAXIMUM        100R       MM  97    1909  74     26       80
  MINIMUM         62        MM  25    1976  52     10       53
  AVERAGE         81                        63     18       67

PRECIPITATION (IN)
  TODAY            0.00          1.65 1923   0.03  -0.03     0.00
  MONTH TO DATE    0.96                      0.75   0.21     0.01
  SINCE DEC 1      2.59                      2.53   0.06     2.02
  SINCE JAN 1      0.97                      1.65  -0.68     1.89

SNOWFALL (IN)
  TODAY            0.0
  MONTH TO DATE    0.0
  SINCE DEC 1      0.0
  SINCE JUL 1      0.0

DEGREE DAYS
 HEATING
  TODAY            0                         5     -5        0
  MONTH TO DATE   36                       144   -108       77
  SINCE DEC 1    361                       708   -347      488
  SINCE JUL 1    378                       823   -445      559

 COOLING
  TODAY           16                         3     13        2
  MONTH TO DATE  158                        43    115       94
  SINCE DEC 1    323                       106    217      164
  SINCE JAN 1    260                        71    189      101
..................................................................


WIND (MPH)
  HIGHEST WIND SPEED    14   HIGHEST WIND DIRECTION     S (170)
  HIGHEST GUST SPEED    MM   HIGHEST GUST DIRECTION    MM


SKY COVER
  POSSIBLE SUNSHINE  MM
  AVERAGE SKY COVER 0.0


WEATHER CONDITIONS
 THE FOLLOWING WEATHER WAS RECORDED TODAY.
  NO SIGNIFICANT WEATHER WAS OBSERVED.


RELATIVE HUMIDITY (PERCENT)
 HIGHEST    46           300 AM
 LOWEST      9           400 PM
 AVERAGE    28

..........................................................


THE LAREDO CLIMATE NORMALS FOR TOMORROW
                         NORMAL    RECORD    YEAR
 MAXIMUM TEMPERATURE (F)   74        98      1917
 MINIMUM TEMPERATURE (F)   52        31      1968


SUNRISE AND SUNSET
FEBRUARY 23 2017......SUNRISE   708 AM CST   SUNSET   635 PM CST
FEBRUARY 24 2017......SUNRISE   707 AM CST   SUNSET   636 PM CST


-  INDICATES NEGATIVE NUMBERS.
R  INDICATES RECORD WAS SET OR TIED.
MM INDICATES DATA IS MISSING.
T  INDICATES TRACE AMOUNT.




$$
