498
CDUS44 KCRP 131013 RRA
CLILRD

CLIMATE REPORT
NATIONAL WEATHER SERVICE CORPUS CHRISTI TX
412 AM CST SAT FEB 13 2016


...................................

...THE LAREDO CLIMATE SUMMARY FOR FEBRUARY 12 2016...

CLIMATE NORMAL PERIOD 1981 TO 2010
CLIMATE RECORD PERIOD 1900 TO 2016


WEATHER ITEM   OBSERVED TIME   RECORD YEAR NORMAL DEPARTURE LAST
                VALUE   (LST)  VALUE       VALUE  FROM      YEAR
                                                  NORMAL
..................................................................
TEMPERATURE (F)
 YESTERDAY
  MAXIMUM         87        MM  94    1926  71     16       69
  MINIMUM         49        MM  25    1988  50     -1       57
  AVERAGE         68                        61      7       63

PRECIPITATION (IN)
  YESTERDAY        0.00          0.95 1935   0.04  -0.04     0.00
  MONTH TO DATE    0.00                      0.39  -0.39     0.17
  SINCE DEC 1      2.01                      2.17  -0.16     1.71
  SINCE JAN 1      1.88                      1.29   0.59     0.76

SNOWFALL (IN)
  YESTERDAY        0.0
  MONTH TO DATE    0.0
  SINCE DEC 1      0.0
  SINCE JUL 1      0.0

DEGREE DAYS
 HEATING
  YESTERDAY        0                         6     -6        2
  MONTH TO DATE   77                        85     -8       70
  SINCE DEC 1    488                       649   -161      626
  SINCE JUL 1    559                       764   -205      784

 COOLING
  YESTERDAY        3                         2      1        0
  MONTH TO DATE   13                        20     -7       15
  SINCE DEC 1     83                        83      0       60
  SINCE JAN 1     20                        48    -28       24
..................................................................


WIND (MPH)
  HIGHEST WIND SPEED    10   HIGHEST WIND DIRECTION     E (100)
  HIGHEST GUST SPEED    MM   HIGHEST GUST DIRECTION    MM
  AVERAGE WIND SPEED     5.2


SKY COVER
  POSSIBLE SUNSHINE  MM
  AVERAGE SKY COVER 0.0


WEATHER CONDITIONS
 THE FOLLOWING WEATHER WAS RECORDED YESTERDAY.
  FOG


RELATIVE HUMIDITY (PERCENT)
 HIGHEST    96           500 AM
 LOWEST     15           500 PM

..........................................................


THE LAREDO CLIMATE NORMALS FOR TODAY
                         NORMAL    RECORD    YEAR
 MAXIMUM TEMPERATURE (F)   72        93      1974
 MINIMUM TEMPERATURE (F)   50        18      1905


SUNRISE AND SUNSET
FEBRUARY 13 2016......SUNRISE   717 AM CST   SUNSET   628 PM CST
FEBRUARY 14 2016......SUNRISE   716 AM CST   SUNSET   628 PM CST


-  INDICATES NEGATIVE NUMBERS.
R  INDICATES RECORD WAS SET OR TIED.
MM INDICATES DATA IS MISSING.
T  INDICATES TRACE AMOUNT.




$$
