000
CDUS44 KCRP 250916 RRA
CLILRD

CLIMATE REPORT
NATIONAL WEATHER SERVICE CORPUS CHRISTI TX
416 AM CDT THU MAY 25 2017


...................................

...THE LAREDO CLIMATE SUMMARY FOR MAY 24 2017...

CLIMATE NORMAL PERIOD 1981 TO 2010
CLIMATE RECORD PERIOD 1900 TO 2017


WEATHER ITEM   OBSERVED TIME   RECORD YEAR NORMAL DEPARTURE LAST
                VALUE   (LST)  VALUE       VALUE  FROM      YEAR
                                                  NORMAL
..................................................................
TEMPERATURE (F)
 YESTERDAY
  MAXIMUM         89        MM 108    2011  95     -6       92
                                      1989
  MINIMUM         62        MM  59    1940  73    -11       77
  AVERAGE         76                        84     -8       85

PRECIPITATION (IN)
  YESTERDAY        0.00          2.40 1936   0.08  -0.08      T
  MONTH TO DATE    4.08                      1.91   2.17     2.33
  SINCE MAR 1      7.90                      4.45   3.45     8.21
  SINCE JAN 1      8.87                      6.29   2.58    10.10

SNOWFALL (IN)
  YESTERDAY        0.0
  MONTH TO DATE    0.0
  SINCE MAR 1      0.0
  SINCE JUL 1      0.0

DEGREE DAYS
 HEATING
  YESTERDAY        0                         0      0        0
  MONTH TO DATE    0                         0      0        0
  SINCE MAR 1     16                        82    -66       18
  SINCE JUL 1    396                       926   -530      594

 COOLING
  YESTERDAY       11                        19     -8       20
  MONTH TO DATE  406                       404      2      355
  SINCE MAR 1   1074                       919    155      996
  SINCE JAN 1   1380                      1004    376     1114
..................................................................


WIND (MPH)
  HIGHEST WIND SPEED     9   HIGHEST WIND DIRECTION    SE (150)
  HIGHEST GUST SPEED    MM   HIGHEST GUST DIRECTION    MM
  AVERAGE WIND SPEED     5.3


SKY COVER
  POSSIBLE SUNSHINE  MM
  AVERAGE SKY COVER 0.1


WEATHER CONDITIONS
 THE FOLLOWING WEATHER WAS RECORDED YESTERDAY.
  NO SIGNIFICANT WEATHER WAS OBSERVED.


RELATIVE HUMIDITY (PERCENT)
 HIGHEST    84           600 AM
 LOWEST     20           200 PM

..........................................................


THE LAREDO CLIMATE NORMALS FOR TODAY
                         NORMAL    RECORD    YEAR
 MAXIMUM TEMPERATURE (F)   95       109      1989
 MINIMUM TEMPERATURE (F)   73        60      1918


SUNRISE AND SUNSET
MAY 25 2017...........SUNRISE   644 AM CDT   SUNSET   825 PM CDT
MAY 26 2017...........SUNRISE   644 AM CDT   SUNSET   826 PM CDT


-  INDICATES NEGATIVE NUMBERS.
R  INDICATES RECORD WAS SET OR TIED.
MM INDICATES DATA IS MISSING.
T  INDICATES TRACE AMOUNT.




$$
