000
CDUS44 KCRP 232342
CLILRD

CLIMATE REPORT
NATIONAL WEATHER SERVICE CORPUS CHRISTI TX
640 PM CDT WED APR 23 2014

...................................

...THE LAREDO CLIMATE SUMMARY FOR APRIL 23 2014...
VALID TODAY AS OF 640 PM LOCAL TIME.

CLIMATE NORMAL PERIOD 1981 TO 2010
CLIMATE RECORD PERIOD 1900 TO 2014


WEATHER ITEM   OBSERVED TIME   RECORD YEAR NORMAL DEPARTURE LAST
                VALUE   (LST)  VALUE       VALUE  FROM      YEAR
                                                  NORMAL
..................................................................
TEMPERATURE (F)
 TODAY
  MAXIMUM         94    449 PM 109    1958  89      5       92
  MINIMUM         71    633 AM  47    1907  66      5       72
  AVERAGE         83                        78      5       82

PRECIPITATION (IN)
  TODAY            0.00          2.00 1905   0.06  -0.06     0.00
  MONTH TO DATE    0.03                      0.99  -0.96     0.01
  SINCE MAR 1      1.11                      2.11  -1.00     0.01
  SINCE JAN 1      1.32                      3.95  -2.63     0.76

SNOWFALL (IN)
  TODAY            0.0
  MONTH TO DATE    0.0
  SINCE MAR 1      0.0
  SINCE JUL 1      0.0

DEGREE DAYS
 HEATING
  TODAY            0                         0      0        0
  MONTH TO DATE    5                        12     -7        0
  SINCE MAR 1    104                        81     23       37
  SINCE JUL 1   1095                       925    170      513

 COOLING
  TODAY           18                        13      5       17
  MONTH TO DATE  254                       247      7      272
  SINCE MAR 1    390                       420    -30      487
  SINCE JAN 1    502                       505     -3      641
..................................................................


WIND (MPH)
  HIGHEST WIND SPEED    23   HIGHEST WIND DIRECTION    SE (140)
  HIGHEST GUST SPEED    28   HIGHEST GUST DIRECTION    SE (150)


SKY COVER
  POSSIBLE SUNSHINE  MM
  AVERAGE SKY COVER 0.3


WEATHER CONDITIONS
 THE FOLLOWING WEATHER WAS RECORDED TODAY.
  NO SIGNIFICANT WEATHER WAS OBSERVED.


RELATIVE HUMIDITY (PERCENT)
 HIGHEST    93           500 AM
 LOWEST     38           400 PM
 AVERAGE    66

..........................................................


THE LAREDO CLIMATE NORMALS FOR TOMORROW
                         NORMAL    RECORD    YEAR
 MAXIMUM TEMPERATURE (F)   89       102      1988
 MINIMUM TEMPERATURE (F)   67        51      2013


SUNRISE AND SUNSET
APRIL 23 2014.........SUNRISE   706 AM CDT   SUNSET   807 PM CDT
APRIL 24 2014.........SUNRISE   705 AM CDT   SUNSET   808 PM CDT


-  INDICATES NEGATIVE NUMBERS.
R  INDICATES RECORD WAS SET OR TIED.
MM INDICATES DATA IS MISSING.
T  INDICATES TRACE AMOUNT.




$$
