000
CDUS44 KCRP 250025
CLILRD

CLIMATE REPORT
NATIONAL WEATHER SERVICE CORPUS CHRISTI TX
724 PM CDT SUN SEP 24 2017

...................................

...THE LAREDO CLIMATE SUMMARY FOR SEPTEMBER 24 2017...
VALID AS OF 656 PM LOCAL TIME.

CLIMATE NORMAL PERIOD 1981 TO 2010
CLIMATE RECORD PERIOD 1900 TO 2017


WEATHER ITEM   OBSERVED TIME   RECORD YEAR NORMAL DEPARTURE LAST
                VALUE   (LST)  VALUE       VALUE  FROM      YEAR
                                                  NORMAL
..................................................................
TEMPERATURE (F)
 TODAY
  MAXIMUM         99        MM 105    2005  91      8      100
  MINIMUM         76    600 AM  50    1975  71      5       78
  AVERAGE         88                        81      7       89

PRECIPITATION (IN)
  TODAY            0.00          3.51 2006   0.08  -0.08     0.00
  MONTH TO DATE    0.46                      2.40  -1.94     1.17
  SINCE SEP 1      0.46                      2.40  -1.94     1.17
  SINCE JAN 1     13.05                     15.39  -2.34    18.25

SNOWFALL (IN)
  TODAY            0.0
  MONTH TO DATE    0.0
  SINCE SEP 1      0.0
  SINCE JUL 1      0.0
  SNOW DEPTH       0

DEGREE DAYS
 HEATING
  TODAY            0                         0      0        0
  MONTH TO DATE    0                         0      0        0
  SINCE SEP 1      0                         0      0        0
  SINCE JUL 1      0                         0      0        0

 COOLING
  TODAY           23                        16      7       24
  MONTH TO DATE  502                       450     52      542
  SINCE SEP 1    502                       450     52      542
  SINCE JAN 1   4227                      3693    534     3961
..................................................................


WIND (MPH)
  HIGHEST WIND SPEED    21   HIGHEST WIND DIRECTION     E (100)
  HIGHEST GUST SPEED    26   HIGHEST GUST DIRECTION     E (100)


SKY COVER
  POSSIBLE SUNSHINE  MM
  AVERAGE SKY COVER 0.5


WEATHER CONDITIONS
 THE FOLLOWING WEATHER WAS RECORDED TODAY.
  NO SIGNIFICANT WEATHER WAS OBSERVED.


RELATIVE HUMIDITY (PERCENT)
 HIGHEST    94           600 AM
 LOWEST     38           200 PM
 AVERAGE    66

..........................................................


THE LAREDO CLIMATE NORMALS FOR TOMORROW
                         NORMAL    RECORD    YEAR
 MAXIMUM TEMPERATURE (F)   91       108      2005
 MINIMUM TEMPERATURE (F)   70        50      1989


SUNRISE AND SUNSET
SEPTEMBER 24 2017.....SUNRISE   727 AM CDT   SUNSET   732 PM CDT
SEPTEMBER 25 2017.....SUNRISE   728 AM CDT   SUNSET   730 PM CDT


-  INDICATES NEGATIVE NUMBERS.
R  INDICATES RECORD WAS SET OR TIED.
MM INDICATES DATA IS MISSING.
T  INDICATES TRACE AMOUNT.




$$
