000
CDUS44 KCRP 232147
CLILRD

CLIMATE REPORT
NATIONAL WEATHER SERVICE CORPUS CHRISTI TX
445 PM CDT TUE SEP 23 2014


...................................

...THE LAREDO CLIMATE SUMMARY FOR SEPTEMBER 23 2014...
VALID TODAY AS OF 400 PM LOCAL TIME.

CLIMATE NORMAL PERIOD 1981 TO 2010
CLIMATE RECORD PERIOD 1900 TO 2014


WEATHER ITEM   OBSERVED TIME   RECORD YEAR NORMAL DEPARTURE LAST
                VALUE   (LST)  VALUE       VALUE  FROM      YEAR
                                                  NORMAL
..................................................................
TEMPERATURE (F)
 TODAY
  MAXIMUM         91    251 PM 103    2005  91      0       93
  MINIMUM         71    658 AM  52    1975  71      0       60
  AVERAGE         81                        81      0       77

PRECIPITATION (IN)
  TODAY           MM             2.95 1946   0.09  MM        0.00
  MONTH TO DATE    2.30                      2.32  -0.02     1.59
  SINCE SEP 1      2.30                      2.32  -0.02     1.59
  SINCE JAN 1      9.88                     15.31  -5.43    14.46

SNOWFALL (IN)
  TODAY            0.0
  MONTH TO DATE    0.0
  SINCE SEP 1      0.0
  SINCE JUL 1      0.0

DEGREE DAYS
 HEATING
  TODAY            0                         0      0        0
  MONTH TO DATE    0                         0      0        0
  SINCE SEP 1      0                         0      0        0
  SINCE JUL 1      0                         0      0        0

 COOLING
  TODAY           16                        16      0       12
  MONTH TO DATE  452                       434     18      429
  SINCE SEP 1    452                       434     18      429
  SINCE JAN 1   3885                      3677    208     3834
..................................................................


WIND (MPH)
  HIGHEST WIND SPEED    14   HIGHEST WIND DIRECTION    NE (40)
  HIGHEST GUST SPEED    16   HIGHEST GUST DIRECTION    NE (40)


SKY COVER
  POSSIBLE SUNSHINE  MM
  AVERAGE SKY COVER 0.2


WEATHER CONDITIONS
 THE FOLLOWING WEATHER WAS RECORDED TODAY.
  NO SIGNIFICANT WEATHER WAS OBSERVED.


RELATIVE HUMIDITY (PERCENT)
 HIGHEST    93           700 AM
 LOWEST     50           200 PM
 AVERAGE    72

..........................................................


THE LAREDO CLIMATE NORMALS FOR TOMORROW
                         NORMAL    RECORD    YEAR
 MAXIMUM TEMPERATURE (F)   91       105      2005
 MINIMUM TEMPERATURE (F)   71        50      1975


SUNRISE AND SUNSET
SEPTEMBER 23 2014.....SUNRISE   727 AM CDT   SUNSET   733 PM CDT
SEPTEMBER 24 2014.....SUNRISE   727 AM CDT   SUNSET   732 PM CDT


-  INDICATES NEGATIVE NUMBERS.
R  INDICATES RECORD WAS SET OR TIED.
MM INDICATES DATA IS MISSING.
T  INDICATES TRACE AMOUNT.




$$
