000
CDUS44 KCRP 230802
CLILRD

CLIMATE REPORT
NATIONAL WEATHER SERVICE CORPUS CHRISTI TX
253 AM CDT THU MAR 23 2017


...................................

...THE LAREDO CLIMATE SUMMARY FOR MARCH 22 2017...

CLIMATE NORMAL PERIOD 1981 TO 2010
CLIMATE RECORD PERIOD 1900 TO 2017


WEATHER ITEM   OBSERVED TIME   RECORD YEAR NORMAL DEPARTURE LAST
                VALUE   (LST)  VALUE       VALUE  FROM      YEAR
                                                  NORMAL
..................................................................
TEMPERATURE (F)
 YESTERDAY
  MAXIMUM         90        MM 100    1904  82      8       86
  MINIMUM         66        MM  34    1968  58      8       51
  AVERAGE         78                        70      8       69

PRECIPITATION (IN)
  YESTERDAY        0.00          0.59 1921   0.04  -0.04     0.00
  MONTH TO DATE    2.34                      0.83   1.51     3.97
  SINCE MAR 1      2.34                      0.83   1.51     3.97
  SINCE JAN 1      3.31                      2.67   0.64     5.86

SNOWFALL (IN)
  YESTERDAY        0.0
  MONTH TO DATE    0.0
  SINCE MAR 1      0.0
  SINCE JUL 1      0.0

DEGREE DAYS
 HEATING
  YESTERDAY        0                         1     -1        0
  MONTH TO DATE   16                        60    -44       18
  SINCE MAR 1     16                        60    -44       18
  SINCE JUL 1    396                       904   -508      594

 COOLING
  YESTERDAY       13                         6      7        4
  MONTH TO DATE  157                       106     51      179
  SINCE MAR 1    157                       106     51      179
  SINCE JAN 1    463                       191    272      297
..................................................................


WIND (MPH)
  HIGHEST WIND SPEED    17   HIGHEST WIND DIRECTION    SE (130)
  HIGHEST GUST SPEED    24   HIGHEST GUST DIRECTION    SE (130)
  AVERAGE WIND SPEED    12.6


SKY COVER
  POSSIBLE SUNSHINE  MM
  AVERAGE SKY COVER 0.1


WEATHER CONDITIONS
 THE FOLLOWING WEATHER WAS RECORDED YESTERDAY.
  NO SIGNIFICANT WEATHER WAS OBSERVED.


RELATIVE HUMIDITY (PERCENT)
 HIGHEST    93           400 AM
 LOWEST     39           500 PM

..........................................................


THE LAREDO CLIMATE NORMALS FOR TODAY
                         NORMAL    RECORD    YEAR
 MAXIMUM TEMPERATURE (F)   82       101      1975
 MINIMUM TEMPERATURE (F)   59        39      1932


SUNRISE AND SUNSET
MARCH 23 2017.........SUNRISE   738 AM CDT   SUNSET   751 PM CDT
MARCH 24 2017.........SUNRISE   737 AM CDT   SUNSET   751 PM CDT


-  INDICATES NEGATIVE NUMBERS.
R  INDICATES RECORD WAS SET OR TIED.
MM INDICATES DATA IS MISSING.
T  INDICATES TRACE AMOUNT.

$$
