000
CDUS44 KCRP 290647
CLILRD

CLIMATE REPORT
NATIONAL WEATHER SERVICE CORPUS CHRISTI TX
144 AM CDT TUE JUL 29 2014


...................................

...THE LAREDO CLIMATE SUMMARY FOR JULY 28 2014...

CLIMATE NORMAL PERIOD 1981 TO 2010
CLIMATE RECORD PERIOD 1900 TO 2014


WEATHER ITEM   OBSERVED TIME   RECORD YEAR NORMAL DEPARTURE LAST
                VALUE   (LST)  VALUE       VALUE  FROM      YEAR
                                                  NORMAL
..................................................................
TEMPERATURE (F)
 YESTERDAY
  MAXIMUM        105    308 PM 109    1995 100      5      104
  MINIMUM         80    632 AM  65    1923  77      3       79
  AVERAGE         93                        89      4       92

PRECIPITATION (IN)
  YESTERDAY        0.00          7.55 1903   0.04  -0.04     0.00
  MONTH TO DATE    1.34                      1.88  -0.54     2.44
  SINCE JUN 1      1.89                      4.11  -2.22     4.45
  SINCE JAN 1      6.92                     10.98  -4.06    11.53

SNOWFALL (IN)
  YESTERDAY        0.0
  MONTH TO DATE    0.0
  SINCE JUN 1      0.0
  SINCE JUL 1      0.0

DEGREE DAYS
 HEATING
  YESTERDAY        0                         0      0        0
  MONTH TO DATE    0                         0      0        0
  SINCE JUN 1      0                         0      0        0
  SINCE JUL 1      0                         0      0        0

 COOLING
  YESTERDAY       28                        23      5       27
  MONTH TO DATE  682                       644     38      644
  SINCE JUN 1   1418                      1304    114     1350
  SINCE JAN 1   2543                      2447     96     2551
..................................................................


WIND (MPH)
  HIGHEST WIND SPEED    23   HIGHEST WIND DIRECTION    SE (140)
  HIGHEST GUST SPEED    29   HIGHEST GUST DIRECTION     E (110)
  AVERAGE WIND SPEED    12.1


SKY COVER
  POSSIBLE SUNSHINE  MM
  AVERAGE SKY COVER 0.1


WEATHER CONDITIONS
 THE FOLLOWING WEATHER WAS RECORDED YESTERDAY.
  NO SIGNIFICANT WEATHER WAS OBSERVED.


RELATIVE HUMIDITY (PERCENT)
 HIGHEST    82           500 AM
 LOWEST     24           500 PM

..........................................................


THE LAREDO CLIMATE NORMALS FOR TODAY
                         NORMAL    RECORD    YEAR
 MAXIMUM TEMPERATURE (F)  100       109      1999
 MINIMUM TEMPERATURE (F)   77        66      1923


SUNRISE AND SUNSET
JULY 29 2014..........SUNRISE   700 AM CDT   SUNSET   829 PM CDT
JULY 30 2014..........SUNRISE   700 AM CDT   SUNSET   828 PM CDT


-  INDICATES NEGATIVE NUMBERS.
R  INDICATES RECORD WAS SET OR TIED.
MM INDICATES DATA IS MISSING.
T  INDICATES TRACE AMOUNT.

$$

GW
