000
CDUS43 KARX 252129
CLILSE


CLIMATE REPORT
NATIONAL WEATHER SERVICE LA CROSSE WI
426 PM CDT MON SEP 25 2017


...................................

...THE LA CROSSE WI CLIMATE SUMMARY FOR SEPTEMBER 25 2017...
VALID TODAY AS OF 0400 PM LOCAL TIME.

CLIMATE NORMAL PERIOD 1981 TO 2010
CLIMATE RECORD PERIOD 1873 TO 2017


WEATHER ITEM   OBSERVED TIME   RECORD YEAR NORMAL DEPARTURE LAST
                VALUE   (LST)  VALUE       VALUE  FROM      YEAR
                                                  NORMAL
..................................................................
TEMPERATURE (F)
 TODAY
  MAXIMUM         88   1204 PM  89    1920  69     19       78
  MINIMUM         67    554 AM  30    1942  48     19       58
                                      1926
  AVERAGE         78                        59     19       68

PRECIPITATION (IN)
  TODAY            0.50          2.32 2005   0.12   0.38      T
  MONTH TO DATE    0.87                      3.05  -2.18    10.32
  SINCE SEP 1      0.87                      3.05  -2.18    10.32
  SINCE JAN 1     32.63                     27.01   5.62    39.04

SNOWFALL (IN)
  TODAY            0.0           0.0  2002   0.0    0.0      0.0
                                      2001
  MONTH TO DATE    0.0                       0.0    0.0      0.0
  SINCE JUL 1      0.0                       0.0    0.0      0.0
  SNOW DEPTH       0

DEGREE DAYS
 HEATING
  TODAY            0                         7     -7        0
  MONTH TO DATE   27                        96    -69        1
  SINCE JUL 1     27                       116    -89        1

 COOLING
  TODAY           13                         1     12        3
  MONTH TO DATE  171                        69    102      111
  SINCE JAN 1    986                       769    217     1020
..................................................................


WIND (MPH)
  HIGHEST WIND SPEED    36   HIGHEST WIND DIRECTION    SW (240)
  HIGHEST GUST SPEED    47   HIGHEST GUST DIRECTION     W (250)
  AVERAGE WIND SPEED     5.4


SKY COVER
  POSSIBLE SUNSHINE  MM
  AVERAGE SKY COVER 0.1


WEATHER CONDITIONS
 THE FOLLOWING WEATHER WAS RECORDED TODAY.
  THUNDERSTORM
  HEAVY RAIN
  RAIN
  LIGHT RAIN
  FOG


RELATIVE HUMIDITY (PERCENT)
 HIGHEST    93           600 AM
 LOWEST     51          1200 PM
 AVERAGE    72

..........................................................


THE LA CROSSE WI CLIMATE NORMALS FOR TOMORROW
                         NORMAL    RECORD    YEAR
 MAXIMUM TEMPERATURE (F)   69        90      1998
 MINIMUM TEMPERATURE (F)   48        29      1984


SUNRISE AND SUNSET
SEPTEMBER 25 2017.....SUNRISE   656 AM CDT   SUNSET   656 PM CDT
SEPTEMBER 26 2017.....SUNRISE   657 AM CDT   SUNSET   654 PM CDT


-  INDICATES NEGATIVE NUMBERS.
R  INDICATES RECORD WAS SET OR TIED.
MM INDICATES DATA IS MISSING.
T  INDICATES TRACE AMOUNT.




$$
