000
CDUS43 KARX 300648
CLILSE


CLIMATE REPORT
NATIONAL WEATHER SERVICE LA CROSSE WI
146 AM CDT TUE MAY 30 2017


...................................

...THE LA CROSSE WI CLIMATE SUMMARY FOR MAY 29 2017...

CLIMATE NORMAL PERIOD 1981 TO 2010
CLIMATE RECORD PERIOD 1873 TO 2017


WEATHER ITEM   OBSERVED TIME   RECORD YEAR NORMAL DEPARTURE LAST
                VALUE   (LST)  VALUE       VALUE  FROM      YEAR
                                                  NORMAL
..................................................................
TEMPERATURE (F)
 YESTERDAY
  MAXIMUM         68    303 PM  95    2006  75     -7       82
                                      1934
  MINIMUM         55   1142 PM  32    1965  53      2       63
  AVERAGE         62                        64     -2       73

PRECIPITATION (IN)
  YESTERDAY        0.07          1.71 1991   0.12  -0.05     0.04
  MONTH TO DATE    7.20                      3.28   3.92     2.64
  SINCE MAR 1     13.83                      8.66   5.17     7.33
  SINCE JAN 1     17.69                     10.83   6.86     8.98

SNOWFALL (IN)
  YESTERDAY        0.0           0.0  2002   0.0    0.0      0.0
                                      2001
  MONTH TO DATE    T                         0.1   -0.1      0.0
  SINCE JUL 1     42.2                      43.4   -1.2     40.3
  SNOW DEPTH       0

DEGREE DAYS
 HEATING
  YESTERDAY        3                         4     -1        0
  MONTH TO DATE  206                       197      9      192
  SINCE JUL 1   5760                      7149  -1389     5949

 COOLING
  YESTERDAY        0                         2     -2        8
  MONTH TO DATE   31                        36     -5       60
  SINCE JAN 1     37                        43     -6       71
..................................................................


WIND (MPH)
  HIGHEST WIND SPEED    29   HIGHEST WIND DIRECTION     W (280)
  HIGHEST GUST SPEED    35   HIGHEST GUST DIRECTION     W (270)
  AVERAGE WIND SPEED     9.9


SKY COVER
  POSSIBLE SUNSHINE  MM
  AVERAGE SKY COVER 0.5


WEATHER CONDITIONS
 THE FOLLOWING WEATHER WAS RECORDED YESTERDAY.
  THUNDERSTORM
  HEAVY RAIN
  RAIN
  LIGHT RAIN


RELATIVE HUMIDITY (PERCENT)
 HIGHEST    78           400 PM
 LOWEST     52          1200 PM
 AVERAGE    65

..........................................................


THE LA CROSSE WI CLIMATE NORMALS FOR TODAY
                         NORMAL    RECORD    YEAR
 MAXIMUM TEMPERATURE (F)   75        93      2010
                                             1934
 MINIMUM TEMPERATURE (F)   53        36      1873


SUNRISE AND SUNSET
MAY 30 2017...........SUNRISE   527 AM CDT   SUNSET   839 PM CDT
MAY 31 2017...........SUNRISE   526 AM CDT   SUNSET   840 PM CDT


-  INDICATES NEGATIVE NUMBERS.
R  INDICATES RECORD WAS SET OR TIED.
MM INDICATES DATA IS MISSING.
T  INDICATES TRACE AMOUNT.




$$
