000
CDUS46 KMTR 250934
CLILVK


CLIMATE REPORT
NATIONAL WEATHER SERVICE SAN FRANCISCO BAY AREA
234 AM PDT WED MAY 25 2016


...................................

...THE LIVERMORE AIRPORT CLIMATE SUMMARY FOR MAY 24 2016...

CLIMATE NORMAL PERIOD 1981 TO 2010
CLIMATE RECORD PERIOD 1930 TO 2016


WEATHER ITEM   OBSERVED TIME   RECORD YEAR NORMAL DEPARTURE LAST
                VALUE   (LST)  VALUE       VALUE  FROM      YEAR
                                                  NORMAL
..................................................................
TEMPERATURE (F)
 YESTERDAY
  MAXIMUM         69    213 PM  98    1982  76     -7       74
  MINIMUM         55   1048 PM  40    1980  51      4       51
  AVERAGE         62                        64     -2       63

PRECIPITATION (IN)
  YESTERDAY        0.00          0.21 1931   0.01  -0.01     0.00
  MONTH TO DATE    0.20                      0.55  -0.35     0.47
  SINCE OCT 1     15.38                     15.37   0.01    13.51
  SINCE JAN 1     10.38                      9.79   0.59     3.89

DEGREE DAYS
 HEATING
  YESTERDAY        3                         3      0        2
  MONTH TO DATE   59                       107    -48       76
  SINCE MAR 1    479                       722   -243      370
  SINCE JUL 1   2184                      2729   -545     1556

 COOLING
  YESTERDAY        0                         2     -2        0
  MONTH TO DATE   25                        34     -9       11
  SINCE MAR 1     33                        43    -10       31
  SINCE JAN 1     33                        43    -10       31
..................................................................


WIND (MPH)
  RESULTANT WIND SPEED  10   RESULTANT WIND DIRECTION   W (260)
  HIGHEST WIND SPEED    22   HIGHEST WIND DIRECTION     W (280)
  HIGHEST GUST SPEED    26   HIGHEST GUST DIRECTION     W (280)
  AVERAGE WIND SPEED    10.9


SKY COVER
  POSSIBLE SUNSHINE  MM
  AVERAGE SKY COVER 0.8


WEATHER CONDITIONS
 THE FOLLOWING WEATHER WAS RECORDED YESTERDAY.
  NO SIGNIFICANT WEATHER WAS OBSERVED.


RELATIVE HUMIDITY (PERCENT)
 HIGHEST    83           700 AM
 LOWEST     48           200 PM
 AVERAGE    66

..........................................................


THE LIVERMORE AIRPORT CLIMATE NORMALS FOR TODAY
                         NORMAL    RECORD    YEAR
 MAXIMUM TEMPERATURE (F)   77        97      1979
 MINIMUM TEMPERATURE (F)   51        39      1980


SUNRISE AND SUNSET
MAY 25 2016...........SUNRISE   550 AM PDT   SUNSET   819 PM PDT
MAY 26 2016...........SUNRISE   550 AM PDT   SUNSET   820 PM PDT


-  INDICATES NEGATIVE NUMBERS.
R  INDICATES RECORD WAS SET OR TIED.
MM INDICATES DATA IS MISSING.
T  INDICATES TRACE AMOUNT.




$$
