000
CDUS46 KMTR 250829
CLILVK


CLIMATE REPORT
NATIONAL WEATHER SERVICE SAN FRANCISCO BAY AREA
129 AM PDT SUN JUN 25 2017


...................................

...THE LIVERMORE AIRPORT CLIMATE SUMMARY FOR JUNE 24 2017...

CLIMATE NORMAL PERIOD 1981 TO 2010
CLIMATE RECORD PERIOD 1930 TO 2017


WEATHER ITEM   OBSERVED TIME   RECORD YEAR NORMAL DEPARTURE LAST
                VALUE   (LST)  VALUE       VALUE  FROM      YEAR
                                                  NORMAL
..................................................................
TEMPERATURE (F)
 YESTERDAY
  MAXIMUM         85    354 PM 105    1964  84      1       89
  MINIMUM         58    521 AM  44    1974  56      2       54
  AVERAGE         72                        70      2       72

PRECIPITATION (IN)
  YESTERDAY        0.00          0.06 1975   0.00   0.00     0.00
  MONTH TO DATE    T                         0.04  -0.04      T
  SINCE OCT 1     25.38                     15.48   9.90    15.38
  SINCE JAN 1     18.92                      9.90   9.02    10.38

DEGREE DAYS
 HEATING
  YESTERDAY        0                         1     -1        0
  MONTH TO DATE   20                        31    -11        8
  SINCE JUN 1     20                        31    -11        8
  SINCE JUL 1   2454                      2779   -325     2194

 COOLING
  YESTERDAY        7                         5      2        7
  MONTH TO DATE  173                        76     97      135
  SINCE JUN 1    173                        76     97      135
  SINCE JAN 1    248                       129    119      207
..................................................................


WIND (MPH)
  RESULTANT WIND SPEED   9   RESULTANT WIND DIRECTION   W (290)
  HIGHEST WIND SPEED    16   HIGHEST WIND DIRECTION    NW (300)
  HIGHEST GUST SPEED    20   HIGHEST GUST DIRECTION     W (280)
  AVERAGE WIND SPEED     9.9


SKY COVER
  POSSIBLE SUNSHINE  MM
  AVERAGE SKY COVER 0.1


WEATHER CONDITIONS
 THE FOLLOWING WEATHER WAS RECORDED YESTERDAY.
  NO SIGNIFICANT WEATHER WAS OBSERVED.


RELATIVE HUMIDITY (PERCENT)
 HIGHEST    93           400 AM
 LOWEST     34           300 PM
 AVERAGE    64

..........................................................


THE LIVERMORE AIRPORT CLIMATE NORMALS FOR TODAY
                         NORMAL    RECORD    YEAR
 MAXIMUM TEMPERATURE (F)   84       107      1957
 MINIMUM TEMPERATURE (F)   56        42      1975


SUNRISE AND SUNSET
JUNE 25 2017..........SUNRISE   547 AM PDT   SUNSET   833 PM PDT
JUNE 26 2017..........SUNRISE   547 AM PDT   SUNSET   833 PM PDT


-  INDICATES NEGATIVE NUMBERS.
R  INDICATES RECORD WAS SET OR TIED.
MM INDICATES DATA IS MISSING.
T  INDICATES TRACE AMOUNT.




$$
