000
CDUS46 KMTR 230042
CLILVK


CLIMATE REPORT
NATIONAL WEATHER SERVICE SAN FRANCISCO BAY AREA
542 PM PDT WED OCT 22 2014


...................................

...THE LIVERMORE AIRPORT CLIMATE SUMMARY FOR OCTOBER 22 2014...
VALID TODAY AS OF 0500 PM LOCAL TIME.

CLIMATE NORMAL PERIOD 1981 TO 2010
CLIMATE RECORD PERIOD 1930 TO 2014


WEATHER ITEM   OBSERVED TIME   RECORD YEAR NORMAL DEPARTURE LAST
                VALUE   (LST)  VALUE       VALUE  FROM      YEAR
                                                  NORMAL
..................................................................
TEMPERATURE (F)
 TODAY
  MAXIMUM         77    340 PM  90    1964  75      2       86
  MINIMUM         49    717 AM  35    1961  48      1       48
  AVERAGE         63                        61      2       67

PRECIPITATION (IN)
  TODAY            0.00          0.23 2012   0.04  -0.04     0.00
  MONTH TO DATE    0.02                      0.54  -0.52     0.00
  SINCE JUL 1      0.23                      0.77  -0.54     0.47
  SINCE JAN 1      5.11                     10.67  -5.56     2.59

DEGREE DAYS
 HEATING
  TODAY            2                         4     -2        0
  MONTH TO DATE   11                        55    -44       25
  SINCE SEP 1     11                        72    -61       29
  SINCE JUL 1     11                        79    -68       29

 COOLING
  TODAY            0                         1     -1        2
  MONTH TO DATE  115                        38     77       28
  SINCE SEP 1    347                       202    145      213
  SINCE JAN 1   1261                       827    434     1037
..................................................................


WIND (MPH)
  RESULTANT WIND SPEED   1   RESULTANT WIND DIRECTION   W (280)
  HIGHEST WIND SPEED     9   HIGHEST WIND DIRECTION     W (260)
  HIGHEST GUST SPEED    12   HIGHEST GUST DIRECTION     W (270)
  AVERAGE WIND SPEED     2.2


SKY COVER
  POSSIBLE SUNSHINE  MM
  AVERAGE SKY COVER 0.0


WEATHER CONDITIONS
 THE FOLLOWING WEATHER WAS RECORDED TODAY.
  NO SIGNIFICANT WEATHER WAS OBSERVED.


RELATIVE HUMIDITY (PERCENT)
 HIGHEST    86           200 AM
 LOWEST     27           100 PM
 AVERAGE    57

..........................................................


THE LIVERMORE AIRPORT CLIMATE NORMALS FOR TOMORROW
                         NORMAL    RECORD    YEAR
 MAXIMUM TEMPERATURE (F)   74        91      1942
 MINIMUM TEMPERATURE (F)   48        33      1961


SUNRISE AND SUNSET
OCTOBER 22 2014.......SUNRISE   722 AM PDT   SUNSET   620 PM PDT
OCTOBER 23 2014.......SUNRISE   723 AM PDT   SUNSET   619 PM PDT


-  INDICATES NEGATIVE NUMBERS.
R  INDICATES RECORD WAS SET OR TIED.
MM INDICATES DATA IS MISSING.
T  INDICATES TRACE AMOUNT.




$$
