000
CDUS46 KMTR 270836
CLILVK


CLIMATE REPORT
NATIONAL WEATHER SERVICE SAN FRANCISCO BAY AREA
1235 AM PST TUE JAN 27 2015


...................................

...THE LIVERMORE AIRPORT CLIMATE SUMMARY FOR JANUARY 26 2015...

CLIMATE NORMAL PERIOD 1981 TO 2010
CLIMATE RECORD PERIOD 1930 TO 2015


WEATHER ITEM   OBSERVED TIME   RECORD YEAR NORMAL DEPARTURE LAST
                VALUE   (LST)  VALUE       VALUE  FROM      YEAR
                                                  NORMAL
..................................................................
TEMPERATURE (F)
 YESTERDAY
  MAXIMUM         66    228 PM  73    2014  57      9       73
  MINIMUM         38    531 AM  22    1949  38      0       39
  AVERAGE         52                        47      5       56

PRECIPITATION (IN)
  YESTERDAY        0.00          0.98 1961   0.07  -0.07     0.00
  MONTH TO DATE    0.00                      2.62  -2.62      T
  SINCE JUL 1      9.83                      8.43   1.40     2.38
  SINCE JAN 1      0.00                      2.62  -2.62      T

DEGREE DAYS
 HEATING
  YESTERDAY       13                        18     -5        9
  MONTH TO DATE  367                       483   -116      317
  SINCE DEC 1    669                      1042   -373      850
  SINCE JUL 1    900                      1514   -614     1168

 COOLING
  YESTERDAY        0                         0      0        0
  MONTH TO DATE    0                         0      0        0
  SINCE DEC 1      0                         0      0        0
  SINCE JAN 1      0                         0      0        0
..................................................................


WIND (MPH)
  RESULTANT WIND SPEED   2   RESULTANT WIND DIRECTION   E (70)
  HIGHEST WIND SPEED    13   HIGHEST WIND DIRECTION    NE (50)
  HIGHEST GUST SPEED    15   HIGHEST GUST DIRECTION    NE (40)
  AVERAGE WIND SPEED     2.7


SKY COVER
  POSSIBLE SUNSHINE  MM
  AVERAGE SKY COVER 0.2


WEATHER CONDITIONS
 THE FOLLOWING WEATHER WAS RECORDED YESTERDAY.
  FOG
  FOG W/VISIBILITY <= 1/4 MILE


RELATIVE HUMIDITY (PERCENT)
 HIGHEST    96          1000 AM
 LOWEST     40           200 PM
 AVERAGE    68

..........................................................


THE LIVERMORE AIRPORT CLIMATE NORMALS FOR TODAY
                         NORMAL    RECORD    YEAR
 MAXIMUM TEMPERATURE (F)   57        72      1931
 MINIMUM TEMPERATURE (F)   38        23      1947


SUNRISE AND SUNSET
JANUARY 27 2015.......SUNRISE   715 AM PST   SUNSET   525 PM PST
JANUARY 28 2015.......SUNRISE   714 AM PST   SUNSET   526 PM PST


-  INDICATES NEGATIVE NUMBERS.
R  INDICATES RECORD WAS SET OR TIED.
MM INDICATES DATA IS MISSING.
T  INDICATES TRACE AMOUNT.




$$
