000
CDUS45 KBYZ 240934
CLILVM


CLIMATE REPORT
NATIONAL WEATHER SERVICE BILLINGS MT
332 AM MDT THU APR 24 2014


...................................

...THE LIVINGSTON MT CLIMATE SUMMARY FOR APRIL 23 2014...

CLIMATE NORMAL PERIOD 1981 TO 2010
CLIMATE RECORD PERIOD 1948 TO 2014


WEATHER ITEM   OBSERVED TIME   RECORD YEAR NORMAL DEPARTURE LAST
                VALUE   (LST)  VALUE       VALUE  FROM      YEAR
                                                  NORMAL
..................................................................
TEMPERATURE (F)
 YESTERDAY
  MAXIMUM         53    254 PM  86    2012  57     -4       48
  MINIMUM         33    627 AM  12    2013  30      3       12
  AVERAGE         43                        44     -1       30

PRECIPITATION (IN)
  YESTERDAY        0.05          0.65 1993   0.07  -0.02     0.00
  MONTH TO DATE    0.88                      1.27  -0.39     0.32
  SINCE OCT 1      6.25                      5.47   0.78     3.38
  SINCE JAN 1      3.96                      3.10   0.86     1.08

DEGREE DAYS
 HEATING
  YESTERDAY       22                        21      1       35
  MONTH TO DATE  460                       549    -89      637
  SINCE MAR 1   1389                      1460    -71     1521
  SINCE JUL 1   6632                      6808   -176     6188

 COOLING
  YESTERDAY        0                         0      0        0
  MONTH TO DATE    0                         0      0        0
  SINCE MAR 1      0                         0      0        0
  SINCE JAN 1      0                         0      0        0
..................................................................


WIND (MPH)
  HIGHEST WIND SPEED    41   HIGHEST WIND DIRECTION     W (250)
  HIGHEST GUST SPEED    50   HIGHEST GUST DIRECTION     W (250)
  AVERAGE WIND SPEED    25.2


SKY COVER
  POSSIBLE SUNSHINE  MM
  AVERAGE SKY COVER 0.5


WEATHER CONDITIONS
 THE FOLLOWING WEATHER WAS RECORDED YESTERDAY.
  LIGHT SNOW
  FOG


RELATIVE HUMIDITY (PERCENT)
 HIGHEST   100           400 AM
 LOWEST     24           300 PM
 AVERAGE    62

..........................................................


THE LIVINGSTON MT CLIMATE NORMALS FOR TODAY
                         NORMAL    RECORD    YEAR
 MAXIMUM TEMPERATURE (F)   58        81      2012
                                             1962
 MINIMUM TEMPERATURE (F)   31        20      2009
                                             1960


SUNRISE AND SUNSET
APRIL 24 2014.........SUNRISE   620 AM MDT   SUNSET   820 PM MDT
APRIL 25 2014.........SUNRISE   619 AM MDT   SUNSET   821 PM MDT


-  INDICATES NEGATIVE NUMBERS.
R  INDICATES RECORD WAS SET OR TIED.
MM INDICATES DATA IS MISSING.
T  INDICATES TRACE AMOUNT.





&&

THIS IS AN AUTOMATED...UNATTENDED WEATHER STATION AND MAY
UNDERESTIMATE WINTER PRECIPITATION.

$$
