000
CDUS45 KBYZ 250723
CLILVM


CLIMATE REPORT
NATIONAL WEATHER SERVICE BILLINGS MT
123 AM MDT SUN JUN 25 2017


...................................

...THE LIVINGSTON MT CLIMATE SUMMARY FOR JUNE 24 2017...

CLIMATE NORMAL PERIOD 1981 TO 2010
CLIMATE RECORD PERIOD 1948 TO 2017


WEATHER ITEM   OBSERVED TIME   RECORD YEAR NORMAL DEPARTURE LAST
                VALUE   (LST)  VALUE       VALUE  FROM      YEAR
                                                  NORMAL
..................................................................
TEMPERATURE (F)
 YESTERDAY
  MAXIMUM         77    412 PM  99    2012  77      0       87
  MINIMUM         35    449 AM  34    1967  46    -11       50
  AVERAGE         56                        61     -5       69

PRECIPITATION (IN)
  YESTERDAY        0.00          0.58 1956   0.07  -0.07     0.06
  MONTH TO DATE    1.54                      2.03  -0.49     0.61
  SINCE OCT 1     13.57                     10.66   2.91     9.38
  SINCE JAN 1      9.64                      8.29   1.35     5.68

DEGREE DAYS
 HEATING
  YESTERDAY        9                         5      4        0
  MONTH TO DATE  138                       184    -46       68
  SINCE JUN 1    138                       184    -46       68
  SINCE JUL 1   7128                      7580   -452     6388

 COOLING
  YESTERDAY        0                         1     -1        4
  MONTH TO DATE   17                         8      9       45
  SINCE JUN 1     17                         8      9       45
  SINCE JAN 1     17                         9      8       45
..................................................................


WIND (MPH)
  HIGHEST WIND SPEED    22   HIGHEST WIND DIRECTION     E (70)
  HIGHEST GUST SPEED    28   HIGHEST GUST DIRECTION     E (70)
  AVERAGE WIND SPEED     7.9


SKY COVER
  POSSIBLE SUNSHINE  MM
  AVERAGE SKY COVER 0.0


WEATHER CONDITIONS
 THE FOLLOWING WEATHER WAS RECORDED YESTERDAY.
  NO SIGNIFICANT WEATHER WAS OBSERVED.


RELATIVE HUMIDITY (PERCENT)
 HIGHEST    85           300 AM
 LOWEST     25           300 PM
 AVERAGE    55

..........................................................


THE LIVINGSTON MT CLIMATE NORMALS FOR TODAY
                         NORMAL    RECORD    YEAR
 MAXIMUM TEMPERATURE (F)   77        99      2012
 MINIMUM TEMPERATURE (F)   46        33      2003


SUNRISE AND SUNSET
JUNE 25 2017..........SUNRISE   533 AM MDT   SUNSET   915 PM MDT
JUNE 26 2017..........SUNRISE   534 AM MDT   SUNSET   915 PM MDT


-  INDICATES NEGATIVE NUMBERS.
R  INDICATES RECORD WAS SET OR TIED.
MM INDICATES DATA IS MISSING.
T  INDICATES TRACE AMOUNT.




$$
