000
CDUS45 KBYZ 200723
CLILVM


CLIMATE REPORT
NATIONAL WEATHER SERVICE BILLINGS MT
123 AM MDT FRI OCT 20 2017


...................................

...THE LIVINGSTON MT CLIMATE SUMMARY FOR OCTOBER 19 2017...

CLIMATE NORMAL PERIOD 1981 TO 2010
CLIMATE RECORD PERIOD 1948 TO 2017


WEATHER ITEM   OBSERVED TIME   RECORD YEAR NORMAL DEPARTURE LAST
                VALUE   (LST)  VALUE       VALUE  FROM      YEAR
                                                  NORMAL
..................................................................
TEMPERATURE (F)
 YESTERDAY
  MAXIMUM         76    247 PM  80    2003  57     19       52
  MINIMUM         56    717 AM  14    1949  31     25       34
  AVERAGE         66                        44     22       43

PRECIPITATION (IN)
  YESTERDAY        0.00          0.46 2015   0.04  -0.04     0.10
  MONTH TO DATE    0.22                      0.88  -0.66     1.86
  SINCE OCT 1      0.22                      0.88  -0.66     1.86
  SINCE JAN 1     14.01                     13.32   0.69    11.85

DEGREE DAYS
 HEATING
  YESTERDAY        0                        21    -21       22
  MONTH TO DATE  347                       342      5      337
  SINCE SEP 1    663                       633     30      599
  SINCE JUL 1    686                       751    -65      687

 COOLING
  YESTERDAY        1                         0      1        0
  MONTH TO DATE    1                         0      1        0
  SINCE SEP 1     53                        14     39       17
  SINCE JAN 1    397                       229    168      329
..................................................................


WIND (MPH)
  HIGHEST WIND SPEED    36   HIGHEST WIND DIRECTION    SW (220)
  HIGHEST GUST SPEED    45   HIGHEST GUST DIRECTION    SW (220)
  AVERAGE WIND SPEED    23.9


SKY COVER
  POSSIBLE SUNSHINE  MM
  AVERAGE SKY COVER 0.0


WEATHER CONDITIONS
 THE FOLLOWING WEATHER WAS RECORDED YESTERDAY.
  NO SIGNIFICANT WEATHER WAS OBSERVED.


RELATIVE HUMIDITY (PERCENT)
 HIGHEST    28           400 AM
 LOWEST      8           200 PM
 AVERAGE    18

..........................................................


THE LIVINGSTON MT CLIMATE NORMALS FOR TODAY
                         NORMAL    RECORD    YEAR
 MAXIMUM TEMPERATURE (F)   57        78      2014
                                             2003
                                             1974
 MINIMUM TEMPERATURE (F)   31        16      1987


SUNRISE AND SUNSET
OCTOBER 20 2017.......SUNRISE   745 AM MDT   SUNSET   627 PM MDT
OCTOBER 21 2017.......SUNRISE   747 AM MDT   SUNSET   625 PM MDT


-  INDICATES NEGATIVE NUMBERS.
R  INDICATES RECORD WAS SET OR TIED.
MM INDICATES DATA IS MISSING.
T  INDICATES TRACE AMOUNT.




$$
