000
CDUS45 KBYZ 010933
CLILVM


CLIMATE REPORT
NATIONAL WEATHER SERVICE BILLINGS MT
331 AM MDT SAT AUG 1 2015


...................................

...THE LIVINGSTON MT CLIMATE SUMMARY FOR JULY 31 2015...

CLIMATE NORMAL PERIOD 1981 TO 2010
CLIMATE RECORD PERIOD 1948 TO 2015


WEATHER ITEM   OBSERVED TIME   RECORD YEAR NORMAL DEPARTURE LAST
                VALUE   (LST)  VALUE       VALUE  FROM      YEAR
                                                  NORMAL
..................................................................
TEMPERATURE (F)
 YESTERDAY
  MAXIMUM         93    407 PM 100    2000  87      6       92
  MINIMUM         46    524 AM  37    1995  50     -4       52
  AVERAGE         70                        68      2       72

PRECIPITATION (IN)
  YESTERDAY        0.00          0.54 1975   0.04  -0.04     0.00
  MONTH TO DATE    1.17                      1.47  -0.30     0.45
  SINCE OCT 1     10.65                     12.49  -1.84    11.54
  SINCE JAN 1      8.86                     10.12  -1.26     9.25

DEGREE DAYS
 HEATING
  YESTERDAY        0                         1     -1        0
  MONTH TO DATE   10                        50    -40        9
  SINCE JUN 1     64                       257   -193      204
  SINCE JUL 1     10                        50    -40        9

 COOLING
  YESTERDAY        5                         4      1        7
  MONTH TO DATE  115                       109      6      173
  SINCE JUN 1    214                       128     86      175
  SINCE JAN 1    215                       129     86      180
..................................................................


WIND (MPH)
  HIGHEST WIND SPEED    24   HIGHEST WIND DIRECTION     W (280)
  HIGHEST GUST SPEED    29   HIGHEST GUST DIRECTION     W (280)
  AVERAGE WIND SPEED     7.8


SKY COVER
  POSSIBLE SUNSHINE  MM
  AVERAGE SKY COVER 0.0


WEATHER CONDITIONS
 THE FOLLOWING WEATHER WAS RECORDED YESTERDAY.
  NO SIGNIFICANT WEATHER WAS OBSERVED.


RELATIVE HUMIDITY (PERCENT)
 HIGHEST    77           500 AM
 LOWEST      6           400 PM
 AVERAGE    42

..........................................................


THE LIVINGSTON MT CLIMATE NORMALS FOR TODAY
                         NORMAL    RECORD    YEAR
 MAXIMUM TEMPERATURE (F)   87       101      2000
 MINIMUM TEMPERATURE (F)   50        37      2002


SUNRISE AND SUNSET
AUGUST  1 2015........SUNRISE   605 AM MDT   SUNSET   851 PM MDT
AUGUST  2 2015........SUNRISE   606 AM MDT   SUNSET   849 PM MDT


-  INDICATES NEGATIVE NUMBERS.
R  INDICATES RECORD WAS SET OR TIED.
MM INDICATES DATA IS MISSING.
T  INDICATES TRACE AMOUNT.





&&

THIS IS AN AUTOMATED...UNATTENDED WEATHER STATION AND MAY
UNDERESTIMATE WINTER PRECIPITATION.

$$
