282
CDUS45 KBYZ 062327
CLILVM


CLIMATE REPORT
NATIONAL WEATHER SERVICE BILLINGS MT
426 PM MST SAT FEB 6 2016


...................................

...THE LIVINGSTON MT CLIMATE SUMMARY FOR FEBRUARY 6 2016...
VALID TODAY AS OF 0400 PM LOCAL TIME.

CLIMATE NORMAL PERIOD 1981 TO 2010
CLIMATE RECORD PERIOD 1948 TO 2016


WEATHER ITEM   OBSERVED TIME   RECORD YEAR NORMAL DEPARTURE LAST
                VALUE   (LST)  VALUE       VALUE  FROM      YEAR
                                                  NORMAL
..................................................................
TEMPERATURE (F)
 TODAY
  MAXIMUM         48   1145 AM  65    2015  38     10       65
  MINIMUM         33    116 AM -30    2014  18     15       52
  AVERAGE         41                        28     13       59

PRECIPITATION (IN)
  TODAY            0.00          0.25 1986   0.02  -0.02      T
  MONTH TO DATE    T                         0.10  -0.10     0.08
  SINCE OCT 1      3.85                      2.96   0.89     2.41
  SINCE JAN 1      0.15                      0.59  -0.44     0.62

DEGREE DAYS
 HEATING
  TODAY           24                        37    -13        6
  MONTH TO DATE  214                       223     -9      156
  SINCE DEC 1   2416                      2605   -189     2199
  SINCE JUL 1   4093                      4564   -471     3937

 COOLING
  TODAY            0                         0      0        0
  MONTH TO DATE    0                         0      0        0
  SINCE DEC 1      0                         0      0        0
  SINCE JAN 1      0                         0      0        0
..................................................................


WIND (MPH)
  HIGHEST WIND SPEED    62   HIGHEST WIND DIRECTION    SW (210)
  HIGHEST GUST SPEED    79   HIGHEST GUST DIRECTION    SW (210)
  AVERAGE WIND SPEED    36.9


SKY COVER
  POSSIBLE SUNSHINE  MM
  AVERAGE SKY COVER 0.4


WEATHER CONDITIONS
 THE FOLLOWING WEATHER WAS RECORDED TODAY.
  NO SIGNIFICANT WEATHER WAS OBSERVED.


RELATIVE HUMIDITY (PERCENT)
 HIGHEST    64           100 PM
 LOWEST     28          1200 PM
 AVERAGE    46

..........................................................


THE LIVINGSTON MT CLIMATE NORMALS FOR TOMORROW
                         NORMAL    RECORD    YEAR
 MAXIMUM TEMPERATURE (F)   38        62      1987
 MINIMUM TEMPERATURE (F)   18       -23      1973


SUNRISE AND SUNSET
FEBRUARY  6 2016......SUNRISE   737 AM MST   SUNSET   535 PM MST
FEBRUARY  7 2016......SUNRISE   736 AM MST   SUNSET   536 PM MST


-  INDICATES NEGATIVE NUMBERS.
R  INDICATES RECORD WAS SET OR TIED.
MM INDICATES DATA IS MISSING.
T  INDICATES TRACE AMOUNT.





&&

THIS IS AN AUTOMATED...UNATTENDED WEATHER STATION AND MAY
UNDERESTIMATE WINTER PRECIPITATION.

$$
