000
CDUS45 KBYZ 290934
CLILVM


CLIMATE REPORT
NATIONAL WEATHER SERVICE BILLINGS MT
332 AM MDT SUN MAR 29 2015


...................................

...THE LIVINGSTON MT CLIMATE SUMMARY FOR MARCH 28 2015...

CLIMATE NORMAL PERIOD 1981 TO 2010
CLIMATE RECORD PERIOD 1948 TO 2015


WEATHER ITEM   OBSERVED TIME   RECORD YEAR NORMAL DEPARTURE LAST
                VALUE   (LST)  VALUE       VALUE  FROM      YEAR
                                                  NORMAL
..................................................................
TEMPERATURE (F)
 YESTERDAY
  MAXIMUM         70   1034 AM  74    1986  50     20       51
  MINIMUM         44   1159 PM  -6    1965  26     18       28
  AVERAGE         57                        38     19       40

PRECIPITATION (IN)
  YESTERDAY        T             0.38        0.04  -0.04      T
  MONTH TO DATE    0.27                      0.73  -0.46     1.69
  SINCE OCT 1      3.25                      4.09  -0.84     5.08
  SINCE JAN 1      1.46                      1.72  -0.26     2.79

DEGREE DAYS
 HEATING
  YESTERDAY        8                        27    -19       25
  MONTH TO DATE  575                       832   -257      846
  SINCE MAR 1    575                       832   -257      846
  SINCE JUL 1   5189                      6180   -991     6089

 COOLING
  YESTERDAY        0                         0      0        0
  MONTH TO DATE    0                         0      0        0
  SINCE MAR 1      0                         0      0        0
  SINCE JAN 1      0                         0      0        0
..................................................................


WIND (MPH)
  HIGHEST WIND SPEED    48   HIGHEST WIND DIRECTION     W (250)
  HIGHEST GUST SPEED    64   HIGHEST GUST DIRECTION     W (250)
  AVERAGE WIND SPEED    28.0


SKY COVER
  POSSIBLE SUNSHINE  MM
  AVERAGE SKY COVER 0.3


WEATHER CONDITIONS
 THE FOLLOWING WEATHER WAS RECORDED YESTERDAY.
  LIGHT RAIN


RELATIVE HUMIDITY (PERCENT)
 HIGHEST    48           200 PM
 LOWEST     19           300 PM
 AVERAGE    34

..........................................................


THE LIVINGSTON MT CLIMATE NORMALS FOR TODAY
                         NORMAL    RECORD    YEAR
 MAXIMUM TEMPERATURE (F)   50        73      1978
 MINIMUM TEMPERATURE (F)   26         1      1954


SUNRISE AND SUNSET
MARCH 29 2015.........SUNRISE   708 AM MDT   SUNSET   746 PM MDT
MARCH 30 2015.........SUNRISE   706 AM MDT   SUNSET   747 PM MDT


-  INDICATES NEGATIVE NUMBERS.
R  INDICATES RECORD WAS SET OR TIED.
MM INDICATES DATA IS MISSING.
T  INDICATES TRACE AMOUNT.





&&

THIS IS AN AUTOMATED...UNATTENDED WEATHER STATION AND MAY
UNDERESTIMATE WINTER PRECIPITATION.

$$
