000
CDUS45 KBYZ 072224
CLILVM


CLIMATE REPORT
NATIONAL WEATHER SERVICE BILLINGS MT
423 PM MDT TUE JUL 7 2015


...................................

...THE LIVINGSTON MT CLIMATE SUMMARY FOR JULY 7 2015...
VALID TODAY AS OF 0400 PM LOCAL TIME.

CLIMATE NORMAL PERIOD 1981 TO 2010
CLIMATE RECORD PERIOD 1948 TO 2015


WEATHER ITEM   OBSERVED TIME   RECORD YEAR NORMAL DEPARTURE LAST
                VALUE   (LST)  VALUE       VALUE  FROM      YEAR
                                                  NORMAL
..................................................................
TEMPERATURE (F)
 TODAY
  MAXIMUM         81   1229 PM  99    1985  82     -1       84
  MINIMUM         48    512 AM  35    2010  48      0       56
                                      1952
  AVERAGE         65                        65      0       70

PRECIPITATION (IN)
  TODAY            0.00          0.90 1984   0.05  -0.05     0.00
  MONTH TO DATE    0.02                      0.38  -0.36      T
  SINCE OCT 1      9.50                     11.40  -1.90    11.09
  SINCE JAN 1      7.71                      9.03  -1.32     8.80

DEGREE DAYS
 HEATING
  TODAY            0                         2     -2        0
  MONTH TO DATE    1                        19    -18        9
  SINCE JUN 1     55                       226   -171      204
  SINCE JUL 1      1                        19    -18        9

 COOLING
  TODAY            0                         3     -3        5
  MONTH TO DATE   34                        15     19       35
  SINCE JUN 1    133                        34     99       37
  SINCE JAN 1    134                        35     99       42
..................................................................


WIND (MPH)
  HIGHEST WIND SPEED    22   HIGHEST WIND DIRECTION     N (20)
  HIGHEST GUST SPEED    27   HIGHEST GUST DIRECTION    NE (30)
  AVERAGE WIND SPEED     6.4


SKY COVER
  POSSIBLE SUNSHINE  MM
  AVERAGE SKY COVER 0.2


WEATHER CONDITIONS
 THE FOLLOWING WEATHER WAS RECORDED TODAY.
  THUNDERSTORM


RELATIVE HUMIDITY (PERCENT)
 HIGHEST    86           400 AM
 LOWEST     28           200 PM
 AVERAGE    57

..........................................................


THE LIVINGSTON MT CLIMATE NORMALS FOR TOMORROW
                         NORMAL    RECORD    YEAR
 MAXIMUM TEMPERATURE (F)   83        98      1963
 MINIMUM TEMPERATURE (F)   49        37      2010


SUNRISE AND SUNSET
JULY  7 2015..........SUNRISE   540 AM MDT   SUNSET   913 PM MDT
JULY  8 2015..........SUNRISE   541 AM MDT   SUNSET   913 PM MDT


-  INDICATES NEGATIVE NUMBERS.
R  INDICATES RECORD WAS SET OR TIED.
MM INDICATES DATA IS MISSING.
T  INDICATES TRACE AMOUNT.





&&

THIS IS AN AUTOMATED...UNATTENDED WEATHER STATION AND MAY
UNDERESTIMATE WINTER PRECIPITATION.

$$
