000
CDUS45 KBYZ 232224
CLILVM


CLIMATE REPORT
NATIONAL WEATHER SERVICE BILLINGS MT
424 PM MDT TUE MAY 23 2017


...................................

...THE LIVINGSTON MT CLIMATE SUMMARY FOR MAY 23 2017...
VALID TODAY AS OF 0400 PM LOCAL TIME.

CLIMATE NORMAL PERIOD 1981 TO 2010
CLIMATE RECORD PERIOD 1948 TO 2017


WEATHER ITEM   OBSERVED TIME   RECORD YEAR NORMAL DEPARTURE LAST
                VALUE   (LST)  VALUE       VALUE  FROM      YEAR
                                                  NORMAL
..................................................................
TEMPERATURE (F)
 TODAY
  MAXIMUM         76    259 PM  89    1956  67      9       57
  MINIMUM         33    253 AM  25    1995  39     -6       42
  AVERAGE         55                        53      2       50

PRECIPITATION (IN)
  TODAY            0.00          0.97 1996   0.09  -0.09     0.00
  MONTH TO DATE    3.17                      1.88   1.29     1.80
  SINCE OCT 1     11.97                      7.85   4.12     8.16
  SINCE JAN 1      8.04                      5.48   2.56     4.46

DEGREE DAYS
 HEATING
  TODAY           10                        12     -2       15
  MONTH TO DATE  329                       356    -27      318
  SINCE MAR 1   1676                      1956   -280     1617
  SINCE JUL 1   6902                      7304   -402     6220

 COOLING
  TODAY            0                         0      0        0
  MONTH TO DATE    0                         0      0        0
  SINCE MAR 1      0                         0      0        0
  SINCE JAN 1      0                         0      0        0
..................................................................


WIND (MPH)
  HIGHEST WIND SPEED    17   HIGHEST WIND DIRECTION    SW (240)
  HIGHEST GUST SPEED    23   HIGHEST GUST DIRECTION    SW (230)
  AVERAGE WIND SPEED     6.1


SKY COVER
  POSSIBLE SUNSHINE  MM
  AVERAGE SKY COVER 0.0


WEATHER CONDITIONS
 THE FOLLOWING WEATHER WAS RECORDED TODAY.
  NO SIGNIFICANT WEATHER WAS OBSERVED.


RELATIVE HUMIDITY (PERCENT)
 HIGHEST    96           300 AM
 LOWEST     27           300 PM
 AVERAGE    62

..........................................................


THE LIVINGSTON MT CLIMATE NORMALS FOR TOMORROW
                         NORMAL    RECORD    YEAR
 MAXIMUM TEMPERATURE (F)   67        86      1988
 MINIMUM TEMPERATURE (F)   39        27      2007


SUNRISE AND SUNSET
MAY 23 2017...........SUNRISE   542 AM MDT   SUNSET   856 PM MDT
MAY 24 2017...........SUNRISE   541 AM MDT   SUNSET   857 PM MDT


-  INDICATES NEGATIVE NUMBERS.
R  INDICATES RECORD WAS SET OR TIED.
MM INDICATES DATA IS MISSING.
T  INDICATES TRACE AMOUNT.




$$
