000
CDUS45 KBYZ 230933
CLILVM


CLIMATE REPORT
NATIONAL WEATHER SERVICE BILLINGS MT
332 AM MDT SAT MAY 23 2015


...................................

...THE LIVINGSTON MT CLIMATE SUMMARY FOR MAY 22 2015...

CLIMATE NORMAL PERIOD 1981 TO 2010
CLIMATE RECORD PERIOD 1948 TO 2015


WEATHER ITEM   OBSERVED TIME   RECORD YEAR NORMAL DEPARTURE LAST
                VALUE   (LST)  VALUE       VALUE  FROM      YEAR
                                                  NORMAL
..................................................................
TEMPERATURE (F)
 YESTERDAY
  MAXIMUM         70    354 PM  86    1958  66      4       79
  MINIMUM         37    544 AM  27    2002  38     -1       45
  AVERAGE         54                        52      2       62

PRECIPITATION (IN)
  YESTERDAY        0.06          1.23        0.09  -0.03     0.00
  MONTH TO DATE    2.83                      1.79   1.04     1.49
  SINCE OCT 1      7.31                      7.76  -0.45     8.50
  SINCE JAN 1      5.52                      5.39   0.13     6.21

DEGREE DAYS
 HEATING
  YESTERDAY       11                        13     -2        3
  MONTH TO DATE  371                       344     27      341
  SINCE MAR 1   1599                      1944   -345     1874
  SINCE JUL 1   6213                      7292  -1079     7117

 COOLING
  YESTERDAY        0                         0      0        0
  MONTH TO DATE    0                         0      0        0
  SINCE MAR 1      0                         0      0        0
  SINCE JAN 1      0                         0      0        0
..................................................................


WIND (MPH)
  HIGHEST WIND SPEED    23   HIGHEST WIND DIRECTION    SE (140)
  HIGHEST GUST SPEED    28   HIGHEST GUST DIRECTION    SE (150)
  AVERAGE WIND SPEED     7.3


SKY COVER
  POSSIBLE SUNSHINE  MM
  AVERAGE SKY COVER 0.3


WEATHER CONDITIONS
 THE FOLLOWING WEATHER WAS RECORDED YESTERDAY.
  THUNDERSTORM
  LIGHT RAIN
  FOG
  FOG W/VISIBILITY <= 1/4 MILE


RELATIVE HUMIDITY (PERCENT)
 HIGHEST    92           300 AM
 LOWEST     40           100 PM
 AVERAGE    66

..........................................................


THE LIVINGSTON MT CLIMATE NORMALS FOR TODAY
                         NORMAL    RECORD    YEAR
 MAXIMUM TEMPERATURE (F)   67        89      1956
 MINIMUM TEMPERATURE (F)   39        25      1995


SUNRISE AND SUNSET
MAY 23 2015...........SUNRISE   543 AM MDT   SUNSET   855 PM MDT
MAY 24 2015...........SUNRISE   542 AM MDT   SUNSET   856 PM MDT


-  INDICATES NEGATIVE NUMBERS.
R  INDICATES RECORD WAS SET OR TIED.
MM INDICATES DATA IS MISSING.
T  INDICATES TRACE AMOUNT.





&&

THIS IS AN AUTOMATED...UNATTENDED WEATHER STATION AND MAY
UNDERESTIMATE WINTER PRECIPITATION.

$$
