000
CDUS45 KBYZ 152229
CLILVM


CLIMATE REPORT
NATIONAL WEATHER SERVICE BILLINGS MT
428 PM MDT MON SEP 15 2014


...................................

...THE LIVINGSTON MT CLIMATE SUMMARY FOR SEPTEMBER 15 2014...
VALID TODAY AS OF 0400 PM LOCAL TIME.

CLIMATE NORMAL PERIOD 1981 TO 2010
CLIMATE RECORD PERIOD 1948 TO 2014


WEATHER ITEM   OBSERVED TIME   RECORD YEAR NORMAL DEPARTURE LAST
                VALUE   (LST)  VALUE       VALUE  FROM      YEAR
                                                  NORMAL
..................................................................
TEMPERATURE (F)
 TODAY
  MAXIMUM         78    259 PM  96    2000  72      6       68
  MINIMUM         32    533 AM  25    1970  40     -8       56
  AVERAGE         55                        56     -1       62

PRECIPITATION (IN)
  TODAY            0.00          0.77 1966   0.04  -0.04     0.00
  MONTH TO DATE    0.41                      0.56  -0.15     0.98
  SINCE OCT 1     14.64                     14.16   0.48    10.76
  SINCE JAN 1     12.35                     11.79   0.56     8.46

DEGREE DAYS
 HEATING
  TODAY           10                         9      1        3
  MONTH TO DATE  172                       106     66       13
  SINCE SEP 1    172                       106     66       13
  SINCE JUL 1    241                       224     17       13

 COOLING
  TODAY            0                         0      0        0
  MONTH TO DATE    0                        13    -13       52
  SINCE SEP 1      0                        13    -13       52
  SINCE JAN 1    303                       228     75      491
..................................................................


WIND (MPH)
  HIGHEST WIND SPEED    10   HIGHEST WIND DIRECTION    SE (150)
  HIGHEST GUST SPEED    12   HIGHEST GUST DIRECTION    SE (150)
  AVERAGE WIND SPEED     3.7


SKY COVER
  POSSIBLE SUNSHINE  MM
  AVERAGE SKY COVER 0.0


WEATHER CONDITIONS
 THE FOLLOWING WEATHER WAS RECORDED TODAY.
  NO SIGNIFICANT WEATHER WAS OBSERVED.


RELATIVE HUMIDITY (PERCENT)
 HIGHEST    92           600 AM
 LOWEST     23           300 PM
 AVERAGE    58

..........................................................


THE LIVINGSTON MT CLIMATE NORMALS FOR TOMORROW
                         NORMAL    RECORD    YEAR
 MAXIMUM TEMPERATURE (F)   72        94      2000
 MINIMUM TEMPERATURE (F)   39        25      1965


SUNRISE AND SUNSET
SEPTEMBER 15 2014.....SUNRISE   700 AM MDT   SUNSET   733 PM MDT
SEPTEMBER 16 2014.....SUNRISE   701 AM MDT   SUNSET   731 PM MDT


-  INDICATES NEGATIVE NUMBERS.
R  INDICATES RECORD WAS SET OR TIED.
MM INDICATES DATA IS MISSING.
T  INDICATES TRACE AMOUNT.





&&

THIS IS AN AUTOMATED...UNATTENDED WEATHER STATION AND MAY
UNDERESTIMATE WINTER PRECIPITATION.

$$
