000
CDUS45 KBYZ 240723
CLILVM


CLIMATE REPORT
NATIONAL WEATHER SERVICE BILLINGS MT
123 AM MDT THU AUG 24 2017


...................................

...THE LIVINGSTON MT CLIMATE SUMMARY FOR AUGUST 23 2017...

CLIMATE NORMAL PERIOD 1981 TO 2010
CLIMATE RECORD PERIOD 1948 TO 2017


WEATHER ITEM   OBSERVED TIME   RECORD YEAR NORMAL DEPARTURE LAST
                VALUE   (LST)  VALUE       VALUE  FROM      YEAR
                                                  NORMAL
..................................................................
TEMPERATURE (F)
 YESTERDAY
  MAXIMUM         92    346 PM  98    1969  82     10       76
  MINIMUM         46    457 AM  30    2015  46      0       48
  AVERAGE         69                        64      5       62

PRECIPITATION (IN)
  YESTERDAY        0.00          1.23 2014   0.03  -0.03     0.00
  MONTH TO DATE    0.68                      0.82  -0.14     1.11
  SINCE OCT 1     14.78                     13.31   1.47    12.00
  SINCE JAN 1     10.85                     10.94  -0.09     8.30

DEGREE DAYS
 HEATING
  YESTERDAY        0                         3     -3        3
  MONTH TO DATE   21                        37    -16       24
  SINCE JUN 1    181                       294   -113      135
  SINCE JUL 1     23                        87    -64       57

 COOLING
  YESTERDAY        4                         2      2        0
  MONTH TO DATE   33                        75    -42       69
  SINCE JUN 1    289                       203     86      291
  SINCE JAN 1    289                       204     85      291
..................................................................


WIND (MPH)
  HIGHEST WIND SPEED    25   HIGHEST WIND DIRECTION    SW (220)
  HIGHEST GUST SPEED    32   HIGHEST GUST DIRECTION    SW (210)
  AVERAGE WIND SPEED     8.9


SKY COVER
  POSSIBLE SUNSHINE  MM
  AVERAGE SKY COVER 0.0


WEATHER CONDITIONS
 THE FOLLOWING WEATHER WAS RECORDED YESTERDAY.
  NO SIGNIFICANT WEATHER WAS OBSERVED.


RELATIVE HUMIDITY (PERCENT)
 HIGHEST    65           400 AM
 LOWEST     11           300 PM
 AVERAGE    38

..........................................................


THE LIVINGSTON MT CLIMATE NORMALS FOR TODAY
                         NORMAL    RECORD    YEAR
 MAXIMUM TEMPERATURE (F)   82       100      1969
 MINIMUM TEMPERATURE (F)   46        34      1992


SUNRISE AND SUNSET
AUGUST 24 2017........SUNRISE   633 AM MDT   SUNSET   814 PM MDT
AUGUST 25 2017........SUNRISE   635 AM MDT   SUNSET   812 PM MDT


-  INDICATES NEGATIVE NUMBERS.
R  INDICATES RECORD WAS SET OR TIED.
MM INDICATES DATA IS MISSING.
T  INDICATES TRACE AMOUNT.




$$
