000
CDUS45 KBYZ 110724
CLILVM


CLIMATE REPORT
NATIONAL WEATHER SERVICE BILLINGS MT
1224 AM MST MON DEC 11 2017


...................................

...THE LIVINGSTON MT CLIMATE SUMMARY FOR DECEMBER 10 2017...

CLIMATE NORMAL PERIOD 1981 TO 2010
CLIMATE RECORD PERIOD 1948 TO 2017


WEATHER ITEM   OBSERVED TIME   RECORD YEAR NORMAL DEPARTURE LAST
                VALUE   (LST)  VALUE       VALUE  FROM      YEAR
                                                  NORMAL
..................................................................
TEMPERATURE (F)
 YESTERDAY
  MAXIMUM         54   1152 AM  61    1990  35     19       33
  MINIMUM         36    714 PM -19    1961  17     19        7
  AVERAGE         45                        26     19       20

PRECIPITATION (IN)
  YESTERDAY        0.00          0.17 1989   0.02  -0.02     0.12
  MONTH TO DATE    0.07                      0.20  -0.13     0.23
  SINCE OCT 1      2.34                      2.05   0.29     3.80
  SINCE JAN 1     16.24                     14.49   1.75    13.79

DEGREE DAYS
 HEATING
  YESTERDAY       20                        39    -19       45
  MONTH TO DATE  292                       381    -89      467
  SINCE DEC 1    292                       381    -89      467
  SINCE JUL 1   2115                      2340   -225     1965

 COOLING
  YESTERDAY        0                         0      0        0
  MONTH TO DATE    0                         0      0        0
  SINCE DEC 1      0                         0      0        0
  SINCE JAN 1    397                       230    167      330
..................................................................


WIND (MPH)
  HIGHEST WIND SPEED    31   HIGHEST WIND DIRECTION    SW (230)
  HIGHEST GUST SPEED    38   HIGHEST GUST DIRECTION    SW (230)
  AVERAGE WIND SPEED    23.9


SKY COVER
  POSSIBLE SUNSHINE  MM
  AVERAGE SKY COVER 0.0


WEATHER CONDITIONS
 THE FOLLOWING WEATHER WAS RECORDED YESTERDAY.
  NO SIGNIFICANT WEATHER WAS OBSERVED.


RELATIVE HUMIDITY (PERCENT)
 HIGHEST    34           800 PM
 LOWEST     13          1200 PM
 AVERAGE    24

..........................................................


THE LIVINGSTON MT CLIMATE NORMALS FOR TODAY
                         NORMAL    RECORD    YEAR
 MAXIMUM TEMPERATURE (F)   35        60      2004
                                             1993
 MINIMUM TEMPERATURE (F)   17       -24      2000


SUNRISE AND SUNSET
DECEMBER 11 2017......SUNRISE   753 AM MST   SUNSET   438 PM MST
DECEMBER 12 2017......SUNRISE   754 AM MST   SUNSET   438 PM MST


-  INDICATES NEGATIVE NUMBERS.
R  INDICATES RECORD WAS SET OR TIED.
MM INDICATES DATA IS MISSING.
T  INDICATES TRACE AMOUNT.




$$
