000
CDUS45 KBYZ 261031
CLILVM


CLIMATE REPORT
NATIONAL WEATHER SERVICE BILLINGS MT
330 AM MST MON JAN 26 2015


...................................

...THE LIVINGSTON MT CLIMATE SUMMARY FOR JANUARY 25 2015...

CLIMATE NORMAL PERIOD 1981 TO 2010
CLIMATE RECORD PERIOD 1948 TO 2015


WEATHER ITEM   OBSERVED TIME   RECORD YEAR NORMAL DEPARTURE LAST
                VALUE   (LST)  VALUE       VALUE  FROM      YEAR
                                                  NORMAL
..................................................................
TEMPERATURE (F)
 YESTERDAY
  MAXIMUM         59R   208 PM  59    2006  37     22       53
  MINIMUM         44    831 AM -31    1957  18     26       32
  AVERAGE         52                        27     25       43

PRECIPITATION (IN)
  YESTERDAY        0.00          0.29        0.02  -0.02     0.00
  MONTH TO DATE    0.54                      0.40   0.14     0.19
  SINCE OCT 1      2.33                      2.77  -0.44     2.48
  SINCE JAN 1      0.54                      0.40   0.14     0.19

DEGREE DAYS
 HEATING
  YESTERDAY       13                        38    -25       22
  MONTH TO DATE  854                       954   -100      746
  SINCE DEC 1   1901                      2160   -259     1994
  SINCE JUL 1   3639                      4119   -480     3701

 COOLING
  YESTERDAY        0                         0      0        0
  MONTH TO DATE    0                         0      0        0
  SINCE DEC 1      0                         0      0        0
  SINCE JAN 1      0                         0      0        0
..................................................................


WIND (MPH)
  HIGHEST WIND SPEED    40   HIGHEST WIND DIRECTION     W (260)
  HIGHEST GUST SPEED    52   HIGHEST GUST DIRECTION    SW (230)
  AVERAGE WIND SPEED    28.5


SKY COVER
  POSSIBLE SUNSHINE  MM
  AVERAGE SKY COVER 0.3


WEATHER CONDITIONS
 THE FOLLOWING WEATHER WAS RECORDED YESTERDAY.
  NO SIGNIFICANT WEATHER WAS OBSERVED.


RELATIVE HUMIDITY (PERCENT)
 HIGHEST    53          1200 AM
 LOWEST     30           700 PM
 AVERAGE    42

..........................................................


THE LIVINGSTON MT CLIMATE NORMALS FOR TODAY
                         NORMAL    RECORD    YEAR
 MAXIMUM TEMPERATURE (F)   37        56      2013
 MINIMUM TEMPERATURE (F)   18       -23      1972


SUNRISE AND SUNSET
JANUARY 26 2015.......SUNRISE   750 AM MST   SUNSET   519 PM MST
JANUARY 27 2015.......SUNRISE   749 AM MST   SUNSET   520 PM MST


-  INDICATES NEGATIVE NUMBERS.
R  INDICATES RECORD WAS SET OR TIED.
MM INDICATES DATA IS MISSING.
T  INDICATES TRACE AMOUNT.





&&

THIS IS AN AUTOMATED...UNATTENDED WEATHER STATION AND MAY
UNDERESTIMATE WINTER PRECIPITATION.

$$
