000
CDUS45 KBYZ 230934
CLILVM


CLIMATE REPORT
NATIONAL WEATHER SERVICE BILLINGS MT
333 AM MDT SAT JUL 23 2016


...................................

...THE LIVINGSTON MT CLIMATE SUMMARY FOR JULY 22 2016...

CLIMATE NORMAL PERIOD 1981 TO 2010
CLIMATE RECORD PERIOD 1948 TO 2016


WEATHER ITEM   OBSERVED TIME   RECORD YEAR NORMAL DEPARTURE LAST
                VALUE   (LST)  VALUE       VALUE  FROM      YEAR
                                                  NORMAL
..................................................................
TEMPERATURE (F)
 YESTERDAY
  MAXIMUM        100R   229 PM  99    2007  87     13       87
                                      2003
                                      1960
  MINIMUM         55    525 AM  40    1954  50      5       51
  AVERAGE         78                        68     10       69

PRECIPITATION (IN)
  YESTERDAY        0.00          0.78 1970   0.05  -0.05     0.17
  MONTH TO DATE    1.16                      1.12   0.04     0.63
  SINCE OCT 1     10.66                     12.14  -1.48    10.11
  SINCE JAN 1      6.96                      9.77  -2.81     8.32

DEGREE DAYS
 HEATING
  YESTERDAY        0                         1     -1        0
  MONTH TO DATE   33                        41     -8        2
  SINCE JUN 1    111                       248   -137       56
  SINCE JUL 1     33                        41     -8        2

 COOLING
  YESTERDAY       13                         4      9        4
  MONTH TO DATE   91                        70     21       89
  SINCE JUN 1    161                        89     72      188
  SINCE JAN 1    161                        90     71      189
..................................................................


WIND (MPH)
  HIGHEST WIND SPEED    31   HIGHEST WIND DIRECTION    SW (220)
  HIGHEST GUST SPEED    41   HIGHEST GUST DIRECTION    SW (230)
  AVERAGE WIND SPEED    11.0


SKY COVER
  POSSIBLE SUNSHINE  MM
  AVERAGE SKY COVER 0.0


WEATHER CONDITIONS
 THE FOLLOWING WEATHER WAS RECORDED YESTERDAY.
  NO SIGNIFICANT WEATHER WAS OBSERVED.


RELATIVE HUMIDITY (PERCENT)
 HIGHEST    61           600 AM
 LOWEST     10           300 PM
 AVERAGE    36

..........................................................


THE LIVINGSTON MT CLIMATE NORMALS FOR TODAY
                         NORMAL    RECORD    YEAR
 MAXIMUM TEMPERATURE (F)   87       101      2003
 MINIMUM TEMPERATURE (F)   50        42      2001


SUNRISE AND SUNSET
JULY 23 2016..........SUNRISE   556 AM MDT   SUNSET   900 PM MDT
JULY 24 2016..........SUNRISE   557 AM MDT   SUNSET   859 PM MDT


-  INDICATES NEGATIVE NUMBERS.
R  INDICATES RECORD WAS SET OR TIED.
MM INDICATES DATA IS MISSING.
T  INDICATES TRACE AMOUNT.





&&

THIS IS AN AUTOMATED...UNATTENDED WEATHER STATION AND MAY
UNDERESTIMATE WINTER PRECIPITATION.

$$
