000
CDUS41 KRNK 172116
CLILWB


CLIMATE REPORT
NATIONAL WEATHER SERVICE BLACKSBURG VA
514 PM EDT WED SEP 17 2014


...................................

...THE LEWISBURG WV CLIMATE SUMMARY FOR SEPTEMBER 17 2014...
VALID TODAY AS OF 0500 PM LOCAL TIME.

CLIMATE NORMAL PERIOD 1981 TO 2010
CLIMATE RECORD PERIOD 1973 TO 2014


WEATHER ITEM   OBSERVED TIME   RECORD YEAR NORMAL DEPARTURE
                VALUE   (LST)  VALUE       VALUE  FROM
                                                  NORMAL
...............................................................
TEMPERATURE (F)
 TODAY
  MAXIMUM         69    200 PM  86    1991  74     -5
  MINIMUM         49        MM  34    1984  49      0
  AVERAGE         59                        62     -3

PRECIPITATION (IN)
  TODAY            0.00          0.01 2013   0.13  -0.13
  MONTH TO DATE    0.96                      1.85  -0.89
  SINCE SEP 1      0.96                      1.85  -0.89
  SINCE JAN 1     19.65                     29.95 -10.30

SNOWFALL (IN)
  TODAY            0.0
  MONTH TO DATE    0.0
  SINCE SEP 1      0.0
  SINCE JUL 1      0.0
  SNOW DEPTH       0

DEGREE DAYS
 HEATING
  TODAY            6                                1
  MONTH TO DATE   28                              -16
  SINCE SEP 1     28                              -16
  SINCE JUL 1     50                              -22

 COOLING
  TODAY            0                               -1
  MONTH TO DATE   89                               56
  SINCE SEP 1     89                               56
  SINCE JAN 1    606                              123
...............................................................


WIND (MPH)
  HIGHEST WIND SPEED     7   HIGHEST WIND DIRECTION     N (20)
  HIGHEST GUST SPEED    MM   HIGHEST GUST DIRECTION    MM
  AVERAGE WIND SPEED     2.4




RELATIVE HUMIDITY (PERCENT)
 HIGHEST    96
 LOWEST     55
 AVERAGE    76

..........................................................


THE LEWISBURG WV CLIMATE NORMALS FOR TOMORROW
                         NORMAL    RECORD    YEAR
 MAXIMUM TEMPERATURE (F)   74        87      1991
 MINIMUM TEMPERATURE (F)   49        34      1999


SUNRISE AND SUNSET
SEPTEMBER 17 2014.....SUNRISE   705 AM EDT   SUNSET   726 PM EDT
SEPTEMBER 18 2014.....SUNRISE   706 AM EDT   SUNSET   725 PM EDT


-  INDICATES NEGATIVE NUMBERS.
R  INDICATES RECORD WAS SET OR TIED.
MM INDICATES DATA IS MISSING.
T  INDICATES TRACE AMOUNT.

REMARKS

DUE TO MISSING PRECIPITATION DATA ON JANUARY 25...THE ANNUAL
TOTAL AND DEPARTURE FROM NORMAL FOR PRECIPITATION WILL BE
CALCULATED WITHOUT DATA FROM THAT DATE.

$$

MBS
