000
CDUS41 KRNK 140912 CCA
CLILWB

CLIMATE REPORT
NATIONAL WEATHER SERVICE BLACKSBURG VA
509 AM EDT MON JUL 14 2014


...................................

...THE LEWISBURG WV CLIMATE SUMMARY FOR JULY 13 2014...

CLIMATE NORMAL PERIOD 1981 TO 2010
CLIMATE RECORD PERIOD 1973 TO 2014


WEATHER ITEM   OBSERVED TIME   RECORD YEAR NORMAL DEPARTURE
                VALUE   (LST)  VALUE       VALUE  FROM
                                                  NORMAL
...............................................................
TEMPERATURE (F)
 YESTERDAY
  MAXIMUM         89R   400 PM  88    1983  82      7
  MINIMUM         65    600 AM  45    2001  59      6
  AVERAGE         77                        70      7

PRECIPITATION (IN)
  YESTERDAY        T             0.08 2012   0.13  -0.13
  MONTH TO DATE    0.09                      1.59  -1.50
  SINCE JUN 1      3.52                      5.32  -1.80
  SINCE JAN 1     14.45                     22.50  -8.05

SNOWFALL (IN)
  YESTERDAY        0.0
  MONTH TO DATE    0.0
  SINCE JUN 1      0.0
  SINCE JUL 1      0.0
  SNOW DEPTH       0

DEGREE DAYS
 HEATING
  YESTERDAY        0                                0
  MONTH TO DATE    4                                4
  SINCE JUN 1     17                              -33
  SINCE JUL 1      4                                4

 COOLING
  YESTERDAY       12                                6
  MONTH TO DATE   95                               21
  SINCE JUN 1    259                               81
  SINCE JAN 1    292                               88
...............................................................


WIND (MPH)
  HIGHEST WIND SPEED    12   HIGHEST WIND DIRECTION    SW (220)
  HIGHEST GUST SPEED    MM   HIGHEST GUST DIRECTION    MM
  AVERAGE WIND SPEED     4.1




RELATIVE HUMIDITY (PERCENT)
 HIGHEST    93
 LOWEST     36
 AVERAGE    65

..........................................................


THE LEWISBURG WV CLIMATE NORMALS FOR TODAY
                         NORMAL    RECORD    YEAR
 MAXIMUM TEMPERATURE (F)   82        88      1977
 MINIMUM TEMPERATURE (F)   59        45      2001


SUNRISE AND SUNSET
JULY 14 2014..........SUNRISE   611 AM EDT   SUNSET   844 PM EDT
JULY 15 2014..........SUNRISE   611 AM EDT   SUNSET   843 PM EDT


-  INDICATES NEGATIVE NUMBERS.
R  INDICATES RECORD WAS SET OR TIED.
MM INDICATES DATA IS MISSING.
T  INDICATES TRACE AMOUNT.

REMARKS:
DUE TO MISSING PRECIPITATION ON JANUARY 25...THE ANNUAL
TOTAL AND DEPARTURE FROM NORMAL FOR PRECIPITATION WILL BE CALCULATED
WITHOUT DATA FROM THAT DATE.


$$
