000
CDUS41 KRNK 282213
CLILWB


CLIMATE REPORT
NATIONAL WEATHER SERVICE BLACKSBURG VA
510 PM EST FRI NOV 28 2014


...................................

...THE LEWISBURG WV CLIMATE SUMMARY FOR NOVEMBER 28 2014...
VALID TODAY AS OF 0500 PM LOCAL TIME.

CLIMATE NORMAL PERIOD 1981 TO 2010
CLIMATE RECORD PERIOD 1973 TO 2014


WEATHER ITEM   OBSERVED TIME   RECORD YEAR NORMAL DEPARTURE
                VALUE   (LST)  VALUE       VALUE  FROM
                                                  NORMAL
...............................................................
TEMPERATURE (F)
 TODAY
  MAXIMUM         32   1200 PM  72    1990  47    -15
  MINIMUM         26   1000 AM  14    1996  26      0
  AVERAGE         29                        36     -7

PRECIPITATION (IN)
  TODAY            T             0.05 2011   0.10  -0.10
  MONTH TO DATE    1.33                      2.67  -1.34
  SINCE SEP 1      5.71                      8.52  -2.81
  SINCE JAN 1     24.40                     36.62 -12.22

SNOWFALL (IN)
  TODAY           MM
  MONTH TO DATE    2.0
  SINCE SEP 1      2.0
  SINCE JUL 1      2.0
  SNOW DEPTH      MM

DEGREE DAYS
 HEATING
  TODAY           36                                7
  MONTH TO DATE  727                               65
  SINCE SEP 1   1132                              -99
  SINCE JUL 1   1154                             -105

 COOLING
  TODAY            0                                0
  MONTH TO DATE    0                                0
  SINCE SEP 1    102                               53
  SINCE JAN 1    619                              120
...............................................................


WIND (MPH)
  HIGHEST WIND SPEED    10   HIGHEST WIND DIRECTION     W (270)
  HIGHEST GUST SPEED    MM   HIGHEST GUST DIRECTION    MM
  AVERAGE WIND SPEED     6.4




RELATIVE HUMIDITY (PERCENT)
 HIGHEST    81
 LOWEST     51
 AVERAGE    66

..........................................................


THE LEWISBURG WV CLIMATE NORMALS FOR TOMORROW
                         NORMAL    RECORD    YEAR
 MAXIMUM TEMPERATURE (F)   47        67      1991
 MINIMUM TEMPERATURE (F)   25        14      2012


SUNRISE AND SUNSET
NOVEMBER 28 2014......SUNRISE   715 AM EST   SUNSET   503 PM EST
NOVEMBER 29 2014......SUNRISE   716 AM EST   SUNSET   503 PM EST


-  INDICATES NEGATIVE NUMBERS.
R  INDICATES RECORD WAS SET OR TIED.
MM INDICATES DATA IS MISSING.
T  INDICATES TRACE AMOUNT.

REMARKS:
DUE TO MISSING PRECIPITATION DATA ON JANUARY 25...THE ANNUAL
TOTAL AND DEPARTURE FROM NORMAL FOR PRECIPITATION WILL BE
CALCULATED WITHOUT DATA FROM THAT DATE.


$$
