000
CDUS41 KRNK 020911
CLILWB


CLIMATE REPORT
NATIONAL WEATHER SERVICE BLACKSBURG VA
507 AM EDT TUE SEP 2 2014


...................................

...THE LEWISBURG WV CLIMATE SUMMARY FOR SEPTEMBER 1 2014...

CLIMATE NORMAL PERIOD 1981 TO 2010
CLIMATE RECORD PERIOD 1973 TO 2014


WEATHER ITEM   OBSERVED TIME   RECORD YEAR NORMAL DEPARTURE
                VALUE   (LST)  VALUE       VALUE  FROM
                                                  NORMAL
...............................................................
TEMPERATURE (F)
 YESTERDAY
  MAXIMUM         86        MM  91    1973  79      7
  MINIMUM         67        MM  41    1999  55     12
  AVERAGE         77                        67     10

PRECIPITATION (IN)
  YESTERDAY        T             0.01 2013   0.11  -0.11
  MONTH TO DATE    T                         0.11  -0.11
  SINCE SEP 1      T                         0.11  -0.11
  SINCE JAN 1     18.69                     28.21  -9.52

SNOWFALL (IN)
  YESTERDAY        0.0
  MONTH TO DATE    0.0
  SINCE SEP 1      0.0
  SINCE JUL 1      0.0
  SNOW DEPTH       0

DEGREE DAYS
 HEATING
  YESTERDAY        0                               -1
  MONTH TO DATE    0                               -1
  SINCE SEP 1      0                               -1
  SINCE JUL 1     22                               -7

 COOLING
  YESTERDAY       12                                9
  MONTH TO DATE   12                                9
  SINCE SEP 1     12                                9
  SINCE JAN 1    529                               76
...............................................................


WIND (MPH)
  HIGHEST WIND SPEED    12   HIGHEST WIND DIRECTION    SW (240)
  HIGHEST GUST SPEED    18   HIGHEST GUST DIRECTION    SW (240)
  AVERAGE WIND SPEED     3.4




RELATIVE HUMIDITY (PERCENT)
 HIGHEST    93
 LOWEST     43
 AVERAGE    68

..........................................................


THE LEWISBURG WV CLIMATE NORMALS FOR TODAY
                         NORMAL    RECORD    YEAR
 MAXIMUM TEMPERATURE (F)   79        91      2011
 MINIMUM TEMPERATURE (F)   54        39      1987


SUNRISE AND SUNSET
SEPTEMBER  2 2014.....SUNRISE   652 AM EDT   SUNSET   749 PM EDT
SEPTEMBER  3 2014.....SUNRISE   653 AM EDT   SUNSET   748 PM EDT


-  INDICATES NEGATIVE NUMBERS.
R  INDICATES RECORD WAS SET OR TIED.
MM INDICATES DATA IS MISSING.
T  INDICATES TRACE AMOUNT.

REMARKS:
DUE TO MISSING PRECIPITATION DATA ON JANUARY 25...THE ANNUAL
TOTAL AND DEPARTURE FROM NORMAL FOR PRECIPITAION WILL BE
CALCULATED WITHOUT DATA FROM THAT DATE.


$$
