000
CDUS41 KRNK 010924
CLILWB


CLIMATE REPORT
NATIONAL WEATHER SERVICE BLACKSBURG VA
521 AM EDT WED OCT 1 2014


...................................

...THE LEWISBURG WV CLIMATE SUMMARY FOR SEPTEMBER 30 2014...

CLIMATE NORMAL PERIOD 1981 TO 2010
CLIMATE RECORD PERIOD 1973 TO 2014


WEATHER ITEM   OBSERVED TIME   RECORD YEAR NORMAL DEPARTURE
                VALUE   (LST)  VALUE       VALUE  FROM
                                                  NORMAL
...............................................................
TEMPERATURE (F)
 YESTERDAY
  MAXIMUM         79    245 PM  82    1986  69     10
  MINIMUM         53    115 AM  30    2001  44      9
  AVERAGE         66                        57      9

PRECIPITATION (IN)
  YESTERDAY        0.00                      0.11  -0.11
  MONTH TO DATE    0.98                      3.28  -2.30
  SINCE SEP 1      0.98                      3.28  -2.30
  SINCE JAN 1     19.67                     31.38 -11.71

SNOWFALL (IN)
  YESTERDAY        0.0
  MONTH TO DATE    0.0
  SINCE SEP 1      0.0
  SINCE JUL 1      0.0
  SNOW DEPTH       0

DEGREE DAYS
 HEATING
  YESTERDAY        0                               -9
  MONTH TO DATE   72                              -62
  SINCE SEP 1     72                              -62
  SINCE JUL 1     94                              -68

 COOLING
  YESTERDAY        1                                0
  MONTH TO DATE   97                               54
  SINCE SEP 1     97                               54
  SINCE JAN 1    614                              121
...............................................................


WIND (MPH)
  HIGHEST WIND SPEED    10   HIGHEST WIND DIRECTION    SW (240)
  HIGHEST GUST SPEED    MM   HIGHEST GUST DIRECTION    MM
  AVERAGE WIND SPEED     1.2




RELATIVE HUMIDITY (PERCENT)
 HIGHEST    97
 LOWEST     31
 AVERAGE    64

..........................................................


THE LEWISBURG WV CLIMATE NORMALS FOR TODAY
                         NORMAL    RECORD    YEAR
 MAXIMUM TEMPERATURE (F)   69        80      1986
 MINIMUM TEMPERATURE (F)   43        27      1993


SUNRISE AND SUNSET
OCTOBER  1 2014.......SUNRISE   717 AM EDT   SUNSET   705 PM EDT
OCTOBER  2 2014.......SUNRISE   718 AM EDT   SUNSET   703 PM EDT


-  INDICATES NEGATIVE NUMBERS.
R  INDICATES RECORD WAS SET OR TIED.
MM INDICATES DATA IS MISSING.
T  INDICATES TRACE AMOUNT.


REMARKS:
DUE TO MISSING PRECIPITATION DATA ON JANUARY 25...THE ANNUAL
TOTAL AND DEPARTURE FROM NORMAL FOR PRECIPITATION WILL BE
CALCULATED WITHOUT DATA FROM THAT DATE.


$$
