000
CDUS43 KTOP 242133
CLILWC


CLIMATE REPORT
NATIONAL WEATHER SERVICE TOPEKA KS
431 PM CDT THU APR 24 2014


...................................

...THE LAWRENCE KS CLIMATE SUMMARY FOR APRIL 24 2014...
VALID TODAY AS OF 0400 PM LOCAL TIME.

CLIMATE NORMAL PERIOD 1981 TO 2010
CLIMATE RECORD PERIOD 9999 TO 9999


WEATHER ITEM   OBSERVED NORMAL DEPARTURE LAST
                VALUE   VALUE  FROM      YEAR
                               NORMAL
...............................................
TEMPERATURE (F)
 TODAY
  MAXIMUM         71     70      1       57
  MINIMUM         57     46     11       26
  AVERAGE         64     58      6       42

PRECIPITATION (IN)
  TODAY            0.96   0.15   0.81     0.00
  MONTH TO DATE    2.94   2.83   0.11     3.02
  SINCE MAR 1      3.91   5.45  -1.54     4.70
  SINCE JAN 1      4.96   7.76  -2.80     7.42

DEGREE DAYS
 HEATING
  TODAY            1      8     -7       23
  MONTH TO DATE  298    280     18      413
  SINCE MAR 1   1039    921    118     1229
  SINCE JUL 1   5465   4936    529     5060

 COOLING
  TODAY            0      1     -1        0
  MONTH TO DATE    6     17    -11        0
  SINCE MAR 1      6     20    -14        0
  SINCE JAN 1      6     20    -14        0
...............................................


WIND (MPH)
  HIGHEST WIND SPEED    35   HIGHEST WIND DIRECTION     N (340)
  HIGHEST GUST SPEED    44   HIGHEST GUST DIRECTION    NW (330)
  AVERAGE WIND SPEED    12.9



WEATHER CONDITIONS
 THE FOLLOWING WEATHER WAS RECORDED TODAY.
  THUNDERSTORM
  HEAVY RAIN
  RAIN
  LIGHT RAIN
  FOG


RELATIVE HUMIDITY (PERCENT)
 HIGHEST    97
 LOWEST     45
 AVERAGE    71

..........................................................


THE LAWRENCE KS CLIMATE NORMALS FOR TOMORROW
                         NORMAL
 MAXIMUM TEMPERATURE (F)   70
 MINIMUM TEMPERATURE (F)   46


SUNRISE AND SUNSET
APRIL 24 2014.........SUNRISE   632 AM CDT   SUNSET   807 PM CDT
APRIL 25 2014.........SUNRISE   630 AM CDT   SUNSET   808 PM CDT


-  INDICATES NEGATIVE NUMBERS.
R  INDICATES RECORD WAS SET OR TIED.
MM INDICATES DATA IS MISSING.
T  INDICATES TRACE AMOUNT.




$$
