000
CDUS43 KTOP 170642
CLILWC


CLIMATE REPORT
NATIONAL WEATHER SERVICE TOPEKA KS
1241 AM CST WED DEC 17 2014


...................................

...THE LAWRENCE KS CLIMATE SUMMARY FOR DECEMBER 16 2014...

CLIMATE NORMAL PERIOD 1981 TO 2010
CLIMATE RECORD PERIOD 9999 TO 9999


WEATHER ITEM   OBSERVED NORMAL DEPARTURE LAST
                VALUE   VALUE  FROM      YEAR
                               NORMAL
...............................................
TEMPERATURE (F)
 YESTERDAY
  MAXIMUM         35     41     -6       63
  MINIMUM         26     21      5       21
  AVERAGE         31     31      0       42

PRECIPITATION (IN)
  YESTERDAY        0.00   0.05  -0.05     0.00
  MONTH TO DATE    1.53   0.72   0.81     0.10
  SINCE DEC 1      1.53   0.72   0.81     0.10
  SINCE JAN 1     36.54  37.80  -1.26    28.05

DEGREE DAYS
 HEATING
  YESTERDAY       34     34      0       23
  MONTH TO DATE  434    506    -72      588
  SINCE DEC 1    434    506    -72      588
  SINCE JUL 1   1614   1514    100     1618

 COOLING
  YESTERDAY        0      0      0        0
  MONTH TO DATE    0      0      0        0
  SINCE DEC 1      0      0      0        0
  SINCE JAN 1   1426   1371     55     1492
...............................................


WIND (MPH)
  HIGHEST WIND SPEED    28   HIGHEST WIND DIRECTION    NW (320)
  HIGHEST GUST SPEED    36   HIGHEST GUST DIRECTION    NW (310)
  AVERAGE WIND SPEED    16.1


SKY COVER
  AVERAGE SKY COVER 0.9


WEATHER CONDITIONS
 THE FOLLOWING WEATHER WAS RECORDED YESTERDAY.
  NO SIGNIFICANT WEATHER WAS OBSERVED.


RELATIVE HUMIDITY (PERCENT)
 HIGHEST    78
 LOWEST     61
 AVERAGE    70

..........................................................


THE LAWRENCE KS CLIMATE NORMALS FOR TODAY
                         NORMAL
 MAXIMUM TEMPERATURE (F)   41
 MINIMUM TEMPERATURE (F)   21


SUNRISE AND SUNSET
DECEMBER 17 2014......SUNRISE   734 AM CST   SUNSET   500 PM CST
DECEMBER 18 2014......SUNRISE   734 AM CST   SUNSET   501 PM CST


-  INDICATES NEGATIVE NUMBERS.
R  INDICATES RECORD WAS SET OR TIED.
MM INDICATES DATA IS MISSING.
T  INDICATES TRACE AMOUNT.




$$
