000
CDUS43 KTOP 170633
CLILWC


CLIMATE REPORT
NATIONAL WEATHER SERVICE TOPEKA KS
133 AM CDT WED SEP 17 2014


...................................

...THE LAWRENCE KS CLIMATE SUMMARY FOR SEPTEMBER 16 2014...

CLIMATE NORMAL PERIOD 1981 TO 2010
CLIMATE RECORD PERIOD 9999 TO 9999


WEATHER ITEM   OBSERVED NORMAL DEPARTURE LAST
                VALUE   VALUE  FROM      YEAR
                               NORMAL
...............................................
TEMPERATURE (F)
 YESTERDAY
  MAXIMUM         73     81     -8       65
  MINIMUM         43     55    -12       61
  AVERAGE         58     68    -10       63

PRECIPITATION (IN)
  YESTERDAY        0.00   0.11  -0.11     0.28
  MONTH TO DATE    4.11   2.40   1.71     0.85
  SINCE SEP 1      4.11   2.40   1.71     0.85
  SINCE JAN 1     28.56  30.26  -1.70    21.13

DEGREE DAYS
 HEATING
  YESTERDAY        7      2      5        2
  MONTH TO DATE   60     11     49        3
  SINCE SEP 1     60     11     49        3
  SINCE JUL 1     61     14     47        3

 COOLING
  YESTERDAY        0      5     -5        0
  MONTH TO DATE   67    108    -41      175
  SINCE SEP 1     67    108    -41      175
  SINCE JAN 1   1374   1299     75     1396
...............................................


WIND (MPH)
  HIGHEST WIND SPEED    10   HIGHEST WIND DIRECTION    SE (130)
  HIGHEST GUST SPEED    12   HIGHEST GUST DIRECTION    SE (140)
  AVERAGE WIND SPEED     4.2


SKY COVER
  AVERAGE SKY COVER 0.1


WEATHER CONDITIONS
 THE FOLLOWING WEATHER WAS RECORDED YESTERDAY.
  FOG


RELATIVE HUMIDITY (PERCENT)
 HIGHEST   100
 LOWEST     46
 AVERAGE    73

..........................................................


THE LAWRENCE KS CLIMATE NORMALS FOR TODAY
                         NORMAL
 MAXIMUM TEMPERATURE (F)   81
 MINIMUM TEMPERATURE (F)   54


SUNRISE AND SUNSET
SEPTEMBER 17 2014.....SUNRISE   704 AM CDT   SUNSET   726 PM CDT
SEPTEMBER 18 2014.....SUNRISE   705 AM CDT   SUNSET   724 PM CDT


-  INDICATES NEGATIVE NUMBERS.
R  INDICATES RECORD WAS SET OR TIED.
MM INDICATES DATA IS MISSING.
T  INDICATES TRACE AMOUNT.




$$
