000
CDUS46 KOTX 200026
CLILWS


CLIMATE REPORT
NATIONAL WEATHER SERVICE SPOKANE, WA
425 PM PST FRI DEC 19 2014


...................................

...THE LEWISTON ID AIRPORT CLIMATE SUMMARY FOR DECEMBER 19 2014...
VALID AS OF 0400 PM LOCAL TIME.

CLIMATE NORMAL PERIOD 1981 TO 2010
CLIMATE RECORD PERIOD 1881 TO 2014


WEATHER ITEM   OBSERVED TIME   RECORD YEAR NORMAL DEPARTURE LAST
                VALUE   (LST)  VALUE       VALUE  FROM      YEAR
                                                  NORMAL
..................................................................
TEMPERATURE (F)
 TODAY
  MAXIMUM         44    202 PM  62    1934  39      5       35
  MINIMUM         42    359 PM  -7    1924  27     15       22
  AVERAGE         43                        33     10       29

PRECIPITATION (IN)
  TODAY            0.32          0.93 1917   0.03   0.29     0.00
  MONTH TO DATE    1.18                      0.58   0.60     0.43
  SINCE OCT 1      3.53                      2.72   0.81     1.23
  SINCE JAN 1     11.45                     11.92  -0.47     9.19

SNOWFALL (IN)
  TODAY            0.0           3.0  1948   0.1   -0.1      0.0
  MONTH TO DATE    T                         2.0   -2.0      0.7
  SINCE DEC 1      T                         2.0   -2.0      0.7
  SINCE JUL 1      T                         3.8   -3.8      0.7
  SNOW DEPTH       0

DEGREE DAYS
 HEATING
  TODAY           22                        32    -10       36
  MONTH TO DATE  478                       586   -108      691
  SINCE DEC 1    478                       586   -108      691
  SINCE JUL 1   1456                      1826   -370     2045

 COOLING
  TODAY            0                         0      0        0
  MONTH TO DATE    0                         0      0        0
  SINCE DEC 1      0                         0      0        0
  SINCE JAN 1   1095                       807    288     1178
..................................................................


WIND (MPH)
  HIGHEST WIND SPEED    15   HIGHEST WIND DIRECTION     E (90)
  HIGHEST GUST SPEED    19   HIGHEST GUST DIRECTION     E (90)
  AVERAGE WIND SPEED     6.8


SKY COVER
  POSSIBLE SUNSHINE  MM
  AVERAGE SKY COVER 0.7


WEATHER CONDITIONS
 THE FOLLOWING WEATHER WAS RECORDED TODAY.
  RAIN
  LIGHT RAIN
  FOG
  FOG W/VISIBILITY <= 1/4 MILE


RELATIVE HUMIDITY (PERCENT)
 HIGHEST   100
 LOWEST     76
 AVERAGE    88

..........................................................


THE LEWISTON ID AIRPORT CLIMATE NORMALS FOR TOMORROW
                         NORMAL    RECORD    YEAR
 MAXIMUM TEMPERATURE (F)   39        57      1934
 MINIMUM TEMPERATURE (F)   27         0      1983


SUNRISE AND SUNSET
DECEMBER 19 2014......SUNRISE   727 AM PST   SUNSET   403 PM PST
DECEMBER 20 2014......SUNRISE   728 AM PST   SUNSET   404 PM PST


-  INDICATES NEGATIVE NUMBERS.
R  INDICATES RECORD WAS SET OR TIED.
MM INDICATES DATA IS MISSING.
T  INDICATES TRACE AMOUNT.




$$
