000
CDUS46 KOTX 290826
CLILWS


CLIMATE REPORT
NATIONAL WEATHER SERVICE SPOKANE, WA
124 AM PDT SAT AUG 29 2015


...................................

...THE LEWISTON ID AIRPORT CLIMATE SUMMARY FOR AUGUST 28 2015...

CLIMATE NORMAL PERIOD 1981 TO 2010
CLIMATE RECORD PERIOD 1881 TO 2015


WEATHER ITEM   OBSERVED TIME   RECORD YEAR NORMAL DEPARTURE LAST
                VALUE   (LST)  VALUE       VALUE  FROM      YEAR
                                                  NORMAL
..................................................................
TEMPERATURE (F)
 YESTERDAY
  MAXIMUM         86    235 PM 103    2006  86      0       90
                                      1922
  MINIMUM         64    606 AM  43    1960  57      7       63
  AVERAGE         75                        71      4       77

PRECIPITATION (IN)
  YESTERDAY        0.00          0.21 1951   0.02  -0.02     0.00
  MONTH TO DATE    T                         0.61  -0.61     1.17
  SINCE OCT 1     10.30                     11.56  -1.26     9.20
  SINCE JAN 1      6.11                      8.45  -2.34     7.67

SNOWFALL (IN)
  YESTERDAY        0.0           T    1927   0.0    0.0      0.0
  MONTH TO DATE    0.0                       0.0    0.0      0.0
  SINCE JUN 1      0.0                       0.0    0.0      0.0
  SINCE JUL 1      0.0                       0.0    0.0      0.0
  SNOW DEPTH       0

DEGREE DAYS
 HEATING
  YESTERDAY        0                         1     -1        0
  MONTH TO DATE    0                         2     -2        0
  SINCE JUN 1      2                        79    -77       41
  SINCE JUL 1      0                         9     -9        0

 COOLING
  YESTERDAY       10                         7      3       12
  MONTH TO DATE  350                       268     82      347
  SINCE JUN 1   1096                       666    430      920
  SINCE JAN 1   1148                       698    450      948
..................................................................


WIND (MPH)
  HIGHEST WIND SPEED    14   HIGHEST WIND DIRECTION    NE (60)
  HIGHEST GUST SPEED    19   HIGHEST GUST DIRECTION     E (70)
  AVERAGE WIND SPEED     5.2


SKY COVER
  POSSIBLE SUNSHINE  MM
  AVERAGE SKY COVER 0.0


WEATHER CONDITIONS
 THE FOLLOWING WEATHER WAS RECORDED YESTERDAY.
  HAZE


RELATIVE HUMIDITY (PERCENT)
 HIGHEST    44           400 AM
 LOWEST     23           300 PM
 AVERAGE    34

..........................................................


THE LEWISTON ID AIRPORT CLIMATE NORMALS FOR TODAY
                         NORMAL    RECORD    YEAR
 MAXIMUM TEMPERATURE (F)   85       104      1915
 MINIMUM TEMPERATURE (F)   57        42      1980


SUNRISE AND SUNSET
AUGUST 29 2015........SUNRISE   604 AM PDT   SUNSET   733 PM PDT
AUGUST 30 2015........SUNRISE   606 AM PDT   SUNSET   731 PM PDT


-  INDICATES NEGATIVE NUMBERS.
R  INDICATES RECORD WAS SET OR TIED.
MM INDICATES DATA IS MISSING.
T  INDICATES TRACE AMOUNT.




$$
