000
CDUS46 KOTX 140826
CLILWS


CLIMATE REPORT
NATIONAL WEATHER SERVICE SPOKANE, WA
1226 AM PST SUN FEB 14 2016


...................................

...THE LEWISTON ID AIRPORT CLIMATE SUMMARY FOR FEBRUARY 13 2016...

CLIMATE NORMAL PERIOD 1981 TO 2010
CLIMATE RECORD PERIOD 1881 TO 2016


WEATHER ITEM   OBSERVED TIME   RECORD YEAR NORMAL DEPARTURE LAST
                VALUE   (LST)  VALUE       VALUE  FROM      YEAR
                                                  NORMAL
..................................................................
TEMPERATURE (F)
 YESTERDAY
  MAXIMUM         54   1144 AM  60    1954  46      8       57
  MINIMUM         41   1159 PM -17    1884  31     10       38
  AVERAGE         48                        38     10       48

PRECIPITATION (IN)
  YESTERDAY        0.06          0.68 1930   0.02   0.04     0.00
  MONTH TO DATE    0.30                      0.36  -0.06     1.07
  SINCE OCT 1      4.68                      4.55   0.13     6.09
  SINCE JAN 1      1.23                      1.44  -0.21     1.90

SNOWFALL (IN)
  YESTERDAY        0.0           6.0  1936   0.1   -0.1      0.0
  MONTH TO DATE    0.2                       1.1   -0.9       T
  SINCE DEC 1      6.4                       7.0   -0.6      1.5
  SINCE JUL 1      6.4                       8.8   -2.4      1.5
  SNOW DEPTH       0

DEGREE DAYS
 HEATING
  YESTERDAY       17                        27    -10       17
  MONTH TO DATE  283                       356    -73      231
  SINCE DEC 1   1956                      2235   -279     1884
  SINCE JUL 1   2959                      3475   -516     2862

 COOLING
  YESTERDAY        0                         0      0        0
  MONTH TO DATE    0                         0      0        0
  SINCE DEC 1      0                         0      0        0
  SINCE JAN 1      0                         0      0        0
..................................................................


WIND (MPH)
  HIGHEST WIND SPEED    17   HIGHEST WIND DIRECTION     S (200)
  HIGHEST GUST SPEED    21   HIGHEST GUST DIRECTION    SW (240)
  AVERAGE WIND SPEED     6.7


SKY COVER
  POSSIBLE SUNSHINE  MM
  AVERAGE SKY COVER 0.7


WEATHER CONDITIONS
 THE FOLLOWING WEATHER WAS RECORDED YESTERDAY.
  LIGHT RAIN


RELATIVE HUMIDITY (PERCENT)
 HIGHEST    89          1000 PM
 LOWEST     44           200 PM
 AVERAGE    67

..........................................................


THE LEWISTON ID AIRPORT CLIMATE NORMALS FOR TODAY
                         NORMAL    RECORD    YEAR
 MAXIMUM TEMPERATURE (F)   46        62      1924
                                             1898
 MINIMUM TEMPERATURE (F)   31        -8      1884


SUNRISE AND SUNSET
FEBRUARY 14 2016......SUNRISE   654 AM PST   SUNSET   512 PM PST
FEBRUARY 15 2016......SUNRISE   652 AM PST   SUNSET   513 PM PST


-  INDICATES NEGATIVE NUMBERS.
R  INDICATES RECORD WAS SET OR TIED.
MM INDICATES DATA IS MISSING.
T  INDICATES TRACE AMOUNT.




$$
