000
CDUS46 KOTX 270834
CLILWS


CLIMATE REPORT
NATIONAL WEATHER SERVICE SPOKANE, WA
1234 AM PST THU NOV 27 2014


...................................

...THE LEWISTON ID AIRPORT CLIMATE SUMMARY FOR NOVEMBER 26 2014...

CLIMATE NORMAL PERIOD 1981 TO 2010
CLIMATE RECORD PERIOD 1881 TO 2014


WEATHER ITEM   OBSERVED TIME   RECORD YEAR NORMAL DEPARTURE LAST
                VALUE   (LST)  VALUE       VALUE  FROM      YEAR
                                                  NORMAL
..................................................................
TEMPERATURE (F)
 YESTERDAY
  MAXIMUM         47   1137 PM  62    1899  44      3       40
  MINIMUM         40    756 AM   6    1993  32      8       23
  AVERAGE         44                        38      6       32

PRECIPITATION (IN)
  YESTERDAY        0.00          0.74 1942   0.03  -0.03     0.00
  MONTH TO DATE    1.24                      1.03   0.21     0.69
  SINCE OCT 1      2.23                      1.99   0.24     0.78
  SINCE JAN 1     10.15                     11.19  -1.04     8.74

SNOWFALL (IN)
  YESTERDAY        0.0           0.5  1931   0.1   -0.1      0.0
  MONTH TO DATE    T                         1.4   -1.4       T
  SINCE SEP 1      T                         1.4   -1.4       T
  SINCE JUL 1      T                         1.4   -1.4       T
  SNOW DEPTH       0

DEGREE DAYS
 HEATING
  YESTERDAY       21                        27     -6       33
  MONTH TO DATE  638                       602     36      653
  SINCE SEP 1    883                      1112   -229     1221
  SINCE JUL 1    883                      1127   -244     1221

 COOLING
  YESTERDAY        0                         0      0        0
  MONTH TO DATE    0                         0      0        0
  SINCE SEP 1    125                        90     35      184
  SINCE JAN 1   1095                       807    288     1178
..................................................................


WIND (MPH)
  HIGHEST WIND SPEED     8   HIGHEST WIND DIRECTION    NE (40)
  HIGHEST GUST SPEED    10   HIGHEST GUST DIRECTION    NE (40)
  AVERAGE WIND SPEED     2.3


SKY COVER
  POSSIBLE SUNSHINE  MM
  AVERAGE SKY COVER 0.3


WEATHER CONDITIONS
 THE FOLLOWING WEATHER WAS RECORDED YESTERDAY.
  FOG


RELATIVE HUMIDITY (PERCENT)
 HIGHEST   100           800 AM
 LOWEST     86           300 PM
 AVERAGE    93

..........................................................


THE LEWISTON ID AIRPORT CLIMATE NORMALS FOR TODAY
                         NORMAL    RECORD    YEAR
 MAXIMUM TEMPERATURE (F)   44        65      1894
 MINIMUM TEMPERATURE (F)   31         2      1896


SUNRISE AND SUNSET
NOVEMBER 27 2014......SUNRISE   706 AM PST   SUNSET   405 PM PST
NOVEMBER 28 2014......SUNRISE   707 AM PST   SUNSET   405 PM PST


-  INDICATES NEGATIVE NUMBERS.
R  INDICATES RECORD WAS SET OR TIED.
MM INDICATES DATA IS MISSING.
T  INDICATES TRACE AMOUNT.




$$
