000
CDUS46 KOTX 300823
CLILWS


CLIMATE REPORT
NATIONAL WEATHER SERVICE SPOKANE, WA
123 AM PDT TUE SEP 30 2014


...................................

...THE LEWISTON ID AIRPORT CLIMATE SUMMARY FOR SEPTEMBER 29 2014...

CLIMATE NORMAL PERIOD 1981 TO 2010
CLIMATE RECORD PERIOD 1881 TO 2014


WEATHER ITEM   OBSERVED TIME   RECORD YEAR NORMAL DEPARTURE LAST
                VALUE   (LST)  VALUE       VALUE  FROM      YEAR
                                                  NORMAL
..................................................................
TEMPERATURE (F)
 YESTERDAY
  MAXIMUM         69    439 PM  88    1963  72     -3       60
  MINIMUM         58   1159 PM  31    1985  46     12       51
                                      1950
  AVERAGE         64                        59      5       56

PRECIPITATION (IN)
  YESTERDAY        0.08          0.60 1909   0.03   0.05     0.01
  MONTH TO DATE    0.18                      0.65  -0.47     1.53
  SINCE OCT 1      9.38                     12.29  -2.91    12.08
  SINCE JAN 1      7.85                      9.18  -1.33     7.92

SNOWFALL (IN)
  YESTERDAY        0.0           0.0  1998   0.0    0.0      0.0
  MONTH TO DATE    0.0                       0.0    0.0      0.0
  SINCE SEP 1      0.0                       0.0    0.0      0.0
  SINCE JUL 1      0.0                       0.0    0.0      0.0
  SNOW DEPTH       0

DEGREE DAYS
 HEATING
  YESTERDAY        1                         7     -6        9
  MONTH TO DATE   14                        92    -78       79
  SINCE SEP 1     14                        92    -78       79
  SINCE JUL 1     14                       107    -93       79

 COOLING
  YESTERDAY        0                         1     -1        0
  MONTH TO DATE  111                        87     24      184
  SINCE SEP 1    111                        87     24      184
  SINCE JAN 1   1081                       804    277     1178
..................................................................


WIND (MPH)
  HIGHEST WIND SPEED    18   HIGHEST WIND DIRECTION     S (170)
  HIGHEST GUST SPEED    24   HIGHEST GUST DIRECTION     S (170)
  AVERAGE WIND SPEED     6.7


SKY COVER
  POSSIBLE SUNSHINE  MM
  AVERAGE SKY COVER 0.7


WEATHER CONDITIONS
 THE FOLLOWING WEATHER WAS RECORDED YESTERDAY.
  RAIN
  LIGHT RAIN
  FOG


RELATIVE HUMIDITY (PERCENT)
 HIGHEST    78          1000 PM
 LOWEST     40          1200 AM
 AVERAGE    59

..........................................................


THE LEWISTON ID AIRPORT CLIMATE NORMALS FOR TODAY
                         NORMAL    RECORD    YEAR
 MAXIMUM TEMPERATURE (F)   71        89      1976
                                             1920
 MINIMUM TEMPERATURE (F)   46        30      1954


SUNRISE AND SUNSET
SEPTEMBER 30 2014.....SUNRISE   645 AM PDT   SUNSET   630 PM PDT
OCTOBER  1 2014.......SUNRISE   647 AM PDT   SUNSET   628 PM PDT


-  INDICATES NEGATIVE NUMBERS.
R  INDICATES RECORD WAS SET OR TIED.
MM INDICATES DATA IS MISSING.
T  INDICATES TRACE AMOUNT.




$$
