000
CDUS46 KOTX 282332
CLILWS


CLIMATE REPORT
NATIONAL WEATHER SERVICE SPOKANE, WA
432 PM PDT WED JUN 28 2017


...................................

...THE LEWISTON ID AIRPORT CLIMATE SUMMARY FOR JUNE 28 2017...
VALID AS OF 0400 PM LOCAL TIME.

CLIMATE NORMAL PERIOD 1981 TO 2010
CLIMATE RECORD PERIOD 1881 TO 2017


WEATHER ITEM   OBSERVED TIME   RECORD YEAR NORMAL DEPARTURE LAST
                VALUE   (LST)  VALUE       VALUE  FROM      YEAR
                                                  NORMAL
..................................................................
TEMPERATURE (F)
 TODAY
  MAXIMUM         84    259 PM 111    2015  83      1       97
  MINIMUM         55    400 AM  43    1975  56     -1       66
                                      1965
  AVERAGE         70                        69      1       82

PRECIPITATION (IN)
  TODAY            0.00          0.37 1955   0.04  -0.04     0.00
  MONTH TO DATE    0.62                      1.18  -0.56     1.01
  SINCE OCT 1     15.25                     10.23   5.02    11.28
  SINCE JAN 1     10.37                      7.12   3.25     7.83

SNOWFALL (IN)
  TODAY            0.0           0.0  1995   0.0    0.0      0.0
  MONTH TO DATE    0.0                       0.0    0.0      0.0
  SINCE JUN 1      0.0                       0.0    0.0      0.0
  SINCE JUL 1     39.2                      10.5   28.7      6.4
  SNOW DEPTH       0

DEGREE DAYS
 HEATING
  TODAY            0                         1     -1        0
  MONTH TO DATE   37                        68    -31       57
  SINCE JUN 1     37                        68    -31       57
  SINCE JUL 1   5280                      5165    115     4223

 COOLING
  TODAY            5                         5      0       17
  MONTH TO DATE  124                        85     39      146
  SINCE JUN 1    124                        85     39      146
  SINCE JAN 1    175                       117     58      186
..................................................................


WIND (MPH)
  HIGHEST WIND SPEED    21   HIGHEST WIND DIRECTION    NW (320)
  HIGHEST GUST SPEED    28   HIGHEST GUST DIRECTION    NW (330)
  AVERAGE WIND SPEED     5.6


SKY COVER
  POSSIBLE SUNSHINE  MM
  AVERAGE SKY COVER 0.0


WEATHER CONDITIONS
 THE FOLLOWING WEATHER WAS RECORDED TODAY.
  NO SIGNIFICANT WEATHER WAS OBSERVED.


RELATIVE HUMIDITY (PERCENT)
 HIGHEST    72
 LOWEST     20
 AVERAGE    46

..........................................................


THE LEWISTON ID AIRPORT CLIMATE NORMALS FOR TOMORROW
                         NORMAL    RECORD    YEAR
 MAXIMUM TEMPERATURE (F)   83       108      1939
 MINIMUM TEMPERATURE (F)   56        44      1959


SUNRISE AND SUNSET
JUNE 28 2017..........SUNRISE   458 AM PDT   SUNSET   844 PM PDT
JUNE 29 2017..........SUNRISE   459 AM PDT   SUNSET   844 PM PDT


-  INDICATES NEGATIVE NUMBERS.
R  INDICATES RECORD WAS SET OR TIED.
MM INDICATES DATA IS MISSING.
T  INDICATES TRACE AMOUNT.




$$
