000
CDUS45 KTFX 280942
CLILWT


CLIMATE REPORT
NATIONAL WEATHER SERVICE GREAT FALLS MT
240 AM MST SUN DEC 28 2014


...................................

...THE LEWISTOWN MT CLIMATE SUMMARY FOR DECEMBER 27 2014...

CLIMATE NORMAL PERIOD 1981 TO 2010
CLIMATE RECORD PERIOD 1896 TO 2014


WEATHER ITEM   OBSERVED TIME   RECORD YEAR NORMAL DEPARTURE LAST
                VALUE   (LST)  VALUE       VALUE  FROM      YEAR
                                                  NORMAL
..................................................................
TEMPERATURE (F)
 YESTERDAY
  MAXIMUM         29    352 PM  60    1980  33     -4       49
  MINIMUM          3    150 AM -32    1916  12     -9       36
  AVERAGE         16                        22     -6       43

PRECIPITATION (IN)
  YESTERDAY        0.00          0.23 1967   0.02  -0.02     0.00
  MONTH TO DATE    0.31                      0.57  -0.26     0.59
  SINCE OCT 1      1.86                      2.41  -0.55     2.01
  SINCE JAN 1     18.43                     16.76   1.67    22.42

SNOWFALL (IN)
  YESTERDAY       MM
  SNOW DEPTH      MM

DEGREE DAYS
 HEATING
  YESTERDAY       49                        43      6       22
  MONTH TO DATE  880                      1126   -246     1268
  SINCE DEC 1    880                      1126   -246     1268
  SINCE JUL 1   2797                      3254   -457     3246

 COOLING
  YESTERDAY        0                         0      0        0
  MONTH TO DATE    0                         0      0        0
  SINCE DEC 1      0                         0      0        0
  SINCE JAN 1    295                       210     85      277
..................................................................


WIND (MPH)
  HIGHEST WIND SPEED    17   HIGHEST WIND DIRECTION     W (260)
  HIGHEST GUST SPEED    23   HIGHEST GUST DIRECTION     W (280)
  AVERAGE WIND SPEED     9.4


SKY COVER
  AVERAGE SKY COVER 0.6


WEATHER CONDITIONS
 THE FOLLOWING WEATHER WAS RECORDED YESTERDAY.
  NO SIGNIFICANT WEATHER WAS OBSERVED.


RELATIVE HUMIDITY (PERCENT)
 HIGHEST    87          1200 AM
 LOWEST     61           300 AM
 AVERAGE    74

..........................................................


THE LEWISTOWN MT CLIMATE NORMALS FOR TODAY
                         NORMAL    RECORD    YEAR
 MAXIMUM TEMPERATURE (F)   33        58      1956
 MINIMUM TEMPERATURE (F)   12       -37      1968


SUNRISE AND SUNSET
DECEMBER 28 2014......SUNRISE   803 AM MST   SUNSET   436 PM MST
DECEMBER 29 2014......SUNRISE   804 AM MST   SUNSET   436 PM MST


-  INDICATES NEGATIVE NUMBERS.
R  INDICATES RECORD WAS SET OR TIED.
MM INDICATES DATA IS MISSING.
T  INDICATES TRACE AMOUNT.




$$
