000
CDUS45 KTFX 170753
CLILWT


CLIMATE REPORT
NATIONAL WEATHER SERVICE GREAT FALLS MT
153 AM MDT WED SEP 17 2014


...................................

...THE LEWISTOWN MT CLIMATE SUMMARY FOR SEPTEMBER 16 2014...

CLIMATE NORMAL PERIOD 1981 TO 2010
CLIMATE RECORD PERIOD 1896 TO 2014


WEATHER ITEM   OBSERVED TIME   RECORD YEAR NORMAL DEPARTURE LAST
                VALUE   (LST)  VALUE       VALUE  FROM      YEAR
                                                  NORMAL
..................................................................
TEMPERATURE (F)
 YESTERDAY
  MAXIMUM         80   1239 PM  91    1998  69     11       87
  MINIMUM         41    240 AM  22    1912  41      0       51
  AVERAGE         61                        55      6       69

PRECIPITATION (IN)
  YESTERDAY        0.00          0.97 1947   0.04  -0.04      T
  MONTH TO DATE    0.33                      0.74  -0.41     0.31
  SINCE OCT 1     17.49                     16.24   1.25    20.88
  SINCE JAN 1     15.41                     13.74   1.67    18.37

SNOWFALL (IN)
  YESTERDAY       MM
  SNOW DEPTH       0

DEGREE DAYS
 HEATING
  YESTERDAY        4                        11     -7        0
  MONTH TO DATE  202                       131     71       22
  SINCE SEP 1    202                       131     71       22
  SINCE JUL 1    283                       289     -6       61

 COOLING
  YESTERDAY        0                         0      0        4
  MONTH TO DATE    0                        13    -13       47
  SINCE SEP 1      0                        13    -13       47
  SINCE JAN 1    281                       209     72      277
..................................................................


WIND (MPH)
  HIGHEST WIND SPEED     9   HIGHEST WIND DIRECTION    SE (120)
  HIGHEST GUST SPEED    13   HIGHEST GUST DIRECTION     N (340)
  AVERAGE WIND SPEED     4.9


SKY COVER
  AVERAGE SKY COVER 0.0


WEATHER CONDITIONS
 THE FOLLOWING WEATHER WAS RECORDED YESTERDAY.
  NO SIGNIFICANT WEATHER WAS OBSERVED.


RELATIVE HUMIDITY (PERCENT)
 HIGHEST    76           100 AM
 LOWEST     19           100 PM
 AVERAGE    48

..........................................................


THE LEWISTOWN MT CLIMATE NORMALS FOR TODAY
                         NORMAL    RECORD    YEAR
 MAXIMUM TEMPERATURE (F)   68        91      2009
 MINIMUM TEMPERATURE (F)   40        23      1965


SUNRISE AND SUNSET
SEPTEMBER 17 2014.....SUNRISE   658 AM MDT   SUNSET   726 PM MDT
SEPTEMBER 18 2014.....SUNRISE   659 AM MDT   SUNSET   723 PM MDT


-  INDICATES NEGATIVE NUMBERS.
R  INDICATES RECORD WAS SET OR TIED.
MM INDICATES DATA IS MISSING.
T  INDICATES TRACE AMOUNT.




$$
