000
CDUS45 KTFX 201013
CLILWT


CLIMATE REPORT
NATIONAL WEATHER SERVICE GREAT FALLS MT
412 AM MDT SUN APR 20 2014


...................................

...THE LEWISTOWN MT CLIMATE SUMMARY FOR APRIL 19 2014...

CLIMATE NORMAL PERIOD 1981 TO 2010
CLIMATE RECORD PERIOD 1896 TO 2014


WEATHER ITEM   OBSERVED TIME   RECORD YEAR NORMAL DEPARTURE LAST
                VALUE   (LST)  VALUE       VALUE  FROM      YEAR
                                                  NORMAL
..................................................................
TEMPERATURE (F)
 YESTERDAY
  MAXIMUM         62    458 PM  86    1910  55      7       48
  MINIMUM         28    424 AM   3    1951  30     -2       26
  AVERAGE         45                        42      3       37

PRECIPITATION (IN)
  YESTERDAY        0.00          0.66 1899   0.05  -0.05     0.01
  MONTH TO DATE    0.35                      0.81  -0.46     0.79
  SINCE OCT 1      5.18                      5.31  -0.13     5.43
  SINCE JAN 1      3.10                      2.81   0.29     2.92

SNOWFALL (IN)
  YESTERDAY       MM
  SNOW DEPTH       0

DEGREE DAYS
 HEATING
  YESTERDAY       20                        23     -3       28
  MONTH TO DATE  489                       477     12      588
  SINCE MAR 1   1606                      1472    134     1634
  SINCE JUL 1   7662                      7276    386     7142

 COOLING
  YESTERDAY        0                         0      0        0
  MONTH TO DATE    0                         0      0        0
  SINCE MAR 1      0                         0      0        0
  SINCE JAN 1      0                         0      0        0
..................................................................


WIND (MPH)
  HIGHEST WIND SPEED    20   HIGHEST WIND DIRECTION     W (250)
  HIGHEST GUST SPEED    24   HIGHEST GUST DIRECTION     W (250)
  AVERAGE WIND SPEED     9.3


SKY COVER
  AVERAGE SKY COVER 0.0


WEATHER CONDITIONS
 THE FOLLOWING WEATHER WAS RECORDED YESTERDAY.
  NO SIGNIFICANT WEATHER WAS OBSERVED.


RELATIVE HUMIDITY (PERCENT)
 HIGHEST    54           400 AM
 LOWEST     12           300 PM
 AVERAGE    33

..........................................................


THE LEWISTOWN MT CLIMATE NORMALS FOR TODAY
                         NORMAL    RECORD    YEAR
 MAXIMUM TEMPERATURE (F)   55        84      1908
 MINIMUM TEMPERATURE (F)   30         0      1927


SUNRISE AND SUNSET
APRIL 20 2014.........SUNRISE   621 AM MDT   SUNSET   814 PM MDT
APRIL 21 2014.........SUNRISE   619 AM MDT   SUNSET   815 PM MDT


-  INDICATES NEGATIVE NUMBERS.
R  INDICATES RECORD WAS SET OR TIED.
MM INDICATES DATA IS MISSING.
T  INDICATES TRACE AMOUNT.




$$
