000
CDUS45 KTFX 110859
CLILWT


CLIMATE REPORT
NATIONAL WEATHER SERVICE GREAT FALLS MT
159 AM MST THU FEB 11 2016


...................................

...THE LEWISTOWN MT CLIMATE SUMMARY FOR FEBRUARY 10 2016...

CLIMATE NORMAL PERIOD 1981 TO 2010
CLIMATE RECORD PERIOD 1896 TO 2016


WEATHER ITEM   OBSERVED TIME   RECORD YEAR NORMAL DEPARTURE LAST
                VALUE   (LST)  VALUE       VALUE  FROM      YEAR
                                                  NORMAL
..................................................................
TEMPERATURE (F)
 YESTERDAY
  MAXIMUM         53    425 PM  62    1926  36     17       46
  MINIMUM         35    109 AM -28    1939  14     21       24
  AVERAGE         44                        25     19       35

PRECIPITATION (IN)
  YESTERDAY        0.00          0.30 1905   0.02  -0.02     0.01
  MONTH TO DATE    0.05                      0.16  -0.11     0.26
  SINCE OCT 1      2.80                      3.23  -0.43     3.38
  SINCE JAN 1      0.72                      0.73  -0.01     1.07

SNOWFALL (IN)
  YESTERDAY       MM
  SNOW DEPTH      MM

DEGREE DAYS
 HEATING
  YESTERDAY       21                        40    -19       30
  MONTH TO DATE  342                       403    -61      292
  SINCE DEC 1   2706                      2980   -274     2600
  SINCE JUL 1   4463                      5108   -645     4517

 COOLING
  YESTERDAY        0                         0      0        0
  MONTH TO DATE    0                         0      0        0
  SINCE DEC 1      0                         0      0        0
  SINCE JAN 1      0                         0      0        0
..................................................................


WIND (MPH)
  HIGHEST WIND SPEED    18   HIGHEST WIND DIRECTION    SW (220)
  HIGHEST GUST SPEED    20   HIGHEST GUST DIRECTION    SW (220)
  AVERAGE WIND SPEED     9.3


SKY COVER
  AVERAGE SKY COVER 0.2


WEATHER CONDITIONS
 THE FOLLOWING WEATHER WAS RECORDED YESTERDAY.
  NO SIGNIFICANT WEATHER WAS OBSERVED.


RELATIVE HUMIDITY (PERCENT)
 HIGHEST    64          1000 PM
 LOWEST     37           100 AM
 AVERAGE    51

..........................................................


THE LEWISTOWN MT CLIMATE NORMALS FOR TODAY
                         NORMAL    RECORD    YEAR
 MAXIMUM TEMPERATURE (F)   36        63      2005
 MINIMUM TEMPERATURE (F)   14       -33      1905


SUNRISE AND SUNSET
FEBRUARY 11 2016......SUNRISE   729 AM MST   SUNSET   535 PM MST
FEBRUARY 12 2016......SUNRISE   728 AM MST   SUNSET   537 PM MST


-  INDICATES NEGATIVE NUMBERS.
R  INDICATES RECORD WAS SET OR TIED.
MM INDICATES DATA IS MISSING.
T  INDICATES TRACE AMOUNT.




$$
