000
CDUS43 KILX 290659
CLILWV


CLIMATE REPORT
NATIONAL WEATHER SERVICE LINCOLN IL
157 AM CDT SAT APR 29 2017


...................................

...THE LAWRENCEVILLE IL AIRPORT CLIMATE SUMMARY FOR APRIL 28 2017...

CLIMATE NORMAL PERIOD 1981 TO 2010
CLIMATE RECORD PERIOD 9999 TO 9999


WEATHER ITEM   OBSERVED TIME   RECORD YEAR NORMAL DEPARTURE LAST
                VALUE   (LST)  VALUE       VALUE  FROM      YEAR
                                                  NORMAL
..................................................................
TEMPERATURE (F)
 YESTERDAY
  MAXIMUM         69    415 PM  MM      MM  71     -2       76
  MINIMUM         45    114 AM  MM      MM  50     -5       56
  AVERAGE         57                        60     -3       66

PRECIPITATION (IN)
  YESTERDAY        0.23         MM      MM   0.21   0.02      T
  MONTH TO DATE    2.47                      3.72  -1.25     4.63
  SINCE MAR 1      5.30                      7.15  -1.85     8.79
  SINCE JAN 1      9.45                     11.54  -2.09    13.03

DEGREE DAYS
 HEATING
  YESTERDAY        8                         6      2        0
  MONTH TO DATE  169                       285   -116      275
  SINCE MAR 1    734                       907   -173      718
  SINCE JUL 1   3789                      4582   -793     3945

 COOLING
  YESTERDAY        0                         1     -1        1
  MONTH TO DATE   39                        22     17       21
  SINCE MAR 1     41                        24     17       21
  SINCE JAN 1     41                        24     17       21
..................................................................


WIND (MPH)
  HIGHEST WIND SPEED    59   HIGHEST WIND DIRECTION    NW (300)
  HIGHEST GUST SPEED    86   HIGHEST GUST DIRECTION    NW (310)
  AVERAGE WIND SPEED     8.5


SKY COVER
  POSSIBLE SUNSHINE  MM
  AVERAGE SKY COVER 0.5


WEATHER CONDITIONS
 THE FOLLOWING WEATHER WAS RECORDED YESTERDAY.
  THUNDERSTORM
  RAIN
  LIGHT RAIN
  FOG


RELATIVE HUMIDITY (PERCENT)
 HIGHEST   100           100 AM
 LOWEST     72           100 PM
 AVERAGE    86

..........................................................


THE LAWRENCEVILLE IL AIRPORT CLIMATE NORMALS FOR TODAY
                         NORMAL    RECORD    YEAR
 MAXIMUM TEMPERATURE (F)   71        MM        MM
 MINIMUM TEMPERATURE (F)   50        MM        MM


SUNRISE AND SUNSET
APRIL 29 2017.........SUNRISE   555 AM CDT   SUNSET   741 PM CDT
APRIL 30 2017.........SUNRISE   554 AM CDT   SUNSET   742 PM CDT


-  INDICATES NEGATIVE NUMBERS.
R  INDICATES RECORD WAS SET OR TIED.
MM INDICATES DATA IS MISSING.
T  INDICATES TRACE AMOUNT.




$$
