000
CDUS43 KILX 202228
CLILWV


CLIMATE REPORT
NATIONAL WEATHER SERVICE LINCOLN IL
428 PM CST MON FEB 20 2017


...................................

...THE LAWRENCEVILLE IL AIRPORT CLIMATE SUMMARY FOR FEBRUARY 20 2017...
VALID TODAY AS OF 0400 PM LOCAL TIME.

CLIMATE NORMAL PERIOD 1981 TO 2010
CLIMATE RECORD PERIOD 9999 TO 9999


WEATHER ITEM   OBSERVED TIME   RECORD YEAR NORMAL DEPARTURE LAST
                VALUE   (LST)  VALUE       VALUE  FROM      YEAR
                                                  NORMAL
..................................................................
TEMPERATURE (F)
 TODAY
  MAXIMUM         74    329 PM  MM      MM  46     28       74
  MINIMUM         40   1204 AM  MM      MM  28     12       38
  AVERAGE         57                        37     20       56

PRECIPITATION (IN)
  TODAY            0.00         MM      MM   0.07  -0.07     0.90
  MONTH TO DATE    0.16                      1.51  -1.35     1.14
  SINCE DEC 1      5.27                      7.28  -2.01     7.14
  SINCE JAN 1      3.60                      3.89  -0.29     2.20

DEGREE DAYS
 HEATING
  TODAY            8                        28    -20        9
  MONTH TO DATE  462                       613   -151      618
  SINCE DEC 1   2327                      2606   -279     2328
  SINCE JUL 1   2949                      3464   -515     3025

 COOLING
  TODAY            0                         0      0        0
  MONTH TO DATE    0                         0      0        0
  SINCE DEC 1      0                         0      0        0
  SINCE JAN 1      0                         0      0        0
..................................................................


WIND (MPH)
  HIGHEST WIND SPEED    17   HIGHEST WIND DIRECTION     S (170)
  HIGHEST GUST SPEED    22   HIGHEST GUST DIRECTION     S (180)
  AVERAGE WIND SPEED     8.1


SKY COVER
  POSSIBLE SUNSHINE  MM
  AVERAGE SKY COVER 0.5


WEATHER CONDITIONS
 THE FOLLOWING WEATHER WAS RECORDED TODAY.
  FOG
  FOG W/VISIBILITY <= 1/4 MILE
  HAZE


RELATIVE HUMIDITY (PERCENT)
 HIGHEST   100          1200 AM
 LOWEST     46           200 PM
 AVERAGE    73

..........................................................


THE LAWRENCEVILLE IL AIRPORT CLIMATE NORMALS FOR TOMORROW
                         NORMAL    RECORD    YEAR
 MAXIMUM TEMPERATURE (F)   46        MM        MM
 MINIMUM TEMPERATURE (F)   28        MM        MM


SUNRISE AND SUNSET
FEBRUARY 20 2017......SUNRISE   635 AM CST   SUNSET   534 PM CST
FEBRUARY 21 2017......SUNRISE   633 AM CST   SUNSET   535 PM CST


-  INDICATES NEGATIVE NUMBERS.
R  INDICATES RECORD WAS SET OR TIED.
MM INDICATES DATA IS MISSING.
T  INDICATES TRACE AMOUNT.




$$
