000
CDUS43 KILX 300627
CLILWV


CLIMATE REPORT
NATIONAL WEATHER SERVICE LINCOLN IL
127 AM CDT THU OCT 30 2014


...................................

...THE LAWRENCEVILLE IL AIRPORT CLIMATE SUMMARY FOR OCTOBER 29 2014...

CLIMATE NORMAL PERIOD 1981 TO 2010
CLIMATE RECORD PERIOD 9999 TO 9999


WEATHER ITEM   OBSERVED TIME   RECORD YEAR NORMAL DEPARTURE LAST
                VALUE   (LST)  VALUE       VALUE  FROM      YEAR
                                                  NORMAL
..................................................................
TEMPERATURE (F)
 YESTERDAY
  MAXIMUM         57    247 PM  MM      MM  64     -7       59
  MINIMUM         38   1152 PM  MM      MM  42     -4       36
  AVERAGE         48                        53     -5       48

PRECIPITATION (IN)
  YESTERDAY        0.00         MM      MM   0.10  -0.10     0.15
  MONTH TO DATE    4.47                      3.84   0.63     3.41
  SINCE SEP 1      7.40                      7.03   0.37     4.37
  SINCE JAN 1     36.20                     36.38  -0.18    46.01

DEGREE DAYS
 HEATING
  YESTERDAY       17                        12      5       17
  MONTH TO DATE  224                       233     -9      288
  SINCE SEP 1    284                       271     13      299
  SINCE JUL 1    284                       272     12      304

 COOLING
  YESTERDAY        0                         0      0        0
  MONTH TO DATE   27                        31     -4       45
  SINCE SEP 1    145                       202    -57      232
  SINCE JAN 1   1218                      1385   -167     1287
..................................................................


WIND (MPH)
  HIGHEST WIND SPEED    21   HIGHEST WIND DIRECTION    NW (300)
  HIGHEST GUST SPEED    26   HIGHEST GUST DIRECTION     W (290)
  AVERAGE WIND SPEED     7.5


SKY COVER
  POSSIBLE SUNSHINE  MM
  AVERAGE SKY COVER 0.1


WEATHER CONDITIONS
 THE FOLLOWING WEATHER WAS RECORDED YESTERDAY.
  NO SIGNIFICANT WEATHER WAS OBSERVED.


RELATIVE HUMIDITY (PERCENT)
 HIGHEST    67           500 AM
 LOWEST     36           200 PM
 AVERAGE    52

..........................................................


THE LAWRENCEVILLE IL AIRPORT CLIMATE NORMALS FOR TODAY
                         NORMAL    RECORD    YEAR
 MAXIMUM TEMPERATURE (F)   64        MM        MM
 MINIMUM TEMPERATURE (F)   42        MM        MM


SUNRISE AND SUNSET
OCTOBER 30 2014.......SUNRISE   715 AM CDT   SUNSET   552 PM CDT
OCTOBER 31 2014.......SUNRISE   716 AM CDT   SUNSET   551 PM CDT


-  INDICATES NEGATIVE NUMBERS.
R  INDICATES RECORD WAS SET OR TIED.
MM INDICATES DATA IS MISSING.
T  INDICATES TRACE AMOUNT.




$$
