000
CDUS43 KILX 272127
CLILWV


CLIMATE REPORT
NATIONAL WEATHER SERVICE LINCOLN IL
427 PM CDT MON JUL 27 2015


...................................

...THE LAWRENCEVILLE IL AIRPORT CLIMATE SUMMARY FOR JULY 27 2015...
VALID TODAY AS OF 0400 PM LOCAL TIME.

CLIMATE NORMAL PERIOD 1981 TO 2010
CLIMATE RECORD PERIOD 9999 TO 9999


WEATHER ITEM   OBSERVED TIME   RECORD YEAR NORMAL DEPARTURE LAST
                VALUE   (LST)  VALUE       VALUE  FROM      YEAR
                                                  NORMAL
..................................................................
TEMPERATURE (F)
 TODAY
  MAXIMUM         89    259 PM  MM      MM  88      1       88
  MINIMUM         73    305 AM  MM      MM  67      6       67
  AVERAGE         81                        78      3       78

PRECIPITATION (IN)
  TODAY            0.00         MM      MM   0.11  -0.11     0.00
  MONTH TO DATE    3.63                      3.97  -0.34     4.49
  SINCE JUN 1     12.65                      7.95   4.70     8.43
  SINCE JAN 1     29.61                     25.51   4.10    24.04

DEGREE DAYS
 HEATING
  TODAY            0                         0      0        0
  MONTH TO DATE    0                         0      0        0
  SINCE JUN 1      8                         7      1        0
  SINCE JUL 1      0                         0      0        0

 COOLING
  TODAY           16                        13      3       13
  MONTH TO DATE  307                       351    -44      211
  SINCE JUN 1    610                       641    -31      534
  SINCE JAN 1    765                       780    -15      725
..................................................................


WIND (MPH)
  HIGHEST WIND SPEED     7   HIGHEST WIND DIRECTION     S (170)
  HIGHEST GUST SPEED    16   HIGHEST GUST DIRECTION     E (90)
  AVERAGE WIND SPEED     2.6


SKY COVER
  POSSIBLE SUNSHINE  MM
  AVERAGE SKY COVER 0.7


WEATHER CONDITIONS
 THE FOLLOWING WEATHER WAS RECORDED TODAY.
  FOG


RELATIVE HUMIDITY (PERCENT)
 HIGHEST   100           500 AM
 LOWEST     68           200 PM
 AVERAGE    84

..........................................................


THE LAWRENCEVILLE IL AIRPORT CLIMATE NORMALS FOR TOMORROW
                         NORMAL    RECORD    YEAR
 MAXIMUM TEMPERATURE (F)   88        MM        MM
 MINIMUM TEMPERATURE (F)   67        MM        MM


SUNRISE AND SUNSET
JULY 27 2015..........SUNRISE   547 AM CDT   SUNSET   806 PM CDT
JULY 28 2015..........SUNRISE   548 AM CDT   SUNSET   805 PM CDT


-  INDICATES NEGATIVE NUMBERS.
R  INDICATES RECORD WAS SET OR TIED.
MM INDICATES DATA IS MISSING.
T  INDICATES TRACE AMOUNT.




$$
