000
CDUS41 KRNK 030758
CLILYH


CLIMATE REPORT
NATIONAL WEATHER SERVICE BLACKSBURG VA
356 AM EDT THU SEP 3 2015


...................................

...THE LYNCHBURG VA CLIMATE SUMMARY FOR SEPTEMBER 2 2015...

CLIMATE NORMAL PERIOD 1981 TO 2010
CLIMATE RECORD PERIOD 1893 TO 2015


WEATHER ITEM   OBSERVED TIME   RECORD YEAR NORMAL DEPARTURE LAST
                VALUE   (LST)  VALUE       VALUE  FROM      YEAR
                                                  NORMAL
..................................................................
TEMPERATURE (F)
 YESTERDAY
  MAXIMUM         92    407 PM 100    1932  83      9       90
  MINIMUM         63   1159 PM  48    1934  61      2       66
  AVERAGE         78                        72      6       78

PRECIPITATION (IN)
  YESTERDAY        0.00          1.86 1910   0.13  -0.13     0.55
  MONTH TO DATE    0.00                      0.26  -0.26     0.55
  SINCE SEP 1      0.00                      0.26  -0.26     0.55
  SINCE JAN 1     24.74                     28.19  -3.45    34.54

SNOWFALL (IN)
  YESTERDAY        0.0                                       0.0
  MONTH TO DATE    0.0                                       0.0
  SINCE SEP 1      0.0                                       0.0
  SINCE JUL 1      0.0                                       0.0
  SNOW DEPTH       0

DEGREE DAYS
 HEATING
  YESTERDAY        0                         0      0        0
  MONTH TO DATE    0                         0      0        0
  SINCE SEP 1      0                         0      0        0
  SINCE JUL 1      0                         3     -3        0

 COOLING
  YESTERDAY       13                         7      6       13
  MONTH TO DATE   25                        14     11       26
  SINCE SEP 1     25                        14     11       26
  SINCE JAN 1   1050                       912    138      856
..................................................................


WIND (MPH)
  HIGHEST WIND SPEED    17   HIGHEST WIND DIRECTION     N (10)
  HIGHEST GUST SPEED    24   HIGHEST GUST DIRECTION     N (10)
  AVERAGE WIND SPEED     2.7


SKY COVER
  AVERAGE SKY COVER 0.2


WEATHER CONDITIONS
 THE FOLLOWING WEATHER WAS RECORDED YESTERDAY.
  FOG


RELATIVE HUMIDITY (PERCENT)
 HIGHEST    97           200 AM
 LOWEST     36           400 PM
 AVERAGE    67

..........................................................


THE LYNCHBURG VA CLIMATE NORMALS FOR TODAY
                         NORMAL    RECORD    YEAR
 MAXIMUM TEMPERATURE (F)   83        96      1953
                                             1930
                                             1912
 MINIMUM TEMPERATURE (F)   60        46      1967


SUNRISE AND SUNSET
SEPTEMBER  3 2015.....SUNRISE   649 AM EDT   SUNSET   743 PM EDT
SEPTEMBER  4 2015.....SUNRISE   650 AM EDT   SUNSET   742 PM EDT


-  INDICATES NEGATIVE NUMBERS.
R  INDICATES RECORD WAS SET OR TIED.
MM INDICATES DATA IS MISSING.
T  INDICATES TRACE AMOUNT.

$$

RAB
