000
CDUS41 KRNK 222114
CLILYH


CLIMATE REPORT
NATIONAL WEATHER SERVICE BLACKSBURG VA
513 PM EDT FRI MAY 22 2015


...................................

...THE LYNCHBURG VA CLIMATE SUMMARY FOR MAY 22 2015...
VALID TODAY AS OF 0500 PM LOCAL TIME.

CLIMATE NORMAL PERIOD 1981 TO 2010
CLIMATE RECORD PERIOD 1893 TO 2015


WEATHER ITEM   OBSERVED TIME   RECORD YEAR NORMAL DEPARTURE LAST
                VALUE   (LST)  VALUE       VALUE  FROM      YEAR
                                                  NORMAL
..................................................................
TEMPERATURE (F)
 TODAY
  MAXIMUM         73    357 PM 100    1941  77     -4       87
  MINIMUM         47    129 AM  36    1997  53     -6       62
  AVERAGE         60                        65     -5       75

PRECIPITATION (IN)
  TODAY            0.00          2.51 1901   0.13  -0.13      T
  MONTH TO DATE    1.56                      2.55  -0.99     3.57
  SINCE MAR 1      8.90                      9.44  -0.54    12.12
  SINCE JAN 1     13.28                     15.51  -2.23    19.20

SNOWFALL (IN)
  TODAY            0.0
  MONTH TO DATE    0.0
  SINCE MAR 1      2.5
  SINCE JUL 1     22.9
  SNOW DEPTH       0

DEGREE DAYS
 HEATING
  TODAY            5                         3      2        0
  MONTH TO DATE   53                       101    -48       64
  SINCE MAR 1    932                      1000    -68      925
  SINCE JUL 1   4621                      4424    197     4439

 COOLING
  TODAY            0                         3     -3       10
  MONTH TO DATE   83                        34     49       60
  SINCE MAR 1     91                        52     39       79
  SINCE JAN 1     91                        52     39       79
..................................................................


WIND (MPH)
  HIGHEST WIND SPEED    12   HIGHEST WIND DIRECTION    NW (300)
  HIGHEST GUST SPEED    19   HIGHEST GUST DIRECTION    NW (320)
  AVERAGE WIND SPEED     5.1


SKY COVER
  POSSIBLE SUNSHINE  MM
  AVERAGE SKY COVER 0.1


WEATHER CONDITIONS
 THE FOLLOWING WEATHER WAS RECORDED TODAY.
  NO SIGNIFICANT WEATHER WAS OBSERVED.


RELATIVE HUMIDITY (PERCENT)
 HIGHEST    93          1200 AM
 LOWEST     31           100 PM
 AVERAGE    62

..........................................................


THE LYNCHBURG VA CLIMATE NORMALS FOR TOMORROW
                         NORMAL    RECORD    YEAR
 MAXIMUM TEMPERATURE (F)   77        94      1941
                                             1925
 MINIMUM TEMPERATURE (F)   53        33      2002


SUNRISE AND SUNSET
MAY 22 2015...........SUNRISE   603 AM EDT   SUNSET   824 PM EDT
MAY 23 2015...........SUNRISE   602 AM EDT   SUNSET   825 PM EDT


-  INDICATES NEGATIVE NUMBERS.
R  INDICATES RECORD WAS SET OR TIED.
MM INDICATES DATA IS MISSING.
T  INDICATES TRACE AMOUNT.




$$
