000
CDUS41 KRNK 231045
CLILYH


CLIMATE REPORT
NATIONAL WEATHER SERVICE BLACKSBURG VA
538 AM EST TUE JAN 23 2018


...................................

...THE LYNCHBURG VA CLIMATE SUMMARY FOR JANUARY 22 2018...

CLIMATE NORMAL PERIOD 1981 TO 2010
CLIMATE RECORD PERIOD 1893 TO 2018


WEATHER ITEM   OBSERVED TIME   RECORD YEAR NORMAL DEPARTURE LAST
                VALUE   (LST)  VALUE       VALUE  FROM      YEAR
                                                  NORMAL
..................................................................
TEMPERATURE (F)
 YESTERDAY
  MAXIMUM         63    203 PM  74    1932  46     17       52
  MINIMUM         38    518 AM  -4    1970  25     13       48
  AVERAGE         51                        35     16       50

PRECIPITATION (IN)
  YESTERDAY        0.00          1.60 1954   0.11  -0.11     0.18
  MONTH TO DATE    1.80                      2.23  -0.43     2.24
  SINCE DEC 1      2.49                      5.47  -2.98     5.34
  SINCE JAN 1      1.80                      2.23  -0.43     2.24

SNOWFALL (IN)
  YESTERDAY        0.0                                       0.0
  MONTH TO DATE    4.0                                       5.9
  SINCE DEC 1      5.5                                       5.9
  SINCE JUL 1      5.5                                       5.9
  SNOW DEPTH       0

DEGREE DAYS
 HEATING
  YESTERDAY       14                        30    -16       15
  MONTH TO DATE  755                       660     95      558
  SINCE DEC 1   1607                      1511     96     1367
  SINCE JUL 1   2422                      2405     17     1997

 COOLING
  YESTERDAY        0                         0      0        0
  MONTH TO DATE    0                         0      0        0
  SINCE DEC 1      0                         0      0        0
  SINCE JAN 1      0                         0      0        0
..................................................................


WIND (MPH)
  HIGHEST WIND SPEED    21   HIGHEST WIND DIRECTION     S (200)
  HIGHEST GUST SPEED    25   HIGHEST GUST DIRECTION     S (190)
  AVERAGE WIND SPEED     5.8


SKY COVER
  AVERAGE SKY COVER 0.3


WEATHER CONDITIONS
 THE FOLLOWING WEATHER WAS RECORDED YESTERDAY.
  NO SIGNIFICANT WEATHER WAS OBSERVED.


RELATIVE HUMIDITY (PERCENT)
 HIGHEST    92           600 AM
 LOWEST     43           200 PM
 AVERAGE    68

..........................................................


THE LYNCHBURG VA CLIMATE NORMALS FOR TODAY
                         NORMAL    RECORD    YEAR
 MAXIMUM TEMPERATURE (F)   46        74      1967
 MINIMUM TEMPERATURE (F)   25        -1      1936


SUNRISE AND SUNSET
JANUARY 23 2018.......SUNRISE   726 AM EST   SUNSET   531 PM EST
JANUARY 24 2018.......SUNRISE   726 AM EST   SUNSET   533 PM EST


-  INDICATES NEGATIVE NUMBERS.
R  INDICATES RECORD WAS SET OR TIED.
MM INDICATES DATA IS MISSING.
T  INDICATES TRACE AMOUNT.

$$

RAB
