000
CDUS41 KRNK 290632
CLILYH


CLIMATE REPORT
NATIONAL WEATHER SERVICE BLACKSBURG VA
230 AM EDT WED JUL 29 2015


...................................

...THE LYNCHBURG VA CLIMATE SUMMARY FOR JULY 28 2015...

CLIMATE NORMAL PERIOD 1981 TO 2010
CLIMATE RECORD PERIOD 1893 TO 2015


WEATHER ITEM   OBSERVED TIME   RECORD YEAR NORMAL DEPARTURE LAST
                VALUE   (LST)  VALUE       VALUE  FROM      YEAR
                                                  NORMAL
..................................................................
TEMPERATURE (F)
 YESTERDAY
  MAXIMUM         88    222 PM 103    1936  86      2       80
  MINIMUM         69    539 AM  53    1962  64      5       61
                                      1920
  AVERAGE         79                        75      4       71

PRECIPITATION (IN)
  YESTERDAY        0.35          2.10 2000   0.15   0.20     0.00
  MONTH TO DATE    3.79                      3.92  -0.13     5.74
  SINCE JUN 1      9.38                      7.54   1.84     8.14
  SINCE JAN 1     22.76                     24.23  -1.47    29.16

SNOWFALL (IN)
  YESTERDAY        0.0                                       0.0
  MONTH TO DATE    0.0                                       0.0
  SINCE JUN 1      0.0                                       0.0
  SINCE JUL 1      0.0                                       0.0
  SNOW DEPTH       0

DEGREE DAYS
 HEATING
  YESTERDAY        0                         0      0        0
  MONTH TO DATE    0                         0      0        0
  SINCE JUN 1     13                        14     -1        1
  SINCE JUL 1      0                         0      0        0

 COOLING
  YESTERDAY       14                        10      4        6
  MONTH TO DATE  290                       280     10      282
  SINCE JUN 1    568                       494     74      537
  SINCE JAN 1    716                       576    140      651
..................................................................


WIND (MPH)
  HIGHEST WIND SPEED    21   HIGHEST WIND DIRECTION     S (180)
  HIGHEST GUST SPEED    28   HIGHEST GUST DIRECTION     E (100)
  AVERAGE WIND SPEED     3.0


SKY COVER
  AVERAGE SKY COVER 0.6


WEATHER CONDITIONS
 THE FOLLOWING WEATHER WAS RECORDED YESTERDAY.
  THUNDERSTORM
  RAIN
  LIGHT RAIN
  FOG


RELATIVE HUMIDITY (PERCENT)
 HIGHEST   100           400 AM
 LOWEST     59           200 PM
 AVERAGE    80

..........................................................


THE LYNCHBURG VA CLIMATE NORMALS FOR TODAY
                         NORMAL    RECORD    YEAR
 MAXIMUM TEMPERATURE (F)   86       101      1930
 MINIMUM TEMPERATURE (F)   64        53      1920


SUNRISE AND SUNSET
JULY 29 2015..........SUNRISE   619 AM EDT   SUNSET   827 PM EDT
JULY 30 2015..........SUNRISE   619 AM EDT   SUNSET   827 PM EDT


-  INDICATES NEGATIVE NUMBERS.
R  INDICATES RECORD WAS SET OR TIED.
MM INDICATES DATA IS MISSING.
T  INDICATES TRACE AMOUNT.

$$

RAB
