000
CDUS41 KRNK 260759
CLILYH


CLIMATE REPORT
NATIONAL WEATHER SERVICE BLACKSBURG VA
358 AM EDT SUN MAR 26 2017


...................................

...THE LYNCHBURG VA CLIMATE SUMMARY FOR MARCH 25 2017...

CLIMATE NORMAL PERIOD 1981 TO 2010
CLIMATE RECORD PERIOD 1893 TO 2017


WEATHER ITEM   OBSERVED TIME   RECORD YEAR NORMAL DEPARTURE LAST
                VALUE   (LST)  VALUE       VALUE  FROM      YEAR
                                                  NORMAL
..................................................................
TEMPERATURE (F)
 YESTERDAY
  MAXIMUM         75    241 PM  86    1910  61     14       72
  MINIMUM         50    635 AM  20    1971  36     14       53
                                      1940
  AVERAGE         63                        49     14       63

PRECIPITATION (IN)
  YESTERDAY        0.00          1.30 1984   0.12  -0.12     0.00
  MONTH TO DATE    1.49                      2.84  -1.35     2.46
  SINCE MAR 1      1.49                      2.84  -1.35     2.46
  SINCE JAN 1      5.87                      8.91  -3.04     9.75

SNOWFALL (IN)
  YESTERDAY        0.0                                       0.0
  MONTH TO DATE    T                                          T
  SINCE MAR 1      T                                          T
  SINCE JUL 1      5.9                                      15.6
  SNOW DEPTH       0

DEGREE DAYS
 HEATING
  YESTERDAY        2                        16    -14        2
  MONTH TO DATE  508                       504      4      322
  SINCE MAR 1    508                       504      4      322
  SINCE JUL 1   3217                      3928   -711     3288

 COOLING
  YESTERDAY        0                         0      0        0
  MONTH TO DATE    0                         0      0        3
  SINCE MAR 1      0                         0      0        3
  SINCE JAN 1      1                         0      1        3
..................................................................


WIND (MPH)
  HIGHEST WIND SPEED    18   HIGHEST WIND DIRECTION     S (180)
  HIGHEST GUST SPEED    22   HIGHEST GUST DIRECTION    SW (240)
  AVERAGE WIND SPEED     7.1


SKY COVER
  AVERAGE SKY COVER 0.0


WEATHER CONDITIONS
 THE FOLLOWING WEATHER WAS RECORDED YESTERDAY.
  NO SIGNIFICANT WEATHER WAS OBSERVED.


RELATIVE HUMIDITY (PERCENT)
 HIGHEST    83           500 AM
 LOWEST     41           200 PM
 AVERAGE    62

..........................................................


THE LYNCHBURG VA CLIMATE NORMALS FOR TODAY
                         NORMAL    RECORD    YEAR
 MAXIMUM TEMPERATURE (F)   62        84      1921
 MINIMUM TEMPERATURE (F)   37        18      1955


SUNRISE AND SUNSET
MARCH 26 2017.........SUNRISE   711 AM EDT   SUNSET   734 PM EDT
MARCH 27 2017.........SUNRISE   709 AM EDT   SUNSET   735 PM EDT


-  INDICATES NEGATIVE NUMBERS.
R  INDICATES RECORD WAS SET OR TIED.
MM INDICATES DATA IS MISSING.
T  INDICATES TRACE AMOUNT.




$$
