000
CDUS41 KRNK 260800
CLILYH


CLIMATE REPORT
NATIONAL WEATHER SERVICE BLACKSBURG VA
359 AM EDT WED APR 26 2017


...................................

...THE LYNCHBURG VA CLIMATE SUMMARY FOR APRIL 25 2017...

CLIMATE NORMAL PERIOD 1981 TO 2010
CLIMATE RECORD PERIOD 1893 TO 2017


WEATHER ITEM   OBSERVED TIME   RECORD YEAR NORMAL DEPARTURE LAST
                VALUE   (LST)  VALUE       VALUE  FROM      YEAR
                                                  NORMAL
..................................................................
TEMPERATURE (F)
 YESTERDAY
  MAXIMUM         60    510 PM  94    1925  71    -11       84
  MINIMUM         49   1158 PM  30    1969  45      4       47
  AVERAGE         55                        58     -3       66

PRECIPITATION (IN)
  YESTERDAY        0.16          2.34 1937   0.11   0.05     0.00
  MONTH TO DATE    4.18                      2.77   1.41     1.65
  SINCE MAR 1      6.84                      6.35   0.49     5.01
  SINCE JAN 1     11.22                     12.42  -1.20    12.30

SNOWFALL (IN)
  YESTERDAY        0.0                                       0.0
  MONTH TO DATE    0.0                                       0.0
  SINCE MAR 1      T                                          T
  SINCE JUL 1      5.9                                      15.6
  SNOW DEPTH       0

DEGREE DAYS
 HEATING
  YESTERDAY       10                         8      2        0
  MONTH TO DATE  159                       268   -109      270
  SINCE MAR 1    698                       863   -165      660
  SINCE JUL 1   3407                      4287   -880     3626

 COOLING
  YESTERDAY        0                         1     -1        1
  MONTH TO DATE   26                        13     13        5
  SINCE MAR 1     26                        15     11        8
  SINCE JAN 1     27                        15     12        8
..................................................................


WIND (MPH)
  HIGHEST WIND SPEED    24   HIGHEST WIND DIRECTION    NE (30)
  HIGHEST GUST SPEED    31   HIGHEST GUST DIRECTION    NE (30)
  AVERAGE WIND SPEED    10.8


SKY COVER
  AVERAGE SKY COVER 0.7


WEATHER CONDITIONS
 THE FOLLOWING WEATHER WAS RECORDED YESTERDAY.
  LIGHT RAIN
  FOG


RELATIVE HUMIDITY (PERCENT)
 HIGHEST   100           300 AM
 LOWEST     93           700 AM
 AVERAGE    97

..........................................................


THE LYNCHBURG VA CLIMATE NORMALS FOR TODAY
                         NORMAL    RECORD    YEAR
 MAXIMUM TEMPERATURE (F)   71        93      1915
 MINIMUM TEMPERATURE (F)   45        30      1934


SUNRISE AND SUNSET
APRIL 26 2017.........SUNRISE   628 AM EDT   SUNSET   802 PM EDT
APRIL 27 2017.........SUNRISE   626 AM EDT   SUNSET   803 PM EDT


-  INDICATES NEGATIVE NUMBERS.
R  INDICATES RECORD WAS SET OR TIED.
MM INDICATES DATA IS MISSING.
T  INDICATES TRACE AMOUNT.


REMARKS:
DUE TO A POWER OUTAGE CAUSING A MISSING LOW TEMPERATURE ON FEBRUARY
23...THE SEASONAL HEATING DEGREE DAY TOTAL AND DEPARTURE FROM
NORMAL WILL BE CALCULATED WITHOUT DATA FROM THIS DATE.

$$
