000
CDUS41 KRNK 222126
CLILYH


CLIMATE REPORT
NATIONAL WEATHER SERVICE BLACKSBURG VA
525 PM EDT SUN OCT 22 2017


...................................

...THE LYNCHBURG VA CLIMATE SUMMARY FOR OCTOBER 22 2017...
VALID TODAY AS OF 0500 PM LOCAL TIME.

CLIMATE NORMAL PERIOD 1981 TO 2010
CLIMATE RECORD PERIOD 1893 TO 2017


WEATHER ITEM   OBSERVED TIME   RECORD YEAR NORMAL DEPARTURE LAST
                VALUE   (LST)  VALUE       VALUE  FROM      YEAR
                                                  NORMAL
..................................................................
TEMPERATURE (F)
 TODAY
  MAXIMUM         76    155 PM  87    1935  67      9       57
  MINIMUM         48    645 AM  26    1974  42      6       46
                                      1930
  AVERAGE         62                        54      8       52

PRECIPITATION (IN)
  TODAY            0.00          2.95 1990   0.10  -0.10     0.00
  MONTH TO DATE    1.67                      2.18  -0.51     1.73
  SINCE SEP 1      3.58                      6.06  -2.48     5.11
  SINCE JAN 1     30.31                     33.99  -3.68    38.23

SNOWFALL (IN)
  TODAY            0.0                                       0.0
  MONTH TO DATE    0.0                                       0.0
  SINCE SEP 1      0.0                                       0.0
  SINCE JUL 1      0.0                                       0.0
  SNOW DEPTH       0

DEGREE DAYS
 HEATING
  TODAY            3                        11     -8       13
  MONTH TO DATE   88                       176    -88       94
  SINCE SEP 1    139                       234    -95       94
  SINCE JUL 1    141                       237    -96       94

 COOLING
  TODAY            0                         0      0        0
  MONTH TO DATE   55                        11     44       32
  SINCE SEP 1    196                       129     67      272
  SINCE JAN 1   1174                      1027    147     1350
..................................................................


WIND (MPH)
  HIGHEST WIND SPEED    13   HIGHEST WIND DIRECTION     S (170)
  HIGHEST GUST SPEED    18   HIGHEST GUST DIRECTION    SE (150)
  AVERAGE WIND SPEED     3.3


SKY COVER
  AVERAGE SKY COVER 0.0


WEATHER CONDITIONS
 THE FOLLOWING WEATHER WAS RECORDED TODAY.
  FOG


RELATIVE HUMIDITY (PERCENT)
 HIGHEST   100           100 AM
 LOWEST     43           200 PM
 AVERAGE    72

..........................................................


THE LYNCHBURG VA CLIMATE NORMALS FOR TOMORROW
                         NORMAL    RECORD    YEAR
 MAXIMUM TEMPERATURE (F)   67        84      1947
                                             1935
                                             1927
 MINIMUM TEMPERATURE (F)   42        23      1997


SUNRISE AND SUNSET
OCTOBER 22 2017.......SUNRISE   732 AM EDT   SUNSET   630 PM EDT
OCTOBER 23 2017.......SUNRISE   733 AM EDT   SUNSET   629 PM EDT


-  INDICATES NEGATIVE NUMBERS.
R  INDICATES RECORD WAS SET OR TIED.
MM INDICATES DATA IS MISSING.
T  INDICATES TRACE AMOUNT.


REMARKS:
DUE TO MISSING TEMPERATURES ON FEBRUARY 23 AND JULY 24-25...ALL
TEMPERATURE AND DEGREE DAY INFORMATION WILL BE CALCULATED WITHOUT
DATA FROM THESE DATES.


$$
