000
CDUS41 KRNK 250915
CLILYH


CLIMATE REPORT
NATIONAL WEATHER SERVICE BLACKSBURG VA
512 AM EDT FRI JUL 25 2014


...................................

...THE LYNCHBURG VA CLIMATE SUMMARY FOR JULY 24 2014...

CLIMATE NORMAL PERIOD 1981 TO 2010
CLIMATE RECORD PERIOD 1893 TO 2014


WEATHER ITEM   OBSERVED TIME   RECORD YEAR NORMAL DEPARTURE LAST
                VALUE   (LST)  VALUE       VALUE  FROM      YEAR
                                                  NORMAL
..................................................................
TEMPERATURE (F)
 YESTERDAY
  MAXIMUM         85    131 PM 100    2010  86     -1       89
  MINIMUM         65   1020 PM  54    1977  64      1       68
  AVERAGE         75                        75      0       79

PRECIPITATION (IN)
  YESTERDAY        3.88          4.03 1916   0.14   3.74      T
  MONTH TO DATE    5.61                      3.33   2.28     3.35
  SINCE JUN 1      8.01                      6.95   1.06     9.67
  SINCE JAN 1     29.03                     23.64   5.39    30.11

SNOWFALL (IN)
  YESTERDAY        0.0
  MONTH TO DATE    0.0
  SINCE JUN 1      0.0
  SINCE JUL 1      0.0
  SNOW DEPTH       0

DEGREE DAYS
 HEATING
  YESTERDAY        0                         0      0        0
  MONTH TO DATE    0                         0      0        0
  SINCE JUN 1      1                        14    -13        1
  SINCE JUL 1      0                         0      0        0

 COOLING
  YESTERDAY       10                        10      0       14
  MONTH TO DATE  245                       240      5      328
  SINCE JUN 1    500                       454     46      583
  SINCE JAN 1    614                       536     78      718
..................................................................


WIND (MPH)
  HIGHEST WIND SPEED    14   HIGHEST WIND DIRECTION    NE (40)
  HIGHEST GUST SPEED    20   HIGHEST GUST DIRECTION     W (280)
  AVERAGE WIND SPEED     3.3


SKY COVER
  POSSIBLE SUNSHINE  MM
  AVERAGE SKY COVER 0.7


WEATHER CONDITIONS
 THE FOLLOWING WEATHER WAS RECORDED YESTERDAY.
  THUNDERSTORM
  HEAVY RAIN
  RAIN
  LIGHT RAIN
  FOG
  FOG W/VISIBILITY <= 1/4 MILE


RELATIVE HUMIDITY (PERCENT)
 HIGHEST   100           700 AM
 LOWEST     62          1200 PM
 AVERAGE    81

..........................................................


THE LYNCHBURG VA CLIMATE NORMALS FOR TODAY
                         NORMAL    RECORD    YEAR
 MAXIMUM TEMPERATURE (F)   86       102      1934
 MINIMUM TEMPERATURE (F)   64        53      1909


SUNRISE AND SUNSET
JULY 25 2014..........SUNRISE   616 AM EDT   SUNSET   831 PM EDT
JULY 26 2014..........SUNRISE   616 AM EDT   SUNSET   830 PM EDT


-  INDICATES NEGATIVE NUMBERS.
R  INDICATES RECORD WAS SET OR TIED.
MM INDICATES DATA IS MISSING.
T  INDICATES TRACE AMOUNT.




$$
