000
CDUS44 KLZK 230816
CLILZK


CLIMATE REPORT
NATIONAL WEATHER SERVICE LITTLE ROCK AR
216 AM CST TUE JAN 23 2018


...................................

...THE NORTH LITTLE ROCK CLIMATE SUMMARY FOR JANUARY 22 2018...

CLIMATE NORMAL PERIOD 1981 TO 2010
CLIMATE RECORD PERIOD 1975 TO 2018


WEATHER ITEM   OBSERVED TIME   RECORD YEAR NORMAL DEPARTURE LAST
                VALUE   (LST)  VALUE       VALUE  FROM      YEAR
                                                  NORMAL
..................................................................
TEMPERATURE (F)
 YESTERDAY
  MAXIMUM         64        MM  68    1997  50     14       56
                                      1982
  MINIMUM         44        MM  17    1984  33     11       49
  AVERAGE         54                        41     13       53

PRECIPITATION (IN)
  YESTERDAY        0.86          1.64 2006   0.11   0.75     0.29
  MONTH TO DATE    2.03                      2.45  -0.42     2.30
  SINCE DEC 1      8.53                      7.46   1.07     5.47
  SINCE JAN 1      2.03                      2.45  -0.42     2.30

SNOWFALL (IN)
  YESTERDAY        0.0           6.9  2016   0.0    0.0      0.0
  MONTH TO DATE    1.5                       1.1    0.4      0.8
  SINCE DEC 1      1.5                       1.6   -0.1      0.8
  SINCE JUL 1      1.5                       1.6   -0.1      0.8
  SNOW DEPTH       0

DEGREE DAYS
 HEATING
  YESTERDAY       11                        24    -13       12
  MONTH TO DATE  669                       528    141      423
  SINCE DEC 1   1323                      1208    115     1069
  SINCE JUL 1   1729                      1720      9     1363

 COOLING
  YESTERDAY        0                         0      0        0
  MONTH TO DATE    0                         0      0        1
  SINCE DEC 1      0                         1     -1        2
  SINCE JAN 1      0                         0      0        1
..................................................................


WIND (MPH)
  HIGHEST WIND SPEED    14   HIGHEST WIND DIRECTION     S (180)
  HIGHEST GUST SPEED    29   HIGHEST GUST DIRECTION    SW (220)
  AVERAGE WIND SPEED     8.5


SKY COVER
  POSSIBLE SUNSHINE  MM
  AVERAGE SKY COVER 0.0


WEATHER CONDITIONS
 THE FOLLOWING WEATHER WAS RECORDED YESTERDAY.
  THUNDERSTORM
  HEAVY RAIN
  RAIN
  LIGHT RAIN


RELATIVE HUMIDITY (PERCENT)
 HIGHEST   100           400 AM
 LOWEST     43           100 PM
 AVERAGE    72

..........................................................


THE NORTH LITTLE ROCK CLIMATE NORMALS FOR TODAY
                         NORMAL    RECORD    YEAR
 MAXIMUM TEMPERATURE (F)   50        78      2002
 MINIMUM TEMPERATURE (F)   33        13      2003


SUNRISE AND SUNSET
JANUARY 23 2018.......SUNRISE   713 AM CST   SUNSET   529 PM CST
JANUARY 24 2018.......SUNRISE   713 AM CST   SUNSET   530 PM CST


-  INDICATES NEGATIVE NUMBERS.
R  INDICATES RECORD WAS SET OR TIED.
MM INDICATES DATA IS MISSING.
T  INDICATES TRACE AMOUNT.




$$
