000
CDUS44 KLZK 200643
CLILZK


CLIMATE REPORT
NATIONAL WEATHER SERVICE LITTLE ROCK AR
1243 AM CST MON NOV 20 2017


...................................

...THE NORTH LITTLE ROCK CLIMATE SUMMARY FOR NOVEMBER 19 2017...

CLIMATE NORMAL PERIOD 1981 TO 2010
CLIMATE RECORD PERIOD 1975 TO 2017


WEATHER ITEM   OBSERVED TIME   RECORD YEAR NORMAL DEPARTURE LAST
                VALUE   (LST)  VALUE       VALUE  FROM      YEAR
                                                  NORMAL
..................................................................
TEMPERATURE (F)
 YESTERDAY
  MAXIMUM         57        MM  78    1985  60     -3       54
  MINIMUM         40        MM  26    1980  43     -3       37
  AVERAGE         49                        51     -2       46

PRECIPITATION (IN)
  YESTERDAY        0.00          4.08 1988   0.19  -0.19     0.00
  MONTH TO DATE    0.41                      3.31  -2.90     0.25
  SINCE SEP 1      2.06                     11.42  -9.36     2.87
  SINCE JAN 1     44.65                     42.94   1.71    47.06

SNOWFALL (IN)
  YESTERDAY        0.0          MM      MM   0.0    0.0      0.0
  MONTH TO DATE    0.0                       0.0    0.0      0.0
  SINCE SEP 1      T                         T      0.0      0.0
  SINCE JUL 1      T                         T      0.0       T
  SNOW DEPTH       0

DEGREE DAYS
 HEATING
  YESTERDAY       16                        14      2       19
  MONTH TO DATE  161                       199    -38       98
  SINCE SEP 1    283                       334    -51      123
  SINCE JUL 1    283                       334    -51      123

 COOLING
  YESTERDAY        0                         0      0        0
  MONTH TO DATE   29                        10     19       28
  SINCE SEP 1    486                       391     95      579
  SINCE JAN 1   2083                      2168    -85     2374
..................................................................


WIND (MPH)
  HIGHEST WIND SPEED     9   HIGHEST WIND DIRECTION     N (360)
  HIGHEST GUST SPEED    MM   HIGHEST GUST DIRECTION    MM
  AVERAGE WIND SPEED     3.8


SKY COVER
  POSSIBLE SUNSHINE  MM
  AVERAGE SKY COVER 0.0


WEATHER CONDITIONS
 THE FOLLOWING WEATHER WAS RECORDED YESTERDAY.
  NO SIGNIFICANT WEATHER WAS OBSERVED.


RELATIVE HUMIDITY (PERCENT)
 HIGHEST    76           700 AM
 LOWEST     25           300 PM
 AVERAGE    51

..........................................................


THE NORTH LITTLE ROCK CLIMATE NORMALS FOR TODAY
                         NORMAL    RECORD    YEAR
 MAXIMUM TEMPERATURE (F)   60        77      1990
 MINIMUM TEMPERATURE (F)   42        30      1984


SUNRISE AND SUNSET
NOVEMBER 20 2017......SUNRISE   648 AM CST   SUNSET   501 PM CST
NOVEMBER 21 2017......SUNRISE   649 AM CST   SUNSET   500 PM CST


-  INDICATES NEGATIVE NUMBERS.
R  INDICATES RECORD WAS SET OR TIED.
MM INDICATES DATA IS MISSING.
T  INDICATES TRACE AMOUNT.




$$
