000
CDUS44 KLZK 172109
CLILZK


CLIMATE REPORT
NATIONAL WEATHER SERVICE LITTLE ROCK AR
408 PM CDT THU AUG 17 2017


...................................

...THE NORTH LITTLE ROCK CLIMATE SUMMARY FOR AUGUST 17 2017...
VALID TODAY AS OF 0400 PM LOCAL TIME.

CLIMATE NORMAL PERIOD 1981 TO 2010
CLIMATE RECORD PERIOD 1975 TO 2017


WEATHER ITEM   OBSERVED TIME   RECORD YEAR NORMAL DEPARTURE LAST
                VALUE   (LST)  VALUE       VALUE  FROM      YEAR
                                                  NORMAL
..................................................................
TEMPERATURE (F)
 TODAY
  MAXIMUM         86        MM 106    2000  92     -6       81
  MINIMUM         72        MM  57    1992  72      0       72
  AVERAGE         79                        82     -3       77

PRECIPITATION (IN)
  TODAY            0.11          0.74 1985   0.08   0.03     0.07
                                      1985
                                      2014
  MONTH TO DATE    2.43                      1.54   0.89     6.40
  SINCE JUN 1     14.16                      8.66   5.50    14.75
  SINCE JAN 1     40.15                     30.26   9.89    42.98

SNOWFALL (IN)
  TODAY            0.0          MM      MM   0.0    0.0      0.0
  MONTH TO DATE    0.0                       0.0    0.0      0.0
  SINCE JUN 1      T                         0.0    0.0       T
  SINCE JUL 1      T                         0.0    0.0       T
  SNOW DEPTH       0

DEGREE DAYS
 HEATING
  TODAY            0                         0      0        0
  MONTH TO DATE    0                         0      0        0
  SINCE JUN 1      0                         1     -1        0
  SINCE JUL 1      0                         0      0        0

 COOLING
  TODAY           14                        17     -3       12
  MONTH TO DATE  222                       303    -81      286
  SINCE JUN 1   1103                      1257   -154     1350
  SINCE JAN 1   1406                      1553   -147     1578
..................................................................


WIND (MPH)
  HIGHEST WIND SPEED     9   HIGHEST WIND DIRECTION    SW (220)
  HIGHEST GUST SPEED    MM   HIGHEST GUST DIRECTION    MM
  AVERAGE WIND SPEED     5.4


SKY COVER
  POSSIBLE SUNSHINE  MM
  AVERAGE SKY COVER 0.0


WEATHER CONDITIONS
 THE FOLLOWING WEATHER WAS RECORDED TODAY.
  THUNDERSTORM
  RAIN
  LIGHT RAIN


RELATIVE HUMIDITY (PERCENT)
 HIGHEST   100           700 AM
 LOWEST     79           100 PM
 AVERAGE    90

..........................................................


THE NORTH LITTLE ROCK CLIMATE NORMALS FOR TOMORROW
                         NORMAL    RECORD    YEAR
 MAXIMUM TEMPERATURE (F)   92       103      2000
 MINIMUM TEMPERATURE (F)   72        62      1992


SUNRISE AND SUNSET
AUGUST 17 2017........SUNRISE   631 AM CDT   SUNSET   754 PM CDT
AUGUST 18 2017........SUNRISE   632 AM CDT   SUNSET   753 PM CDT


-  INDICATES NEGATIVE NUMBERS.
R  INDICATES RECORD WAS SET OR TIED.
MM INDICATES DATA IS MISSING.
T  INDICATES TRACE AMOUNT.




$$
