000
CDUS44 KLZK 290905
CLILZK


CLIMATE REPORT
NATIONAL WEATHER SERVICE LITTLE ROCK AR
404 AM CDT FRI MAY 29 2015


...................................

...THE NORTH LITTLE ROCK CLIMATE SUMMARY FOR MAY 28 2015...

CLIMATE NORMAL PERIOD 1981 TO 2010
CLIMATE RECORD PERIOD 1975 TO 2015


WEATHER ITEM   OBSERVED TIME   RECORD YEAR NORMAL DEPARTURE LAST
                VALUE   (LST)  VALUE       VALUE  FROM      YEAR
                                                  NORMAL
..................................................................
TEMPERATURE (F)
 YESTERDAY
  MAXIMUM         83        MM  93    2012  84     -1       72
  MINIMUM         66        MM  49    1992  65      1       67
  AVERAGE         75                        74      1       70

PRECIPITATION (IN)
  YESTERDAY        0.01          1.83 2014   0.14  -0.13     1.83
  MONTH TO DATE    9.47                      4.55   4.92     6.10
  SINCE MAR 1     23.08                     14.11   8.97    15.86
  SINCE JAN 1     29.26                     21.19   8.07    21.18

SNOWFALL (IN)
  YESTERDAY        0.0          MM      MM   0.0    0.0      0.0
  MONTH TO DATE    0.0                       0.0    0.0      0.0
  SINCE MAR 1      6.4                       0.4    6.0      1.6
  SINCE JUL 1     10.6                       4.4    6.2      5.2
  SNOW DEPTH       0

DEGREE DAYS
 HEATING
  YESTERDAY        0                         0      0        0
  MONTH TO DATE   18                        21     -3       67
  SINCE MAR 1    515                       517     -2      707
  SINCE JUL 1   3312                      3003    309     3534

 COOLING
  YESTERDAY       10                         9      1        5
  MONTH TO DATE  184                       178      6      180
  SINCE MAR 1    259                       265     -6      236
  SINCE JAN 1    259                       267     -8      236
..................................................................


WIND (MPH)
  HIGHEST WIND SPEED     9   HIGHEST WIND DIRECTION    SE (120)
  HIGHEST GUST SPEED    MM   HIGHEST GUST DIRECTION    MM
  AVERAGE WIND SPEED     5.5


SKY COVER
  POSSIBLE SUNSHINE  MM
  AVERAGE SKY COVER 0.5


WEATHER CONDITIONS
 THE FOLLOWING WEATHER WAS RECORDED YESTERDAY.
  THUNDERSTORM
  LIGHT RAIN


RELATIVE HUMIDITY (PERCENT)
 HIGHEST   100           100 AM
 LOWEST     65           100 PM
 AVERAGE    83

..........................................................


THE NORTH LITTLE ROCK CLIMATE NORMALS FOR TODAY
                         NORMAL    RECORD    YEAR
 MAXIMUM TEMPERATURE (F)   84        96      2012
 MINIMUM TEMPERATURE (F)   65        49      1984


SUNRISE AND SUNSET
MAY 29 2015...........SUNRISE   558 AM CDT   SUNSET   815 PM CDT
MAY 30 2015...........SUNRISE   557 AM CDT   SUNSET   816 PM CDT


-  INDICATES NEGATIVE NUMBERS.
R  INDICATES RECORD WAS SET OR TIED.
MM INDICATES DATA IS MISSING.
T  INDICATES TRACE AMOUNT.




$$
