731
CDUS44 KLZK 280639
CLILZK


CLIMATE REPORT
NATIONAL WEATHER SERVICE LITTLE ROCK AR
1239 AM CST TUE FEB 28 2017


...................................

...THE NORTH LITTLE ROCK CLIMATE SUMMARY FOR FEBRUARY 27 2017...

CLIMATE NORMAL PERIOD 1981 TO 2010
CLIMATE RECORD PERIOD 1975 TO 2017


WEATHER ITEM   OBSERVED TIME   RECORD YEAR NORMAL DEPARTURE LAST
                VALUE   (LST)  VALUE       VALUE  FROM      YEAR
                                                  NORMAL
..................................................................
TEMPERATURE (F)
 YESTERDAY
  MAXIMUM         58        MM  80    1996  58      0       69
                                      1981
  MINIMUM         45        MM  18    2015  40      5       38
                                      2002
  AVERAGE         52                        49      3       54

PRECIPITATION (IN)
  YESTERDAY        T             1.18 1989   0.15  -0.15     0.00
  MONTH TO DATE    2.95                      3.52  -0.57     1.83
  SINCE DEC 1      8.42                     11.95  -3.53    15.14
  SINCE JAN 1      5.25                      6.94  -1.69     5.06

SNOWFALL (IN)
  YESTERDAY        0.0           T    2015   0.1   -0.1      0.0
                                      1989
                                      1984
  MONTH TO DATE    0.0                       1.8   -1.8      0.0
  SINCE DEC 1      0.8                       4.0   -3.2      7.2
  SINCE JUL 1      0.8                       4.0   -3.2      7.2
  SNOW DEPTH       0

DEGREE DAYS
 HEATING
  YESTERDAY       13                        16     -3       11
  MONTH TO DATE  322                       537   -215      458
  SINCE DEC 1   1537                      1958   -421     1593
  SINCE JUL 1   1831                      2470   -639     1946

 COOLING
  YESTERDAY        0                         0      0        0
  MONTH TO DATE   13                         0     13        2
  SINCE DEC 1     15                         2     13       10
  SINCE JAN 1     14                         1     13        3
..................................................................


WIND (MPH)
  HIGHEST WIND SPEED    10   HIGHEST WIND DIRECTION     S (160)
  HIGHEST GUST SPEED    18   HIGHEST GUST DIRECTION     S (160)
  AVERAGE WIND SPEED     5.9


SKY COVER
  POSSIBLE SUNSHINE  MM
  AVERAGE SKY COVER 0.0


WEATHER CONDITIONS
 THE FOLLOWING WEATHER WAS RECORDED YESTERDAY.
  LIGHT RAIN


RELATIVE HUMIDITY (PERCENT)
 HIGHEST   100           300 AM
 LOWEST     86           400 PM
 AVERAGE    93

..........................................................


THE NORTH LITTLE ROCK CLIMATE NORMALS FOR TODAY
                         NORMAL    RECORD    YEAR
 MAXIMUM TEMPERATURE (F)   58        81      1980
 MINIMUM TEMPERATURE (F)   40        23      2015


SUNRISE AND SUNSET
FEBRUARY 28 2017......SUNRISE   639 AM CST   SUNSET   604 PM CST
MARCH  1 2017.........SUNRISE   638 AM CST   SUNSET   605 PM CST


-  INDICATES NEGATIVE NUMBERS.
R  INDICATES RECORD WAS SET OR TIED.
MM INDICATES DATA IS MISSING.
T  INDICATES TRACE AMOUNT.




$$
