000
CDUS46 KHNX 300826
CLIMAE


CLIMATE REPORT
NATIONAL WEATHER SERVICE SAN JOAQUIN VALLEY, CA
124 AM PDT MON MAY 30 2016


...................................

...THE MADERA CA AIRPORT CLIMATE SUMMARY FOR MAY 29 2016...

CLIMATE NORMAL PERIOD 1981 TO 2010
CLIMATE RECORD PERIOD 1998 TO 2016


WEATHER ITEM   OBSERVED TIME   RECORD YEAR NORMAL DEPARTURE
                VALUE   (LST)  VALUE       VALUE  FROM
                                                  NORMAL
...............................................................
TEMPERATURE (F)
 YESTERDAY
  MAXIMUM         94    220 PM 101    2003  86      8
  MINIMUM         57    511 AM  45    2006  54      3
  AVERAGE         76                        70      6

PRECIPITATION (IN)
  YESTERDAY        0.00          0.00   MM   0.00   0.00
  MONTH TO DATE    T                         0.47  -0.47
  SINCE OCT 1     12.96                     11.53   1.43
  SINCE JAN 1      8.40                      7.80   0.60

SNOWFALL (IN)
  YESTERDAY        0.0
  MONTH TO DATE    0.0
  SINCE MAR 1      0.0
  SINCE JUL 1      0.0
  SNOW DEPTH       0

DEGREE DAYS
 HEATING
  YESTERDAY        0
  MONTH TO DATE   19
  SINCE MAR 1    328
  SINCE JUL 1   2072

 COOLING
  YESTERDAY       11
  MONTH TO DATE  135
  SINCE MAR 1    167
  SINCE JAN 1    167
...............................................................


WIND (MPH)
  HIGHEST WIND SPEED    17   HIGHEST WIND DIRECTION     N (340)
  HIGHEST GUST SPEED    21   HIGHEST GUST DIRECTION     W (290)
  AVERAGE WIND SPEED     8.2




RELATIVE HUMIDITY (PERCENT)
 HIGHEST    75
 LOWEST     18
 AVERAGE    47

..........................................................


THE MADERA CA AIRPORT CLIMATE NORMALS FOR TODAY
                         NORMAL    RECORD    YEAR
 MAXIMUM TEMPERATURE (F)   87       100      2002
 MINIMUM TEMPERATURE (F)   54        44      2011


SUNRISE AND SUNSET
MAY 30 2016...........SUNRISE   543 AM PDT   SUNSET   814 PM PDT
MAY 31 2016...........SUNRISE   543 AM PDT   SUNSET   814 PM PDT


-  INDICATES NEGATIVE NUMBERS.
R  INDICATES RECORD WAS SET OR TIED.
MM INDICATES DATA IS MISSING.
T  INDICATES TRACE AMOUNT.




$$
