613
CDUS46 KHNX 180023
CLIMAE


CLIMATE REPORT
NATIONAL WEATHER SERVICE SAN JOAQUIN VALLEY, CA
522 PM PDT TUE OCT 17 2017


...................................

...THE MADERA CA CLIMATE SUMMARY FOR OCTOBER 17 2017...
VALID AS OF 0400 PM LOCAL TIME.

CLIMATE NORMAL PERIOD 1981 TO 2010
CLIMATE RECORD PERIOD 1998 TO 2017


WEATHER ITEM   OBSERVED TIME   RECORD YEAR NORMAL DEPARTURE LAST
                VALUE   (LST)  VALUE       VALUE  FROM      YEAR
                                                  NORMAL
..................................................................
TEMPERATURE (F)
 TODAY
  MAXIMUM         79   1236 PM  91    2008  79      0       74
  MINIMUM         49    442 AM  42    1998  49      0       55
  AVERAGE         64                        64      0       65

PRECIPITATION (IN)
  TODAY            0.00          0.27 2004   0.03  -0.03     0.03
  MONTH TO DATE    0.00                      0.27  -0.27     0.04
  SINCE OCT 1      0.00                      0.27  -0.27     0.04
  SINCE JAN 1     10.19                      8.56   1.63     8.44

SNOWFALL (IN)
  TODAY            0.0
  MONTH TO DATE    0.0
  SINCE SEP 1      0.0
  SINCE JUL 1      0.0
  SNOW DEPTH       0

DEGREE DAYS
 HEATING
  TODAY            1                                         0
  MONTH TO DATE   43                                        28
  SINCE SEP 1     48                                        31
  SINCE JUL 1     48                                        31

 COOLING
  TODAY            0                                         0
  MONTH TO DATE    9                                        32
  SINCE SEP 1    333                                       304
  SINCE JAN 1   2004                                      1799
..................................................................


WIND (MPH)
  HIGHEST WIND SPEED     8   HIGHEST WIND DIRECTION    NW (300)
  HIGHEST GUST SPEED     9   HIGHEST GUST DIRECTION     W (290)
  AVERAGE WIND SPEED     2.4




RELATIVE HUMIDITY (PERCENT)
 HIGHEST    66
 LOWEST     27
 AVERAGE    47

..........................................................


THE MADERA CA CLIMATE NORMALS FOR TOMORROW
                         NORMAL    RECORD    YEAR
 MAXIMUM TEMPERATURE (F)   79        92      2003
 MINIMUM TEMPERATURE (F)   48        40      1998


SUNRISE AND SUNSET
OCTOBER 17 2017.......SUNRISE   710 AM PDT   SUNSET   621 PM PDT
OCTOBER 18 2017.......SUNRISE   711 AM PDT   SUNSET   619 PM PDT


-  INDICATES NEGATIVE NUMBERS.
R  INDICATES RECORD WAS SET OR TIED.
MM INDICATES DATA IS MISSING.
T  INDICATES TRACE AMOUNT.




$$
