000
CDUS46 KHNX 240023
CLIMAE


CLIMATE REPORT
NATIONAL WEATHER SERVICE SAN JOAQUIN VALLEY, CA
423 PM PST MON JAN 23 2017


...................................

...THE MADERA CA CLIMATE SUMMARY FOR JANUARY 23 2017...
VALID AS OF 0400 PM LOCAL TIME.

CLIMATE NORMAL PERIOD 1981 TO 2010
CLIMATE RECORD PERIOD 1998 TO 2017


WEATHER ITEM   OBSERVED TIME   RECORD YEAR NORMAL DEPARTURE LAST
                VALUE   (LST)  VALUE       VALUE  FROM      YEAR
                                                  NORMAL
..................................................................
TEMPERATURE (F)
 TODAY
  MAXIMUM         52    350 PM  72    2014  55     -3       62
  MINIMUM         43    641 AM  25    2002  38      5       43
  AVERAGE         48                        46      2       53

PRECIPITATION (IN)
  TODAY            0.57          1.46 2008   0.06   0.51     0.09
  MONTH TO DATE    5.17                      2.07   3.10     2.92
  SINCE OCT 1      9.24                      5.80   3.44     7.48
  SINCE JAN 1      5.17                      2.07   3.10     2.92

SNOWFALL (IN)
  TODAY           MM
  MONTH TO DATE    0.0
  SINCE DEC 1      0.0
  SINCE JUL 1      0.0
  SNOW DEPTH       0

DEGREE DAYS
 HEATING
  TODAY           17                                        12
  MONTH TO DATE  361                                       338
  SINCE DEC 1    913                                       912
  SINCE JUL 1   1221                                      1323

 COOLING
  TODAY            0                                         0
  MONTH TO DATE    0                                         0
  SINCE DEC 1      0                                         0
  SINCE JAN 1      0                                         0
..................................................................


WIND (MPH)
  HIGHEST WIND SPEED    10   HIGHEST WIND DIRECTION     N (360)
  HIGHEST GUST SPEED    12   HIGHEST GUST DIRECTION     E (90)
  AVERAGE WIND SPEED     3.3




RELATIVE HUMIDITY (PERCENT)
 HIGHEST    93
 LOWEST     63
 AVERAGE    78

..........................................................


THE MADERA CA CLIMATE NORMALS FOR TOMORROW
                         NORMAL    RECORD    YEAR
 MAXIMUM TEMPERATURE (F)   55        77      2014
 MINIMUM TEMPERATURE (F)   38        28      2007


SUNRISE AND SUNSET
JANUARY 23 2017.......SUNRISE   709 AM PST   SUNSET   516 PM PST
JANUARY 24 2017.......SUNRISE   708 AM PST   SUNSET   517 PM PST


-  INDICATES NEGATIVE NUMBERS.
R  INDICATES RECORD WAS SET OR TIED.
MM INDICATES DATA IS MISSING.
T  INDICATES TRACE AMOUNT.




$$
