000
CDUS46 KHNX 180823
CLIMAE


CLIMATE REPORT
NATIONAL WEATHER SERVICE SAN JOAQUIN VALLEY, CA
1222 AM PST MON DEC 18 2017


...................................

...THE MADERA CA AIRPORT CLIMATE SUMMARY FOR DECEMBER 17 2017...

CLIMATE NORMAL PERIOD 1981 TO 2010
CLIMATE RECORD PERIOD 1998 TO 2017


WEATHER ITEM   OBSERVED TIME   RECORD YEAR NORMAL DEPARTURE
                VALUE   (LST)  VALUE       VALUE  FROM
                                                  NORMAL
...............................................................
TEMPERATURE (F)
 YESTERDAY
  MAXIMUM         61    318 PM  63    2012  54      7
  MINIMUM         29    649 AM  28    2011  36     -7
  AVERAGE         45                        45      0

PRECIPITATION (IN)
  YESTERDAY        0.00          0.53 2010   0.06  -0.06
  MONTH TO DATE    T                         0.76  -0.76
  SINCE OCT 1      0.32                      2.79  -2.47
  SINCE JAN 1     10.51                     11.08  -0.57

SNOWFALL (IN)
  YESTERDAY        0.0
  MONTH TO DATE    0.0
  SINCE DEC 1      0.0
  SINCE JUL 1      0.0
  SNOW DEPTH       0

DEGREE DAYS
 HEATING
  YESTERDAY       20
  MONTH TO DATE  302
  SINCE DEC 1    302
  SINCE JUL 1    629

 COOLING
  YESTERDAY        0
  MONTH TO DATE    0
  SINCE DEC 1      0
  SINCE JAN 1   2026
...............................................................


WIND (MPH)
  HIGHEST WIND SPEED     9   HIGHEST WIND DIRECTION    SE (130)
  HIGHEST GUST SPEED    12   HIGHEST GUST DIRECTION    SE (140)
  AVERAGE WIND SPEED     3.2




RELATIVE HUMIDITY (PERCENT)
 HIGHEST    92
 LOWEST     27
 AVERAGE    60

..........................................................


THE MADERA CA AIRPORT CLIMATE NORMALS FOR TODAY
                         NORMAL    RECORD    YEAR
 MAXIMUM TEMPERATURE (F)   54        65      2013
 MINIMUM TEMPERATURE (F)   36        28      2016
                                             2011
                                             2006


SUNRISE AND SUNSET
DECEMBER 18 2017......SUNRISE   708 AM PST   SUNSET   446 PM PST
DECEMBER 19 2017......SUNRISE   709 AM PST   SUNSET   447 PM PST


-  INDICATES NEGATIVE NUMBERS.
R  INDICATES RECORD WAS SET OR TIED.
MM INDICATES DATA IS MISSING.
T  INDICATES TRACE AMOUNT.




$$
