000
CDUS46 KHNX 260023
CLIMAE


CLIMATE REPORT
NATIONAL WEATHER SERVICE SAN JOAQUIN VALLEY, CA
522 PM PDT MON JUL 25 2016


...................................

...THE MADERA CA CLIMATE SUMMARY FOR JULY 25 2016...
VALID AS OF 0400 PM LOCAL TIME.

CLIMATE NORMAL PERIOD 1981 TO 2010
CLIMATE RECORD PERIOD 1998 TO 2016


WEATHER ITEM   OBSERVED TIME   RECORD YEAR NORMAL DEPARTURE LAST
                VALUE   (LST)  VALUE       VALUE  FROM      YEAR
                                                  NORMAL
..................................................................
TEMPERATURE (F)
 TODAY
  MAXIMUM        104    356 PM 110    2006  97      7       96
  MINIMUM         65    454 AM  54    1999  60      5       61
  AVERAGE         85                        79      6       79

PRECIPITATION (IN)
  TODAY            0.00          0.00   MM   0.00   0.00     0.00
  MONTH TO DATE    0.00                      0.02  -0.02     0.11
  SINCE OCT 1     12.96                     11.75   1.21     5.82
  SINCE JAN 1      8.40                      8.02   0.38     2.14

SNOWFALL (IN)
  TODAY            0.0
  MONTH TO DATE    0.0
  SINCE JUN 1      0.0
  SINCE JUL 1      0.0
  SNOW DEPTH       0

DEGREE DAYS
 HEATING
  TODAY            0                                         0
  MONTH TO DATE    0                                         0
  SINCE JUN 1      1                                         0
  SINCE JUL 1      0                                         0

 COOLING
  TODAY           20                                        14
  MONTH TO DATE  347                                       382
  SINCE JUN 1    730                                       811
  SINCE JAN 1    923                                       992
..................................................................


WIND (MPH)
  HIGHEST WIND SPEED     9   HIGHEST WIND DIRECTION    NW (330)
  HIGHEST GUST SPEED    13   HIGHEST GUST DIRECTION     N (340)
  AVERAGE WIND SPEED     4.7




RELATIVE HUMIDITY (PERCENT)
 HIGHEST    67
 LOWEST     15
 AVERAGE    41

..........................................................


THE MADERA CA CLIMATE NORMALS FOR TOMORROW
                         NORMAL    RECORD    YEAR
 MAXIMUM TEMPERATURE (F)   97       110      2006
 MINIMUM TEMPERATURE (F)   60        54      2002


SUNRISE AND SUNSET
JULY 25 2016..........SUNRISE   601 AM PDT   SUNSET   813 PM PDT
JULY 26 2016..........SUNRISE   601 AM PDT   SUNSET   812 PM PDT


-  INDICATES NEGATIVE NUMBERS.
R  INDICATES RECORD WAS SET OR TIED.
MM INDICATES DATA IS MISSING.
T  INDICATES TRACE AMOUNT.




$$
