000
CDUS46 KHNX 300024
CLIMAE


CLIMATE REPORT
NATIONAL WEATHER SERVICE SAN JOAQUIN VALLEY, CA
523 PM PDT WED JUL 29 2015


...................................

...THE MADERA CA CLIMATE SUMMARY FOR JULY 29 2015...
VALID AS OF 0500 PM LOCAL TIME.

CLIMATE NORMAL PERIOD 1981 TO 2010
CLIMATE RECORD PERIOD 1998 TO 2015


WEATHER ITEM   OBSERVED TIME   RECORD YEAR NORMAL DEPARTURE LAST
                VALUE   (LST)  VALUE       VALUE  FROM      YEAR
                                                  NORMAL
..................................................................
TEMPERATURE (F)
 TODAY
  MAXIMUM        106R   355 PM 103    2014  97      9      103
  MINIMUM         64    449 AM  56    2010  60      4       69
                                      1999
  AVERAGE         85                        79      6       86

PRECIPITATION (IN)
  TODAY            0.00          T    2006   0.00   0.00     0.00
  MONTH TO DATE    0.11                      0.02   0.09     0.00
  SINCE OCT 1      5.82                     11.75  -5.93     4.30
  SINCE JAN 1      2.14                      8.02  -5.88     3.61

SNOWFALL (IN)
  TODAY            0.0
  MONTH TO DATE    0.0
  SINCE JUN 1      0.0
  SINCE JUL 1      0.0
  SNOW DEPTH       0

DEGREE DAYS
 HEATING
  TODAY            0                                         0
  MONTH TO DATE    0                                         0
  SINCE JUN 1      0                                         0
  SINCE JUL 1      0                                         0

 COOLING
  TODAY           20                                        21
  MONTH TO DATE  444                                       497
  SINCE JUN 1    873                                       836
  SINCE JAN 1   1054                                      1078
..................................................................


WIND (MPH)
  HIGHEST WIND SPEED     9   HIGHEST WIND DIRECTION     W (290)
  HIGHEST GUST SPEED    14   HIGHEST GUST DIRECTION    NW (320)
  AVERAGE WIND SPEED     4.1




RELATIVE HUMIDITY (PERCENT)
 HIGHEST    73
 LOWEST     11
 AVERAGE    42

..........................................................


THE MADERA CA CLIMATE NORMALS FOR TOMORROW
                         NORMAL    RECORD    YEAR
 MAXIMUM TEMPERATURE (F)   97       103      2000
 MINIMUM TEMPERATURE (F)   60        56      2008


SUNRISE AND SUNSET
JULY 29 2015..........SUNRISE   603 AM PDT   SUNSET   810 PM PDT
JULY 30 2015..........SUNRISE   604 AM PDT   SUNSET   809 PM PDT


-  INDICATES NEGATIVE NUMBERS.
R  INDICATES RECORD WAS SET OR TIED.
MM INDICATES DATA IS MISSING.
T  INDICATES TRACE AMOUNT.




$$
