000
CDUS46 KHNX 230822
CLIMAE


CLIMATE REPORT
NATIONAL WEATHER SERVICE SAN JOAQUIN VALLEY, CA
1221 AM PST SUN NOV 23 2014


...................................

...THE MADERA CA AIRPORT CLIMATE SUMMARY FOR NOVEMBER 22 2014...

CLIMATE NORMAL PERIOD 1981 TO 2010
CLIMATE RECORD PERIOD 1998 TO 2014


WEATHER ITEM   OBSERVED TIME   RECORD YEAR NORMAL DEPARTURE
                VALUE   (LST)  VALUE       VALUE  FROM
                                                  NORMAL
...............................................................
TEMPERATURE (F)
 YESTERDAY
  MAXIMUM         61    244 PM  71    2005  62     -1
  MINIMUM         43    328 AM  27    2003  39      4
  AVERAGE         52                        50      2

PRECIPITATION (IN)
  YESTERDAY        T             0.10 2001   0.04  -0.04
  MONTH TO DATE    0.42                      0.90  -0.48
  SINCE JUL 1      0.83                      2.07  -1.24
  SINCE JAN 1      4.44                     10.07  -5.63

SNOWFALL (IN)
  YESTERDAY       MM
  MONTH TO DATE    0.0
  SINCE SEP 1      0.0
  SINCE JUL 1      0.0
  SNOW DEPTH       0

DEGREE DAYS
 HEATING
  YESTERDAY       13
  MONTH TO DATE  193
  SINCE SEP 1    225
  SINCE JUL 1    225

 COOLING
  YESTERDAY        0
  MONTH TO DATE    0
  SINCE SEP 1    466
  SINCE JAN 1   2952
...............................................................


WIND (MPH)
  HIGHEST WIND SPEED    14   HIGHEST WIND DIRECTION    SE (130)
  HIGHEST GUST SPEED    17   HIGHEST GUST DIRECTION    SE (130)
  AVERAGE WIND SPEED     5.5




RELATIVE HUMIDITY (PERCENT)
 HIGHEST    93
 LOWEST     60
 AVERAGE    77

..........................................................


THE MADERA CA AIRPORT CLIMATE NORMALS FOR TODAY
                         NORMAL    RECORD    YEAR
 MAXIMUM TEMPERATURE (F)   61        68      1998
 MINIMUM TEMPERATURE (F)   39        26      2003


SUNRISE AND SUNSET
NOVEMBER 23 2014......SUNRISE   647 AM PST   SUNSET   446 PM PST
NOVEMBER 24 2014......SUNRISE   648 AM PST   SUNSET   446 PM PST


-  INDICATES NEGATIVE NUMBERS.
R  INDICATES RECORD WAS SET OR TIED.
MM INDICATES DATA IS MISSING.
T  INDICATES TRACE AMOUNT.




$$
