000
CDUS46 KHNX 220823
CLIMAE


CLIMATE REPORT
NATIONAL WEATHER SERVICE SAN JOAQUIN VALLEY, CA
123 AM PDT TUE AUG 22 2017


...................................

...THE MADERA CA AIRPORT CLIMATE SUMMARY FOR AUGUST 21 2017...

CLIMATE NORMAL PERIOD 1981 TO 2010
CLIMATE RECORD PERIOD 1998 TO 2017


WEATHER ITEM   OBSERVED TIME   RECORD YEAR NORMAL DEPARTURE
                VALUE   (LST)  VALUE       VALUE  FROM
                                                  NORMAL
...............................................................
TEMPERATURE (F)
 YESTERDAY
  MAXIMUM         91        MM  99    2016  94     -3
                                      2012
                                      2009
  MINIMUM         64        MM  51    2002  59      5
  AVERAGE         78                        77      1

PRECIPITATION (IN)
  YESTERDAY        0.00          0.00   MM   0.00   0.00
  MONTH TO DATE    T                         0.00   0.00
  SINCE OCT 1     14.18                     11.75   2.43
  SINCE JAN 1     10.11                      8.02   2.09

SNOWFALL (IN)
  YESTERDAY        0.0
  MONTH TO DATE    0.0
  SINCE JUN 1      0.0
  SINCE JUL 1      0.0
  SNOW DEPTH       0

DEGREE DAYS
 HEATING
  YESTERDAY        0
  MONTH TO DATE    0
  SINCE JUN 1      6
  SINCE JUL 1      0

 COOLING
  YESTERDAY       13
  MONTH TO DATE  351
  SINCE JUN 1   1294
  SINCE JAN 1   1479
...............................................................


WIND (MPH)
  HIGHEST WIND SPEED    15   HIGHEST WIND DIRECTION     W (290)
  HIGHEST GUST SPEED    MM   HIGHEST GUST DIRECTION    MM
  AVERAGE WIND SPEED     9.1




RELATIVE HUMIDITY (PERCENT)
 HIGHEST    84
 LOWEST     34
 AVERAGE    59

..........................................................


THE MADERA CA AIRPORT CLIMATE NORMALS FOR TODAY
                         NORMAL    RECORD    YEAR
 MAXIMUM TEMPERATURE (F)   94       101      1999
 MINIMUM TEMPERATURE (F)   59        53      2010
                                             2002


SUNRISE AND SUNSET
AUGUST 22 2017........SUNRISE   623 AM PDT   SUNSET   742 PM PDT
AUGUST 23 2017........SUNRISE   624 AM PDT   SUNSET   741 PM PDT


-  INDICATES NEGATIVE NUMBERS.
R  INDICATES RECORD WAS SET OR TIED.
MM INDICATES DATA IS MISSING.
T  INDICATES TRACE AMOUNT.




$$
