000
CDUS46 KHNX 210022
CLIMAE


CLIMATE REPORT
NATIONAL WEATHER SERVICE SAN JOAQUIN VALLEY, CA
521 PM PDT SAT SEP 20 2014


...................................

...THE MADERA CA CLIMATE SUMMARY FOR SEPTEMBER 20 2014...
VALID AS OF 0500 PM LOCAL TIME.

CLIMATE NORMAL PERIOD 1981 TO 2010
CLIMATE RECORD PERIOD 1998 TO 2014


WEATHER ITEM   OBSERVED TIME   RECORD YEAR NORMAL DEPARTURE LAST
                VALUE   (LST)  VALUE       VALUE  FROM      YEAR
                                                  NORMAL
..................................................................
TEMPERATURE (F)
 TODAY
  MAXIMUM         93    317 PM 102    2000  89      4       90
  MINIMUM         61    539 AM  44    2007  55      6       55
  AVERAGE         77                        72      5       73

PRECIPITATION (IN)
  TODAY            0.00          0.09 2005   0.01  -0.01     0.00
  MONTH TO DATE    T                         0.14  -0.14     0.00
  SINCE JUL 1      T                         0.18  -0.18     0.01
  SINCE JAN 1      3.61                      8.18  -4.57     3.53

SNOWFALL (IN)
  TODAY            0.0
  MONTH TO DATE    0.0
  SINCE SEP 1      0.0
  SINCE JUL 1      0.0
  SNOW DEPTH       0

DEGREE DAYS
 HEATING
  TODAY            0                                         0
  MONTH TO DATE    0                                         0
  SINCE SEP 1      0                                         0
  SINCE JUL 1      0                                         0

 COOLING
  TODAY           12                                         8
  MONTH TO DATE  280                                       219
  SINCE SEP 1    280                                       219
  SINCE JAN 1   2766                                      1661
..................................................................


WIND (MPH)
  HIGHEST WIND SPEED    15   HIGHEST WIND DIRECTION    NW (310)
  HIGHEST GUST SPEED    17   HIGHEST GUST DIRECTION    NW (310)
  AVERAGE WIND SPEED     6.1




RELATIVE HUMIDITY (PERCENT)
 HIGHEST    84
 LOWEST     23
 AVERAGE    54

..........................................................


THE MADERA CA CLIMATE NORMALS FOR TOMORROW
                         NORMAL    RECORD    YEAR
 MAXIMUM TEMPERATURE (F)   89       100      2003
 MINIMUM TEMPERATURE (F)   55        46      2004


SUNRISE AND SUNSET
SEPTEMBER 20 2014.....SUNRISE   647 AM PDT   SUNSET   700 PM PDT
SEPTEMBER 21 2014.....SUNRISE   648 AM PDT   SUNSET   659 PM PDT


-  INDICATES NEGATIVE NUMBERS.
R  INDICATES RECORD WAS SET OR TIED.
MM INDICATES DATA IS MISSING.
T  INDICATES TRACE AMOUNT.




$$
