000
CDUS46 KHNX 280823
CLIMAE


CLIMATE REPORT
NATIONAL WEATHER SERVICE SAN JOAQUIN VALLEY, CA
122 AM PDT WED SEP 28 2016


...................................

...THE MADERA CA AIRPORT CLIMATE SUMMARY FOR SEPTEMBER 27 2016...

CLIMATE NORMAL PERIOD 1981 TO 2010
CLIMATE RECORD PERIOD 1998 TO 2016


WEATHER ITEM   OBSERVED TIME   RECORD YEAR NORMAL DEPARTURE
                VALUE   (LST)  VALUE       VALUE  FROM
                                                  NORMAL
...............................................................
TEMPERATURE (F)
 YESTERDAY
  MAXIMUM         98    429 PM 102    2009  87     11
  MINIMUM         57    611 AM  43    2013  53      4
  AVERAGE         78                        70      8

PRECIPITATION (IN)
  YESTERDAY        0.00          0.00   MM   0.01  -0.01
  MONTH TO DATE    T                         0.22  -0.22
  SINCE OCT 1     12.96                     11.99   0.97
  SINCE JAN 1      8.40                      8.26   0.14

SNOWFALL (IN)
  YESTERDAY        0.0
  MONTH TO DATE    0.0
  SINCE SEP 1      0.0
  SINCE JUL 1      0.0
  SNOW DEPTH       0

DEGREE DAYS
 HEATING
  YESTERDAY        0
  MONTH TO DATE    3
  SINCE SEP 1      3
  SINCE JUL 1      3

 COOLING
  YESTERDAY       13
  MONTH TO DATE  237
  SINCE SEP 1    237
  SINCE JAN 1   1732
...............................................................


WIND (MPH)
  HIGHEST WIND SPEED    10   HIGHEST WIND DIRECTION    SE (130)
  HIGHEST GUST SPEED    12   HIGHEST GUST DIRECTION    SE (130)
  AVERAGE WIND SPEED     3.4




RELATIVE HUMIDITY (PERCENT)
 HIGHEST    67
 LOWEST     10
 AVERAGE    39

..........................................................


THE MADERA CA AIRPORT CLIMATE NORMALS FOR TODAY
                         NORMAL    RECORD    YEAR
 MAXIMUM TEMPERATURE (F)   86       101      2010
 MINIMUM TEMPERATURE (F)   53        46      2013


SUNRISE AND SUNSET
SEPTEMBER 28 2016.....SUNRISE   654 AM PDT   SUNSET   647 PM PDT
SEPTEMBER 29 2016.....SUNRISE   655 AM PDT   SUNSET   646 PM PDT


-  INDICATES NEGATIVE NUMBERS.
R  INDICATES RECORD WAS SET OR TIED.
MM INDICATES DATA IS MISSING.
T  INDICATES TRACE AMOUNT.




$$
