000
CDUS44 KMAF 282119
CLIMAF


CLIMATE REPORT
NATIONAL WEATHER SERVICE MIDLAND TX
419 PM CDT FRI APR 28 2017


...................................

...THE MIDLAND CLIMATE SUMMARY FOR APRIL 28 2017...
VALID TODAY AS OF 0400 PM LOCAL TIME.

CLIMATE NORMAL PERIOD 1981 TO 2010
CLIMATE RECORD PERIOD 1930 TO 2017


WEATHER ITEM   OBSERVED TIME   RECORD YEAR NORMAL DEPARTURE LAST
                VALUE   (LST)  VALUE       VALUE  FROM      YEAR
                                                  NORMAL
..................................................................
TEMPERATURE (F)
 TODAY
  MAXIMUM         90    300 PM  98    1992  83      7       91
  MINIMUM         62    639 AM  37    2008  54      8       56
  AVERAGE         76                        68      8       74

PRECIPITATION (IN)
  TODAY            0.00          2.00 1931   0.02  -0.02     0.00
  MONTH TO DATE    2.51                      0.60   1.91     1.45
  SINCE MAR 1      2.99                      1.20   1.79     1.79
  SINCE JAN 1      4.83                      2.47   2.36     2.27

SNOWFALL (IN)
  TODAY            0.0
  MONTH TO DATE    0.0
  SINCE MAR 1      0.0
  SINCE JUL 1      0.3
  SNOW DEPTH       0

DEGREE DAYS
 HEATING
  TODAY            0                         2     -2        0
  MONTH TO DATE   46                       109    -63       54
  SINCE MAR 1    162                       416   -254      215
  SINCE JUL 1   1662                      2653   -991     2045

 COOLING
  TODAY           11                         5      6        9
  MONTH TO DATE  150                        79     71      112
  SINCE MAR 1    258                        95    163      147
  SINCE JAN 1    275                        97    178      162
..................................................................


WIND (MPH)
  HIGHEST WIND SPEED    22   HIGHEST WIND DIRECTION    NW (320)
  HIGHEST GUST SPEED    27   HIGHEST GUST DIRECTION    NW (320)
  AVERAGE WIND SPEED    11.7


SKY COVER
  POSSIBLE SUNSHINE  MM
  AVERAGE SKY COVER 0.0


WEATHER CONDITIONS
 THE FOLLOWING WEATHER WAS RECORDED TODAY.
  NO SIGNIFICANT WEATHER WAS OBSERVED.


RELATIVE HUMIDITY (PERCENT)
 HIGHEST    51           400 AM
 LOWEST     16           200 PM
 AVERAGE    34

..........................................................


THE MIDLAND CLIMATE NORMALS FOR TOMORROW
                         NORMAL    RECORD    YEAR
 MAXIMUM TEMPERATURE (F)   83        95      2011
                                             1947
 MINIMUM TEMPERATURE (F)   54        38      2015
                                             1998
                                             1991


SUNRISE AND SUNSET
APRIL 28 2017.........SUNRISE   706 AM CDT   SUNSET   827 PM CDT
APRIL 29 2017.........SUNRISE   705 AM CDT   SUNSET   828 PM CDT


-  INDICATES NEGATIVE NUMBERS.
R  INDICATES RECORD WAS SET OR TIED.
MM INDICATES DATA IS MISSING.
T  INDICATES TRACE AMOUNT.




$$
