000
CDUS44 KMAF 132111
CLIMAF


CLIMATE REPORT
NATIONAL WEATHER SERVICE MIDLAND/ODESSA TX
411 PM CDT SUN JUL 13 2014


...................................

...THE MIDLAND CLIMATE SUMMARY FOR JULY 13 2014...
VALID TODAY AS OF 0400 PM LOCAL TIME.

CLIMATE NORMAL PERIOD 1981 TO 2010
CLIMATE RECORD PERIOD 1930 TO 2014


WEATHER ITEM   OBSERVED TIME   RECORD YEAR NORMAL DEPARTURE LAST
                VALUE   (LST)  VALUE       VALUE  FROM      YEAR
                                                  NORMAL
..................................................................
TEMPERATURE (F)
 TODAY
  MAXIMUM         96    252 PM 107    1933  95      1       99
  MINIMUM         71    646 AM  49    1936  70      1       72
  AVERAGE         84                        82      2       86

PRECIPITATION (IN)
  TODAY            0.00          0.92 1939   0.06  -0.06     0.00
  MONTH TO DATE    T                         0.77  -0.77     0.12
  SINCE JUN 1      0.48                      2.57  -2.09     0.97
  SINCE JAN 1      3.64                      6.83  -3.19     2.53

DEGREE DAYS
 COOLING
  TODAY           19                        17      2       21
  MONTH TO DATE  226                       221      5      226
  SINCE JUN 1    774                       682     92      790
  SINCE JAN 1   1250                      1071    179     1278
..................................................................


WIND (MPH)
  HIGHEST WIND SPEED    17   HIGHEST WIND DIRECTION     S (170)
  HIGHEST GUST SPEED    30   HIGHEST GUST DIRECTION     S (160)
  AVERAGE WIND SPEED    10.9


SKY COVER
  POSSIBLE SUNSHINE  MM
  AVERAGE SKY COVER 0.1


WEATHER CONDITIONS
 THE FOLLOWING WEATHER WAS RECORDED TODAY.
  NO SIGNIFICANT WEATHER WAS OBSERVED.


RELATIVE HUMIDITY (PERCENT)
 HIGHEST    73           700 AM
 LOWEST     28           300 PM
 AVERAGE    51

..........................................................


THE MIDLAND CLIMATE NORMALS FOR TOMORROW
                         NORMAL    RECORD    YEAR
 MAXIMUM TEMPERATURE (F)   95       107      1933
 MINIMUM TEMPERATURE (F)   70        50      1936


SUNRISE AND SUNSET
JULY 13 2014..........SUNRISE   652 AM CDT   SUNSET   856 PM CDT
JULY 14 2014..........SUNRISE   653 AM CDT   SUNSET   856 PM CDT


-  INDICATES NEGATIVE NUMBERS.
R  INDICATES RECORD WAS SET OR TIED.
MM INDICATES DATA IS MISSING.
T  INDICATES TRACE AMOUNT.




$$
