000
CDUS44 KMAF 290837
CLIMAF


CLIMATE REPORT
NATIONAL WEATHER SERVICE MIDLAND/ODESSA TX
237 AM CST MON DEC 29 2014


...................................

...THE MIDLAND CLIMATE SUMMARY FOR DECEMBER 28 2014...

CLIMATE NORMAL PERIOD 1981 TO 2010
CLIMATE RECORD PERIOD 1930 TO 2014


WEATHER ITEM   OBSERVED TIME   RECORD YEAR NORMAL DEPARTURE LAST
                VALUE   (LST)  VALUE       VALUE  FROM      YEAR
                                                  NORMAL
..................................................................
TEMPERATURE (F)
 YESTERDAY
  MAXIMUM         53    355 PM  80    1964  57     -4       59
  MINIMUM         27    624 AM  13    1988  30     -3       42
                                      1983
                                      1950
  AVERAGE         40                        43     -3       51

PRECIPITATION (IN)
  YESTERDAY        0.00          0.36 1937   0.02  -0.02     0.00
  MONTH TO DATE    0.20                      0.55  -0.35     1.44
  SINCE DEC 1      0.20                      0.55  -0.35     1.44
  SINCE JAN 1      7.65                     14.55  -6.90     8.51

SNOWFALL (IN)
  YESTERDAY        0.0
  MONTH TO DATE    T
  SINCE DEC 1      T
  SINCE JUL 1      T
  SNOW DEPTH       0

DEGREE DAYS
 HEATING
  YESTERDAY       25                        22      3       14
  MONTH TO DATE  387                       573   -186      591
  SINCE DEC 1    387                       573   -186      591
  SINCE JUL 1    835                      1052   -217     1088
..................................................................


WIND (MPH)
  HIGHEST WIND SPEED    24   HIGHEST WIND DIRECTION    SW (240)
  HIGHEST GUST SPEED    28   HIGHEST GUST DIRECTION    SW (230)
  AVERAGE WIND SPEED    10.5


SKY COVER
  POSSIBLE SUNSHINE  MM
  AVERAGE SKY COVER 0.3


WEATHER CONDITIONS
 THE FOLLOWING WEATHER WAS RECORDED YESTERDAY.
  FOG
  FOG W/VISIBILITY <= 1/4 MILE


RELATIVE HUMIDITY (PERCENT)
 HIGHEST   100           900 AM
 LOWEST     32           400 PM
 AVERAGE    66

..........................................................


THE MIDLAND CLIMATE NORMALS FOR TODAY
                         NORMAL    RECORD    YEAR
 MAXIMUM TEMPERATURE (F)   57        77      1945
 MINIMUM TEMPERATURE (F)   30         9      1983
                                             1939


SUNRISE AND SUNSET
DECEMBER 29 2014......SUNRISE   748 AM CST   SUNSET   553 PM CST
DECEMBER 30 2014......SUNRISE   749 AM CST   SUNSET   554 PM CST


-  INDICATES NEGATIVE NUMBERS.
R  INDICATES RECORD WAS SET OR TIED.
MM INDICATES DATA IS MISSING.
T  INDICATES TRACE AMOUNT.




$$
