000
CDUS44 KMAF 250853
CLIMAF


CLIMATE REPORT
NATIONAL WEATHER SERVICE MIDLAND TX
253 AM CST SAT FEB 25 2017


...................................

...THE MIDLAND CLIMATE SUMMARY FOR FEBRUARY 24 2017...

CLIMATE NORMAL PERIOD 1981 TO 2010
CLIMATE RECORD PERIOD 1930 TO 2017


WEATHER ITEM   OBSERVED TIME   RECORD YEAR NORMAL DEPARTURE LAST
                VALUE   (LST)  VALUE       VALUE  FROM      YEAR
                                                  NORMAL
..................................................................
TEMPERATURE (F)
 YESTERDAY
  MAXIMUM         68    612 PM  90    2009  65      3       60
  MINIMUM         46    833 AM  14    1965  37      9       30
                                      1960
  AVERAGE         57                        51      6       45

PRECIPITATION (IN)
  YESTERDAY        0.00          0.66 1992   0.02  -0.02     0.00
  MONTH TO DATE    0.72                      0.61   0.11     0.30
  SINCE DEC 1      2.25                      1.77   0.48     1.72
  SINCE JAN 1      1.84                      1.17   0.67     0.48

SNOWFALL (IN)
  YESTERDAY        0.0
  MONTH TO DATE    0.0
  SINCE DEC 1      0.3
  SINCE JUL 1      0.3
  SNOW DEPTH       0

DEGREE DAYS
 HEATING
  YESTERDAY        8                        14     -6       20
  MONTH TO DATE  204                       409   -205      314
  SINCE DEC 1   1263                      1702   -439     1427
  SINCE JUL 1   1474                      2181   -707     1779
..................................................................


WIND (MPH)
  HIGHEST WIND SPEED    24   HIGHEST WIND DIRECTION     W (280)
  HIGHEST GUST SPEED    30   HIGHEST GUST DIRECTION     W (280)
  AVERAGE WIND SPEED    11.1


SKY COVER
  POSSIBLE SUNSHINE  MM
  AVERAGE SKY COVER 0.0


WEATHER CONDITIONS
 THE FOLLOWING WEATHER WAS RECORDED YESTERDAY.
  NO SIGNIFICANT WEATHER WAS OBSERVED.


RELATIVE HUMIDITY (PERCENT)
 HIGHEST    46          1000 AM
 LOWEST      8           700 PM
 AVERAGE    27

..........................................................


THE MIDLAND CLIMATE NORMALS FOR TODAY
                         NORMAL    RECORD    YEAR
 MAXIMUM TEMPERATURE (F)   65        86      2009
 MINIMUM TEMPERATURE (F)   37        11      1960


SUNRISE AND SUNSET
FEBRUARY 25 2017......SUNRISE   720 AM CST   SUNSET   644 PM CST
FEBRUARY 26 2017......SUNRISE   719 AM CST   SUNSET   644 PM CST


-  INDICATES NEGATIVE NUMBERS.
R  INDICATES RECORD WAS SET OR TIED.
MM INDICATES DATA IS MISSING.
T  INDICATES TRACE AMOUNT.




$$
