000
CDUS44 KMAF 272118
CLIMAF


CLIMATE REPORT
NATIONAL WEATHER SERVICE MIDLAND TX
418 PM CDT FRI MAY 27 2016


...................................

...THE MIDLAND CLIMATE SUMMARY FOR MAY 27 2016...
VALID TODAY AS OF 0400 PM LOCAL TIME.

CLIMATE NORMAL PERIOD 1981 TO 2010
CLIMATE RECORD PERIOD 1930 TO 2016


WEATHER ITEM   OBSERVED TIME   RECORD YEAR NORMAL DEPARTURE LAST
                VALUE   (LST)  VALUE       VALUE  FROM      YEAR
                                                  NORMAL
..................................................................
TEMPERATURE (F)
 TODAY
  MAXIMUM         91    308 PM 106    2011  90      1       91
  MINIMUM         62    552 AM  48    1947  63     -1       67
  AVERAGE         77                        77      0       79

PRECIPITATION (IN)
  TODAY            0.00          1.10 1982   0.08  -0.08     0.00
  MONTH TO DATE    0.26                      1.44  -1.18     3.13
  SINCE MAR 1      2.05                      2.69  -0.64     6.08
  SINCE JAN 1      2.53                      3.96  -1.43     8.77

DEGREE DAYS
 COOLING
  TODAY           12                        12      0       14
  MONTH TO DATE  265                       233     32      196
  SINCE MAR 1    423                       339     84      329
  SINCE JAN 1    438                       341     97      330
..................................................................


WIND (MPH)
  HIGHEST WIND SPEED    24   HIGHEST WIND DIRECTION    SW (230)
  HIGHEST GUST SPEED    32   HIGHEST GUST DIRECTION    SW (230)
  AVERAGE WIND SPEED    11.5


SKY COVER
  POSSIBLE SUNSHINE  MM
  AVERAGE SKY COVER 0.0


WEATHER CONDITIONS
 THE FOLLOWING WEATHER WAS RECORDED TODAY.
  NO SIGNIFICANT WEATHER WAS OBSERVED.


RELATIVE HUMIDITY (PERCENT)
 HIGHEST    60           300 AM
 LOWEST      7           100 PM
 AVERAGE    34

..........................................................


THE MIDLAND CLIMATE NORMALS FOR TOMORROW
                         NORMAL    RECORD    YEAR
 MAXIMUM TEMPERATURE (F)   91       107      2011
 MINIMUM TEMPERATURE (F)   63        47      1947


SUNRISE AND SUNSET
MAY 27 2016...........SUNRISE   645 AM CDT   SUNSET   847 PM CDT
MAY 28 2016...........SUNRISE   645 AM CDT   SUNSET   848 PM CDT


-  INDICATES NEGATIVE NUMBERS.
R  INDICATES RECORD WAS SET OR TIED.
MM INDICATES DATA IS MISSING.
T  INDICATES TRACE AMOUNT.




$$
