000
CDUS44 KMAF 222211
CLIMAF


CLIMATE REPORT
NATIONAL WEATHER SERVICE MIDLAND/ODESSA TX
410 PM CST SAT NOV 22 2014


...................................

...THE MIDLAND CLIMATE SUMMARY FOR NOVEMBER 22 2014...
VALID TODAY AS OF 0400 PM LOCAL TIME.

CLIMATE NORMAL PERIOD 1981 TO 2010
CLIMATE RECORD PERIOD 1930 TO 2014


WEATHER ITEM   OBSERVED TIME   RECORD YEAR NORMAL DEPARTURE LAST
                VALUE   (LST)  VALUE       VALUE  FROM      YEAR
                                                  NORMAL
..................................................................
TEMPERATURE (F)
 TODAY
  MAXIMUM         70    259 PM  81    2003  64      6       39
                                      1966
  MINIMUM         56    849 AM  22    1988  36     20       28
  AVERAGE         63                        50     13       34

PRECIPITATION (IN)
  TODAY            0.01          0.50 1983   0.02  -0.01     0.05
  MONTH TO DATE    1.02                      0.52   0.50     0.05
  SINCE SEP 1      2.71                      4.11  -1.40     1.98
  SINCE JAN 1      7.45                     13.83  -6.38     6.55

SNOWFALL (IN)
  TODAY            0.0
  MONTH TO DATE    T
  SINCE SEP 1      T
  SINCE JUL 1      T
  SNOW DEPTH       0

DEGREE DAYS
 HEATING
  TODAY            2                        15    -13       31
  MONTH TO DATE  305                       238     67      215
  SINCE SEP 1    343                       347     -4      294
  SINCE JUL 1    343                       347     -4      294
..................................................................


WIND (MPH)
  HIGHEST WIND SPEED    15   HIGHEST WIND DIRECTION    SW (240)
  HIGHEST GUST SPEED    19   HIGHEST GUST DIRECTION    SW (220)
  AVERAGE WIND SPEED     6.3


SKY COVER
  POSSIBLE SUNSHINE  MM
  AVERAGE SKY COVER 0.9


WEATHER CONDITIONS
 THE FOLLOWING WEATHER WAS RECORDED TODAY.
  THUNDERSTORM
  FOG
  HAZE


RELATIVE HUMIDITY (PERCENT)
 HIGHEST    93           600 AM
 LOWEST     57           300 PM
 AVERAGE    75

..........................................................


THE MIDLAND CLIMATE NORMALS FOR TOMORROW
                         NORMAL    RECORD    YEAR
 MAXIMUM TEMPERATURE (F)   64        84      1965
 MINIMUM TEMPERATURE (F)   36        17      1938


SUNRISE AND SUNSET
NOVEMBER 22 2014......SUNRISE   724 AM CST   SUNSET   546 PM CST
NOVEMBER 23 2014......SUNRISE   724 AM CST   SUNSET   546 PM CST


-  INDICATES NEGATIVE NUMBERS.
R  INDICATES RECORD WAS SET OR TIED.
MM INDICATES DATA IS MISSING.
T  INDICATES TRACE AMOUNT.




$$
