000
CDUS44 KMAF 250731
CLIMAF


CLIMATE REPORT
NATIONAL WEATHER SERVICE MIDLAND/ODESSA TX
230 AM CDT FRI JUL 25 2014


...................................

...THE MIDLAND CLIMATE SUMMARY FOR JULY 24 2014...

CLIMATE NORMAL PERIOD 1981 TO 2010
CLIMATE RECORD PERIOD 1930 TO 2014


WEATHER ITEM   OBSERVED TIME   RECORD YEAR NORMAL DEPARTURE LAST
                VALUE   (LST)  VALUE       VALUE  FROM      YEAR
                                                  NORMAL
..................................................................
TEMPERATURE (F)
 YESTERDAY
  MAXIMUM        100    433 PM 106    1995  95      5      100
  MINIMUM         74    628 AM  62    1947  70      4       76
  AVERAGE         87                        82      5       88

PRECIPITATION (IN)
  YESTERDAY        0.00          2.17 1991   0.06  -0.06     0.00
  MONTH TO DATE    0.28                      1.43  -1.15     0.98
  SINCE JUN 1      0.76                      3.23  -2.47     1.83
  SINCE JAN 1      3.92                      7.49  -3.57     3.39

DEGREE DAYS
 COOLING
  YESTERDAY       22                        17      5       23
  MONTH TO DATE  435                       408     27      373
  SINCE JUN 1    983                       869    114      937
  SINCE JAN 1   1459                      1258    201     1425
..................................................................


WIND (MPH)
  HIGHEST WIND SPEED    21   HIGHEST WIND DIRECTION    SE (130)
  HIGHEST GUST SPEED    26   HIGHEST GUST DIRECTION    SE (120)
  AVERAGE WIND SPEED     8.5


SKY COVER
  POSSIBLE SUNSHINE  MM
  AVERAGE SKY COVER 0.1


WEATHER CONDITIONS
 THE FOLLOWING WEATHER WAS RECORDED YESTERDAY.
  NO SIGNIFICANT WEATHER WAS OBSERVED.


RELATIVE HUMIDITY (PERCENT)
 HIGHEST    64           600 AM
 LOWEST     22           300 PM
 AVERAGE    43

..........................................................


THE MIDLAND CLIMATE NORMALS FOR TODAY
                         NORMAL    RECORD    YEAR
 MAXIMUM TEMPERATURE (F)   95       105      2000
 MINIMUM TEMPERATURE (F)   70        62      2004
                                             1976


SUNRISE AND SUNSET
JULY 25 2014..........SUNRISE   700 AM CDT   SUNSET   851 PM CDT
JULY 26 2014..........SUNRISE   700 AM CDT   SUNSET   850 PM CDT


-  INDICATES NEGATIVE NUMBERS.
R  INDICATES RECORD WAS SET OR TIED.
MM INDICATES DATA IS MISSING.
T  INDICATES TRACE AMOUNT.




$$
