000
CDUS44 KMAF 170731
CLIMAF

CLIMATE REPORT
NATIONAL WEATHER SERVICE MIDLAND TX
230 AM CDT TUE OCT 17 2017

...................................

...THE MIDLAND CLIMATE SUMMARY FOR OCTOBER 16 2017...

CLIMATE NORMAL PERIOD 1981 TO 2010
CLIMATE RECORD PERIOD 1930 TO 2017

WEATHER ITEM   OBSERVED TIME   RECORD YEAR NORMAL DEPARTURE LAST
                VALUE   (LST)  VALUE       VALUE  FROM      YEAR
                                                  NORMAL
..................................................................
TEMPERATURE (F)
 YESTERDAY
  MAXIMUM         72    404 PM  95    2016  78     -6       95
  MINIMUM         39    647 AM  34    2001  52    -13       65
  AVERAGE         56                        65     -9       80

PRECIPITATION (IN)
  YESTERDAY        0.00          0.65 1970   0.07  -0.07     0.00
  MONTH TO DATE    0.09                      1.05  -0.96     0.31
  SINCE SEP 1      4.16                      2.91   1.25     2.42
  SINCE JAN 1     16.90                     12.63   4.27    12.76

SNOWFALL (IN)
  YESTERDAY        0.0
  MONTH TO DATE    0.0
  SINCE SEP 1      0.0
  SINCE JUL 1      0.0
  SNOW DEPTH       0

DEGREE DAYS
 HEATING
  YESTERDAY        9                         3      6        0
  MONTH TO DATE   18                        31    -13        6
  SINCE SEP 1     25                        42    -17        7
  SINCE JUL 1     25                        42    -17        7

 COOLING
  YESTERDAY        0                         3     -3       15
  MONTH TO DATE  126                        69     57      145
  SINCE SEP 1    508                       364    144      514
  SINCE JAN 1   2755                      2248    507     2746
..................................................................

WIND (MPH)
  HIGHEST WIND SPEED     9   HIGHEST WIND DIRECTION     S (180)
  HIGHEST GUST SPEED    13   HIGHEST GUST DIRECTION     E (70)
  AVERAGE WIND SPEED     3.5

SKY COVER
  POSSIBLE SUNSHINE  MM
  AVERAGE SKY COVER 0.0

WEATHER CONDITIONS
 THE FOLLOWING WEATHER WAS RECORDED YESTERDAY.
  NO SIGNIFICANT WEATHER WAS OBSERVED.

RELATIVE HUMIDITY (PERCENT)
 HIGHEST    86           600 AM
 LOWEST     20           500 PM
 AVERAGE    53

..........................................................

THE MIDLAND CLIMATE NORMALS FOR TODAY
                         NORMAL    RECORD    YEAR
 MAXIMUM TEMPERATURE (F)   78        97      2016
 MINIMUM TEMPERATURE (F)   52        36      1976

SUNRISE AND SUNSET
OCTOBER 17 2017.......SUNRISE   754 AM CDT   SUNSET   714 PM CDT
OCTOBER 18 2017.......SUNRISE   755 AM CDT   SUNSET   713 PM CDT

-  INDICATES NEGATIVE NUMBERS.
R  INDICATES RECORD WAS SET OR TIED.
MM INDICATES DATA IS MISSING.
T  INDICATES TRACE AMOUNT.

$$

44
