000
CDUS42 KTAE 240631
CLIMAI


CLIMATE REPORT
NATIONAL WEATHER SERVICE TALLAHASSEE FL
230 AM EDT FRI MAR 24 2017


...................................

...THE MARIANNA CLIMATE SUMMARY FOR MARCH 23 2017...

CLIMATE NORMAL PERIOD 1981 TO 2010
CLIMATE RECORD PERIOD 1950 TO 2017


WEATHER ITEM   OBSERVED NORMAL DEPARTURE LAST
                VALUE   VALUE  FROM      YEAR
                               NORMAL
...............................................
TEMPERATURE (F)
 YESTERDAY
  MAXIMUM         76     74      2       77
  MINIMUM         62     49     13       41
  AVERAGE         69     62      7       59

PRECIPITATION (IN)
  YESTERDAY        0.00   0.19  -0.19     0.00
  MONTH TO DATE    0.84   3.85  -3.01     0.71
  SINCE MAR 1      0.84   3.85  -3.01     0.71
  SINCE JAN 1     11.24  13.83  -2.59     9.15

DEGREE DAYS
 HEATING
  YESTERDAY        0            -5
  MONTH TO DATE  128           -20
  SINCE MAR 1    128           -20
  SINCE JUL 1    817          -736

 COOLING
  YESTERDAY        4             3
  MONTH TO DATE   40            17
  SINCE MAR 1     40            17
  SINCE JAN 1     97            59
...............................................


WIND (MPH)
  HIGHEST WIND SPEED    16   HIGHEST WIND DIRECTION     E (110)
  HIGHEST GUST SPEED    22   HIGHEST GUST DIRECTION     E (110)
  AVERAGE WIND SPEED     9.2




RELATIVE HUMIDITY (PERCENT)
 HIGHEST    78
 LOWEST     42
 AVERAGE    60

..........................................................




SUNRISE AND SUNSET
MARCH 24 2017.........SUNRISE   639 AM CDT   SUNSET   655 PM CDT
MARCH 25 2017.........SUNRISE   638 AM CDT   SUNSET   656 PM CDT


-  INDICATES NEGATIVE NUMBERS.
R  INDICATES RECORD WAS SET OR TIED.
MM INDICATES DATA IS MISSING.
T  INDICATES TRACE AMOUNT.




$$
