438
CDUS42 KTAE 200636
CLIMAI


CLIMATE REPORT
NATIONAL WEATHER SERVICE TALLAHASSEE FL
236 AM EDT FRI OCT 20 2017


...................................

...THE MARIANNA CLIMATE SUMMARY FOR OCTOBER 19 2017...

CLIMATE NORMAL PERIOD 1981 TO 2010
CLIMATE RECORD PERIOD 1950 TO 2017


WEATHER ITEM   OBSERVED NORMAL DEPARTURE LAST
                VALUE   VALUE  FROM      YEAR
                               NORMAL
...............................................
TEMPERATURE (F)
 YESTERDAY
  MAXIMUM         84     79      5       88
  MINIMUM         54     56     -2       64
  AVERAGE         69     67      2       76

PRECIPITATION (IN)
  YESTERDAY        0.00   0.12  -0.12     0.00
  MONTH TO DATE    0.46   2.02  -1.56     0.23
  SINCE SEP 1      3.59   5.82  -2.23     4.04
  SINCE JAN 1     43.29  44.15  -0.86    37.83

DEGREE DAYS
 HEATING
  YESTERDAY        0            -2
  MONTH TO DATE    1           -14
  SINCE SEP 1      3           -13
  SINCE JUL 1      3           -13

 COOLING
  YESTERDAY        4             0
  MONTH TO DATE  231           113
  SINCE SEP 1    643           138
  SINCE JAN 1   2906           436
...............................................


WIND (MPH)
  HIGHEST WIND SPEED    18   HIGHEST WIND DIRECTION    NE (40)
  HIGHEST GUST SPEED    22   HIGHEST GUST DIRECTION    NE (40)
  AVERAGE WIND SPEED     6.9




RELATIVE HUMIDITY (PERCENT)
 HIGHEST    83
 LOWEST     32
 AVERAGE    58

..........................................................




SUNRISE AND SUNSET
OCTOBER 20 2017.......SUNRISE   647 AM CDT   SUNSET   604 PM CDT
OCTOBER 21 2017.......SUNRISE   648 AM CDT   SUNSET   603 PM CDT


-  INDICATES NEGATIVE NUMBERS.
R  INDICATES RECORD WAS SET OR TIED.
MM INDICATES DATA IS MISSING.
T  INDICATES TRACE AMOUNT.




$$
