000
CDUS42 KTAE 220640
CLIMAI


CLIMATE REPORT
NATIONAL WEATHER SERVICE TALLAHASSEE FL
139 AM EST MON DEC 22 2014


...................................

...THE MARIANNA CLIMATE SUMMARY FOR DECEMBER 21 2014...

CLIMATE NORMAL PERIOD 1981 TO 2010
CLIMATE RECORD PERIOD 1950 TO 2014


WEATHER ITEM   OBSERVED NORMAL DEPARTURE LAST
                VALUE   VALUE  FROM      YEAR
                               NORMAL
...............................................
TEMPERATURE (F)
 YESTERDAY
  MAXIMUM         55     63     -8       78
  MINIMUM         53     40     13       62
  AVERAGE         54     51      3       70

PRECIPITATION (IN)
  YESTERDAY        0.10   0.12  -0.02      T
  MONTH TO DATE    0.33   2.78  -2.45     0.78
  SINCE DEC 1      0.33   2.78  -2.45     0.78
  SINCE JAN 1     56.05  52.45   3.60    59.42

DEGREE DAYS
 HEATING
  YESTERDAY       11            -3
  MONTH TO DATE  214           -38
  SINCE DEC 1    214           -38
  SINCE JUL 1    594           104

 COOLING
  YESTERDAY        0             0
  MONTH TO DATE    5            -7
  SINCE DEC 1      5            -7
  SINCE JAN 1   2616            55
...............................................


WIND (MPH)
  HIGHEST WIND SPEED    13   HIGHEST WIND DIRECTION    NE (50)
  HIGHEST GUST SPEED    15   HIGHEST GUST DIRECTION    NE (50)
  AVERAGE WIND SPEED     8.3




RELATIVE HUMIDITY (PERCENT)
 HIGHEST   100
 LOWEST    100
 AVERAGE   100

..........................................................




SUNRISE AND SUNSET
DECEMBER 22 2014......SUNRISE   635 AM CST   SUNSET   444 PM CST
DECEMBER 23 2014......SUNRISE   635 AM CST   SUNSET   444 PM CST


-  INDICATES NEGATIVE NUMBERS.
R  INDICATES RECORD WAS SET OR TIED.
MM INDICATES DATA IS MISSING.
T  INDICATES TRACE AMOUNT.




$$
