000
CDUS42 KTAE 230634
CLIMAI


CLIMATE REPORT
NATIONAL WEATHER SERVICE TALLAHASSEE FL
133 AM EST SUN NOV 23 2014


...................................

...THE MARIANNA CLIMATE SUMMARY FOR NOVEMBER 22 2014...

CLIMATE NORMAL PERIOD 1981 TO 2010
CLIMATE RECORD PERIOD 1950 TO 2014


WEATHER ITEM   OBSERVED NORMAL DEPARTURE LAST
                VALUE   VALUE  FROM      YEAR
                               NORMAL
...............................................
TEMPERATURE (F)
 YESTERDAY
  MAXIMUM         67     70     -3       71
  MINIMUM         43     47     -4       59
  AVERAGE         55     58     -3       65

PRECIPITATION (IN)
  YESTERDAY        0.87   0.15   0.72     0.00
  MONTH TO DATE    2.97   2.93   0.04     1.86
  SINCE SEP 1      9.77  10.15  -0.38     6.13
  SINCE JAN 1     52.71  48.48   4.23    56.81

DEGREE DAYS
 HEATING
  YESTERDAY       10             2
  MONTH TO DATE  272           153
  SINCE SEP 1    298           130
  SINCE JUL 1    298           130

 COOLING
  YESTERDAY        0            -1
  MONTH TO DATE    4           -28
  SINCE SEP 1    571            -6
  SINCE JAN 1   2602            60
...............................................


WIND (MPH)
  HIGHEST WIND SPEED    15   HIGHEST WIND DIRECTION    NE (60)
  HIGHEST GUST SPEED    21   HIGHEST GUST DIRECTION     E (80)
  AVERAGE WIND SPEED     6.6




RELATIVE HUMIDITY (PERCENT)
 HIGHEST   100
 LOWEST     58
 AVERAGE    79

..........................................................




SUNRISE AND SUNSET
NOVEMBER 23 2014......SUNRISE   614 AM CST   SUNSET   440 PM CST
NOVEMBER 24 2014......SUNRISE   615 AM CST   SUNSET   440 PM CST


-  INDICATES NEGATIVE NUMBERS.
R  INDICATES RECORD WAS SET OR TIED.
MM INDICATES DATA IS MISSING.
T  INDICATES TRACE AMOUNT.




$$
