000
CDUS42 KTAE 160654
CLIMAI


CLIMATE REPORT
NATIONAL WEATHER SERVICE TALLAHASSEE FL
249 AM EDT TUE SEP 16 2014


...................................

...THE MARIANNA CLIMATE SUMMARY FOR SEPTEMBER 15 2014...

CLIMATE NORMAL PERIOD 1981 TO 2010
CLIMATE RECORD PERIOD 1950 TO 2014


WEATHER ITEM   OBSERVED NORMAL DEPARTURE LAST
                VALUE   VALUE  FROM      YEAR
                               NORMAL
...............................................
TEMPERATURE (F)
 YESTERDAY
  MAXIMUM         90     89      1       95
  MINIMUM         72     68      4       69
  AVERAGE         81     78      3       82

PRECIPITATION (IN)
  YESTERDAY       MM      0.12  MM        0.08
  MONTH TO DATE    3.57   1.96   1.61     0.57
  SINCE SEP 1      3.57   1.96   1.61     0.57
  SINCE JAN 1     46.51  40.29   6.22    51.25

DEGREE DAYS
 HEATING
  YESTERDAY        0             0
  MONTH TO DATE    0             0
  SINCE SEP 1      0             0
  SINCE JUL 1      0             0

 COOLING
  YESTERDAY       16             3
  MONTH TO DATE  262            42
  SINCE SEP 1    262            42
  SINCE JAN 1   2293           108
...............................................


WIND (MPH)
  HIGHEST WIND SPEED    10   HIGHEST WIND DIRECTION     S (180)
  HIGHEST GUST SPEED    15   HIGHEST GUST DIRECTION    SE (140)
  AVERAGE WIND SPEED     4.4




RELATIVE HUMIDITY (PERCENT)
 HIGHEST   100
 LOWEST     64
 AVERAGE    82

..........................................................




SUNRISE AND SUNSET
SEPTEMBER 16 2014.....SUNRISE   626 AM CDT   SUNSET   645 PM CDT
SEPTEMBER 17 2014.....SUNRISE   626 AM CDT   SUNSET   644 PM CDT


-  INDICATES NEGATIVE NUMBERS.
R  INDICATES RECORD WAS SET OR TIED.
MM INDICATES DATA IS MISSING.
T  INDICATES TRACE AMOUNT.




$$
