000
CDUS42 KTAE 160632
CLIMAI


CLIMATE REPORT
NATIONAL WEATHER SERVICE TALLAHASSEE FL
131 AM EST SAT DEC 16 2017


...................................

...THE MARIANNA CLIMATE SUMMARY FOR DECEMBER 15 2017...

CLIMATE NORMAL PERIOD 1981 TO 2010
CLIMATE RECORD PERIOD 1950 TO 2017


WEATHER ITEM   OBSERVED NORMAL DEPARTURE LAST
                VALUE   VALUE  FROM      YEAR
                               NORMAL
...............................................
TEMPERATURE (F)
 YESTERDAY
  MAXIMUM         54     64    -10       61
  MINIMUM         43     41      2       42
  AVERAGE         49     52     -3       52

PRECIPITATION (IN)
  YESTERDAY        T      0.13  -0.13     0.00
  MONTH TO DATE    1.75   2.06  -0.31    10.12
  SINCE DEC 1      1.75   2.06  -0.31    10.12
  SINCE JAN 1     45.83  51.73  -5.90    48.80

DEGREE DAYS
 HEATING
  YESTERDAY       16             3
  MONTH TO DATE  180             9
  SINCE DEC 1    180             9
  SINCE JUL 1    361           -48

 COOLING
  YESTERDAY        0             0
  MONTH TO DATE    3            -9
  SINCE DEC 1      3            -9
  SINCE JAN 1   2988           427
...............................................


WIND (MPH)
  HIGHEST WIND SPEED    12   HIGHEST WIND DIRECTION     N (350)
  HIGHEST GUST SPEED    15   HIGHEST GUST DIRECTION    NW (320)
  AVERAGE WIND SPEED     4.3




RELATIVE HUMIDITY (PERCENT)
 HIGHEST    86
 LOWEST     52
 AVERAGE    69

..........................................................




SUNRISE AND SUNSET
DECEMBER 16 2017......SUNRISE   632 AM CST   SUNSET   441 PM CST
DECEMBER 17 2017......SUNRISE   632 AM CST   SUNSET   442 PM CST


-  INDICATES NEGATIVE NUMBERS.
R  INDICATES RECORD WAS SET OR TIED.
MM INDICATES DATA IS MISSING.
T  INDICATES TRACE AMOUNT.




$$
