000
CDUS42 KTAE 270635
CLIMAI


CLIMATE REPORT
NATIONAL WEATHER SERVICE TALLAHASSEE FL
233 AM EDT WED AUG 27 2014


...................................

...THE MARIANNA CLIMATE SUMMARY FOR AUGUST 26 2014...

CLIMATE NORMAL PERIOD 1981 TO 2010
CLIMATE RECORD PERIOD 1950 TO 2014


WEATHER ITEM   OBSERVED NORMAL DEPARTURE LAST
                VALUE   VALUE  FROM      YEAR
                               NORMAL
...............................................
TEMPERATURE (F)
 YESTERDAY
  MAXIMUM         92     91      1       86
  MINIMUM         68     72     -4       66
  AVERAGE         80     81     -1       76

PRECIPITATION (IN)
  YESTERDAY        0.00   0.14  -0.14     0.00
  MONTH TO DATE    3.37   4.79  -1.42    13.99
  SINCE JUN 1     10.87  15.47  -4.60    29.54
  SINCE JAN 1     42.59  37.69   4.90    50.44

DEGREE DAYS
 HEATING
  YESTERDAY        0             0
  MONTH TO DATE    0             0
  SINCE JUN 1      0             0
  SINCE JUL 1      0             0

 COOLING
  YESTERDAY       15            -1
  MONTH TO DATE  487            53
  SINCE JUN 1   1507            89
  SINCE JAN 1   1941            53
...............................................


WIND (MPH)
  HIGHEST WIND SPEED    16   HIGHEST WIND DIRECTION    NE (50)
  HIGHEST GUST SPEED    20   HIGHEST GUST DIRECTION    NE (60)
  AVERAGE WIND SPEED     7.1




RELATIVE HUMIDITY (PERCENT)
 HIGHEST    90
 LOWEST     49
 AVERAGE    70

..........................................................




SUNRISE AND SUNSET
AUGUST 27 2014........SUNRISE   614 AM CDT   SUNSET   710 PM CDT
AUGUST 28 2014........SUNRISE   615 AM CDT   SUNSET   709 PM CDT


-  INDICATES NEGATIVE NUMBERS.
R  INDICATES RECORD WAS SET OR TIED.
MM INDICATES DATA IS MISSING.
T  INDICATES TRACE AMOUNT.




$$
