000
CDUS43 KABR 161027
CLIMBG


CLIMATE REPORT
NATIONAL WEATHER SERVICE ABERDEEN SD
527 AM CDT TUE SEP 16 2014


...................................

...THE MOBRIDGE SD CLIMATE SUMMARY FOR SEPTEMBER 15 2014...

CLIMATE NORMAL PERIOD 1981 TO 2010
CLIMATE RECORD PERIOD 1911 TO 2014


WEATHER ITEM   OBSERVED TIME   RECORD YEAR NORMAL DEPARTURE LAST
                VALUE   (LST)  VALUE       VALUE  FROM      YEAR
                                                  NORMAL
..................................................................
TEMPERATURE (F)
 YESTERDAY
  MAXIMUM         66    358 PM 104    1948  74     -8       68
  MINIMUM         37    645 AM  28    1916  48    -11       47
  AVERAGE         52                        61     -9       58

PRECIPITATION (IN)
  YESTERDAY        0.00          0.47 1967   0.05  -0.05      T
  MONTH TO DATE    0.22                      0.74  -0.52     2.75
  SINCE SEP 1      0.22                      0.74  -0.52     2.75
  SINCE JAN 1     19.54                     14.65   4.89    16.57

DEGREE DAYS
 HEATING
  YESTERDAY       13                         6      7        7
  MONTH TO DATE  119                        59     60        8
  SINCE SEP 1    119                        59     60        8
  SINCE JUL 1    166                        92     74       21

 COOLING
  YESTERDAY        0                         2     -2        0
  MONTH TO DATE   13                        48    -35       94
  SINCE SEP 1     13                        48    -35       94
  SINCE JAN 1    416                       629   -213      678
..................................................................


WIND (MPH)
  HIGHEST WIND SPEED    13   HIGHEST WIND DIRECTION    SE (140)
  HIGHEST GUST SPEED    16   HIGHEST GUST DIRECTION    SE (140)
  AVERAGE WIND SPEED     6.3


SKY COVER
  POSSIBLE SUNSHINE  MM
  AVERAGE SKY COVER 0.1


WEATHER CONDITIONS
 THE FOLLOWING WEATHER WAS RECORDED YESTERDAY.
  NO SIGNIFICANT WEATHER WAS OBSERVED.


RELATIVE HUMIDITY (PERCENT)
 HIGHEST   100           400 AM
 LOWEST     31           300 PM
 AVERAGE    66

..........................................................


THE MOBRIDGE SD CLIMATE NORMALS FOR TODAY
                         NORMAL    RECORD    YEAR
 MAXIMUM TEMPERATURE (F)   74        95      2002
 MINIMUM TEMPERATURE (F)   48        30      1916


SUNRISE AND SUNSET
SEPTEMBER 16 2014.....SUNRISE   721 AM CDT   SUNSET   751 PM CDT
SEPTEMBER 17 2014.....SUNRISE   722 AM CDT   SUNSET   749 PM CDT


-  INDICATES NEGATIVE NUMBERS.
R  INDICATES RECORD WAS SET OR TIED.
MM INDICATES DATA IS MISSING.
T  INDICATES TRACE AMOUNT.




$$
