000
CDUS43 KABR 242234
CLIMBG


CLIMATE REPORT
NATIONAL WEATHER SERVICE ABERDEEN SD
533 PM CDT SAT JUN 24 2017


...................................

...THE MOBRIDGE SD CLIMATE SUMMARY FOR JUNE 24 2017...
VALID TODAY AS OF 0500 PM LOCAL TIME.

CLIMATE NORMAL PERIOD 1981 TO 2010
CLIMATE RECORD PERIOD 1911 TO 2017


WEATHER ITEM   OBSERVED TIME   RECORD YEAR NORMAL DEPARTURE LAST
                VALUE   (LST)  VALUE       VALUE  FROM      YEAR
                                                  NORMAL
..................................................................
TEMPERATURE (F)
 TODAY
  MAXIMUM         70    248 PM 108    1936  81    -11      101
  MINIMUM         42    224 AM  38    1929  56    -14       67
  AVERAGE         56                        69    -13       84

PRECIPITATION (IN)
  TODAY            0.00          1.91 1946   0.09  -0.09      T
  MONTH TO DATE    1.45                      2.70  -1.25     2.38
  SINCE JUN 1      1.45                      2.70  -1.25     2.38
  SINCE JAN 1      3.98                      8.72  -4.74    12.76

DEGREE DAYS
 HEATING
  TODAY            9                         1      8        0
  MONTH TO DATE   16                        69    -53       12
  SINCE JUN 1     16                        69    -53       12
  SINCE JUL 1   7142                      7953   -811     6315

 COOLING
  TODAY            0                         5     -5       19
  MONTH TO DATE  158                        65     93      175
  SINCE JUN 1    158                        65     93      175
  SINCE JAN 1    178                        81     97      191
..................................................................


WIND (MPH)
  HIGHEST WIND SPEED    28   HIGHEST WIND DIRECTION    NW (330)
  HIGHEST GUST SPEED    37   HIGHEST GUST DIRECTION    NW (320)
  AVERAGE WIND SPEED    13.6


SKY COVER
  POSSIBLE SUNSHINE  MM
  AVERAGE SKY COVER 0.1


WEATHER CONDITIONS
 THE FOLLOWING WEATHER WAS RECORDED TODAY.
  NO SIGNIFICANT WEATHER WAS OBSERVED.


RELATIVE HUMIDITY (PERCENT)
 HIGHEST    82           200 AM
 LOWEST     30          1200 PM
 AVERAGE    56

..........................................................


THE MOBRIDGE SD CLIMATE NORMALS FOR TOMORROW
                         NORMAL    RECORD    YEAR
 MAXIMUM TEMPERATURE (F)   81       108      1936
 MINIMUM TEMPERATURE (F)   57        37      1929


SUNRISE AND SUNSET
JUNE 24 2017..........SUNRISE   554 AM CDT   SUNSET   935 PM CDT
JUNE 25 2017..........SUNRISE   554 AM CDT   SUNSET   935 PM CDT


-  INDICATES NEGATIVE NUMBERS.
R  INDICATES RECORD WAS SET OR TIED.
MM INDICATES DATA IS MISSING.
T  INDICATES TRACE AMOUNT.




$$
