000
CDUS43 KABR 241037
CLIMBG


CLIMATE REPORT
NATIONAL WEATHER SERVICE ABERDEEN SD
536 AM CDT TUE OCT 24 2017


...................................

...THE MOBRIDGE SD CLIMATE SUMMARY FOR OCTOBER 23 2017...

CLIMATE NORMAL PERIOD 1981 TO 2010
CLIMATE RECORD PERIOD 1911 TO 2017


WEATHER ITEM   OBSERVED TIME   RECORD YEAR NORMAL DEPARTURE LAST
                VALUE   (LST)  VALUE       VALUE  FROM      YEAR
                                                  NORMAL
..................................................................
TEMPERATURE (F)
 YESTERDAY
  MAXIMUM         61    218 PM  78    1927  57      4       56
  MINIMUM         44   1159 PM   8    1917  32     12       35
  AVERAGE         53                        44      9       46

PRECIPITATION (IN)
  YESTERDAY        T             0.49 1943   0.05  -0.05     0.00
  MONTH TO DATE    0.24                      1.20  -0.96     0.21
  SINCE SEP 1      2.18                      2.74  -0.56     0.81
  SINCE JAN 1     14.88                     16.65  -1.77    17.78

SNOWFALL (IN)
  YESTERDAY        0.0
  MONTH TO DATE    0.0
  SINCE OCT 1      0.0
  SINCE JUL 1      0.0
  SNOW DEPTH       0

DEGREE DAYS
 HEATING
  YESTERDAY       12                        21     -9       19
  MONTH TO DATE  269                       373   -104      291
  SINCE SEP 1    408                       560   -152      390
  SINCE JUL 1    414                       593   -179      404

 COOLING
  YESTERDAY        0                         0      0        0
  MONTH TO DATE    2                         0      2       17
  SINCE SEP 1     80                        60     20       83
  SINCE JAN 1    791                       641    150      961
..................................................................


WIND (MPH)
  HIGHEST WIND SPEED    37   HIGHEST WIND DIRECTION    NW (320)
  HIGHEST GUST SPEED    46   HIGHEST GUST DIRECTION    NW (330)
  AVERAGE WIND SPEED    22.1


SKY COVER
  POSSIBLE SUNSHINE  MM
  AVERAGE SKY COVER 0.4


WEATHER CONDITIONS
 THE FOLLOWING WEATHER WAS RECORDED YESTERDAY.
  LIGHT RAIN


RELATIVE HUMIDITY (PERCENT)
 HIGHEST    77          1200 AM
 LOWEST     35           600 PM
 AVERAGE    56

..........................................................


THE MOBRIDGE SD CLIMATE NORMALS FOR TODAY
                         NORMAL    RECORD    YEAR
 MAXIMUM TEMPERATURE (F)   56        80      1989
 MINIMUM TEMPERATURE (F)   32        12      1917


SUNRISE AND SUNSET
OCTOBER 24 2017.......SUNRISE   811 AM CDT   SUNSET   640 PM CDT
OCTOBER 25 2017.......SUNRISE   812 AM CDT   SUNSET   639 PM CDT


-  INDICATES NEGATIVE NUMBERS.
R  INDICATES RECORD WAS SET OR TIED.
MM INDICATES DATA IS MISSING.
T  INDICATES TRACE AMOUNT.




$$
