000
CDUS43 KABR 021132
CLIMBG


CLIMATE REPORT
NATIONAL WEATHER SERVICE ABERDEEN SD
631 AM CDT WED SEP 2 2015


...................................

...THE MOBRIDGE SD CLIMATE SUMMARY FOR SEPTEMBER 1 2015...

CLIMATE NORMAL PERIOD 1981 TO 2010
CLIMATE RECORD PERIOD 1911 TO 2015


WEATHER ITEM   OBSERVED TIME   RECORD YEAR NORMAL DEPARTURE LAST
                VALUE   (LST)  VALUE       VALUE  FROM      YEAR
                                                  NORMAL
..................................................................
TEMPERATURE (F)
 YESTERDAY
  MAXIMUM         91    439 PM 105    1937  80     11       76
  MINIMUM         56    503 AM  36    1946  54      2       49
  AVERAGE         74                        67      7       63

PRECIPITATION (IN)
  YESTERDAY        0.00          1.82 1957   0.05  -0.05     0.02
  MONTH TO DATE    0.00                      0.05  -0.05     0.02
  SINCE SEP 1      0.00                      0.05  -0.05     0.02
  SINCE JAN 1     20.42                     13.96   6.46    19.34

DEGREE DAYS
 HEATING
  YESTERDAY        0                         2     -2        2
  MONTH TO DATE    0                         2     -2        2
  SINCE SEP 1      0                         2     -2        2
  SINCE JUL 1     22                        35    -13       49

 COOLING
  YESTERDAY        9                         5      4        0
  MONTH TO DATE    9                         5      4        0
  SINCE SEP 1      9                         5      4        0
  SINCE JAN 1    721                       586    135      403
..................................................................


WIND (MPH)
  HIGHEST WIND SPEED    17   HIGHEST WIND DIRECTION    SE (150)
  HIGHEST GUST SPEED    22   HIGHEST GUST DIRECTION    SE (150)
  AVERAGE WIND SPEED     8.8


SKY COVER
  POSSIBLE SUNSHINE  MM
  AVERAGE SKY COVER 0.0


WEATHER CONDITIONS
 THE FOLLOWING WEATHER WAS RECORDED YESTERDAY.
  NO SIGNIFICANT WEATHER WAS OBSERVED.


RELATIVE HUMIDITY (PERCENT)
 HIGHEST   100           500 AM
 LOWEST     44           400 PM
 AVERAGE    72

..........................................................


THE MOBRIDGE SD CLIMATE NORMALS FOR TODAY
                         NORMAL    RECORD    YEAR
 MAXIMUM TEMPERATURE (F)   80        99      1971
 MINIMUM TEMPERATURE (F)   54        39      1974


SUNRISE AND SUNSET
SEPTEMBER  2 2015.....SUNRISE   704 AM CDT   SUNSET   818 PM CDT
SEPTEMBER  3 2015.....SUNRISE   705 AM CDT   SUNSET   816 PM CDT


-  INDICATES NEGATIVE NUMBERS.
R  INDICATES RECORD WAS SET OR TIED.
MM INDICATES DATA IS MISSING.
T  INDICATES TRACE AMOUNT.




$$
