000
CDUS43 KABR 031032
CLIMBG


CLIMATE REPORT
NATIONAL WEATHER SERVICE ABERDEEN SD
531 AM CDT MON AUG 3 2015


...................................

...THE MOBRIDGE SD CLIMATE SUMMARY FOR AUGUST 2 2015...

CLIMATE NORMAL PERIOD 1981 TO 2010
CLIMATE RECORD PERIOD 1911 TO 2015


WEATHER ITEM   OBSERVED TIME   RECORD YEAR NORMAL DEPARTURE LAST
                VALUE   (LST)  VALUE       VALUE  FROM      YEAR
                                                  NORMAL
..................................................................
TEMPERATURE (F)
 YESTERDAY
  MAXIMUM         84    502 PM 109    1938  87     -3       86
  MINIMUM         57   1156 PM  43    1927  60     -3       60
  AVERAGE         71                        73     -2       73

PRECIPITATION (IN)
  YESTERDAY        0.00          1.78 1990   0.07  -0.07      T
  MONTH TO DATE    0.00                      0.14  -0.14     0.08
  SINCE JUN 1      5.83                      6.00  -0.17     8.52
  SINCE JAN 1     16.62                     12.02   4.60    14.64

DEGREE DAYS
 HEATING
  YESTERDAY        0                         0      0        0
  MONTH TO DATE    0                         0      0        0
  SINCE JUN 1     18                        87    -69       98
  SINCE JUL 1      0                        12    -12       23

 COOLING
  YESTERDAY        6                         9     -3        8
  MONTH TO DATE   20                        18      2       17
  SINCE JUN 1    489                       366    123      232
  SINCE JAN 1    505                       382    123      282
..................................................................


WIND (MPH)
  HIGHEST WIND SPEED    22   HIGHEST WIND DIRECTION     N (10)
  HIGHEST GUST SPEED    28   HIGHEST GUST DIRECTION     N (360)
  AVERAGE WIND SPEED    10.7


SKY COVER
  POSSIBLE SUNSHINE  MM
  AVERAGE SKY COVER 0.0


WEATHER CONDITIONS
 THE FOLLOWING WEATHER WAS RECORDED YESTERDAY.
  NO SIGNIFICANT WEATHER WAS OBSERVED.


RELATIVE HUMIDITY (PERCENT)
 HIGHEST    87          1100 PM
 LOWEST     37           300 PM
 AVERAGE    62

..........................................................


THE MOBRIDGE SD CLIMATE NORMALS FOR TODAY
                         NORMAL    RECORD    YEAR
 MAXIMUM TEMPERATURE (F)   87       109      1947
 MINIMUM TEMPERATURE (F)   60        46      1978
                                             1929


SUNRISE AND SUNSET
AUGUST  3 2015........SUNRISE   627 AM CDT   SUNSET   907 PM CDT
AUGUST  4 2015........SUNRISE   629 AM CDT   SUNSET   906 PM CDT


-  INDICATES NEGATIVE NUMBERS.
R  INDICATES RECORD WAS SET OR TIED.
MM INDICATES DATA IS MISSING.
T  INDICATES TRACE AMOUNT.




$$
