000
CDUS43 KABR 012330
CLIMBG


CLIMATE REPORT
NATIONAL WEATHER SERVICE ABERDEEN SD
527 PM CST SUN FEB 1 2015


...................................

...THE MOBRIDGE SD CLIMATE SUMMARY FOR FEBRUARY 1 2015...
VALID TODAY AS OF 0500 PM LOCAL TIME.

CLIMATE NORMAL PERIOD 1981 TO 2010
CLIMATE RECORD PERIOD 1911 TO 2015


WEATHER ITEM   OBSERVED TIME   RECORD YEAR NORMAL DEPARTURE LAST
                VALUE   (LST)  VALUE       VALUE  FROM      YEAR
                                                  NORMAL
..................................................................
TEMPERATURE (F)
 TODAY
  MAXIMUM          7    419 PM  60    1934  28    -21       13
  MINIMUM         -4    830 AM -32    1996   7    -11       -4
  AVERAGE          2                        17    -15        5

PRECIPITATION (IN)
  TODAY            0.03          0.34 1939   0.01   0.02     0.00
  MONTH TO DATE    0.03                      0.01   0.02     0.00
  SINCE DEC 1      0.76                      0.74   0.02     0.94
  SINCE JAN 1      0.34                      0.30   0.04     0.18

SNOWFALL (IN)
  TODAY           MM
  MONTH TO DATE   MM
  SINCE OCT 1     14.6
  SINCE JUL 1     14.6
  SNOW DEPTH       1

DEGREE DAYS
 HEATING
  TODAY           63                        48     15       60
  MONTH TO DATE   63                        48     15       60
  SINCE DEC 1   2671                      3015   -344     3271
  SINCE JUL 1   4496                      4781   -285     5079

 COOLING
  TODAY            0                         0      0        0
  MONTH TO DATE    0                         0      0        0
  SINCE DEC 1      0                         0      0        0
  SINCE JAN 1      0                         0      0        0
..................................................................


WIND (MPH)
  HIGHEST WIND SPEED    22   HIGHEST WIND DIRECTION     N (360)
  HIGHEST GUST SPEED    28   HIGHEST GUST DIRECTION     N (360)
  AVERAGE WIND SPEED    13.8


SKY COVER
  POSSIBLE SUNSHINE  MM
  AVERAGE SKY COVER 0.6


WEATHER CONDITIONS
 THE FOLLOWING WEATHER WAS RECORDED TODAY.
  LIGHT SNOW
  HAZE


RELATIVE HUMIDITY (PERCENT)
 HIGHEST    79           100 AM
 LOWEST     45           400 PM
 AVERAGE    62

..........................................................


THE MOBRIDGE SD CLIMATE NORMALS FOR TOMORROW
                         NORMAL    RECORD    YEAR
 MAXIMUM TEMPERATURE (F)   28        59      1991
 MINIMUM TEMPERATURE (F)    7       -30      1996


SUNRISE AND SUNSET
FEBRUARY  1 2015......SUNRISE   803 AM CST   SUNSET   548 PM CST
FEBRUARY  2 2015......SUNRISE   802 AM CST   SUNSET   549 PM CST


-  INDICATES NEGATIVE NUMBERS.
R  INDICATES RECORD WAS SET OR TIED.
MM INDICATES DATA IS MISSING.
T  INDICATES TRACE AMOUNT.




$$
