663
CDUS43 KABR 282232
CLIMBG


CLIMATE REPORT
NATIONAL WEATHER SERVICE ABERDEEN SD
530 PM CDT WED SEP 28 2016


...................................

...THE MOBRIDGE SD CLIMATE SUMMARY FOR SEPTEMBER 28 2016...
VALID TODAY AS OF 0500 PM LOCAL TIME.

CLIMATE NORMAL PERIOD 1981 TO 2010
CLIMATE RECORD PERIOD 1911 TO 2016


WEATHER ITEM   OBSERVED TIME   RECORD YEAR NORMAL DEPARTURE LAST
                VALUE   (LST)  VALUE       VALUE  FROM      YEAR
                                                  NORMAL
..................................................................
TEMPERATURE (F)
 TODAY
  MAXIMUM         70    344 PM  88    1995  68      2       68
  MINIMUM         40    701 AM  22    1945  42     -2       47
  AVERAGE         55                        55      0       58

PRECIPITATION (IN)
  TODAY            0.00          0.43 1971   0.05  -0.05     0.00
  MONTH TO DATE    0.60                      1.44  -0.84     0.74
  SINCE SEP 1      0.60                      1.44  -0.84     0.74
  SINCE JAN 1     17.57                     15.35   2.22    21.16

DEGREE DAYS
 HEATING
  TODAY           10                        10      0        7
  MONTH TO DATE   93                       165    -72       44
  SINCE SEP 1     93                       165    -72       44
  SINCE JUL 1    107                       198    -91       66

 COOLING
  TODAY            0                         0      0        0
  MONTH TO DATE   66                        60      6      132
  SINCE SEP 1     66                        60      6      132
  SINCE JAN 1    944                       641    303      844
..................................................................


WIND (MPH)
  HIGHEST WIND SPEED    13   HIGHEST WIND DIRECTION     E (100)
  HIGHEST GUST SPEED    16   HIGHEST GUST DIRECTION     E (90)
  AVERAGE WIND SPEED     5.9


SKY COVER
  POSSIBLE SUNSHINE  MM
  AVERAGE SKY COVER 0.0


WEATHER CONDITIONS
 THE FOLLOWING WEATHER WAS RECORDED TODAY.
  HAZE


RELATIVE HUMIDITY (PERCENT)
 HIGHEST    85           700 AM
 LOWEST     33           200 PM
 AVERAGE    59

..........................................................


THE MOBRIDGE SD CLIMATE NORMALS FOR TOMORROW
                         NORMAL    RECORD    YEAR
 MAXIMUM TEMPERATURE (F)   68        91      1931
 MINIMUM TEMPERATURE (F)   41        20      1939


SUNRISE AND SUNSET
SEPTEMBER 28 2016.....SUNRISE   737 AM CDT   SUNSET   727 PM CDT
SEPTEMBER 29 2016.....SUNRISE   738 AM CDT   SUNSET   725 PM CDT


-  INDICATES NEGATIVE NUMBERS.
R  INDICATES RECORD WAS SET OR TIED.
MM INDICATES DATA IS MISSING.
T  INDICATES TRACE AMOUNT.




$$
