000
CDUS43 KABR 220915
CLIMBG


CLIMATE REPORT
NATIONAL WEATHER SERVICE ABERDEEN SD
415 AM CDT FRI AUG 22 2014


...................................

...THE MOBRIDGE SD CLIMATE SUMMARY FOR AUGUST 21 2014...

CLIMATE NORMAL PERIOD 1981 TO 2010
CLIMATE RECORD PERIOD 1911 TO 2014


WEATHER ITEM   OBSERVED TIME   RECORD YEAR NORMAL DEPARTURE LAST
                VALUE   (LST)  VALUE       VALUE  FROM      YEAR
                                                  NORMAL
..................................................................
TEMPERATURE (F)
 YESTERDAY
  MAXIMUM         83    446 PM 105    1947  84     -1       88
  MINIMUM         63    346 AM  44    1920  57      6       62
  AVERAGE         73                        71      2       75

PRECIPITATION (IN)
  YESTERDAY        0.00          1.90 1930   0.06  -0.06     0.00
  MONTH TO DATE    2.30                      1.44   0.86     1.51
  SINCE JUN 1     10.74                      7.30   3.44     5.39
  SINCE JAN 1     16.86                     13.32   3.54    13.07

DEGREE DAYS
 HEATING
  YESTERDAY        0                         1     -1        0
  MONTH TO DATE    2                         4     -2        2
  SINCE JUN 1    100                        91      9       81
  SINCE JUL 1     25                        16      9       13

 COOLING
  YESTERDAY        8                         6      2       10
  MONTH TO DATE  126                       165    -39       97
  SINCE JUN 1    341                       513   -172      423
  SINCE JAN 1    391                       529   -138      438
..................................................................


WIND (MPH)
  HIGHEST WIND SPEED    16   HIGHEST WIND DIRECTION     N (350)
  HIGHEST GUST SPEED    21   HIGHEST GUST DIRECTION    NW (320)
  AVERAGE WIND SPEED     9.7


SKY COVER
  POSSIBLE SUNSHINE  MM
  AVERAGE SKY COVER 0.2


WEATHER CONDITIONS
 THE FOLLOWING WEATHER WAS RECORDED YESTERDAY.
  FOG


RELATIVE HUMIDITY (PERCENT)
 HIGHEST   100          1200 AM
 LOWEST     51           500 PM
 AVERAGE    76

..........................................................


THE MOBRIDGE SD CLIMATE NORMALS FOR TODAY
                         NORMAL    RECORD    YEAR
 MAXIMUM TEMPERATURE (F)   84       106      1960
 MINIMUM TEMPERATURE (F)   57        41      1945


SUNRISE AND SUNSET
AUGUST 22 2014........SUNRISE   651 AM CDT   SUNSET   837 PM CDT
AUGUST 23 2014........SUNRISE   652 AM CDT   SUNSET   836 PM CDT


-  INDICATES NEGATIVE NUMBERS.
R  INDICATES RECORD WAS SET OR TIED.
MM INDICATES DATA IS MISSING.
T  INDICATES TRACE AMOUNT.




$$
