333
CDUS43 KABR 161004
CLIMBG


CLIMATE REPORT
NATIONAL WEATHER SERVICE ABERDEEN SD
404 AM CST MON JAN 16 2017


...................................

...THE MOBRIDGE SD CLIMATE SUMMARY FOR JANUARY 15 2017...

CLIMATE NORMAL PERIOD 1981 TO 2010
CLIMATE RECORD PERIOD 1911 TO 2017


WEATHER ITEM   OBSERVED TIME   RECORD YEAR NORMAL DEPARTURE LAST
                VALUE   (LST)  VALUE       VALUE  FROM      YEAR
                                                  NORMAL
..................................................................
TEMPERATURE (F)
 YESTERDAY
  MAXIMUM         12    258 PM  53    2014  26    -14       24
  MINIMUM         -4    917 AM -33    2009   6    -10       14
  AVERAGE          4                        16    -12       19

PRECIPITATION (IN)
  YESTERDAY        0.00          0.60 1915   0.00   0.00      T
  MONTH TO DATE    0.42                      0.16   0.26     0.04
  SINCE DEC 1      2.72                      0.60   2.12     0.37
  SINCE JAN 1      0.42                      0.16   0.26     0.04

SNOWFALL (IN)
  YESTERDAY        0.0
  MONTH TO DATE    7.7
  SINCE OCT 1     36.1
  SINCE JUL 1     36.1
  SNOW DEPTH      15

DEGREE DAYS
 HEATING
  YESTERDAY       61                        49     12       46
  MONTH TO DATE  960                       735    225      710
  SINCE DEC 1   2549                      2185    364     1945
  SINCE JUL 1   3700                      3951   -251     3239

 COOLING
  YESTERDAY        0                         0      0        0
  MONTH TO DATE    0                         0      0        0
  SINCE DEC 1      0                         0      0        0
  SINCE JAN 1      0                         0      0        0
..................................................................


WIND (MPH)
  HIGHEST WIND SPEED    15   HIGHEST WIND DIRECTION     S (160)
  HIGHEST GUST SPEED    16   HIGHEST GUST DIRECTION     S (160)
  AVERAGE WIND SPEED     7.0


SKY COVER
  POSSIBLE SUNSHINE  MM
  AVERAGE SKY COVER 0.0


WEATHER CONDITIONS
 THE FOLLOWING WEATHER WAS RECORDED YESTERDAY.
  NO SIGNIFICANT WEATHER WAS OBSERVED.


RELATIVE HUMIDITY (PERCENT)
 HIGHEST    79           900 PM
 LOWEST     67           300 PM
 AVERAGE    73

..........................................................


THE MOBRIDGE SD CLIMATE NORMALS FOR TODAY
                         NORMAL    RECORD    YEAR
 MAXIMUM TEMPERATURE (F)   26        53      1974
 MINIMUM TEMPERATURE (F)    6       -29      1943


SUNRISE AND SUNSET
JANUARY 16 2017.......SUNRISE   817 AM CST   SUNSET   526 PM CST
JANUARY 17 2017.......SUNRISE   817 AM CST   SUNSET   528 PM CST


-  INDICATES NEGATIVE NUMBERS.
R  INDICATES RECORD WAS SET OR TIED.
MM INDICATES DATA IS MISSING.
T  INDICATES TRACE AMOUNT.




$$
