564
CDUS43 KABR 202334
CLIMBG


CLIMATE REPORT
NATIONAL WEATHER SERVICE ABERDEEN SD
533 PM CST SAT JAN 20 2018


...................................

...THE MOBRIDGE SD CLIMATE SUMMARY FOR JANUARY 20 2018...
VALID TODAY AS OF 0500 PM LOCAL TIME.

CLIMATE NORMAL PERIOD 1981 TO 2010
CLIMATE RECORD PERIOD 1911 TO 2018


WEATHER ITEM   OBSERVED TIME   RECORD YEAR NORMAL DEPARTURE LAST
                VALUE   (LST)  VALUE       VALUE  FROM      YEAR
                                                  NORMAL
..................................................................
TEMPERATURE (F)
 TODAY
  MAXIMUM         47    207 PM  64    1964  26     21       32
  MINIMUM         31    508 AM -30    1954   6     25       23
  AVERAGE         39                        16     23       28

PRECIPITATION (IN)
  TODAY            0.00          0.40 1927   0.01  -0.01     0.00
  MONTH TO DATE    0.05                      0.19  -0.14     0.42
  SINCE DEC 1      0.59                      0.63  -0.04     2.72
  SINCE JAN 1      0.05                      0.19  -0.14     0.42

SNOWFALL (IN)
  TODAY            0.0
  MONTH TO DATE    1.5
  SINCE OCT 1     10.1
  SINCE JUL 1     10.1
  SNOW DEPTH       0

DEGREE DAYS
 HEATING
  TODAY           26                        49    -23       37
  MONTH TO DATE 1027                       980     47     1196
  SINCE DEC 1   2356                      2430    -74     2785
  SINCE JUL 1   3857                      4196   -339     3936

 COOLING
  TODAY            0                         0      0        0
  MONTH TO DATE    0                         0      0        0
  SINCE DEC 1      0                         0      0        0
  SINCE JAN 1      0                         0      0        0
..................................................................


WIND (MPH)
  HIGHEST WIND SPEED    12   HIGHEST WIND DIRECTION    NW (330)
  HIGHEST GUST SPEED    14   HIGHEST GUST DIRECTION    NW (320)
  AVERAGE WIND SPEED     2.9


SKY COVER
  POSSIBLE SUNSHINE  MM
  AVERAGE SKY COVER 0.7


WEATHER CONDITIONS
 THE FOLLOWING WEATHER WAS RECORDED TODAY.
  NO SIGNIFICANT WEATHER WAS OBSERVED.


RELATIVE HUMIDITY (PERCENT)
 HIGHEST    89           100 AM
 LOWEST     53           400 PM
 AVERAGE    71

..........................................................


THE MOBRIDGE SD CLIMATE NORMALS FOR TOMORROW
                         NORMAL    RECORD    YEAR
 MAXIMUM TEMPERATURE (F)   26        59      1942
 MINIMUM TEMPERATURE (F)    6       -33      1949


SUNRISE AND SUNSET
JANUARY 20 2018.......SUNRISE   815 AM CST   SUNSET   531 PM CST
JANUARY 21 2018.......SUNRISE   814 AM CST   SUNSET   533 PM CST


-  INDICATES NEGATIVE NUMBERS.
R  INDICATES RECORD WAS SET OR TIED.
MM INDICATES DATA IS MISSING.
T  INDICATES TRACE AMOUNT.




$$
