000
CDUS43 KDTX 070535
CLIMBS


CLIMATE REPORT
NATIONAL WEATHER SERVICE DETROIT/PONTIAC MI
1235 AM EST SUN FEB 7 2016


...................................

...THE TRI CITIES MI CLIMATE SUMMARY FOR FEBRUARY 6 2016...

CLIMATE NORMAL PERIOD 1981 TO 2010
CLIMATE RECORD PERIOD 1898 TO 2016


WEATHER ITEM   OBSERVED TIME   NORMAL DEPARTURE LAST
                VALUE   (LST)  VALUE  FROM      YEAR
                                      NORMAL
......................................................
TEMPERATURE (F)
 YESTERDAY
  MAXIMUM         37    252 PM  30      7       29
  MINIMUM         24    526 AM  16      8       13
  AVERAGE         31            23      8

PRECIPITATION (IN)
  YESTERDAY        0.00          0.04  -0.04
  MONTH TO DATE    0.60          0.26   0.34
  SINCE DEC 1      5.74          3.83   1.91
  SINCE JAN 1      2.64          1.97   0.67

SNOWFALL (IN)
  YESTERDAY        0.0
  MONTH TO DATE    0.3
  SINCE DEC 1     12.6
  SINCE JUL 1     16.1
  SNOW DEPTH       T

DEGREE DAYS
 HEATING
  YESTERDAY       34                   -8
  MONTH TO DATE  192                  -64
  SINCE DEC 1   2166                 -582
  SINCE JUL 1   3177                -1044

 COOLING
  YESTERDAY        0                    0
  MONTH TO DATE    0                    0
  SINCE DEC 1      0                    0
  SINCE JAN 1      0                    0
......................................................


WIND (MPH)
  HIGHEST WIND SPEED    23   HIGHEST WIND DIRECTION    SW (230)
  HIGHEST GUST SPEED    29   HIGHEST GUST DIRECTION    SW (220)
  AVERAGE WIND SPEED    11.9



WEATHER CONDITIONS
 THE FOLLOWING WEATHER WAS RECORDED YESTERDAY.
  HAZE


RELATIVE HUMIDITY (PERCENT)
 HIGHEST    75
 LOWEST     59
 AVERAGE    67

..........................................................


THE TRI CITIES MI CLIMATE NORMALS FOR TODAY
                         NORMAL
 MAXIMUM TEMPERATURE (F)   30
 MINIMUM TEMPERATURE (F)   16


SUNRISE AND SUNSET
FEBRUARY  7 2016......SUNRISE   746 AM EST   SUNSET   555 PM EST
FEBRUARY  8 2016......SUNRISE   745 AM EST   SUNSET   557 PM EST


-  INDICATES NEGATIVE NUMBERS.
R  INDICATES RECORD WAS SET OR TIED.
MM INDICATES DATA IS MISSING.
T  INDICATES TRACE AMOUNT.




$$
