000
CDUS43 KDTX 010538
CLIMBS


CLIMATE REPORT
NATIONAL WEATHER SERVICE DETROIT/PONTIAC MI
138 AM EDT TUE SEP 1 2015


...................................

...THE TRI CITIES MI CLIMATE SUMMARY FOR AUGUST 31 2015...

CLIMATE NORMAL PERIOD 1981 TO 2010
CLIMATE RECORD PERIOD 1898 TO 2015


WEATHER ITEM   OBSERVED TIME   NORMAL DEPARTURE LAST
                VALUE   (LST)  VALUE  FROM      YEAR
                                      NORMAL
......................................................
TEMPERATURE (F)
 YESTERDAY
  MAXIMUM         79    421 PM  77      2       82
  MINIMUM         63    646 AM  56      7       66
  AVERAGE         71            66      5

PRECIPITATION (IN)
  YESTERDAY        0.00          0.12  -0.12
  MONTH TO DATE    5.50          3.31   2.19
  SINCE JUN 1     11.96          8.87   3.09
  SINCE JAN 1     20.60         20.52   0.08

SNOWFALL (IN)
  YESTERDAY        0.0
  MONTH TO DATE    0.0
  SINCE JUN 1      0.0
  SINCE JUL 1      0.0
  SNOW DEPTH       0

DEGREE DAYS
 HEATING
  YESTERDAY        0                   -2
  MONTH TO DATE    9                  -22
  SINCE JUN 1     58                  -41
  SINCE JUL 1     18                  -22

 COOLING
  YESTERDAY        6                    3
  MONTH TO DATE  179                   33
  SINCE JUN 1    523                   55
  SINCE JAN 1    587                   83
......................................................


WIND (MPH)
  HIGHEST WIND SPEED    13   HIGHEST WIND DIRECTION    SW (230)
  HIGHEST GUST SPEED    16   HIGHEST GUST DIRECTION    SW (220)
  AVERAGE WIND SPEED     6.7



WEATHER CONDITIONS
 THE FOLLOWING WEATHER WAS RECORDED YESTERDAY.
  FOG
  FOG W/VISIBILITY <= 1/4 MILE
  HAZE


RELATIVE HUMIDITY (PERCENT)
 HIGHEST    93
 LOWEST     64
 AVERAGE    79

..........................................................


THE TRI CITIES MI CLIMATE NORMALS FOR TODAY
                         NORMAL
 MAXIMUM TEMPERATURE (F)   77
 MINIMUM TEMPERATURE (F)   56


SUNRISE AND SUNSET
SEPTEMBER  1 2015.....SUNRISE   700 AM EDT   SUNSET   812 PM EDT
SEPTEMBER  2 2015.....SUNRISE   701 AM EDT   SUNSET   810 PM EDT


-  INDICATES NEGATIVE NUMBERS.
R  INDICATES RECORD WAS SET OR TIED.
MM INDICATES DATA IS MISSING.
T  INDICATES TRACE AMOUNT.




$$
