000
CDUS43 KDTX 300535
CLIMBS


CLIMATE REPORT
NATIONAL WEATHER SERVICE DETROIT/PONTIAC MI
135 AM EDT SAT MAY 30 2015


...................................

...THE TRI CITIES MI CLIMATE SUMMARY FOR MAY 29 2015...

CLIMATE NORMAL PERIOD 1981 TO 2010
CLIMATE RECORD PERIOD 1898 TO 2015


WEATHER ITEM   OBSERVED TIME   NORMAL DEPARTURE LAST
                VALUE   (LST)  VALUE  FROM      YEAR
                                      NORMAL
......................................................
TEMPERATURE (F)
 YESTERDAY
  MAXIMUM         87    306 PM  72     15       73
  MINIMUM         61    311 AM  51     10       48
  AVERAGE         74            62     12

PRECIPITATION (IN)
  YESTERDAY        0.70          0.10   0.60
  MONTH TO DATE    2.73          3.17  -0.44
  SINCE MAR 1      5.92          8.12  -2.20
  SINCE JAN 1      8.03         11.44  -3.41

SNOWFALL (IN)
  YESTERDAY        0.0
  MONTH TO DATE    0.0
  SINCE MAR 1      6.1
  SINCE JUL 1     38.0
  SNOW DEPTH       0

DEGREE DAYS
 HEATING
  YESTERDAY        0                   -5
  MONTH TO DATE  143                 -120
  SINCE MAR 1   1683                 -121
  SINCE JUL 1   7044                  141

 COOLING
  YESTERDAY        9                    7
  MONTH TO DATE   64                   37
  SINCE MAR 1     64                   33
  SINCE JAN 1     64                   33
......................................................


WIND (MPH)
  HIGHEST WIND SPEED    24   HIGHEST WIND DIRECTION     W (280)
  HIGHEST GUST SPEED    29   HIGHEST GUST DIRECTION     W (280)
  AVERAGE WIND SPEED     9.3



WEATHER CONDITIONS
 THE FOLLOWING WEATHER WAS RECORDED YESTERDAY.
  THUNDERSTORM
  HEAVY RAIN
  RAIN
  LIGHT RAIN
  FOG


RELATIVE HUMIDITY (PERCENT)
 HIGHEST    90
 LOWEST     48
 AVERAGE    69

..........................................................


THE TRI CITIES MI CLIMATE NORMALS FOR TODAY
                         NORMAL
 MAXIMUM TEMPERATURE (F)   73
 MINIMUM TEMPERATURE (F)   52


SUNRISE AND SUNSET
MAY 30 2015...........SUNRISE   559 AM EDT   SUNSET   909 PM EDT
MAY 31 2015...........SUNRISE   559 AM EDT   SUNSET   910 PM EDT


-  INDICATES NEGATIVE NUMBERS.
R  INDICATES RECORD WAS SET OR TIED.
MM INDICATES DATA IS MISSING.
T  INDICATES TRACE AMOUNT.




$$
