000
CDUS43 KDTX 240536
CLIMBS


CLIMATE REPORT
NATIONAL WEATHER SERVICE DETROIT/PONTIAC MI
136 AM EDT THU APR 24 2014


...................................

...THE  TRI CITIES MI CLIMATE SUMMARY FOR APRIL 23 2014...

CLIMATE NORMAL PERIOD 1981 TO 2010
CLIMATE RECORD PERIOD 1898 TO 2014


WEATHER ITEM   OBSERVED TIME   NORMAL DEPARTURE
                VALUE   (LST)  VALUE  FROM
                                      NORMAL
...................................................
TEMPERATURE (F)
 YESTERDAY
  MAXIMUM         57    427 PM  60     -3
  MINIMUM         33    610 AM  39     -6
  AVERAGE         45            49     -4

PRECIPITATION (IN)
  YESTERDAY        0.00          0.10  -0.10
  MONTH TO DATE    2.76          2.19   0.57
  SINCE MAR 1      3.79          4.25  -0.46
  SINCE JAN 1      7.57          7.57   0.00

SNOWFALL (IN)
  YESTERDAY        0.0
  MONTH TO DATE    1.4
  SINCE MAR 1      7.2
  SINCE JUL 1     60.3
  SNOW DEPTH       0

DEGREE DAYS
 HEATING
  YESTERDAY       20                    4
  MONTH TO DATE  441                  -29
  SINCE MAR 1   1664                  225
  SINCE JUL 1   7256                  718

 COOLING
  YESTERDAY        0                    0
  MONTH TO DATE    3                    3
  SINCE MAR 1      3                    3
  SINCE JAN 1      3                    3
...................................................


WIND (MPH)
  HIGHEST WIND SPEED    16   HIGHEST WIND DIRECTION     N (360)
  HIGHEST GUST SPEED    20   HIGHEST GUST DIRECTION     N (340)
  AVERAGE WIND SPEED     9.3




RELATIVE HUMIDITY (PERCENT)
 HIGHEST    82
 LOWEST     18
 AVERAGE    50

..........................................................


THE  TRI CITIES MI CLIMATE NORMALS FOR TODAY
                         NORMAL
 MAXIMUM TEMPERATURE (F)   60
 MINIMUM TEMPERATURE (F)   39


SUNRISE AND SUNSET
APRIL 24 2014.........SUNRISE   639 AM EDT   SUNSET   830 PM EDT
APRIL 25 2014.........SUNRISE   638 AM EDT   SUNSET   831 PM EDT


-  INDICATES NEGATIVE NUMBERS.
R  INDICATES RECORD WAS SET OR TIED.
MM INDICATES DATA IS MISSING.
T  INDICATES TRACE AMOUNT.




$$
