000
CDUS43 KDTX 072030
CLIMBS


CLIMATE REPORT
NATIONAL WEATHER SERVICE DETROIT/PONTIAC MI
429 PM EDT TUE JUL 7 2015


...................................

...THE TRI CITIES MI CLIMATE SUMMARY FOR JULY 7 2015...
VALID TODAY AS OF 0400 PM LOCAL TIME.

CLIMATE NORMAL PERIOD 1981 TO 2010
CLIMATE RECORD PERIOD 1898 TO 2015


WEATHER ITEM   OBSERVED TIME   NORMAL DEPARTURE LAST
                VALUE   (LST)  VALUE  FROM      YEAR
                                      NORMAL
......................................................
TEMPERATURE (F)
 TODAY
  MAXIMUM         76    230 AM  82     -6       85
  MINIMUM         62   1019 AM  60      2       69
  AVERAGE         69            71     -2       77

PRECIPITATION (IN)
  TODAY            0.27          0.07   0.20     0.63
  MONTH TO DATE    0.27          0.60  -0.33     1.63
  SINCE JUN 1      4.35          3.58   0.77     4.00
  SINCE JAN 1     12.99         15.23  -2.24    15.59

SNOWFALL (IN)
  TODAY            0.0           0.0    0.0      0.0
  MONTH TO DATE    0.0           0.0    0.0      0.0
  SINCE JUN 1      0.0           0.0    0.0      0.0
  SINCE JUL 1      0.0           0.0    0.0      0.0
  SNOW DEPTH       0

DEGREE DAYS
 HEATING
  TODAY            0             0      0        0
  MONTH TO DATE    3             2      1        3
  SINCE JUN 1     43            61    -18       17
  SINCE JUL 1      3             2      1        3

 COOLING
  TODAY            4             7     -3       12
  MONTH TO DATE   26            43    -17       35
  SINCE JUN 1    144           167    -23      196
  SINCE JAN 1    208           203      5      240
......................................................


WIND (MPH)
  HIGHEST WIND SPEED    21   HIGHEST WIND DIRECTION    NW (330)
  HIGHEST GUST SPEED    25   HIGHEST GUST DIRECTION    NW (320)
  AVERAGE WIND SPEED    10.9


SKY COVER
  AVERAGE SKY COVER 0.7


WEATHER CONDITIONS
 THE FOLLOWING WEATHER WAS RECORDED TODAY.
  HEAVY RAIN
  RAIN
  LIGHT RAIN
  FOG
  HAZE


..........................................................


THE TRI CITIES MI CLIMATE NORMALS FOR TOMORROW
                         NORMAL
 MAXIMUM TEMPERATURE (F)   82
 MINIMUM TEMPERATURE (F)   60


SUNRISE AND SUNSET
JULY  7 2015..........SUNRISE   603 AM EDT   SUNSET   920 PM EDT
JULY  8 2015..........SUNRISE   603 AM EDT   SUNSET   919 PM EDT


-  INDICATES NEGATIVE NUMBERS.
R  INDICATES RECORD WAS SET OR TIED.
MM INDICATES DATA IS MISSING.
T  INDICATES TRACE AMOUNT.




$$
