000
CDUS43 KDTX 190536
CLIMBS


CLIMATE REPORT
NATIONAL WEATHER SERVICE DETROIT/PONTIAC MI
1236 AM EST THU JAN 19 2017


...................................

...THE TRI CITIES MI CLIMATE SUMMARY FOR JANUARY 18 2017...

CLIMATE NORMAL PERIOD 1981 TO 2010
CLIMATE RECORD PERIOD 1898 TO 2017


WEATHER ITEM   OBSERVED TIME   NORMAL DEPARTURE LAST
                VALUE   (LST)  VALUE  FROM      YEAR
                                      NORMAL
......................................................
TEMPERATURE (F)
 YESTERDAY
  MAXIMUM         38    337 PM  29      9       19
  MINIMUM         34   1159 PM  15     19        9
  AVERAGE         36            22     14

PRECIPITATION (IN)
  YESTERDAY        0.00          0.05  -0.05
  MONTH TO DATE    1.94          1.09   0.85
  SINCE DEC 1      3.31          2.95   0.36
  SINCE JAN 1      1.94          1.09   0.85

SNOWFALL (IN)
  YESTERDAY        0.0
  MONTH TO DATE    7.4
  SINCE DEC 1     24.0
  SINCE JUL 1     25.6
  SNOW DEPTH       0

DEGREE DAYS
 HEATING
  YESTERDAY       29                  -14
  MONTH TO DATE  717                  -48
  SINCE DEC 1   1884                  -48
  SINCE JUL 1   2872                 -533

 COOLING
  YESTERDAY        0                    0
  MONTH TO DATE    0                    0
  SINCE DEC 1      0                    0
  SINCE JAN 1      0                    0
......................................................


WIND (MPH)
  HIGHEST WIND SPEED    21   HIGHEST WIND DIRECTION    SW (240)
  HIGHEST GUST SPEED    26   HIGHEST GUST DIRECTION    SW (240)
  AVERAGE WIND SPEED    11.4



WEATHER CONDITIONS
 THE FOLLOWING WEATHER WAS RECORDED YESTERDAY.
  FOG
  FOG W/VISIBILITY <= 1/4 MILE


RELATIVE HUMIDITY (PERCENT)
 HIGHEST   100
 LOWEST     92
 AVERAGE    96

..........................................................


THE TRI CITIES MI CLIMATE NORMALS FOR TODAY
                         NORMAL
 MAXIMUM TEMPERATURE (F)   29
 MINIMUM TEMPERATURE (F)   15


SUNRISE AND SUNSET
JANUARY 19 2017.......SUNRISE   804 AM EST   SUNSET   531 PM EST
JANUARY 20 2017.......SUNRISE   803 AM EST   SUNSET   532 PM EST


-  INDICATES NEGATIVE NUMBERS.
R  INDICATES RECORD WAS SET OR TIED.
MM INDICATES DATA IS MISSING.
T  INDICATES TRACE AMOUNT.




$$
