000
CDUS46 KHNX 010026
CLIMCE


CLIMATE REPORT
NATIONAL WEATHER SERVICE SAN JOAQUIN VALLEY, CA
525 PM PDT TUE MAY 31 2016


...................................

...THE MERCED  CA CLIMATE SUMMARY FOR MAY 31 2016...
VALID AS OF 0400 PM LOCAL TIME.

CLIMATE NORMAL PERIOD 1981 TO 2010
CLIMATE RECORD PERIOD 1998 TO 2016


WEATHER ITEM   OBSERVED TIME   RECORD YEAR NORMAL DEPARTURE LAST
                VALUE   (LST)  VALUE       VALUE  FROM      YEAR
                                                  NORMAL
..................................................................
TEMPERATURE (F)
 TODAY
  MAXIMUM         98    330 PM 105    2001  86     12       90
  MINIMUM         58    426 AM  48    2011  55      3       59
  AVERAGE         78                        70      8       75

PRECIPITATION (IN)
  TODAY            0.00          0.01 2002   0.01  -0.01     0.00
  MONTH TO DATE    0.11                      0.58  -0.47     0.74
  SINCE OCT 1     14.66                     12.06   2.60     7.84
  SINCE JAN 1     10.94                      8.55   2.39     3.09

SNOWFALL (IN)
  TODAY            0.0
  MONTH TO DATE    0.0
  SINCE MAR 1      0.0
  SINCE JUL 1      0.0
  SNOW DEPTH       0

DEGREE DAYS
 HEATING
  TODAY            0                                         0
  MONTH TO DATE   30                                        50
  SINCE MAR 1    369                                       309
  SINCE JUL 1   2266                                      1773

 COOLING
  TODAY           13                                        10
  MONTH TO DATE  140                                        78
  SINCE MAR 1    169                                       122
  SINCE JAN 1    169                                       122
..................................................................


WIND (MPH)
  HIGHEST WIND SPEED    15   HIGHEST WIND DIRECTION    NW (310)
  HIGHEST GUST SPEED    18   HIGHEST GUST DIRECTION    NW (330)
  AVERAGE WIND SPEED     5.0




RELATIVE HUMIDITY (PERCENT)
 HIGHEST    72
 LOWEST     24
 AVERAGE    48

..........................................................


THE MERCED  CA CLIMATE NORMALS FOR TOMORROW
                         NORMAL    RECORD    YEAR
 MAXIMUM TEMPERATURE (F)   86       102      2012
 MINIMUM TEMPERATURE (F)   55        49      2000


SUNRISE AND SUNSET
MAY 31 2016...........SUNRISE   544 AM PDT   SUNSET   817 PM PDT
JUNE  1 2016..........SUNRISE   543 AM PDT   SUNSET   818 PM PDT


-  INDICATES NEGATIVE NUMBERS.
R  INDICATES RECORD WAS SET OR TIED.
MM INDICATES DATA IS MISSING.
T  INDICATES TRACE AMOUNT.




$$
