000
CDUS46 KHNX 020822
CLIMCE


CLIMATE REPORT
NATIONAL WEATHER SERVICE SAN JOAQUIN VALLEY, CA
121 AM PDT TUE JUN 2 2015


...................................

...THE MERCED  CA CLIMATE SUMMARY FOR JUNE 1 2015...

CLIMATE NORMAL PERIOD 1981 TO 2010
CLIMATE RECORD PERIOD 1998 TO 2015


WEATHER ITEM   OBSERVED TIME   RECORD YEAR NORMAL DEPARTURE
                VALUE   (LST)  VALUE       VALUE  FROM
                                                  NORMAL
...............................................................
TEMPERATURE (F)
 YESTERDAY
  MAXIMUM         84    408 PM 102    2012  86     -2
  MINIMUM         53    510 AM  49    2000  55     -2
  AVERAGE         69                        70     -1

PRECIPITATION (IN)
  YESTERDAY        0.00          T    2002   0.02  -0.02
  MONTH TO DATE    0.00                      0.02  -0.02
  SINCE OCT 1      7.84                     12.08  -4.24
  SINCE JAN 1      3.09                      8.57  -5.48

SNOWFALL (IN)
  YESTERDAY        0.0
  MONTH TO DATE    0.0
  SINCE JUN 1      0.0
  SINCE JUL 1      0.0
  SNOW DEPTH       0

DEGREE DAYS
 HEATING
  YESTERDAY        0
  MONTH TO DATE    0
  SINCE JUN 1      0
  SINCE JUL 1   1773

 COOLING
  YESTERDAY        4
  MONTH TO DATE    4
  SINCE JUN 1      4
  SINCE JAN 1    126
...............................................................


WIND (MPH)
  HIGHEST WIND SPEED    23   HIGHEST WIND DIRECTION    NW (330)
  HIGHEST GUST SPEED    28   HIGHEST GUST DIRECTION    NW (330)
  AVERAGE WIND SPEED    10.2




RELATIVE HUMIDITY (PERCENT)
 HIGHEST    83
 LOWEST     33
 AVERAGE    58

..........................................................


THE MERCED  CA CLIMATE NORMALS FOR TODAY
                         NORMAL    RECORD    YEAR
 MAXIMUM TEMPERATURE (F)   86        99      2013
                                             2003
 MINIMUM TEMPERATURE (F)   55        46      2011


SUNRISE AND SUNSET
JUNE  2 2015..........SUNRISE   543 AM PDT   SUNSET   818 PM PDT
JUNE  3 2015..........SUNRISE   543 AM PDT   SUNSET   818 PM PDT


-  INDICATES NEGATIVE NUMBERS.
R  INDICATES RECORD WAS SET OR TIED.
MM INDICATES DATA IS MISSING.
T  INDICATES TRACE AMOUNT.




$$
