000
CDUS46 KHNX 280821
CLIMCE


CLIMATE REPORT
NATIONAL WEATHER SERVICE SAN JOAQUIN VALLEY, CA
120 AM PDT SAT MAR 28 2015


...................................

...THE MERCED  CA CLIMATE SUMMARY FOR MARCH 27 2015...

CLIMATE NORMAL PERIOD 1981 TO 2010
CLIMATE RECORD PERIOD 1998 TO 2015


WEATHER ITEM   OBSERVED TIME   RECORD YEAR NORMAL DEPARTURE
                VALUE   (LST)  VALUE       VALUE  FROM
                                                  NORMAL
...............................................................
TEMPERATURE (F)
 YESTERDAY
  MAXIMUM         88R   404 PM  76    2013  67     21
                                      2009
  MINIMUM         47    608 AM  34    2010  43      4
  AVERAGE         68                        55     13

PRECIPITATION (IN)
  YESTERDAY        0.00          0.41 2006   0.06  -0.06
  MONTH TO DATE    0.19                      1.86  -1.67
  SINCE OCT 1      6.01                     10.32  -4.31
  SINCE JAN 1      1.26                      6.81  -5.55

SNOWFALL (IN)
  YESTERDAY       MM
  MONTH TO DATE    0.0
  SINCE MAR 1      0.0
  SINCE JUL 1      0.0
  SNOW DEPTH       0

DEGREE DAYS
 HEATING
  YESTERDAY        0
  MONTH TO DATE  125
  SINCE MAR 1    125
  SINCE JUL 1   1589

 COOLING
  YESTERDAY        3
  MONTH TO DATE   11
  SINCE MAR 1     11
  SINCE JAN 1     11
...............................................................


WIND (MPH)
  HIGHEST WIND SPEED    18   HIGHEST WIND DIRECTION     N (340)
  HIGHEST GUST SPEED    25   HIGHEST GUST DIRECTION     N (10)
  AVERAGE WIND SPEED     6.6




RELATIVE HUMIDITY (PERCENT)
 HIGHEST    93
 LOWEST     23
 AVERAGE    58

..........................................................


THE MERCED  CA CLIMATE NORMALS FOR TODAY
                         NORMAL    RECORD    YEAR
 MAXIMUM TEMPERATURE (F)   67        80      2009
 MINIMUM TEMPERATURE (F)   43        33      1999


SUNRISE AND SUNSET
MARCH 28 2015.........SUNRISE   654 AM PDT   SUNSET   721 PM PDT
MARCH 29 2015.........SUNRISE   653 AM PDT   SUNSET   722 PM PDT


-  INDICATES NEGATIVE NUMBERS.
R  INDICATES RECORD WAS SET OR TIED.
MM INDICATES DATA IS MISSING.
T  INDICATES TRACE AMOUNT.




$$
