000
CDAK49 PAMC 170908
CLIMCG

CLIMATE REPORT
NATIONAL WEATHER SERVICE MCGRATH, AK
1208 AM AKST WED DEC 17 2014

...................................
...THE MCGRATH AIRPORT CLIMATE SUMMARY FOR DECEMBER 16 2014...

CLIMATE NORMAL PERIOD  1981 TO  2010
CLIMATE RECORD PERIOD  1940 TO  2014

WEATHER ITEM   OBSERVED TIME    RECORD YEAR NORMAL DEPARTURE LAST
               VALUE    (LST)   VALUE       VALUE  FROM      YEAR
                                                   NORMAL
...................................................................
TEMPERATURE
YESTERDAY
 MAXIMUM            20  0720 PM    41  1944      6      14    -23
 MINIMUM             7  1252 AM   -49  2012    -12      19    -31
 AVERAGE            14                          -3      17    -27

PRECIPITATION
(INCHES)
 YESTERDAY        0.04           0.36  1975   0.04    0.00   0.00
 MONTH TO DATE    0.50                        0.64   -0.14   0.12
 SINCE DEC 1      0.50                        0.64   -0.14   0.12
 SINCE JAN 1     10.91                       17.35   -6.44  19.56

SNOWFALL
(INCHES)
 YESTERDAY         0.5            5.7  1975    0.7    -0.2    0.0
 MONTH TO DATE     6.6                        10.4    -3.8    0.4
 SINCE DEC 1       6.6                        10.4    -3.8    0.4
 SINCE JUL 1      16.3                        41.4   -25.1   13.3
 SNOW DEPTH (IN)     8                                          3

DEGREE DAYS
 HEATING
  YESTERDAY         51                          68     -17     92
  MONTH TO DATE    899                        1066    -167    951
  SINCE DEC 1      898                        1066    -168    948
  SINCE JUL 1     4543                        5198    -655   4405

 COOLING
  YESTERDAY          0                           0       0      0
  MONTH TO DATE      0                           0       0      0
  SINCE DEC 1        0                           0       0      0
  SINCE JAN 1       11                          16      -5     78
...................................................................

WIND (MPH)
 HIGHEST WIND SPEED     5     HIGHEST WIND DIRECTION     80
 HIGHEST GUST SPEED     6     HIGHEST GUST DIRECTION    180
 AVERAGE WIND SPEED   0.3

WEATHER CONDITIONS
 THE FOLLOWING WEATHER WAS RECORDED YESTERDAY.
 FOG
 SNOW

...................................................................

THE MCGRATH CLIMATE NORMALS FOR TODAY
                           NORMAL    RECORD   YEAR
 MAXIMUM TEMPERATURE (F)      5        39     1984
 MINIMUM TEMPERATURE (F)    -12       -50     1977

SUNRISE AND SUNSET
 DEC 17 2014..........SUNRISE 10:56 AM      SUNSET  3:42 PM
 DEC 18 2014..........SUNRISE 10:57 AM      SUNSET  3:42 PM

-  INDICATES NEGATIVE NUMBERS.
R  INDICATES RECORD HAS BEEN SET OR TIED.
MM INDICATES DATA IS MISSING.
T  INDICATES TRACE OF PRECIPITATION.

&&
-------------------------------------------------------------------

AMOUNT OF DAYLIGHT TODAY  (HOUR:MIN)........4 HOURS 46 MINUTES
LOSS SINCE YESTERDAY (HOUR:MIN:SEC)....-0:01:07

$$
JMC DEC 14
