000
CDAK49 PAMC 252357
CLIMCG

CLIMATE REPORT
NATIONAL WEATHER SERVICE MCGRATH, AK
357 PM AKDT WED MAY 25 2016

...................................
...THE MCGRATH AIRPORT CLIMATE SUMMARY FOR MAY 25 2016...
VALID TODAY AS OF 2:00 PM LOCAL TIME

CLIMATE NORMAL PERIOD  1981 TO  2010
CLIMATE RECORD PERIOD  1940 TO  2016

WEATHER ITEM   OBSERVED TIME    RECORD YEAR NORMAL DEPARTURE LAST
               VALUE    (LST)   VALUE       VALUE  FROM      YEAR
                                                   NORMAL
...................................................................
TEMPERATURE
TODAY
 MAXIMUM            47  0159 PM    82  2002     61     -14     64
 MINIMUM            43  0556 AM    30  2000     39       4     44
 AVERAGE            45                          50      -5     54

PRECIPITATION
(INCHES)
 TODAY            0.04           0.48  1945   0.04    0.00   0.13
 MONTH TO DATE    1.09                        0.84    0.25   0.37
 SINCE MAR 1      2.53                        2.39    0.14   0.89
 SINCE JAN 1      2.73                        4.42   -1.69   1.33

SNOWFALL
(INCHES)
 TODAY             0.0              T  2008    0.0     0.0    0.0
 MONTH TO DATE       T                         0.9    -0.9    0.0
 SINCE MAR 1      14.9                        17.3    -2.4    8.5
 SINCE JUL 1      79.0                        97.3   -18.3   41.6
 SNOW DEPTH (IN)     0                                          0

DEGREE DAYS
 HEATING
  TODAY             20                          15       5     11
  MONTH TO DATE    401                         486     -85    344
  SINCE MAR 1     2648                        3202    -554   2678
  SINCE JUL 1    12092                       13440   -1348  11763

 COOLING
  TODAY              0                           0       0      0
  MONTH TO DATE      0                           0       0      0
  SINCE MAR 1        0                           0       0      0
  SINCE JAN 1        0                           0       0      0
...................................................................

WIND (MPH)
 HIGHEST WIND SPEED    10     HIGHEST WIND DIRECTION    260
 HIGHEST GUST SPEED    14     HIGHEST GUST DIRECTION    230

 WEATHER CONDITIONS
 THE FOLLOWING WEATHER WAS RECORDED TODAY.
 FOG
 RAIN
...................................................................

THE MCGRATH CLIMATE NORMALS FOR TOMORROW
                        NORMAL    RECORD   YEAR
 MAXIMUM TEMPERATURE      62        82     2011
 MINIMUM TEMPERATURE      40        30     2000

SUNRISE AND SUNSET
 MAY 25 2016..........SUNRISE  4:51 AM      SUNSET 11:51 PM
 MAY 26 2016..........SUNRISE  4:49 AM      SUNSET 11:53 PM

-  INDICATES NEGATIVE NUMBERS.
R  INDICATES RECORD HAS BEEN SET OR TIED.
MM INDICATES DATA IS MISSING.
T  INDICATES TRACE OF PRECIPITATION.

&&
-------------------------------------------------------------------

AMOUNT OF DAYLIGHT TODAY  (HOUR:MIN)........19 HOURS 0 MINUTES
GAIN SINCE YESTERDAY (HOUR:MIN:SEC)....+0:05:10

$$
ADJ MAY 16
