000
CDAK49 PAMC 011217
CLIMCG

CLIMATE REPORT
NATIONAL WEATHER SERVICE MCGRATH, AK
317 AM AKST SUN FEB 1 2015

...................................
...THE MCGRATH AIRPORT CLIMATE SUMMARY FOR JANUARY 31 2015...

CLIMATE NORMAL PERIOD  1981 TO  2010
CLIMATE RECORD PERIOD  1940 TO  2015

WEATHER ITEM   OBSERVED TIME    RECORD YEAR NORMAL DEPARTURE LAST
               VALUE    (LST)   VALUE       VALUE  FROM      YEAR
                                                   NORMAL
...................................................................
TEMPERATURE
YESTERDAY
 MAXIMUM            -5  0215 PM    40  2007      5     -10     24
 MINIMUM           -26  0229 AM   -59  1947    -13     -13     20
 AVERAGE           -16                          -4     -12     22

PRECIPITATION
(INCHES)
 YESTERDAY        0.00           0.29  1988   0.03   -0.03   0.04
 MONTH TO DATE    0.27                        1.09   -0.82   1.60
 SINCE DEC 1      1.67                        2.38   -0.71   3.05
 SINCE JAN 1      0.27                        1.09   -0.82   1.60

SNOWFALL
(INCHES)
 YESTERDAY         0.0            4.1  1988    0.5    -0.5    0.5
 MONTH TO DATE     5.7                        15.7   -10.0   14.9
 SINCE DEC 1      21.4                        35.9   -14.5   32.3
 SINCE JUL 1      31.1                        66.9   -35.8   45.2
 SNOW DEPTH (IN)    13                                         16

DEGREE DAYS
 HEATING
  YESTERDAY         81                          69      12     43
  MONTH TO DATE   2180                        2213     -33   1591
  SINCE DEC 1     3843                        4327    -484   3628
  SINCE JUL 1     7488                        8459    -971   7094

 COOLING
  YESTERDAY          0                           0       0      0
  MONTH TO DATE      0                           0       0      0
  SINCE DEC 1        0                           0       0      0
  SINCE JAN 1        0                           0       0      0
...................................................................

WIND (MPH)
 HIGHEST WIND SPEED     6     HIGHEST WIND DIRECTION    290
 HIGHEST GUST SPEED     6     HIGHEST GUST DIRECTION    280
 AVERAGE WIND SPEED   1.0

WEATHER CONDITIONS
 THE FOLLOWING WEATHER WAS RECORDED YESTERDAY.
 NO SIGNIFICANT WEATHER WAS OBSERVED.

...................................................................

THE MCGRATH CLIMATE NORMALS FOR TODAY
                           NORMAL    RECORD   YEAR
 MAXIMUM TEMPERATURE (F)      6        49     2007
 MINIMUM TEMPERATURE (F)    -13       -61     1947

SUNRISE AND SUNSET
 FEB 1 2015..........SUNRISE  9:55 AM      SUNSET  5:19 PM
 FEB 2 2015..........SUNRISE  9:52 AM      SUNSET  5:23 PM

-  INDICATES NEGATIVE NUMBERS.
R  INDICATES RECORD HAS BEEN SET OR TIED.
MM INDICATES DATA IS MISSING.
T  INDICATES TRACE OF PRECIPITATION.

&&
-------------------------------------------------------------------

AMOUNT OF DAYLIGHT TODAY  (HOUR:MIN)........7 HOURS 24 MINUTES
GAIN SINCE YESTERDAY (HOUR:MIN:SEC)....+0:05:54

$$
JCD FEB 15
