742
CDAK49 PAFG 110945
CLIMCG

CLIMATE REPORT
NATIONAL WEATHER SERVICE FAIRBANKS AK
1245 AM AKST SUN DEC 11 2016


...................................

...THE MCGRATH AK CLIMATE SUMMARY FOR DECEMBER 10 2016...

CLIMATE NORMAL PERIOD 1981 TO 2010
CLIMATE RECORD PERIOD 1946 TO 2016


WEATHER ITEM   OBSERVED TIME   RECORD YEAR NORMAL DEPARTURE LAST
                VALUE   (LST)  VALUE       VALUE  FROM      YEAR
                                                  NORMAL
..................................................................
TEMPERATURE (F)
 YESTERDAY
  MAXIMUM        -18    236 PM  42    1986   7    -25       MM
  MINIMUM        -27    836 AM -52    1955 -10    -17       MM
  AVERAGE        -22                        -2    -20       MM

PRECIPITATION (IN)
  YESTERDAY        0.00          0.37 1951   0.04  -0.04    MM
  MONTH TO DATE    T                         0.39  -0.39    MM
  SINCE DEC 1      T                         0.39  -0.39    MM
  SINCE JAN 1     18.53                     17.10   1.43    MM

SNOWFALL (IN)
  YESTERDAY        0.0           4.6  2002   0.7   -0.7     MM
  MONTH TO DATE    0.1                       6.4   -6.3     MM
  SINCE DEC 1      0.1                       6.4   -6.3     MM
  SINCE JUL 1      8.4                      37.4  -29.0     MM
  SNOW DEPTH       5

DEGREE DAYS
 HEATING
  YESTERDAY       87                        67     20       MM
  MONTH TO DATE  831                       660    171       MM
  SINCE DEC 1    831                       660    171       MM
  SINCE JUL 1   4577                      4783   -206       MM

 COOLING
  YESTERDAY        0                         0      0       MM
  MONTH TO DATE    0                         0      0       MM
  SINCE DEC 1      0                         0      0       MM
  SINCE JAN 1     29                        20      9       MM
..................................................................


WIND (MPH)
  HIGHEST GUST SPEED     8   HIGHEST GUST DIRECTION     N (350)


SKY COVER
  AVERAGE SKY COVER 0.0


WEATHER CONDITIONS
 THE FOLLOWING WEATHER WAS RECORDED YESTERDAY.
  NO SIGNIFICANT WEATHER WAS OBSERVED.


RELATIVE HUMIDITY (PERCENT)
 HIGHEST    77
 LOWEST     62
 AVERAGE    70

..........................................................


THE MCGRATH AK CLIMATE NORMALS FOR TODAY
                         NORMAL    RECORD    YEAR
 MAXIMUM TEMPERATURE (F)    6        41      1961
 MINIMUM TEMPERATURE (F)  -11       -55      1964


SUNRISE AND SUNSET
DECEMBER 11 2016......SUNRISE  1049 AM AKST  SUNSET   344 PM AKST
DECEMBER 12 2016......SUNRISE  1050 AM AKST  SUNSET   343 PM AKST

-  INDICATES NEGATIVE NUMBERS.
R  INDICATES RECORD WAS SET OR TIED.
MM INDICATES DATA IS MISSING.
T  INDICATES TRACE AMOUNT.

&&

SNOW DEPTH IS MEASURED AT 3AM AKST/4AM AKDT.

----------------------------
AVAILABLE DAYLIGHT

AMOUNT OF DAYLIGHT TODAY  (HOUR:MIN)........4:55
GAIN/LOSS SINCE YESTERDAY (HOUR:MIN:SEC)....-0:02:22

$$
DEC 16
