000
CDAK49 PAMC 011137
CLIMCG

CLIMATE REPORT
NATIONAL WEATHER SERVICE MCGRATH, AK
337 AM AKDT SUN MAY 1 2016

...................................
...THE MCGRATH AIRPORT CLIMATE SUMMARY FOR APRIL 30 2016...

CLIMATE NORMAL PERIOD  1981 TO  2010
CLIMATE RECORD PERIOD  1940 TO  2016

WEATHER ITEM   OBSERVED TIME    RECORD YEAR NORMAL DEPARTURE LAST
               VALUE    (LST)   VALUE       VALUE  FROM      YEAR
                                                   NORMAL
...................................................................
TEMPERATURE
YESTERDAY
 MAXIMUM            58  0527 PM    67  2009     50       8     56
 MINIMUM            29  0556 AM     7  1952     29       0     32
 AVERAGE            44                          40       4     44

PRECIPITATION
(INCHES)
 YESTERDAY           T           0.52  2002   0.03   -0.03   0.02
 MONTH TO DATE    0.42                        0.74   -0.32   0.38
 SINCE MAR 1      1.44                        1.55   -0.11   0.52
 SINCE JAN 1      1.64                        3.58   -1.94   0.96

SNOWFALL
(INCHES)
 YESTERDAY         0.0            5.8  1965    0.1    -0.1    0.0
 MONTH TO DATE     1.6                         5.1    -3.5    3.3
 SINCE MAR 1      14.9                        16.4    -1.5    8.5
 SINCE JUL 1      79.0                        96.4   -17.4   41.6
 SNOW DEPTH (IN)     0                                          0

DEGREE DAYS
 HEATING
  YESTERDAY         21                          25      -4     21
  MONTH TO DATE    773                        1060    -287    874
  SINCE MAR 1     2247                        2716    -469   2334
  SINCE JUL 1    11691                       12954   -1263  11419

 COOLING
  YESTERDAY          0                           0       0      0
  MONTH TO DATE      0                           0       0      0
  SINCE MAR 1        0                           0       0      0
  SINCE JAN 1        0                           0       0      0
...................................................................

WIND (MPH)
 HIGHEST WIND SPEED    23     HIGHEST WIND DIRECTION     80
 HIGHEST GUST SPEED    29     HIGHEST GUST DIRECTION     70
 AVERAGE WIND SPEED   6.9

WEATHER CONDITIONS
 THE FOLLOWING WEATHER WAS RECORDED YESTERDAY...RAIN
...................................................................

THE MCGRATH CLIMATE NORMALS FOR TODAY
                           NORMAL    RECORD   YEAR
 MAXIMUM TEMPERATURE (F)     50        67     2014
 MINIMUM TEMPERATURE (F)     30         1     1945

SUNRISE AND SUNSET
 MAY 1 2016..........SUNRISE  6:01 AM      SUNSET 10:41 PM
 MAY 2 2016..........SUNRISE  5:58 AM      SUNSET 10:44 PM

-  INDICATES NEGATIVE NUMBERS.
R  INDICATES RECORD HAS BEEN SET OR TIED.
MM INDICATES DATA IS MISSING.
T  INDICATES TRACE OF PRECIPITATION.

&&
-------------------------------------------------------------------

AMOUNT OF DAYLIGHT TODAY  (HOUR:MIN)........16 HOURS 40 MINUTES
GAIN SINCE YESTERDAY (HOUR:MIN:SEC)....+0:06:10

$$
JMM MAY 16
