533
CDAK49 PAMC 102354
CLIMCG

CLIMATE REPORT
NATIONAL WEATHER SERVICE MCGRATH, AK
254 PM AKST WED FEB 10 2016

...................................
...THE MCGRATH AIRPORT CLIMATE SUMMARY FOR FEBRUARY 10 2016...
VALID TODAY AS OF 2:00 PM LOCAL TIME

CLIMATE NORMAL PERIOD  1981 TO  2010
CLIMATE RECORD PERIOD  1940 TO  2016

WEATHER ITEM   OBSERVED TIME    RECORD YEAR NORMAL DEPARTURE LAST
               VALUE    (LST)   VALUE       VALUE  FROM      YEAR
                                                   NORMAL
...................................................................
TEMPERATURE
TODAY
 MAXIMUM            10  0158 PM    48  1986     10       0      3
 MINIMUM           -15  0253 PM   -52  1976    -11      -4    -26
 AVERAGE            -3                           0      -3    -12

PRECIPITATION
(INCHES)
 TODAY            0.00           0.26  1944   0.03   -0.03   0.00
 MONTH TO DATE    0.06                        0.32   -0.26   0.00
 SINCE DEC 1      0.61                        2.70   -2.09   1.67
 SINCE JAN 1      0.14                        1.41   -1.27   0.27

SNOWFALL
(INCHES)
 TODAY             0.0            5.9  1944    0.4    -0.4    0.0
 MONTH TO DATE     1.6                         4.5    -2.9    0.0
 SINCE DEC 1      15.6                        40.4   -24.8   21.6
 SINCE JUL 1      62.6                        71.4    -8.8   31.3
 SNOW DEPTH (IN)    19                                         13

DEGREE DAYS
 HEATING
  TODAY             68                          65       3     77
  MONTH TO DATE    620                         669     -49    779
  SINCE DEC 1     4330                        4996    -666   4620
  SINCE JUL 1     8480                        9128    -648   8280

 COOLING
  TODAY              0                           0       0      0
  MONTH TO DATE      0                           0       0      0
  SINCE DEC 1        0                           0       0      0
  SINCE JAN 1        0                           0       0      0
...................................................................

WIND (MPH)
 HIGHEST WIND SPEED     6     HIGHEST WIND DIRECTION    290
 HIGHEST GUST SPEED     6     HIGHEST GUST DIRECTION    360
 AVERAGE WIND SPEED    MM

SKY COVER
  POSSIBLE SUNSHINE  MM            AVERAGE SKY COVER MM

WEATHER CONDITIONS
 THE FOLLOWING WEATHER WAS RECORDED TODAY.
NO SIGNIFICANT WEATHER WAS OBSERVED.

RELATIVE HUMIDITY
 HIGHEST RH     MM PERCENT       MM
 LOWEST  RH     MM PERCENT       MM
 AVERAGE RH     MM PERCENT       MM
...................................................................

THE MCGRATH CLIMATE NORMALS FOR TOMORROW
                        NORMAL    RECORD   YEAR
 MAXIMUM TEMPERATURE      11        50     1980
 MINIMUM TEMPERATURE     -10       -51     1976

SUNRISE AND SUNSET
 FEB 10 2016..........SUNRISE  9:29 AM      SUNSET  5:47 PM
 FEB 11 2016..........SUNRISE  9:26 AM      SUNSET  5:50 PM

-  INDICATES NEGATIVE NUMBERS.
R  INDICATES RECORD HAS BEEN SET OR TIED.
MM INDICATES DATA IS MISSING.
T  INDICATES TRACE OF PRECIPITATION.

&&
-------------------------------------------------------------------

AMOUNT OF DAYLIGHT TODAY  (HOUR:MIN)........8 HOURS 18 MINUTES
GAIN/LOSS SINCE YESTERDAY (HOUR:MIN:SEC)....+0:06:06

$$
*** FEB 16
