000
CDAK49 PAMC 191116
CLIMCG

CLIMATE REPORT
NATIONAL WEATHER SERVICE MCGRATH, AK
316 AM AKDT SAT APR 19 2014

...................................
...THE MCGRATH AIRPORT CLIMATE SUMMARY FOR APRIL 18 2014...

CLIMATE NORMAL PERIOD  1981 TO  2010
CLIMATE RECORD PERIOD  1940 TO  2014

WEATHER ITEM   OBSERVED TIME    RECORD YEAR NORMAL DEPARTURE LAST
               VALUE    (LST)   VALUE       VALUE  FROM      YEAR
                                                   NORMAL
...................................................................
TEMPERATURE
YESTERDAY
 MAXIMUM            53  0639 PM    61  1998     42      11     36
 MINIMUM            29  0652 AM   -18  2005     21       8     14
 AVERAGE            41                          32       9     25

PRECIPITATION
(INCHES)
 YESTERDAY        0.00           0.36  2002   0.03   -0.03   0.00
 MONTH TO DATE    0.07                        0.43   -0.36   0.03
 SINCE MAR 1      0.11                        1.24   -1.13   0.52
 SINCE JAN 1      1.80                        3.27   -1.47   3.69

SNOWFALL
(INCHES)
 YESTERDAY         0.0            5.5  2002    0.1    -0.1    0.0
 MONTH TO DATE     0.7                         3.7    -3.0    0.4
 SINCE MAR 1       1.1                        15.0   -13.9    7.6
 SINCE JUL 1      47.1                        95.0   -47.9   73.5
 SNOW DEPTH (IN)     7                                         26

DEGREE DAYS
 HEATING
  YESTERDAY         24                          33      -9     40
  MONTH TO DATE    714                         712       2    948
  SINCE MAR 1     2314                        2368     -54   2664
  SINCE JUL 1    11118                       12606   -1488  13238

 COOLING
  YESTERDAY          0                           0       0      0
  MONTH TO DATE      0                           0       0      0
  SINCE MAR 1        0                           0       0      0
  SINCE JAN 1        0                           0       0      0
...................................................................

WIND (MPH)
 HIGHEST WIND SPEED    14     HIGHEST WIND DIRECTION    260
 HIGHEST GUST SPEED    16     HIGHEST GUST DIRECTION    260
 AVERAGE WIND SPEED   2.8

WEATHER CONDITIONS
 THE FOLLOWING WEATHER WAS RECORDED YESTERDAY.
 NO SIGNIFICANT WEATHER WAS OBSERVED.
...................................................................

THE MCGRATH CLIMATE NORMALS FOR TODAY
                           NORMAL    RECORD   YEAR
 MAXIMUM TEMPERATURE (F)     43        55     1953
 MINIMUM TEMPERATURE (F)     22       -14     1985

SUNRISE AND SUNSET
 APR 19 2014..........SUNRISE  6:42 AM      SUNSET 10:04 PM
 APR 20 2014..........SUNRISE  6:38 AM      SUNSET 10:07 PM

-  INDICATES NEGATIVE NUMBERS.
R  INDICATES RECORD HAS BEEN SET OR TIED.
MM INDICATES DATA IS MISSING.
T  INDICATES TRACE OF PRECIPITATION.

&&
-------------------------------------------------------------------

AMOUNT OF DAYLIGHT TODAY  (HOUR:MIN)........15 HOURS 22 MINUTES
GAIN SINCE YESTERDAY (HOUR:MIN:SEC)....+0:06:13

$$
ADJ APR 14
