000
CDAK49 PAMC 271018
CLIMCG

CLIMATE REPORT
NATIONAL WEATHER SERVICE MCGRATH, AK
118 AM AKST THU NOV 27 2014

...................................
...THE MCGRATH AIRPORT CLIMATE SUMMARY FOR NOVEMBER 26 2014...

CLIMATE NORMAL PERIOD  1981 TO  2010
CLIMATE RECORD PERIOD  1940 TO  2014

WEATHER ITEM   OBSERVED TIME    RECORD YEAR NORMAL DEPARTURE LAST
               VALUE    (LST)   VALUE       VALUE  FROM      YEAR
                                                   NORMAL
...................................................................
TEMPERATURE
YESTERDAY
 MAXIMUM            21  1240 PM    42  1958      9      12      6
 MINIMUM             8  1159 PM   -43  1974     -7      15     -8
 AVERAGE            15                           1      14     -1

PRECIPITATION
(INCHES)
 YESTERDAY        0.00           0.57  1981   0.04   -0.04      T
 MONTH TO DATE    0.32                        1.24   -0.92   1.41
 SINCE SEP 1      1.44                        5.17   -3.73  10.20
 SINCE JAN 1     10.01                       16.54   -6.53  19.43

SNOWFALL
(INCHES)
 YESTERDAY         0.0            5.2  1981    0.7    -0.7      T
 MONTH TO DATE     0.9                        16.8   -15.9   10.9
 SINCE SEP 1       4.6                        28.5   -23.9   12.4
 SINCE JUL 1       4.6                        28.5   -23.9   12.4
 SNOW DEPTH (IN)     1                                          4

DEGREE DAYS
 HEATING
  YESTERDAY         50                          64     -14     66
  MONTH TO DATE   1242                        1526    -284   1273
  SINCE SEP 1     3005                        3377    -372   2755
  SINCE JUL 1     3428                        3874    -446   3174

 COOLING
  YESTERDAY          0                           0       0      0
  MONTH TO DATE      0                           0       0      0
  SINCE SEP 1        0                           0       0      0
  SINCE JAN 1       11                          16      -5     78
...................................................................

WIND (MPH)
 HIGHEST WIND SPEED    10     HIGHEST WIND DIRECTION    120
 HIGHEST GUST SPEED    14     HIGHEST GUST DIRECTION    100
 AVERAGE WIND SPEED   3.8

WEATHER CONDITIONS
 THE FOLLOWING WEATHER WAS RECORDED YESTERDAY.
 NO SIGNIFICANT WEATHER WAS OBSERVED.
...................................................................

THE MCGRATH CLIMATE NORMALS FOR TODAY
                           NORMAL    RECORD   YEAR
 MAXIMUM TEMPERATURE (F)      9        40     1956
 MINIMUM TEMPERATURE (F)     -7       -43     1974

SUNRISE AND SUNSET
 NOV 27 2014..........SUNRISE 10:17 AM      SUNSET  4:04 PM
 NOV 28 2014..........SUNRISE 10:20 AM      SUNSET  4:02 PM

-  INDICATES NEGATIVE NUMBERS.
R  INDICATES RECORD HAS BEEN SET OR TIED.
MM INDICATES DATA IS MISSING.
T  INDICATES TRACE OF PRECIPITATION.

&&
-------------------------------------------------------------------

AMOUNT OF DAYLIGHT TODAY  (HOUR:MIN)........5 HOURS 47 MINUTES
LOSS SINCE YESTERDAY (HOUR:MIN:SEC)....-0:04:43

$$
ADJ NOV 14
