000
CDUS43 KEAX 062346
CLIMCI

STLCLIWKC 000
TTAA00 KSGF 062344

CLIMATE REPORT
NATIONAL WEATHER SERVICE SPRINGFIELD MO
644 PM CDT MON JUL 6 2015


...THE KANSAS CITY  MO CLIMATE SUMMARY FOR JULY 6 2015...

VALID TODAY AS OF 0500 PM LOCAL TIME.

CLIMATE NORMAL PERIOD 1981 TO 2010
CLIMATE RECORD PERIOD 9999 TO 9999


WEATHER ITEM   OBSERVED TIME   RECORD YEAR NORMAL DEPARTURE LAST
                VALUE   (LST)  VALUE       VALUE  FROM      YEAR
                                                  NORMAL
..................................................................
TEMPERATURE (F)
 TODAY
  MAXIMUM         88    200 PM  MM      MM  88      0       88
  MINIMUM         72    400 PM  MM      MM  68      4       72
  AVERAGE         80                        78      2       80

PRECIPITATION (IN)
  TODAY           MM            MM      MM   0.16  MM        0.00
  MONTH TO DATE    0.59                      0.96  -0.37     0.07
  SINCE JUN 1      8.16                      6.19   1.97     6.98
  SINCE JAN 1     24.76                     20.02   4.74    16.22

SNOWFALL (IN)
  TODAY            0.0
  MONTH TO DATE    0.0
  SINCE JUN 1      0.0
  SINCE JUL 1      0.0
  SNOW DEPTH       0

DEGREE DAYS
 HEATING
  TODAY            0                         0      0        0
  MONTH TO DATE    0                         0      0        1
  SINCE JUN 1      3                         9     -6        2
  SINCE JUL 1      0                         0      0        1

 COOLING
  TODAY           15                        13      2       15
  MONTH TO DATE   58                        76    -18       44
  SINCE JUN 1    343                       342      1      321
  SINCE JAN 1    407                       458    -51      482
..................................................................


WIND (MPH)
  HIGHEST WIND SPEED    17   HIGHEST WIND DIRECTION     S (170)
  HIGHEST GUST SPEED    24   HIGHEST GUST DIRECTION     S (200)
  AVERAGE WIND SPEED    13.0


SKY COVER
  POSSIBLE SUNSHINE  MM
  AVERAGE SKY COVER 0.7


WEATHER CONDITIONS
 THE FOLLOWING WEATHER WAS RECORDED TODAY.
  THUNDERSTORM
  HEAVY RAIN
  RAIN
  LIGHT RAIN
  FOG


RELATIVE HUMIDITY (PERCENT)
 HIGHEST   100           500 PM
 LOWEST     68           200 PM
 AVERAGE    84

..........................................................


THE KANSAS CITY  MO CLIMATE NORMALS FOR TOMORROW
                         NORMAL    RECORD    YEAR
 MAXIMUM TEMPERATURE (F)   88        MM        MM
 MINIMUM TEMPERATURE (F)   68        MM        MM


SUNRISE AND SUNSET
JULY  6 2015..........SUNRISE   558 AM CDT   SUNSET   848 PM CDT
JULY  7 2015..........SUNRISE   559 AM CDT   SUNSET   848 PM CDT


-  INDICATES NEGATIVE NUMBERS.
R  INDICATES RECORD WAS SET OR TIED.
MM INDICATES DATA IS MISSING.
T  INDICATES TRACE AMOUNT.




$$
