000
CDUS43 KEAX 121237
CLIMCI

CLIMATE REPORT
NATIONAL WEATHER SERVICE KANSAS CITY/PLEASANT HILL MO
736 AM CDT SAT JUL 12 2014


...................................

...THE KANSAS CITY INTERNATIONAL MO CLIMATE SUMMARY FOR JULY 12 2014...
VALID AS OF 0700 AM LOCAL TIME.

CLIMATE NORMAL PERIOD 1981 TO 2010
CLIMATE RECORD PERIOD 1888 TO 2014


WEATHER ITEM   OBSERVED TIME   RECORD YEAR NORMAL DEPARTURE LAST
                VALUE   (LST)  VALUE       VALUE  FROM      YEAR
                                                  NORMAL
..................................................................
TEMPERATURE (F)
 TODAY
  MAXIMUM         79   1242 AM 109    1954  88     -9       88
  MINIMUM         75    545 AM  56    1990  69      6       67
  AVERAGE         77                        78     -1       78

PRECIPITATION (IN)
  TODAY            0.00          2.98 2001   0.15  -0.15     0.00
  MONTH TO DATE    2.15                      1.89   0.26     0.17
  SINCE JUN 1      9.06                      7.12   1.94     3.29
  SINCE JAN 1     17.68                     20.95  -3.27    18.22

SNOWFALL (IN)
  TODAY            0.0           0.0    MM   0.0    0.0      0.0
  MONTH TO DATE    0.0                       0.0    0.0      0.0
  SINCE JUN 1      0.0                       0.0    0.0      0.0
  SINCE JUL 1      0.0                       0.0    0.0      0.0
  SNOW DEPTH       0

DEGREE DAYS
 HEATING
  TODAY            0                         0      0        0
  MONTH TO DATE    1                         0      1        0
  SINCE JUN 1      2                         9     -7       17
  SINCE JUL 1      1                         0      1        0

 COOLING
  TODAY           12                        13     -1       13
  MONTH TO DATE  112                       154    -42      147
  SINCE JUN 1    389                       420    -31      423
  SINCE JAN 1    550                       536     14      528
..................................................................


WIND (MPH)
  HIGHEST WIND SPEED    16   HIGHEST WIND DIRECTION     S (200)
  HIGHEST GUST SPEED    20   HIGHEST GUST DIRECTION     S (200)
  AVERAGE WIND SPEED    12.8


SKY COVER
  POSSIBLE SUNSHINE  MM
  AVERAGE SKY COVER 0.5


WEATHER CONDITIONS
 THE FOLLOWING WEATHER WAS RECORDED TODAY.
  NO SIGNIFICANT WEATHER WAS OBSERVED.


RELATIVE HUMIDITY (PERCENT)
 HIGHEST    76           200 AM
 LOWEST     74          1200 AM
 AVERAGE    75

..........................................................


THE KANSAS CITY INTERNATIONAL MO CLIMATE NORMALS FOR TOMORROW
                         NORMAL    RECORD    YEAR
 MAXIMUM TEMPERATURE (F)   88       112      1954
 MINIMUM TEMPERATURE (F)   69        54      1975


SUNRISE AND SUNSET
JULY 12 2014..........SUNRISE   603 AM CDT   SUNSET   846 PM CDT
JULY 13 2014..........SUNRISE   603 AM CDT   SUNSET   846 PM CDT


-  INDICATES NEGATIVE NUMBERS.
R  INDICATES RECORD WAS SET OR TIED.
MM INDICATES DATA IS MISSING.
T  INDICATES TRACE AMOUNT.




&&

...MISCELLANEOUS CLIMATE DATA FROM TODAY...

LOCATION                HIGH    LOW      PRECIP
ST. JOSEPH               79      75       0.00
DOWNTOWN KANSAS CITY     82      79       0.00
OLATHE NEW CENTURY       78      70       0.00
OLATHE JO CO EXEC        78      70       0.00
LEES SUMMIT              79      74       0.00
KIRKSVILLE               78      73       0.00
CHILLICOTHE              81      76       0.00
SEDALIA                  80      77       0.00
NWS PLEASANT HILL MO     77      71       0.00


THIS PRODUCT...ALONG WITH OTHER WEATHER...HYDROLOGICAL AND CLIMATE
INFORMATION...IS AVAILABLE ON THE WEB AT HTTP://WWW.CRH.NOAA.GOV/EAX
OR AT HTTP://WEATHER.GOV

$$
