000
CDUS43 KGLD 010739 RRB
CLIMCK

CLIMATE REPORT
NATIONAL WEATHER SERVICE GOODLAND
137 AM MDT MON SEP 1 2014

...................................

...THE MCCOOK NE CLIMATE SUMMARY FOR AUGUST 31 2014...

CLIMATE NORMAL PERIOD 1981 TO 2010
CLIMATE RECORD PERIOD 1896 TO 2014

WEATHER ITEM   OBSERVED TIME   RECORD YEAR NORMAL DEPARTURE LAST
                VALUE   (LST)  VALUE       VALUE  FROM      YEAR
                                                  NORMAL
..................................................................
TEMPERATURE (F)
 YESTERDAY
  MAXIMUM         83   1244 PM 104    1929  85     -2       96
  MINIMUM         61   1148 PM  41    1955  56      5       65
  AVERAGE         72                        71      1       81

PRECIPITATION (IN)
  YESTERDAY        T                         0.07  -0.07     0.37
  MONTH TO DATE    5.82                      3.14   2.68     1.49
  SINCE JUN 1     15.99                      9.77   6.22     4.28
  SINCE JAN 1     20.95                     17.71   3.24     9.17

..................................................................

THE MCCOOK NE CLIMATE NORMALS FOR TODAY
                         NORMAL    RECORD    YEAR
 MAXIMUM TEMPERATURE (F)   85       107      1929
 MINIMUM TEMPERATURE (F)   56        39      1956

-  INDICATES NEGATIVE NUMBERS.
R  INDICATES RECORD WAS SET OR TIED.
MM INDICATES DATA IS MISSING.
T  INDICATES TRACE AMOUNT.

$$
