000
CDUS43 KGLD 300740
CLIMCK

CLIMATE REPORT
NATIONAL WEATHER SERVICE GOODLAND
138 AM MDT SUN AUG 30 2015

...................................

...THE MCCOOK NE CLIMATE SUMMARY FOR AUGUST 29 2015...

CLIMATE NORMAL PERIOD 1981 TO 2010
CLIMATE RECORD PERIOD 1896 TO 2015

WEATHER ITEM   OBSERVED TIME   RECORD YEAR NORMAL DEPARTURE LAST
                VALUE   (LST)  VALUE       VALUE  FROM      YEAR
                                                  NORMAL
..................................................................
TEMPERATURE (F)
 YESTERDAY
  MAXIMUM         92    408 PM 105    2013  86      6       88
  MINIMUM         54    609 AM  40    1909  57     -3       57
  AVERAGE         73                        71      2       73

PRECIPITATION (IN)
  YESTERDAY        0.00                      0.07  -0.07     0.00
  MONTH TO DATE    2.48                      2.99  -0.51     5.82
  SINCE JUN 1      8.92                      9.62  -0.70    15.99
  SINCE JAN 1     15.08                     17.56  -2.48    20.95

..................................................................

THE MCCOOK NE CLIMATE NORMALS FOR TODAY
                         NORMAL    RECORD    YEAR
 MAXIMUM TEMPERATURE (F)   86       104      2012
                                             1929
 MINIMUM TEMPERATURE (F)   57        40      1955

-  INDICATES NEGATIVE NUMBERS.
R  INDICATES RECORD WAS SET OR TIED.
MM INDICATES DATA IS MISSING.
T  INDICATES TRACE AMOUNT.

$$
