000
CDUS43 KGLD 290750 RRA
CLIMCK

CLIMATE REPORT
NATIONAL WEATHER SERVICE GOODLAND
145 AM MDT SAT APR 29 2017

...................................

...THE MCCOOK NE CLIMATE SUMMARY FOR APRIL 28 2017...

CLIMATE NORMAL PERIOD 1981 TO 2010
CLIMATE RECORD PERIOD 1896 TO 2017


WEATHER ITEM   OBSERVED TIME   RECORD YEAR NORMAL DEPARTURE LAST
                VALUE   (LST)  VALUE       VALUE  FROM      YEAR
                                                  NORMAL
..................................................................
TEMPERATURE (F)
 YESTERDAY
  MAXIMUM         44    927 AM  98    1910  69    -25       53
  MINIMUM         37   1159 PM  24    1966  39     -2       31
  AVERAGE         41                        54    -13       42

PRECIPITATION (IN)
  YESTERDAY        0.60                      0.09   0.51      T
  MONTH TO DATE    1.11                      2.12  -1.01     5.40
  SINCE MAR 1      2.11                      3.48  -1.37     5.88
  SINCE JAN 1      2.81                      4.61  -1.80     6.89

..................................................................


THE MCCOOK NE CLIMATE NORMALS FOR TODAY
                         NORMAL    RECORD    YEAR
 MAXIMUM TEMPERATURE (F)   69        95      1927
 MINIMUM TEMPERATURE (F)   40        26      1994


-  INDICATES NEGATIVE NUMBERS.
R  INDICATES RECORD WAS SET OR TIED.
MM INDICATES DATA IS MISSING.
T  INDICATES TRACE AMOUNT.


$$
