000
CDUS43 KGLD 230746 RRA
CLIMCK

CLIMATE REPORT
NATIONAL WEATHER SERVICE GOODLAND
143 AM MDT THU MAR 23 2017

...................................

...THE MCCOOK NE CLIMATE SUMMARY FOR MARCH 22 2017...

CLIMATE NORMAL PERIOD 1981 TO 2010
CLIMATE RECORD PERIOD 1896 TO 2017


WEATHER ITEM   OBSERVED TIME   RECORD YEAR NORMAL DEPARTURE LAST
                VALUE   (LST)  VALUE       VALUE  FROM      YEAR
                                                  NORMAL
..................................................................
TEMPERATURE (F)
 YESTERDAY
  MAXIMUM         55    403 PM  91    1910  56     -1       75
  MINIMUM         35    646 AM  10    1983  26      9       35
  AVERAGE         45                        41      4       55

PRECIPITATION (IN)
  YESTERDAY        0.00                      0.04  -0.04     0.00
  MONTH TO DATE    0.03                      0.91  -0.88     0.01
  SINCE MAR 1      0.03                      0.91  -0.88     0.01
  SINCE JAN 1      0.73                      2.04  -1.31     1.02

..................................................................


THE MCCOOK NE CLIMATE NORMALS FOR TODAY
                         NORMAL    RECORD    YEAR
 MAXIMUM TEMPERATURE (F)   57        90      1928
 MINIMUM TEMPERATURE (F)   26         3      2014
                                             1965



-  INDICATES NEGATIVE NUMBERS.
R  INDICATES RECORD WAS SET OR TIED.
MM INDICATES DATA IS MISSING.
T  INDICATES TRACE AMOUNT.

$$
