000
CDUS43 KGLD 040045
CLIMCK

CLIMATE REPORT
NATIONAL WEATHER SERVICE GOODLAND
541 PM MST SAT DEC 3 2016

...................................

...THE MCCOOK NE CLIMATE SUMMARY FOR DECEMBER 3 2016...
VALID TODAY AS OF 0500 PM LOCAL TIME.

CLIMATE NORMAL PERIOD 1981 TO 2010
CLIMATE RECORD PERIOD 1896 TO 2016

WEATHER ITEM   OBSERVED TIME   RECORD YEAR NORMAL DEPARTURE LAST
                VALUE   (LST)  VALUE       VALUE  FROM      YEAR
                                                  NORMAL
..................................................................
TEMPERATURE (F)
 TODAY
  MAXIMUM         39    412 PM  70    1959  44     -5       54
  MINIMUM         23    453 AM -12    1919  17      6       20
  AVERAGE         31                        30      1       37

PRECIPITATION (IN)
  TODAY            0.00                      0.02  -0.02     0.00
  MONTH TO DATE    0.00                      0.07  -0.07     0.01
  SINCE DEC 1      0.00                      0.07  -0.07     0.01
  SINCE JAN 1     24.39                     21.96   2.43    20.46

..................................................................

THE MCCOOK NE CLIMATE NORMALS FOR TOMORROW
                         NORMAL    RECORD    YEAR
 MAXIMUM TEMPERATURE (F)   43        75      1965
 MINIMUM TEMPERATURE (F)   17        -1      2011

-  INDICATES NEGATIVE NUMBERS.
R  INDICATES RECORD WAS SET OR TIED.
MM INDICATES DATA IS MISSING.
T  INDICATES TRACE AMOUNT.

$$
