000
CDUS43 KGLD 160745 RRA
CLIMCK

CLIMATE REPORT
NATIONAL WEATHER SERVICE GOODLAND
142 AM MDT TUE SEP 16 2014

...................................

...THE MCCOOK NE CLIMATE SUMMARY FOR SEPTEMBER 15 2014...

CLIMATE NORMAL PERIOD 1981 TO 2010
CLIMATE RECORD PERIOD 1896 TO 2014

WEATHER ITEM   OBSERVED TIME   RECORD YEAR NORMAL DEPARTURE LAST
                VALUE   (LST)  VALUE       VALUE  FROM      YEAR
                                                  NORMAL
..................................................................
TEMPERATURE (F)
 YESTERDAY
  MAXIMUM         69    426 PM 100    1955  80    -11       69
  MINIMUM         50   1029 PM  30    1961  50      0       60
  AVERAGE         60                        65     -5       65

PRECIPITATION (IN)
  YESTERDAY        0.00                      0.05  -0.05     0.46
  MONTH TO DATE    0.48                      0.74  -0.26     1.03
  SINCE SEP 1      0.48                      0.74  -0.26     1.03
  SINCE JAN 1     21.43                     18.45   2.98    10.20

..................................................................

THE MCCOOK NE CLIMATE NORMALS FOR TODAY
                         NORMAL    RECORD    YEAR
 MAXIMUM TEMPERATURE (F)   79        98      1955
 MINIMUM TEMPERATURE (F)   49        38      2012
                                             1993

-  INDICATES NEGATIVE NUMBERS.
R  INDICATES RECORD WAS SET OR TIED.
MM INDICATES DATA IS MISSING.
T  INDICATES TRACE AMOUNT.

$$
