000
CDUS42 KFFC 140022
CLIMCN


CLIMATE REPORT
NATIONAL WEATHER SERVICE PEACHTREE CITY GA
822 PM EDT SUN JUL 13 2014


...................................

...THE MACON CLIMATE SUMMARY FOR JULY 13 2014...
VALID AS OF 0800 PM LOCAL TIME.

CLIMATE NORMAL PERIOD 1981 TO 2010
CLIMATE RECORD PERIOD 1899 TO 2014


WEATHER ITEM   OBSERVED TIME   RECORD YEAR NORMAL DEPARTURE LAST
                VALUE   (LST)  VALUE       VALUE  FROM      YEAR
                                                  NORMAL
..................................................................
TEMPERATURE (F)
 TODAY
  MAXIMUM         91    411 PM 108    1980  93     -2       83
  MINIMUM         70    559 AM  61    1898  71     -1       70
  AVERAGE         81                        82     -1       77

PRECIPITATION (IN)
  TODAY            0.00          4.47 2010   0.17  -0.17     0.11
  MONTH TO DATE    0.82                      2.10  -1.28     5.30
  SINCE JUN 1      6.47                      6.16   0.31    17.55
  SINCE JAN 1     28.66                     24.99   3.67    46.24

DEGREE DAYS
 COOLING
  TODAY           16                        17     -1       12
  MONTH TO DATE  200                       215    -15      181
  SINCE JUN 1    615                       634    -19      577
  SINCE JAN 1    893                       947    -54      787
..................................................................


WIND (MPH)
  HIGHEST WIND SPEED     8   HIGHEST WIND DIRECTION    SE (150)
  HIGHEST GUST SPEED    12   HIGHEST GUST DIRECTION     E (80)
  AVERAGE WIND SPEED     2.8


SKY COVER
  AVERAGE SKY COVER 0.5


WEATHER CONDITIONS
 THE FOLLOWING WEATHER WAS RECORDED TODAY.
  FOG


RELATIVE HUMIDITY (PERCENT)
 HIGHEST   100          1200 AM
 LOWEST     52           300 PM

..........................................................


THE MACON CLIMATE NORMALS FOR TOMORROW
                         NORMAL    RECORD
 MAXIMUM TEMPERATURE (F)   93       101
 MINIMUM TEMPERATURE (F)   71        61


SUNRISE AND SUNSET
JULY 13 2014..........SUNRISE   636 AM EDT   SUNSET   844 PM EDT
JULY 14 2014..........SUNRISE   637 AM EDT   SUNSET   844 PM EDT


-  INDICATES NEGATIVE NUMBERS.
R  INDICATES RECORD WAS SET OR TIED.
MM INDICATES DATA IS MISSING.
T  INDICATES TRACE AMOUNT.




$$
