000
CDUS42 KFFC 210023
CLIMCN


CLIMATE REPORT
NATIONAL WEATHER SERVICE PEACHTREE CITY GA
723 PM EST MON FEB 20 2017


...................................

...THE MACON CLIMATE SUMMARY FOR FEBRUARY 20 2017...
VALID AS OF 0700 PM LOCAL TIME.

CLIMATE NORMAL PERIOD 1981 TO 2010
CLIMATE RECORD PERIOD 1899 TO 2017


WEATHER ITEM   OBSERVED TIME   RECORD YEAR NORMAL DEPARTURE LAST
                VALUE   (LST)  VALUE       VALUE  FROM      YEAR
                                                  NORMAL
..................................................................
TEMPERATURE (F)
 TODAY
  MAXIMUM         75    403 PM  80    1991  63     12       71
                                      1986
  MINIMUM         43    738 AM  18    2015  39      4       41
  AVERAGE         59                        51      8       56

PRECIPITATION (IN)
  TODAY            0.00          1.27 1933   0.16  -0.16     0.00
  MONTH TO DATE    1.51                      3.12  -1.61     2.66
  SINCE DEC 1     18.72                     11.40   7.32    17.80
  SINCE JAN 1     12.77                      7.36   5.41     5.18

SNOWFALL (IN)
  TODAY            0.0           0.0  2002   0.0    0.0      0.0
  MONTH TO DATE    0.0                       0.0    0.0       T
  SINCE DEC 1      0.0                       0.5   -0.5       T
  SINCE JUL 1      0.0                       0.5   -0.5       T
  SNOW DEPTH       0

DEGREE DAYS
 HEATING
  TODAY            6                        14     -8        9
  MONTH TO DATE  178                       316   -138      327
  SINCE DEC 1    911                      1426   -515     1174
  SINCE JUL 1   1153                      1821   -668     1446
..................................................................


WIND (MPH)
  HIGHEST WIND SPEED    12   HIGHEST WIND DIRECTION    SE (140)
  HIGHEST GUST SPEED    14   HIGHEST GUST DIRECTION     E (90)
  AVERAGE WIND SPEED     3.9


SKY COVER
  AVERAGE SKY COVER 0.0


WEATHER CONDITIONS
 THE FOLLOWING WEATHER WAS RECORDED TODAY.
  FOG


RELATIVE HUMIDITY (PERCENT)
 HIGHEST   100           700 AM
 LOWEST     41           200 PM

..........................................................


THE MACON CLIMATE NORMALS FOR TOMORROW
                         NORMAL    RECORD
 MAXIMUM TEMPERATURE (F)   64        81
 MINIMUM TEMPERATURE (F)   39        23


SUNRISE AND SUNSET
FEBRUARY 20 2017......SUNRISE   712 AM EST   SUNSET   625 PM EST
FEBRUARY 21 2017......SUNRISE   711 AM EST   SUNSET   626 PM EST


-  INDICATES NEGATIVE NUMBERS.
R  INDICATES RECORD WAS SET OR TIED.
MM INDICATES DATA IS MISSING.
T  INDICATES TRACE AMOUNT.




$$
