000
CDUS42 KFFC 230825
CLIMCN


CLIMATE REPORT
NATIONAL WEATHER SERVICE PEACHTREE CITY GA
424 AM EDT TUE MAY 23 2017


...................................

...THE MACON CLIMATE SUMMARY FOR MAY 22 2017...

CLIMATE NORMAL PERIOD 1981 TO 2010
CLIMATE RECORD PERIOD 1899 TO 2017


WEATHER ITEM   OBSERVED TIME   RECORD YEAR NORMAL DEPARTURE LAST
                VALUE   (LST)  VALUE       VALUE  FROM      YEAR
                                                  NORMAL
..................................................................
TEMPERATURE (F)
 YESTERDAY
  MAXIMUM         87    304 PM  97    1962  86      1       81
                                      1898
  MINIMUM         67    604 AM  43    1993  61      6       57
  AVERAGE         77                        74      3       69

PRECIPITATION (IN)
  YESTERDAY        0.13          2.06 2003   0.09   0.04     0.00
  MONTH TO DATE    3.44                      1.78   1.66     1.96
  SINCE MAR 1      7.90                      9.29  -1.39    12.23
  SINCE JAN 1     21.10                     17.89   3.21    17.96

DEGREE DAYS
 HEATING
  YESTERDAY        0                         0      0        0
  MONTH TO DATE   15                        11      4       11
  SINCE MAR 1    293                       393   -100      268
  SINCE JUL 1   1480                      2318   -838     1798

 COOLING
  YESTERDAY       12                         9      3        4
  MONTH TO DATE  156                       137     19      142
  SINCE MAR 1    356                       218    138      261
  SINCE JAN 1    367                       221    146      262
..................................................................


WIND (MPH)
  RESULTANT WIND SPEED   2   RESULTANT WIND DIRECTION  SW (210)
  HIGHEST WIND SPEED    14   HIGHEST WIND DIRECTION     N (360)
  HIGHEST GUST SPEED    17   HIGHEST GUST DIRECTION     N (360)
  AVERAGE WIND SPEED     3.5


SKY COVER
  AVERAGE SKY COVER 0.4


WEATHER CONDITIONS
 THE FOLLOWING WEATHER WAS RECORDED YESTERDAY.
  THUNDERSTORM
  RAIN
  LIGHT RAIN
  FOG


RELATIVE HUMIDITY (PERCENT)
 HIGHEST   100           500 AM
 LOWEST     51          1200 PM
 AVERAGE    76

..........................................................


THE MACON CLIMATE NORMALS FOR TODAY
                         NORMAL    RECORD    YEAR
 MAXIMUM TEMPERATURE (F)   86        98      1956
                                             1941
 MINIMUM TEMPERATURE (F)   62        42      2002


SUNRISE AND SUNSET
MAY 23 2017...........SUNRISE   631 AM EDT   SUNSET   832 PM EDT
MAY 24 2017...........SUNRISE   631 AM EDT   SUNSET   833 PM EDT


-  INDICATES NEGATIVE NUMBERS.
R  INDICATES RECORD WAS SET OR TIED.
MM INDICATES DATA IS MISSING.
T  INDICATES TRACE AMOUNT.




$$
