000
CDUS42 KFFC 240820
CLIMCN


CLIMATE REPORT
NATIONAL WEATHER SERVICE PEACHTREE CITY GA
420 AM EDT SAT JUN 24 2017


...................................

...THE MACON CLIMATE SUMMARY FOR JUNE 23 2017...

CLIMATE NORMAL PERIOD 1981 TO 2010
CLIMATE RECORD PERIOD 1899 TO 2017


WEATHER ITEM   OBSERVED TIME   RECORD YEAR NORMAL DEPARTURE LAST
                VALUE   (LST)  VALUE       VALUE  FROM      YEAR
                                                  NORMAL
..................................................................
TEMPERATURE (F)
 YESTERDAY
  MAXIMUM         92    425 PM 101    1988  91      1       98
                                      1981
                                      1944
  MINIMUM         71    518 AM  56    1966  69      2       66
  AVERAGE         82                        80      2       82

PRECIPITATION (IN)
  YESTERDAY        0.00          1.63 2013   0.15  -0.15     0.00
  MONTH TO DATE    4.38                      3.04   1.34     1.22
  SINCE JUN 1      4.38                      3.04   1.34     1.22
  SINCE JAN 1     28.11                     21.87   6.24    19.18

DEGREE DAYS
 HEATING
  YESTERDAY        0                         0      0        0
  MONTH TO DATE    0                         0      0        0
  SINCE JUN 1      0                         0      0        0
  SINCE JUL 1   1480                      2322   -842     1798

 COOLING
  YESTERDAY       17                        15      2       17
  MONTH TO DATE  299                       310    -11      365
  SINCE JUN 1    299                       310    -11      365
  SINCE JAN 1    744                       623    121      717
..................................................................


WIND (MPH)
  RESULTANT WIND SPEED   8   RESULTANT WIND DIRECTION  SW (210)
  HIGHEST WIND SPEED    18   HIGHEST WIND DIRECTION    SW (210)
  HIGHEST GUST SPEED    24   HIGHEST GUST DIRECTION     S (200)
  AVERAGE WIND SPEED     8.6


SKY COVER
  AVERAGE SKY COVER 0.2


WEATHER CONDITIONS
 THE FOLLOWING WEATHER WAS RECORDED YESTERDAY.
  FOG


RELATIVE HUMIDITY (PERCENT)
 HIGHEST   100           300 AM
 LOWEST     52           400 PM
 AVERAGE    76

..........................................................


THE MACON CLIMATE NORMALS FOR TODAY
                         NORMAL    RECORD    YEAR
 MAXIMUM TEMPERATURE (F)   91       101      1988
                                             1930
 MINIMUM TEMPERATURE (F)   69        53      1947


SUNRISE AND SUNSET
JUNE 24 2017..........SUNRISE   628 AM EDT   SUNSET   846 PM EDT
JUNE 25 2017..........SUNRISE   628 AM EDT   SUNSET   846 PM EDT


-  INDICATES NEGATIVE NUMBERS.
R  INDICATES RECORD WAS SET OR TIED.
MM INDICATES DATA IS MISSING.
T  INDICATES TRACE AMOUNT.




$$
