000
CDUS42 KFFC 300817
CLIMCN


CLIMATE REPORT
NATIONAL WEATHER SERVICE PEACHTREE CITY GA
416 AM EDT TUE AUG 30 2016


...................................

...THE MACON CLIMATE SUMMARY FOR AUGUST 29 2016...

CLIMATE NORMAL PERIOD 1981 TO 2010
CLIMATE RECORD PERIOD 1899 TO 2016


WEATHER ITEM   OBSERVED TIME   RECORD YEAR NORMAL DEPARTURE LAST
                VALUE   (LST)  VALUE       VALUE  FROM      YEAR
                                                  NORMAL
..................................................................
TEMPERATURE (F)
 YESTERDAY
  MAXIMUM         94   1246 PM 102    1990  90      4       81
  MINIMUM         73   1159 PM  57    1968  69      4       70
  AVERAGE         84                        79      5       76

PRECIPITATION (IN)
  YESTERDAY        T             1.92 1952   0.13  -0.13     0.13
  MONTH TO DATE    2.03                      3.84  -1.81     4.15
  SINCE JUN 1      6.26                     12.85  -6.59     9.49
  SINCE JAN 1     24.22                     31.68  -7.46    25.99

DEGREE DAYS
 HEATING
  YESTERDAY        0                         0      0        0
  MONTH TO DATE    0                         0      0        0
  SINCE JUN 1      0                         0      0        0
  SINCE JUL 1      0                         0      0        0

 COOLING
  YESTERDAY       19                        14      5       11
  MONTH TO DATE  535                       464     71      464
  SINCE JUN 1   1641                      1404    237     1536
  SINCE JAN 1   1993                      1717    276     1921
..................................................................


WIND (MPH)
  RESULTANT WIND SPEED   7   RESULTANT WIND DIRECTION  NE (50)
  HIGHEST WIND SPEED    22   HIGHEST WIND DIRECTION    SE (120)
  HIGHEST GUST SPEED    26   HIGHEST GUST DIRECTION     E (110)
  AVERAGE WIND SPEED     7.6


SKY COVER
  AVERAGE SKY COVER 0.3


WEATHER CONDITIONS
 THE FOLLOWING WEATHER WAS RECORDED YESTERDAY.
  THUNDERSTORM


RELATIVE HUMIDITY (PERCENT)
 HIGHEST    93           700 AM
 LOWEST     44           100 PM
 AVERAGE    69

..........................................................


THE MACON CLIMATE NORMALS FOR TODAY
                         NORMAL    RECORD    YEAR
 MAXIMUM TEMPERATURE (F)   90       100      1948
 MINIMUM TEMPERATURE (F)   69        57      1986


SUNRISE AND SUNSET
AUGUST 30 2016........SUNRISE   708 AM EDT   SUNSET   801 PM EDT
AUGUST 31 2016........SUNRISE   709 AM EDT   SUNSET   800 PM EDT


-  INDICATES NEGATIVE NUMBERS.
R  INDICATES RECORD WAS SET OR TIED.
MM INDICATES DATA IS MISSING.
T  INDICATES TRACE AMOUNT.




$$
