000
CDUS42 KMLB 192016
CLIMCO


CLIMATE REPORT
NATIONAL WEATHER SERVICE MELBOURNE FL
416 PM EDT THU OCT 19 2017


...................................

...THE ORLANDO  CLIMATE SUMMARY FOR OCTOBER 19 2017...
VALID TODAY AS OF 0400 PM LOCAL TIME.

CLIMATE NORMAL PERIOD 1981 TO 2010
CLIMATE RECORD PERIOD 1892 TO 2017


WEATHER ITEM   OBSERVED TIME   RECORD YEAR NORMAL DEPARTURE LAST
                VALUE   (LST)  VALUE       VALUE  FROM      YEAR
                                                  NORMAL
..................................................................
TEMPERATURE (F)
 TODAY
  MAXIMUM         86    201 PM  94    1919  84      2       86
  MINIMUM         70    654 AM  47    1977  66      4       67
                                      1927
  AVERAGE         78                        75      3       77

PRECIPITATION (IN)
  TODAY            0.01          4.28 1904   0.10  -0.09     0.00
  MONTH TO DATE    3.29                      2.33   0.96     2.77
  SINCE SEP 1     17.38                      8.39   8.99    10.03
  SINCE JAN 1     45.80                     45.00   0.80    51.72

SNOWFALL (IN)
  TODAY            0.0
  MONTH TO DATE    0.0
  SINCE SEP 1      0.0
  SINCE JUL 1      0.0

DEGREE DAYS
 HEATING
  TODAY            0                         0      0        0
  MONTH TO DATE    0                         0      0        0
  SINCE SEP 1      0                         0      0        0
  SINCE JUL 1      0                         0      0        0

 COOLING
  TODAY           13                        10      3       12
  MONTH TO DATE  283                       228     55      265
  SINCE SEP 1    772                       711     61      788
  SINCE JAN 1   3370                      3104    266     3461
..................................................................


WIND (MPH)
  HIGHEST WIND SPEED    23   HIGHEST WIND DIRECTION    NE (40)
  HIGHEST GUST SPEED    28   HIGHEST GUST DIRECTION    NE (40)
  AVERAGE WIND SPEED     9.8


SKY COVER
  AVERAGE SKY COVER 0.3


WEATHER CONDITIONS
 THE FOLLOWING WEATHER WAS RECORDED TODAY.
  LIGHT RAIN
  FOG


RELATIVE HUMIDITY (PERCENT)
 HIGHEST   100           100 AM
 LOWEST     61           100 PM
 AVERAGE    81

..........................................................


THE ORLANDO  CLIMATE NORMALS FOR TOMORROW
                         NORMAL    RECORD    YEAR
 MAXIMUM TEMPERATURE (F)   84        93      1919
 MINIMUM TEMPERATURE (F)   65        46      1989


SUNRISE AND SUNSET
OCTOBER 19 2017.......SUNRISE   729 AM EDT   SUNSET   651 PM EDT
OCTOBER 20 2017.......SUNRISE   729 AM EDT   SUNSET   650 PM EDT


-  INDICATES NEGATIVE NUMBERS.
R  INDICATES RECORD WAS SET OR TIED.
MM INDICATES DATA IS MISSING.
T  INDICATES TRACE AMOUNT.




$$
