000
CDUS42 KMLB 260630
CLIMCO


CLIMATE REPORT
NATIONAL WEATHER SERVICE MELBOURNE FL
130 AM EST MON JAN 26 2015


...................................

...THE ORLANDO  CLIMATE SUMMARY FOR JANUARY 25 2015...

CLIMATE NORMAL PERIOD 1981 TO 2010
CLIMATE RECORD PERIOD 1892 TO 2015


WEATHER ITEM   OBSERVED TIME   RECORD YEAR NORMAL DEPARTURE LAST
                VALUE   (LST)  VALUE       VALUE  FROM      YEAR
                                                  NORMAL
..................................................................
TEMPERATURE (F)
 YESTERDAY
  MAXIMUM         65    353 PM  86    1920  72     -7       71
  MINIMUM         41    526 AM  33    1955  49     -8       45
                                      1908
  AVERAGE         53                        60     -7       58

PRECIPITATION (IN)
  YESTERDAY        0.00          1.30 2011   0.08  -0.08     0.01
  MONTH TO DATE    3.46                      1.89   1.57     1.26
  SINCE DEC 1      5.05                      4.47   0.58     1.53
  SINCE JAN 1      3.46                      1.89   1.57     1.26

SNOWFALL (IN)
  YESTERDAY        0.0
  MONTH TO DATE    0.0
  SINCE DEC 1      0.0
  SINCE JUL 1      0.0

DEGREE DAYS
 HEATING
  YESTERDAY       12                         6      6        7
  MONTH TO DATE   96                       157    -61      196
  SINCE DEC 1    190                       301   -111      230
  SINCE JUL 1    272                       348    -76      253

 COOLING
  YESTERDAY        0                         1     -1        0
  MONTH TO DATE   52                        28     24       40
  SINCE DEC 1    156                        98     58      173
  SINCE JAN 1     52                        28     24       40
..................................................................


WIND (MPH)
  HIGHEST WIND SPEED    15   HIGHEST WIND DIRECTION     N (340)
  HIGHEST GUST SPEED    18   HIGHEST GUST DIRECTION     N (340)
  AVERAGE WIND SPEED     4.8


SKY COVER
  AVERAGE SKY COVER 0.4


WEATHER CONDITIONS
 THE FOLLOWING WEATHER WAS RECORDED YESTERDAY.
  NO SIGNIFICANT WEATHER WAS OBSERVED.


RELATIVE HUMIDITY (PERCENT)
 HIGHEST    96           500 AM
 LOWEST     31           300 PM
 AVERAGE    64

..........................................................


THE ORLANDO  CLIMATE NORMALS FOR TODAY
                         NORMAL    RECORD    YEAR
 MAXIMUM TEMPERATURE (F)   72        87      1929
 MINIMUM TEMPERATURE (F)   50        21      1905


SUNRISE AND SUNSET
JANUARY 26 2015.......SUNRISE   716 AM EST   SUNSET   600 PM EST
JANUARY 27 2015.......SUNRISE   716 AM EST   SUNSET   601 PM EST


-  INDICATES NEGATIVE NUMBERS.
R  INDICATES RECORD WAS SET OR TIED.
MM INDICATES DATA IS MISSING.
T  INDICATES TRACE AMOUNT.




$$
