000
CDUS42 KMLB 260635
CLIMCO


CLIMATE REPORT
NATIONAL WEATHER SERVICE MELBOURNE FL
235 AM EDT THU MAY 26 2016


...................................

...THE ORLANDO  CLIMATE SUMMARY FOR MAY 25 2016...

CLIMATE NORMAL PERIOD 1981 TO 2010
CLIMATE RECORD PERIOD 1892 TO 2016


WEATHER ITEM   OBSERVED TIME   RECORD YEAR NORMAL DEPARTURE LAST
                VALUE   (LST)  VALUE       VALUE  FROM      YEAR
                                                  NORMAL
..................................................................
TEMPERATURE (F)
 YESTERDAY
  MAXIMUM         89    147 PM  98    1962  90     -1       90
  MINIMUM         68    219 AM  53    1931  69     -1       71
  AVERAGE         79                        79      0       81

PRECIPITATION (IN)
  YESTERDAY        0.00          1.52 2001   0.15  -0.15     0.15
  MONTH TO DATE    4.73                      2.41   2.32     0.93
  SINCE MAR 1     11.31                      8.86   2.45     5.89
  SINCE JAN 1     18.65                     13.59   5.06    13.99

SNOWFALL (IN)
  YESTERDAY        0.0
  MONTH TO DATE    0.0
  SINCE MAR 1      0.0
  SINCE JUL 1      0.0

DEGREE DAYS
 HEATING
  YESTERDAY        0                         0      0        0
  MONTH TO DATE    0                         0      0        0
  SINCE MAR 1     16                        71    -55       16
  SINCE JUL 1    370                       570   -200      486

 COOLING
  YESTERDAY       14                        14      0       16
  MONTH TO DATE  301                       293      8      357
  SINCE MAR 1    760                       610    150     1009
  SINCE JAN 1    822                       714    108     1083
..................................................................


WIND (MPH)
  HIGHEST WIND SPEED    18   HIGHEST WIND DIRECTION     E (100)
  HIGHEST GUST SPEED    23   HIGHEST GUST DIRECTION    SE (120)
  AVERAGE WIND SPEED     8.3


SKY COVER
  AVERAGE SKY COVER 0.3


WEATHER CONDITIONS
 THE FOLLOWING WEATHER WAS RECORDED YESTERDAY.
  NO SIGNIFICANT WEATHER WAS OBSERVED.


RELATIVE HUMIDITY (PERCENT)
 HIGHEST    78           300 AM
 LOWEST     29           100 PM
 AVERAGE    54

..........................................................


THE ORLANDO  CLIMATE NORMALS FOR TODAY
                         NORMAL    RECORD    YEAR
 MAXIMUM TEMPERATURE (F)   90        99      1953
 MINIMUM TEMPERATURE (F)   69        54      1931


SUNRISE AND SUNSET
MAY 26 2016...........SUNRISE   630 AM EDT   SUNSET   815 PM EDT
MAY 27 2016...........SUNRISE   629 AM EDT   SUNSET   816 PM EDT


-  INDICATES NEGATIVE NUMBERS.
R  INDICATES RECORD WAS SET OR TIED.
MM INDICATES DATA IS MISSING.
T  INDICATES TRACE AMOUNT.




$$
