000
CDUS42 KMLB 180635
CLIMCO


CLIMATE REPORT
NATIONAL WEATHER SERVICE MELBOURNE FL
135 AM EST THU DEC 18 2014


...................................

...THE ORLANDO  CLIMATE SUMMARY FOR DECEMBER 17 2014...

CLIMATE NORMAL PERIOD 1981 TO 2010
CLIMATE RECORD PERIOD 1892 TO 2014


WEATHER ITEM   OBSERVED TIME   RECORD YEAR NORMAL DEPARTURE LAST
                VALUE   (LST)  VALUE       VALUE  FROM      YEAR
                                                  NORMAL
..................................................................
TEMPERATURE (F)
 YESTERDAY
  MAXIMUM         75    416 PM  87    1922  72      3       74
  MINIMUM         54   1156 PM  31    1968  52      2       47
                                      1916
  AVERAGE         65                        62      3       61

PRECIPITATION (IN)
  YESTERDAY        0.00          1.61 1950   0.09  -0.09     0.00
  MONTH TO DATE    0.71                      1.40  -0.69     0.19
  SINCE DEC 1      0.71                      1.40  -0.69     0.19
  SINCE JAN 1     54.47                     49.55   4.92    42.63

SNOWFALL (IN)
  YESTERDAY        0.0
  MONTH TO DATE    0.0
  SINCE DEC 1      0.0
  SINCE JUL 1      0.0

DEGREE DAYS
 HEATING
  YESTERDAY        0                         5     -5        4
  MONTH TO DATE   75                        65     10       18
  SINCE DEC 1     75                        65     10       18
  SINCE JUL 1    157                       112     45       41

 COOLING
  YESTERDAY        0                         2     -2        0
  MONTH TO DATE   45                        43      2       79
  SINCE DEC 1     45                        43      2       79
  SINCE JAN 1   3536                      3397    139     3640
..................................................................


WIND (MPH)
  HIGHEST WIND SPEED    12   HIGHEST WIND DIRECTION    NW (310)
  HIGHEST GUST SPEED    21   HIGHEST GUST DIRECTION     W (270)
  AVERAGE WIND SPEED     5.1


SKY COVER
  AVERAGE SKY COVER 0.4


WEATHER CONDITIONS
 THE FOLLOWING WEATHER WAS RECORDED YESTERDAY.
  FOG


RELATIVE HUMIDITY (PERCENT)
 HIGHEST   100           200 AM
 LOWEST     38           400 PM
 AVERAGE    69

..........................................................


THE ORLANDO  CLIMATE NORMALS FOR TODAY
                         NORMAL    RECORD    YEAR
 MAXIMUM TEMPERATURE (F)   72        90      1961
 MINIMUM TEMPERATURE (F)   52        32      1973
                                             1901


SUNRISE AND SUNSET
DECEMBER 18 2014......SUNRISE   712 AM EST   SUNSET   532 PM EST
DECEMBER 19 2014......SUNRISE   712 AM EST   SUNSET   533 PM EST


-  INDICATES NEGATIVE NUMBERS.
R  INDICATES RECORD WAS SET OR TIED.
MM INDICATES DATA IS MISSING.
T  INDICATES TRACE AMOUNT.




$$
