000
CDUS42 KMLB 240635
CLIMCO


CLIMATE REPORT
NATIONAL WEATHER SERVICE MELBOURNE
235 AM EDT THU APR 24 2014


...................................

...THE ORLANDO  CLIMATE SUMMARY FOR APRIL 23 2014...

CLIMATE NORMAL PERIOD 1981 TO 2010
CLIMATE RECORD PERIOD 1892 TO 2014


WEATHER ITEM   OBSERVED TIME   RECORD YEAR NORMAL DEPARTURE LAST
                VALUE   (LST)  VALUE       VALUE  FROM      YEAR
                                                  NORMAL
..................................................................
TEMPERATURE (F)
 YESTERDAY
  MAXIMUM         86    532 PM  96    1968  84      2       82
  MINIMUM         64    628 AM  48    1993  61      3       63
  AVERAGE         75                        72      3       73

PRECIPITATION (IN)
  YESTERDAY        0.00          3.75 1991   0.08  -0.08     0.00
  MONTH TO DATE    2.35                      2.16   0.19     2.66
  SINCE MAR 1      6.87                      5.93   0.94     3.93
  SINCE JAN 1     11.91                     10.66   1.25     4.84

SNOWFALL (IN)
  YESTERDAY        0.0
  MONTH TO DATE    0.0
  SINCE MAR 1      0.0
  SINCE JUL 1      0.0

DEGREE DAYS
 HEATING
  YESTERDAY        0                         0      0        0
  MONTH TO DATE    0                        11    -11        0
  SINCE MAR 1     42                        70    -28      149
  SINCE JUL 1    406                       569   -163      461

 COOLING
  YESTERDAY       10                         8      2        8
  MONTH TO DATE  164                       141     23      216
  SINCE MAR 1    271                       259     12      267
  SINCE JAN 1    421                       363     58      467
..................................................................


WIND (MPH)
  HIGHEST WIND SPEED    14   HIGHEST WIND DIRECTION    NW (300)
  HIGHEST GUST SPEED    17   HIGHEST GUST DIRECTION    NW (300)
  AVERAGE WIND SPEED     4.6


SKY COVER
  AVERAGE SKY COVER 0.3


WEATHER CONDITIONS
 THE FOLLOWING WEATHER WAS RECORDED YESTERDAY.
  NO SIGNIFICANT WEATHER WAS OBSERVED.


RELATIVE HUMIDITY (PERCENT)
 HIGHEST    87           300 AM
 LOWEST     37           500 PM
 AVERAGE    62

..........................................................


THE ORLANDO  CLIMATE NORMALS FOR TODAY
                         NORMAL    RECORD    YEAR
 MAXIMUM TEMPERATURE (F)   84        99      1923
 MINIMUM TEMPERATURE (F)   61        45      1903


SUNRISE AND SUNSET
APRIL 24 2014.........SUNRISE   651 AM EDT   SUNSET   756 PM EDT
APRIL 25 2014.........SUNRISE   650 AM EDT   SUNSET   757 PM EDT


-  INDICATES NEGATIVE NUMBERS.
R  INDICATES RECORD WAS SET OR TIED.
MM INDICATES DATA IS MISSING.
T  INDICATES TRACE AMOUNT.




$$
