000
CDUS42 KMLB 270641
CLIMCO


CLIMATE REPORT
NATIONAL WEATHER SERVICE MELBOURNE FL
231 AM EDT FRI MAR 27 2015


...................................

...THE ORLANDO  CLIMATE SUMMARY FOR MARCH 26 2015...

CLIMATE NORMAL PERIOD 1981 TO 2010
CLIMATE RECORD PERIOD 1892 TO 2015


WEATHER ITEM   OBSERVED TIME   RECORD YEAR NORMAL DEPARTURE LAST
                VALUE   (LST)  VALUE       VALUE  FROM      YEAR
                                                  NORMAL
..................................................................
TEMPERATURE (F)
 YESTERDAY
  MAXIMUM         88    256 PM  94    1929  79      9       64
  MINIMUM         63    410 AM  38    1894  57      6       45
  AVERAGE         76                        68      8       55

PRECIPITATION (IN)
  YESTERDAY        0.01          3.20 1987   0.13  -0.12     0.00
  MONTH TO DATE    0.44                      3.12  -2.68     2.47
  SINCE MAR 1      0.44                      3.12  -2.68     2.47
  SINCE JAN 1      8.54                      7.85   0.69     7.51

SNOWFALL (IN)
  YESTERDAY        0.0
  MONTH TO DATE    0.0
  SINCE MAR 1      0.0
  SINCE JUL 1      0.0

DEGREE DAYS
 HEATING
  YESTERDAY        0                         1     -1       10
  MONTH TO DATE    5                        54    -49       35
  SINCE MAR 1      5                        54    -49       35
  SINCE JUL 1    475                       553    -78      399

 COOLING
  YESTERDAY       11                         4      7        0
  MONTH TO DATE  254                        95    159       90
  SINCE MAR 1    254                        95    159       90
  SINCE JAN 1    328                       199    129      240
..................................................................


WIND (MPH)
  HIGHEST WIND SPEED    25   HIGHEST WIND DIRECTION     W (270)
  HIGHEST GUST SPEED    32   HIGHEST GUST DIRECTION     W (280)
  AVERAGE WIND SPEED     6.7


SKY COVER
  AVERAGE SKY COVER 0.7


WEATHER CONDITIONS
 THE FOLLOWING WEATHER WAS RECORDED YESTERDAY.
  LIGHT RAIN
  FOG


RELATIVE HUMIDITY (PERCENT)
 HIGHEST   100          1200 AM
 LOWEST     46           300 PM
 AVERAGE    73

..........................................................


THE ORLANDO  CLIMATE NORMALS FOR TODAY
                         NORMAL    RECORD    YEAR
 MAXIMUM TEMPERATURE (F)   80        93      1929
                                             1923
 MINIMUM TEMPERATURE (F)   57        40      2013


SUNRISE AND SUNSET
MARCH 27 2015.........SUNRISE   721 AM EDT   SUNSET   740 PM EDT
MARCH 28 2015.........SUNRISE   720 AM EDT   SUNSET   741 PM EDT


-  INDICATES NEGATIVE NUMBERS.
R  INDICATES RECORD WAS SET OR TIED.
MM INDICATES DATA IS MISSING.
T  INDICATES TRACE AMOUNT.




$$
