000
CDUS42 KMLB 301223 CCA
CLIMCO

CLIMATE REPORT...CORRECTED
NATIONAL WEATHER SERVICE MELBOURNE FL
723 AM EDT WED JUL 30 2014


...................................

...THE ORLANDO  CLIMATE SUMMARY FOR JULY 29 2014...

CLIMATE NORMAL PERIOD 1981 TO 2010
CLIMATE RECORD PERIOD 1892 TO 2014


WEATHER ITEM   OBSERVED TIME   RECORD YEAR NORMAL DEPARTURE LAST
                VALUE   (LST)  VALUE       VALUE  FROM      YEAR
                                                  NORMAL
..................................................................
TEMPERATURE (F)
 YESTERDAY
  MAXIMUM         92    246 PM  99    1949  92      0       93
  MINIMUM         75    452 PM  66    1893  74      1       73
  AVERAGE         84                        83      1       83

PRECIPITATION (IN)
  YESTERDAY        0.46          2.76 1918   0.24   0.22     0.00
  MONTH TO DATE    8.79                      6.81   1.98     8.53
  SINCE JUN 1     13.43                     14.39  -0.96    18.63
  SINCE JAN 1     30.78                     29.02   1.76    29.50

SNOWFALL (IN)
  YESTERDAY       MM
  MONTH TO DATE    0.0
  SINCE JUN 1      0.0
  SINCE JUL 1      0.0

DEGREE DAYS
 HEATING
  YESTERDAY        0                         0      0        0
  MONTH TO DATE    0                         0      0        0
  SINCE JUN 1      0                         0      0        0
  SINCE JUL 1      0                         0      0        0

 COOLING
  YESTERDAY       19                        18      1       18
  MONTH TO DATE  532                       514     18      491
  SINCE JUN 1   1035                      1004     31     1000
  SINCE JAN 1   1969                      1805    164     1872
..................................................................


WIND (MPH)
  HIGHEST WIND SPEED    33   HIGHEST WIND DIRECTION     W (260)
  HIGHEST GUST SPEED    41   HIGHEST GUST DIRECTION     W (270)
  AVERAGE WIND SPEED     8.8


SKY COVER
  AVERAGE SKY COVER 0.5


WEATHER CONDITIONS
 THE FOLLOWING WEATHER WAS RECORDED YESTERDAY.
  THUNDERSTORM
  HEAVY RAIN
  RAIN
  LIGHT RAIN
  FOG


RELATIVE HUMIDITY (PERCENT)
 HIGHEST   100           800 PM
 LOWEST     59           200 PM
 AVERAGE    80

..........................................................


THE ORLANDO  CLIMATE NORMALS FOR TODAY
                         NORMAL    RECORD    YEAR
 MAXIMUM TEMPERATURE (F)   92       100      1961
 MINIMUM TEMPERATURE (F)   74        64      1893


SUNRISE AND SUNSET
JULY 30 2014..........SUNRISE   646 AM EDT   SUNSET   817 PM EDT
JULY 31 2014..........SUNRISE   647 AM EDT   SUNSET   816 PM EDT


-  INDICATES NEGATIVE NUMBERS.
R  INDICATES RECORD WAS SET OR TIED.
MM INDICATES DATA IS MISSING.
T  INDICATES TRACE AMOUNT.




$$
