000
CDUS42 KMLB 040641
CLIMCO


CLIMATE REPORT
NATIONAL WEATHER SERVICE MELBOURNE FL
130 AM EST WED MAR 4 2015


...................................

...THE ORLANDO  CLIMATE SUMMARY FOR MARCH 3 2015...

CLIMATE NORMAL PERIOD 1981 TO 2010
CLIMATE RECORD PERIOD 1892 TO 2015


WEATHER ITEM   OBSERVED TIME   RECORD YEAR NORMAL DEPARTURE LAST
                VALUE   (LST)  VALUE       VALUE  FROM      YEAR
                                                  NORMAL
..................................................................
TEMPERATURE (F)
 YESTERDAY
  MAXIMUM         84    328 PM  90    2012  76      8       84
                                      1916
  MINIMUM         62    223 AM  25    1980  54      8       54
  AVERAGE         73                        65      8       69

PRECIPITATION (IN)
  YESTERDAY        0.00          2.07 1931   0.10  -0.10     0.00
  MONTH TO DATE    0.35                      0.30   0.05     0.00
  SINCE MAR 1      0.35                      0.30   0.05     0.00
  SINCE JAN 1      8.45                      5.03   3.42     5.04

SNOWFALL (IN)
  YESTERDAY        0.0
  MONTH TO DATE    0.0
  SINCE MAR 1      0.0
  SINCE JUL 1      0.0

DEGREE DAYS
 HEATING
  YESTERDAY        0                         3     -3        0
  MONTH TO DATE    0                         9     -9        1
  SINCE MAR 1      0                         9     -9        1
  SINCE JUL 1    470                       508    -38      365

 COOLING
  YESTERDAY        8                         3      5        4
  MONTH TO DATE   24                         9     15        7
  SINCE MAR 1     24                         9     15        7
  SINCE JAN 1     98                       113    -15      157
..................................................................


WIND (MPH)
  HIGHEST WIND SPEED    17   HIGHEST WIND DIRECTION     E (100)
  HIGHEST GUST SPEED    21   HIGHEST GUST DIRECTION     E (100)
  AVERAGE WIND SPEED     7.4


SKY COVER
  AVERAGE SKY COVER 0.6


WEATHER CONDITIONS
 THE FOLLOWING WEATHER WAS RECORDED YESTERDAY.
  FOG
  FOG W/VISIBILITY <= 1/4 MILE


RELATIVE HUMIDITY (PERCENT)
 HIGHEST   100          1200 AM
 LOWEST     58           200 PM
 AVERAGE    79

..........................................................


THE ORLANDO  CLIMATE NORMALS FOR TODAY
                         NORMAL    RECORD    YEAR
 MAXIMUM TEMPERATURE (F)   76        88      1989
                                             1953
                                             1922
 MINIMUM TEMPERATURE (F)   54        30      2013


SUNRISE AND SUNSET
MARCH  4 2015.........SUNRISE   647 AM EST   SUNSET   627 PM EST
MARCH  5 2015.........SUNRISE   646 AM EST   SUNSET   628 PM EST


-  INDICATES NEGATIVE NUMBERS.
R  INDICATES RECORD WAS SET OR TIED.
MM INDICATES DATA IS MISSING.
T  INDICATES TRACE AMOUNT.




$$
