000
CDUS42 KMLB 290635
CLIMCO


CLIMATE REPORT
NATIONAL WEATHER SERVICE MELBOURNE FL
235 AM EDT SAT APR 29 2017


...................................

...THE ORLANDO  CLIMATE SUMMARY FOR APRIL 28 2017...

CLIMATE NORMAL PERIOD 1981 TO 2010
CLIMATE RECORD PERIOD 1892 TO 2017


WEATHER ITEM   OBSERVED TIME   RECORD YEAR NORMAL DEPARTURE LAST
                VALUE   (LST)  VALUE       VALUE  FROM      YEAR
                                                  NORMAL
..................................................................
TEMPERATURE (F)
 YESTERDAY
  MAXIMUM         94    226 PM  95    2011  85      9       89
  MINIMUM         67    601 AM  48    1977  62      5       65
  AVERAGE         81                        74      7       77

PRECIPITATION (IN)
  YESTERDAY        0.00          2.64 1928   0.08  -0.08     0.64
  MONTH TO DATE    T                         2.54  -2.54     1.27
  SINCE MAR 1      0.10                      6.31  -6.21     6.58
  SINCE JAN 1      3.03                     11.04  -8.01    13.92

SNOWFALL (IN)
  YESTERDAY        0.0
  MONTH TO DATE    0.0
  SINCE MAR 1      0.0
  SINCE JUL 1      0.0

DEGREE DAYS
 HEATING
  YESTERDAY        0                         0      0        0
  MONTH TO DATE    3                        11     -8        0
  SINCE MAR 1     40                        70    -30       16
  SINCE JUL 1    209                       569   -360      370

 COOLING
  YESTERDAY       16                         9      7       12
  MONTH TO DATE  259                       182     77      214
  SINCE MAR 1    422                       300    122      431
  SINCE JAN 1    623                       404    219      493
..................................................................


WIND (MPH)
  HIGHEST WIND SPEED    21   HIGHEST WIND DIRECTION     E (110)
  HIGHEST GUST SPEED    26   HIGHEST GUST DIRECTION     E (110)
  AVERAGE WIND SPEED     9.3


SKY COVER
  AVERAGE SKY COVER 0.4


WEATHER CONDITIONS
 THE FOLLOWING WEATHER WAS RECORDED YESTERDAY.
  FOG


RELATIVE HUMIDITY (PERCENT)
 HIGHEST   100           700 AM
 LOWEST     36           200 PM
 AVERAGE    68

..........................................................


THE ORLANDO  CLIMATE NORMALS FOR TODAY
                         NORMAL    RECORD    YEAR
 MAXIMUM TEMPERATURE (F)   85        96      1906
 MINIMUM TEMPERATURE (F)   62        42      1928


SUNRISE AND SUNSET
APRIL 29 2017.........SUNRISE   646 AM EDT   SUNSET   759 PM EDT
APRIL 30 2017.........SUNRISE   645 AM EDT   SUNSET   800 PM EDT


-  INDICATES NEGATIVE NUMBERS.
R  INDICATES RECORD WAS SET OR TIED.
MM INDICATES DATA IS MISSING.
T  INDICATES TRACE AMOUNT.




$$
