797
CDUS42 KMLB 260628
CLIMCO


CLIMATE REPORT
NATIONAL WEATHER SERVICE MELBOURNE FL
227 AM EDT FRI AUG 26 2016


...................................

...THE ORLANDO  CLIMATE SUMMARY FOR AUGUST 25 2016...

CLIMATE NORMAL PERIOD 1981 TO 2010
CLIMATE RECORD PERIOD 1892 TO 2016


WEATHER ITEM   OBSERVED TIME   RECORD YEAR NORMAL DEPARTURE LAST
                VALUE   (LST)  VALUE       VALUE  FROM      YEAR
                                                  NORMAL
..................................................................
TEMPERATURE (F)
 YESTERDAY
  MAXIMUM         92    207 PM  98    1915  91      1       96
  MINIMUM         76    505 AM  65    1957  74      2       77
  AVERAGE         84                        83      1       87

PRECIPITATION (IN)
  YESTERDAY        0.00          2.57 1912   0.22  -0.22     0.00
  MONTH TO DATE    8.16                      5.81   2.35     9.67
  SINCE JUN 1     19.86                     20.66  -0.80    23.88
  SINCE JAN 1     39.95                     35.29   4.66    37.87

SNOWFALL (IN)
  YESTERDAY        0.0
  MONTH TO DATE    0.0
  SINCE JUN 1      0.0
  SINCE JUL 1      0.0

DEGREE DAYS
 HEATING
  YESTERDAY        0                         0      0        0
  MONTH TO DATE    0                         0      0        0
  SINCE JUN 1      0                         0      0        0
  SINCE JUL 1      0                         0      0        0

 COOLING
  YESTERDAY       19                        18      1       22
  MONTH TO DATE  475                       450     25      461
  SINCE JUN 1   1648                      1489    159     1590
  SINCE JAN 1   2563                      2290    273     2770
..................................................................


WIND (MPH)
  HIGHEST WIND SPEED    22   HIGHEST WIND DIRECTION    NE (30)
  HIGHEST GUST SPEED    29   HIGHEST GUST DIRECTION     E (70)
  AVERAGE WIND SPEED    11.7


SKY COVER
  AVERAGE SKY COVER 0.3


WEATHER CONDITIONS
 THE FOLLOWING WEATHER WAS RECORDED YESTERDAY.
  NO SIGNIFICANT WEATHER WAS OBSERVED.


RELATIVE HUMIDITY (PERCENT)
 HIGHEST    88           500 AM
 LOWEST     49           100 PM
 AVERAGE    69

..........................................................


THE ORLANDO  CLIMATE NORMALS FOR TODAY
                         NORMAL    RECORD    YEAR
 MAXIMUM TEMPERATURE (F)   91        98      1916
                                             1915
                                             1903
 MINIMUM TEMPERATURE (F)   74        66      1893


SUNRISE AND SUNSET
AUGUST 26 2016........SUNRISE   701 AM EDT   SUNSET   753 PM EDT
AUGUST 27 2016........SUNRISE   701 AM EDT   SUNSET   751 PM EDT


-  INDICATES NEGATIVE NUMBERS.
R  INDICATES RECORD WAS SET OR TIED.
MM INDICATES DATA IS MISSING.
T  INDICATES TRACE AMOUNT.




$$
