000
CDUS42 KMLB 232127
CLIMCO


CLIMATE REPORT
NATIONAL WEATHER SERVICE MELBOURNE FL
421 PM EST MON JAN 23 2017


...................................

...THE ORLANDO  CLIMATE SUMMARY FOR JANUARY 23 2017...
VALID TODAY AS OF 0400 PM LOCAL TIME.

CLIMATE NORMAL PERIOD 1981 TO 2010
CLIMATE RECORD PERIOD 1892 TO 2017


WEATHER ITEM   OBSERVED TIME   RECORD YEAR NORMAL DEPARTURE LAST
                VALUE   (LST)  VALUE       VALUE  FROM      YEAR
                                                  NORMAL
..................................................................
TEMPERATURE (F)
 TODAY
  MAXIMUM         73    222 PM  87    1962  71      2       56
                                      1930
                                      1922
  MINIMUM         60    756 AM  28    1985  49     11       41
                                      1910
  AVERAGE         67                        60      7       49

PRECIPITATION (IN)
  TODAY            0.01          2.42 1906   0.07  -0.06     0.02
  MONTH TO DATE    1.73                      1.73   0.00     2.98
  SINCE DEC 1      4.25                      4.31  -0.06     3.70
  SINCE JAN 1      1.73                      1.73   0.00     2.98

SNOWFALL (IN)
  TODAY            0.0
  MONTH TO DATE    0.0
  SINCE DEC 1      0.0
  SINCE JUL 1      0.0

DEGREE DAYS
 HEATING
  TODAY            0                         6     -6       16
  MONTH TO DATE   42                       145   -103      141
  SINCE DEC 1     74                       289   -215      150
  SINCE JUL 1     97                       336   -239      159

 COOLING
  TODAY            2                         1      1        0
  MONTH TO DATE   85                        26     59       15
  SINCE DEC 1    244                        96    148      238
  SINCE JAN 1     85                        26     59       15
..................................................................


WIND (MPH)
  HIGHEST WIND SPEED    32   HIGHEST WIND DIRECTION     W (270)
  HIGHEST GUST SPEED    49   HIGHEST GUST DIRECTION     W (280)
  AVERAGE WIND SPEED    16.1


SKY COVER
  AVERAGE SKY COVER 0.5


WEATHER CONDITIONS
 THE FOLLOWING WEATHER WAS RECORDED TODAY.
  LIGHT RAIN


RELATIVE HUMIDITY (PERCENT)
 HIGHEST    87           200 AM
 LOWEST     46           200 PM
 AVERAGE    67

..........................................................


THE ORLANDO  CLIMATE NORMALS FOR TOMORROW
                         NORMAL    RECORD    YEAR
 MAXIMUM TEMPERATURE (F)   72        86      1971
                                             1920
 MINIMUM TEMPERATURE (F)   49        27      2003


SUNRISE AND SUNSET
JANUARY 23 2017.......SUNRISE   717 AM EST   SUNSET   558 PM EST
JANUARY 24 2017.......SUNRISE   716 AM EST   SUNSET   559 PM EST


-  INDICATES NEGATIVE NUMBERS.
R  INDICATES RECORD WAS SET OR TIED.
MM INDICATES DATA IS MISSING.
T  INDICATES TRACE AMOUNT.




$$
