000
CDUS43 KDMX 220633 RRA
CLIMCW

CLIMATE REPORT
NATIONAL WEATHER SERVICE DES MOINES IA
131 AM CDT THU JUN 22 2017

...................................

...THE MASON CITY IA CLIMATE SUMMARY FOR JUNE 21 2017...

CLIMATE NORMAL PERIOD 1981 TO 2010
CLIMATE RECORD PERIOD 1893 TO 2017


WEATHER ITEM   OBSERVED TIME   RECORD YEAR NORMAL DEPARTURE LAST
                VALUE   (LST)  VALUE       VALUE  FROM      YEAR
                                                  NORMAL
..................................................................
TEMPERATURE (F)
 YESTERDAY
  MAXIMUM         77    251 PM 101    1988  81     -4       84
  MINIMUM         54    135 AM  39    1992  59     -5       52
  AVERAGE         66                        70     -4       68

PRECIPITATION (IN)
  YESTERDAY        0.21          1.09 2016   0.17   0.04     1.09
  MONTH TO DATE    1.01                      3.66  -2.65     4.77
  SINCE JUN 1      1.01                      3.66  -2.65     4.77
  SINCE JAN 1     15.16                     16.14  -0.98    15.98

SNOWFALL (IN)
  YESTERDAY        0.0          MM      MM   0.0    0.0      0.0
  MONTH TO DATE    0.0                       0.0    0.0      0.0
  SINCE JUN 1      0.0                       0.0    0.0      0.0
  SINCE JUL 1     47.9                      41.2    6.7     50.9
  SNOW DEPTH       0

DEGREE DAYS
 HEATING
  YESTERDAY        0                         1     -1        0
  MONTH TO DATE    2                        40    -38        8
  SINCE JUN 1      2                        40    -38        8
  SINCE JUL 1   6673                      7675  -1002     6633

 COOLING
  YESTERDAY        1                         6     -5        3
  MONTH TO DATE  158                        81     77      135
  SINCE JUN 1    158                        81     77      135
  SINCE JAN 1    183                       116     67      176
..................................................................


WIND (MPH)
  HIGHEST WIND SPEED    25   HIGHEST WIND DIRECTION     S (160)
  HIGHEST GUST SPEED    30   HIGHEST GUST DIRECTION    SE (150)
  AVERAGE WIND SPEED    11.5


SKY COVER
  POSSIBLE SUNSHINE  MM
  AVERAGE SKY COVER 0.3


WEATHER CONDITIONS
 THE FOLLOWING WEATHER WAS RECORDED YESTERDAY.
  THUNDERSTORM
  RAIN
  LIGHT RAIN
  FOG


RELATIVE HUMIDITY (PERCENT)
 HIGHEST    93          1100 PM
 LOWEST     64           300 PM
 AVERAGE    79

..........................................................


THE MASON CITY IA CLIMATE NORMALS FOR TODAY
                         NORMAL    RECORD    YEAR
 MAXIMUM TEMPERATURE (F)   82        95      1995
 MINIMUM TEMPERATURE (F)   59        44      1972


SUNRISE AND SUNSET
JUNE 22 2017..........SUNRISE   534 AM CDT   SUNSET   857 PM CDT
JUNE 23 2017..........SUNRISE   534 AM CDT   SUNSET   857 PM CDT


-  INDICATES NEGATIVE NUMBERS.
R  INDICATES RECORD WAS SET OR TIED.
MM INDICATES DATA IS MISSING.
T  INDICATES TRACE AMOUNT.

$$

ANSORGE
