000
CDUS43 KDMX 010643 RRA
CLIMCW

CLIMATE REPORT
NATIONAL WEATHER SERVICE DES MOINES IA
142 AM CDT MON JUN 1 2015


...................................

...THE MASON CITY IA CLIMATE SUMMARY FOR MAY 31 2015...

CLIMATE NORMAL PERIOD 1981 TO 2010
CLIMATE RECORD PERIOD 1893 TO 2015


WEATHER ITEM   OBSERVED TIME   RECORD YEAR NORMAL DEPARTURE LAST
                VALUE   (LST)  VALUE       VALUE  FROM      YEAR
                                                  NORMAL
..................................................................
TEMPERATURE (F)
 YESTERDAY
  MAXIMUM         67    218 PM 104    1934  75     -8       85
  MINIMUM         41    408 AM  35    1972  52    -11       64
  AVERAGE         54                        63     -9       75

PRECIPITATION (IN)
  YESTERDAY        0.00          2.37 1942   0.16  -0.16     0.16
  MONTH TO DATE    3.33                      4.68  -1.35     2.33
  SINCE MAR 1      8.93                     10.66  -1.73    11.02
  SINCE JAN 1     11.00                     12.48  -1.48    14.04

SNOWFALL (IN)
  YESTERDAY        0.0          MM      MM   0.0    0.0      0.0
  MONTH TO DATE    0.0                       0.0    0.0      0.0
  SINCE MAR 1      4.2                       8.7   -4.5     11.9
  SINCE JUL 1     40.0                      41.2   -1.2     58.0
  SNOW DEPTH       0

DEGREE DAYS
 HEATING
  YESTERDAY       11                         4      7        0
  MONTH TO DATE  206                       235    -29      247
  SINCE MAR 1   1621                      1784   -163     2065
  SINCE JUL 1   7684                      7635     49     8611

 COOLING
  YESTERDAY        0                         2     -2       10
  MONTH TO DATE   30                        30      0       53
  SINCE MAR 1     30                        35     -5       53
  SINCE JAN 1     30                        35     -5       53
..................................................................


WIND (MPH)
  HIGHEST WIND SPEED    15   HIGHEST WIND DIRECTION     E (90)
  HIGHEST GUST SPEED    20   HIGHEST GUST DIRECTION     E (100)
  AVERAGE WIND SPEED     8.9


SKY COVER
  POSSIBLE SUNSHINE  MM
  AVERAGE SKY COVER 0.1


WEATHER CONDITIONS
 THE FOLLOWING WEATHER WAS RECORDED YESTERDAY.
  NO SIGNIFICANT WEATHER WAS OBSERVED.


RELATIVE HUMIDITY (PERCENT)
 HIGHEST    89           400 AM
 LOWEST     30           100 PM
 AVERAGE    60

..........................................................


THE MASON CITY IA CLIMATE NORMALS FOR TODAY
                         NORMAL    RECORD    YEAR
 MAXIMUM TEMPERATURE (F)   75        92      1934
 MINIMUM TEMPERATURE (F)   52        36      1993


SUNRISE AND SUNSET
JUNE  1 2015..........SUNRISE   537 AM CDT   SUNSET   846 PM CDT
JUNE  2 2015..........SUNRISE   536 AM CDT   SUNSET   847 PM CDT


-  INDICATES NEGATIVE NUMBERS.
R  INDICATES RECORD WAS SET OR TIED.
MM INDICATES DATA IS MISSING.
T  INDICATES TRACE AMOUNT.




$$
