000
CDUS43 KDMX 230643 RRA
CLIMCW

CLIMATE REPORT
NATIONAL WEATHER SERVICE DES MOINES IA
140 AM CDT TUE SEP 23 2014

...................................

...THE MASON CITY IA CLIMATE SUMMARY FOR SEPTEMBER 22 2014...

CLIMATE NORMAL PERIOD 1981 TO 2010
CLIMATE RECORD PERIOD 1893 TO 2014


WEATHER ITEM   OBSERVED TIME   RECORD YEAR NORMAL DEPARTURE LAST
                VALUE   (LST)  VALUE       VALUE  FROM      YEAR
                                                  NORMAL
..................................................................
TEMPERATURE (F)
 YESTERDAY
  MAXIMUM         71    438 PM  94    1937  71      0       76
  MINIMUM         41    615 AM  25    1913  46     -5       40
  AVERAGE         56                        58     -2       58

PRECIPITATION (IN)
  YESTERDAY        0.00          1.43 1959   0.11  -0.11     0.00
  MONTH TO DATE    2.30                      2.45  -0.15     1.10
  SINCE SEP 1      2.30                      2.45  -0.15     1.10
  SINCE JAN 1     30.95                     28.81   2.14    34.48

SNOWFALL (IN)
  YESTERDAY        0.0           0.0  2002   0.0    0.0      0.0
  MONTH TO DATE    0.0                       0.0    0.0      0.0
  SINCE SEP 1      0.0                       0.0    0.0      0.0
  SINCE JUL 1      0.0                       0.0    0.0      0.0
  SNOW DEPTH       0

DEGREE DAYS
 HEATING
  YESTERDAY        9                         8      1        7
  MONTH TO DATE  149                       100     49       87
  SINCE SEP 1    149                       100     49       87
  SINCE JUL 1    170                       136     34      125

 COOLING
  YESTERDAY        0                         1     -1        0
  MONTH TO DATE   30                        47    -17      108
  SINCE SEP 1     30                        47    -17      108
  SINCE JAN 1    541                       603    -62      700
..................................................................


WIND (MPH)
  HIGHEST WIND SPEED    14   HIGHEST WIND DIRECTION    SW (220)
  HIGHEST GUST SPEED    17   HIGHEST GUST DIRECTION     W (280)
  AVERAGE WIND SPEED     5.4


SKY COVER
  POSSIBLE SUNSHINE  MM
  AVERAGE SKY COVER 0.0


WEATHER CONDITIONS
 THE FOLLOWING WEATHER WAS RECORDED YESTERDAY.
  FOG


RELATIVE HUMIDITY (PERCENT)
 HIGHEST   100           200 AM
 LOWEST     44           300 PM
 AVERAGE    72

..........................................................


THE MASON CITY IA CLIMATE NORMALS FOR TODAY
                         NORMAL    RECORD    YEAR
 MAXIMUM TEMPERATURE (F)   70        87      1938
                                             1893
 MINIMUM TEMPERATURE (F)   45        28      2012


SUNRISE AND SUNSET
SEPTEMBER 23 2014.....SUNRISE   702 AM CDT   SUNSET   709 PM CDT
SEPTEMBER 24 2014.....SUNRISE   703 AM CDT   SUNSET   707 PM CDT


-  INDICATES NEGATIVE NUMBERS.
R  INDICATES RECORD WAS SET OR TIED.
MM INDICATES DATA IS MISSING.
T  INDICATES TRACE AMOUNT.




$$
