000
CDUS43 KDMX 200853 RRA
CLIMCW

CLIMATE REPORT
NATIONAL WEATHER SERVICE DES MOINES IA
157 AM CDT SUN AUG 20 2017

...................................

...THE MASON CITY IA CLIMATE SUMMARY FOR AUGUST 19 2017...

CLIMATE NORMAL PERIOD 1981 TO 2010
CLIMATE RECORD PERIOD 1893 TO 2017

WEATHER ITEM   OBSERVED TIME   RECORD YEAR NORMAL DEPARTURE LAST
                VALUE   (LST)  VALUE       VALUE  FROM      YEAR
                                                  NORMAL
..................................................................
TEMPERATURE (F)
 YESTERDAY
  MAXIMUM         80    401 PM  98    1983  81     -1       73
  MINIMUM         52    538 AM  38    1897  58     -6       64
  AVERAGE         66                        69     -3       69

PRECIPITATION (IN)
  YESTERDAY        0.00          4.79 2007   0.13  -0.13     0.78
  MONTH TO DATE    1.99                      2.55  -0.56     4.62
  SINCE JUN 1      8.19                     12.39  -4.20    18.02
  SINCE JAN 1     22.34                     24.87  -2.53    29.23

SNOWFALL (IN)
  YESTERDAY        0.0          MM      MM   0.0    0.0      0.0
  MONTH TO DATE    0.0                       0.0    0.0      0.0
  SINCE JUN 1      0.0                       0.0    0.0      0.0
  SINCE JUL 1      0.0                       0.0    0.0      0.0
  SNOW DEPTH       0

DEGREE DAYS
 HEATING
  YESTERDAY        0                         1     -1        0
  MONTH TO DATE   15                        14      1        0
  SINCE JUN 1     37                        67    -30       18
  SINCE JUL 1     16                        23     -7       10

 COOLING
  YESTERDAY        1                         5     -4        4
  MONTH TO DATE   40                       109    -69      127
  SINCE JUN 1    455                       468    -13      530
  SINCE JAN 1    480                       503    -23      571
..................................................................

WIND (MPH)
  HIGHEST WIND SPEED    10   HIGHEST WIND DIRECTION     S (170)
  HIGHEST GUST SPEED    13   HIGHEST GUST DIRECTION     S (170)
  AVERAGE WIND SPEED     5.2

SKY COVER
  POSSIBLE SUNSHINE  MM
  AVERAGE SKY COVER 0.1

WEATHER CONDITIONS
 THE FOLLOWING WEATHER WAS RECORDED YESTERDAY.
  FOG

RELATIVE HUMIDITY (PERCENT)
 HIGHEST   100           200 AM
 LOWEST     54           100 PM
 AVERAGE    77
..........................................................

THE MASON CITY IA CLIMATE NORMALS FOR TODAY
                         NORMAL    RECORD    YEAR
 MAXIMUM TEMPERATURE (F)   80        96      1972
 MINIMUM TEMPERATURE (F)   58        35      1950

SUNRISE AND SUNSET
AUGUST 20 2017........SUNRISE   625 AM CDT   SUNSET   808 PM CDT
AUGUST 21 2017........SUNRISE   626 AM CDT   SUNSET   806 PM CDT

-  INDICATES NEGATIVE NUMBERS.
R  INDICATES RECORD WAS SET OR TIED.
MM INDICATES DATA IS MISSING.
T  INDICATES TRACE AMOUNT.

$$

FAB
