000
CDUS41 KCTP 300625
CLIMDT


CLIMATE REPORT
NATIONAL WEATHER SERVICE STATE COLLEGE PA
225 AM EDT FRI SEP 30 2016


...................................

...THE HARRISBURG PA CLIMATE SUMMARY FOR SEPTEMBER 29 2016...

CLIMATE NORMAL PERIOD 1981 TO 2010
CLIMATE RECORD PERIOD 1888 TO 2016


WEATHER ITEM   OBSERVED TIME   RECORD YEAR NORMAL DEPARTURE LAST
                VALUE   (LST)  VALUE       VALUE  FROM      YEAR
                                                  NORMAL
..................................................................
TEMPERATURE (F)
 YESTERDAY
  MAXIMUM         62    325 PM  89    1953  70     -8       79
  MINIMUM         59   1159 PM  35    1942  51      8       69
  AVERAGE         61                        60      1       74

PRECIPITATION (IN)
  YESTERDAY        0.84          2.98 1924   0.14   0.70     1.48
  MONTH TO DATE    3.85                      3.93  -0.08     7.89
  SINCE SEP 1      3.85                      3.93  -0.08     7.89
  SINCE JAN 1     34.62                     30.87   3.75    32.52

DEGREE DAYS
 HEATING
  YESTERDAY        4                         6     -2        0
  MONTH TO DATE   13                        63    -50        7
  SINCE SEP 1     13                        63    -50        7
  SINCE JUL 1     13                        65    -52        7

 COOLING
  YESTERDAY        0                         1     -1        9
  MONTH TO DATE  223                        95    128      205
  SINCE SEP 1    223                        95    128      205
  SINCE JAN 1   1487                       991    496     1325
..................................................................


WIND (MPH)
  HIGHEST WIND SPEED    23   HIGHEST WIND DIRECTION     E (100)
  HIGHEST GUST SPEED    32   HIGHEST GUST DIRECTION     E (100)
  AVERAGE WIND SPEED    13.5


SKY COVER
  POSSIBLE SUNSHINE  MM
  AVERAGE SKY COVER 1.0


WEATHER CONDITIONS
 THE FOLLOWING WEATHER WAS RECORDED YESTERDAY.
  HEAVY RAIN
  RAIN
  LIGHT RAIN
  FOG


RELATIVE HUMIDITY (PERCENT)
 HIGHEST   100           900 AM
 LOWEST     90           600 AM
 AVERAGE    95

..........................................................


THE HARRISBURG PA CLIMATE NORMALS FOR TODAY
                         NORMAL    RECORD    YEAR
 MAXIMUM TEMPERATURE (F)   70        89      1986
                                             1953
 MINIMUM TEMPERATURE (F)   50        35      1942


SUNRISE AND SUNSET
SEPTEMBER 30 2016.....SUNRISE   703 AM EDT   SUNSET   650 PM EDT
OCTOBER  1 2016.......SUNRISE   704 AM EDT   SUNSET   649 PM EDT


-  INDICATES NEGATIVE NUMBERS.
R  INDICATES RECORD WAS SET OR TIED.
MM INDICATES DATA IS MISSING.
T  INDICATES TRACE AMOUNT.




$$
