000
CDUS41 KCTP 190622
CLIMDT


CLIMATE REPORT
NATIONAL WEATHER SERVICE STATE COLLEGE PA
222 AM EDT THU OCT 19 2017


...................................

...THE HARRISBURG PA CLIMATE SUMMARY FOR OCTOBER 18 2017...

CLIMATE NORMAL PERIOD 1981 TO 2010
CLIMATE RECORD PERIOD 1888 TO 2017


WEATHER ITEM   OBSERVED TIME   RECORD YEAR NORMAL DEPARTURE LAST
                VALUE   (LST)  VALUE       VALUE  FROM      YEAR
                                                  NORMAL
..................................................................
TEMPERATURE (F)
 YESTERDAY
  MAXIMUM         72    305 PM  84    2016  63      9       84
  MINIMUM         42    430 AM  30    1982  44     -2       55
  AVERAGE         57                        54      3       70

PRECIPITATION (IN)
  YESTERDAY        0.00          1.64 1996   0.10  -0.10     0.00
  MONTH TO DATE    2.16                      2.04   0.12     0.58
  SINCE SEP 1      4.71                      6.11  -1.40     5.00
  SINCE JAN 1     38.92                     33.05   5.87    35.77

SNOWFALL (IN)
  YESTERDAY        0.0           T    1972   0.0    0.0      0.0
  MONTH TO DATE    0.0                       0.0    0.0      0.0
  SINCE SEP 1      0.0                       0.0    0.0      0.0
  SINCE JUL 1      0.0                       0.0    0.0      0.0
  SNOW DEPTH       0

DEGREE DAYS
 HEATING
  YESTERDAY        8                        11     -3        0
  MONTH TO DATE   64                       162    -98       91
  SINCE SEP 1    102                       232   -130      112
  SINCE JUL 1    104                       234   -130      112

 COOLING
  YESTERDAY        0                         0      0        5
  MONTH TO DATE   61                        10     51        9
  SINCE SEP 1    216                       107    109      232
  SINCE JAN 1   1214                      1003    211     1496
..................................................................


WIND (MPH)
  HIGHEST WIND SPEED    13   HIGHEST WIND DIRECTION    SW (220)
  HIGHEST GUST SPEED    15   HIGHEST GUST DIRECTION    SW (230)
  AVERAGE WIND SPEED     3.6


SKY COVER
  POSSIBLE SUNSHINE  MM
  AVERAGE SKY COVER 0.1


WEATHER CONDITIONS
 THE FOLLOWING WEATHER WAS RECORDED YESTERDAY.
  NO SIGNIFICANT WEATHER WAS OBSERVED.


RELATIVE HUMIDITY (PERCENT)
 HIGHEST   100           400 AM
 LOWEST     37           100 PM
 AVERAGE    69

..........................................................


THE HARRISBURG PA CLIMATE NORMALS FOR TODAY
                         NORMAL    RECORD    YEAR
 MAXIMUM TEMPERATURE (F)   63        85      2016
 MINIMUM TEMPERATURE (F)   44        28      1976


SUNRISE AND SUNSET
OCTOBER 19 2017.......SUNRISE   722 AM EDT   SUNSET   621 PM EDT
OCTOBER 20 2017.......SUNRISE   723 AM EDT   SUNSET   620 PM EDT


-  INDICATES NEGATIVE NUMBERS.
R  INDICATES RECORD WAS SET OR TIED.
MM INDICATES DATA IS MISSING.
T  INDICATES TRACE AMOUNT.




$$
