000
CDUS41 KCTP 302119
CLIMDT


CLIMATE REPORT
NATIONAL WEATHER SERVICE STATE COLLEGE PA
518 PM EDT SAT JUL 30 2016


...................................

...THE HARRISBURG PA CLIMATE SUMMARY FOR JULY 30 2016...
VALID TODAY AS OF 0500 PM LOCAL TIME.

CLIMATE NORMAL PERIOD 1981 TO 2010
CLIMATE RECORD PERIOD 1888 TO 2016


WEATHER ITEM   OBSERVED TIME   RECORD YEAR NORMAL DEPARTURE LAST
                VALUE   (LST)  VALUE       VALUE  FROM      YEAR
                                                  NORMAL
..................................................................
TEMPERATURE (F)
 TODAY
  MAXIMUM         83   1119 AM  98    1940  85     -2       88
  MINIMUM         73    535 AM  53    1956  66      7       73
  AVERAGE         78                        76      2       81

PRECIPITATION (IN)
  TODAY            0.36          2.13 1891   0.15   0.21     0.09
  MONTH TO DATE    5.05                      4.47   0.58     2.69
  SINCE JUN 1      9.51                      8.07   1.44     9.53
  SINCE JAN 1     26.70                     23.60   3.10    22.27

DEGREE DAYS
 HEATING
  TODAY            0                         0      0        0
  MONTH TO DATE    0                         0      0        0
  SINCE JUN 1      5                        18    -13       13
  SINCE JUL 1      0                         0      0        0

 COOLING
  TODAY           13                        11      2       16
  MONTH TO DATE  439                       328    111      335
  SINCE JUN 1    705                       541    164      596
  SINCE JAN 1    802                       606    196      770
..................................................................


WIND (MPH)
  HIGHEST WIND SPEED    15   HIGHEST WIND DIRECTION    SW (210)
  HIGHEST GUST SPEED    24   HIGHEST GUST DIRECTION    SW (210)
  AVERAGE WIND SPEED     2.9


SKY COVER
  POSSIBLE SUNSHINE  MM
  AVERAGE SKY COVER 0.7


WEATHER CONDITIONS
 THE FOLLOWING WEATHER WAS RECORDED TODAY.
  THUNDERSTORM
  HEAVY RAIN
  LIGHT RAIN
  FOG
  HAZE


RELATIVE HUMIDITY (PERCENT)
 HIGHEST    93           400 AM
 LOWEST     74          1200 AM
 AVERAGE    84

..........................................................


THE HARRISBURG PA CLIMATE NORMALS FOR TOMORROW
                         NORMAL    RECORD    YEAR
 MAXIMUM TEMPERATURE (F)   85       100      1954
                                             1917
 MINIMUM TEMPERATURE (F)   66        53      1895


SUNRISE AND SUNSET
JULY 30 2016..........SUNRISE   604 AM EDT   SUNSET   823 PM EDT
JULY 31 2016..........SUNRISE   605 AM EDT   SUNSET   822 PM EDT


-  INDICATES NEGATIVE NUMBERS.
R  INDICATES RECORD WAS SET OR TIED.
MM INDICATES DATA IS MISSING.
T  INDICATES TRACE AMOUNT.




$$
