241
CDUS41 KCTP 280623
CLIMDT


CLIMATE REPORT
NATIONAL WEATHER SERVICE STATE COLLEGE PA
123 AM EST TUE FEB 28 2017


...................................

...THE HARRISBURG PA CLIMATE SUMMARY FOR FEBRUARY 27 2017...

CLIMATE NORMAL PERIOD 1981 TO 2010
CLIMATE RECORD PERIOD 1888 TO 2017


WEATHER ITEM   OBSERVED TIME   RECORD YEAR NORMAL DEPARTURE LAST
                VALUE   (LST)  VALUE       VALUE  FROM      YEAR
                                                  NORMAL
..................................................................
TEMPERATURE (F)
 YESTERDAY
  MAXIMUM         51    200 PM  78    1997  44      7       43
  MINIMUM         26    143 AM   4    1934  28     -2       21
  AVERAGE         39                        36      3       32

PRECIPITATION (IN)
  YESTERDAY        T             1.61 1958   0.09  -0.09     0.00
  MONTH TO DATE    1.68                      2.29  -0.61     5.29
  SINCE DEC 1      6.67                      8.40  -1.73    14.21
  SINCE JAN 1      4.31                      5.17  -0.86     9.92

SNOWFALL (IN)
  YESTERDAY        0.0           2.2  1940   0.3   -0.3      0.0
  MONTH TO DATE    3.6                      10.2   -6.6      7.1
  SINCE DEC 1      5.5                      24.1  -18.6     37.7
  SINCE JUL 1      5.5                      24.7  -19.2     37.7
  SNOW DEPTH       0

DEGREE DAYS
 HEATING
  YESTERDAY       26                        29     -3       33
  MONTH TO DATE  643                       870   -227      867
  SINCE DEC 1   2436                      2920   -484     2560
  SINCE JUL 1   3222                      3959   -737     3335

 COOLING
  YESTERDAY        0                         0      0        0
  MONTH TO DATE    0                         0      0        0
  SINCE DEC 1      0                         0      0        0
  SINCE JAN 1      0                         0      0        0
..................................................................


WIND (MPH)
  HIGHEST WIND SPEED    20   HIGHEST WIND DIRECTION    SW (240)
  HIGHEST GUST SPEED    27   HIGHEST GUST DIRECTION    SW (240)
  AVERAGE WIND SPEED     3.8


SKY COVER
  POSSIBLE SUNSHINE  MM
  AVERAGE SKY COVER 0.7


WEATHER CONDITIONS
 THE FOLLOWING WEATHER WAS RECORDED YESTERDAY.
  LIGHT RAIN


RELATIVE HUMIDITY (PERCENT)
 HIGHEST    81           100 AM
 LOWEST     41           200 PM
 AVERAGE    61

..........................................................


THE HARRISBURG PA CLIMATE NORMALS FOR TODAY
                         NORMAL    RECORD    YEAR
 MAXIMUM TEMPERATURE (F)   45        68      1976
 MINIMUM TEMPERATURE (F)   28        -1      1934


SUNRISE AND SUNSET
FEBRUARY 28 2017......SUNRISE   642 AM EST   SUNSET   558 PM EST
MARCH  1 2017.........SUNRISE   640 AM EST   SUNSET   559 PM EST


-  INDICATES NEGATIVE NUMBERS.
R  INDICATES RECORD WAS SET OR TIED.
MM INDICATES DATA IS MISSING.
T  INDICATES TRACE AMOUNT.




$$
