000
CDUS41 KCTP 190619
CLIMDT


CLIMATE REPORT
NATIONAL WEATHER SERVICE STATE COLLEGE PA
219 AM EDT SAT APR 19 2014


...................................

...THE HARRISBURG PA CLIMATE SUMMARY FOR APRIL 18 2014...

CLIMATE NORMAL PERIOD 1981 TO 2010
CLIMATE RECORD PERIOD 1888 TO 2014


WEATHER ITEM   OBSERVED TIME   RECORD YEAR NORMAL DEPARTURE LAST
                VALUE   (LST)  VALUE       VALUE  FROM      YEAR
                                                  NORMAL
..................................................................
TEMPERATURE (F)
 YESTERDAY
  MAXIMUM         55    454 PM  92    1896  64     -9       65
  MINIMUM         34    502 AM  28    1948  43     -9       55
  AVERAGE         45                        53     -8       60

PRECIPITATION (IN)
  YESTERDAY        0.00          1.14 1924   0.09  -0.09     0.04
  MONTH TO DATE    2.12                      1.85   0.27     0.73
  SINCE MAR 1      6.00                      5.22   0.78     3.17
  SINCE JAN 1     12.71                     10.49   2.22     8.12

SNOWFALL (IN)
  YESTERDAY        0.0
  MONTH TO DATE    T
  SINCE MAR 1      1.4
  SINCE JUL 1     44.0
  SNOW DEPTH       0

DEGREE DAYS
 HEATING
  YESTERDAY       20                        12      8        5
  MONTH TO DATE  259                       272    -13      220
  SINCE MAR 1   1133                       995    138     1029
  SINCE JUL 1   5477                      4983    494     4820

 COOLING
  YESTERDAY        0                         0      0        0
  MONTH TO DATE    6                         0      6        7
  SINCE MAR 1      6                         1      5        7
  SINCE JAN 1      6                         1      5        7
..................................................................


WIND (MPH)
  HIGHEST WIND SPEED    13   HIGHEST WIND DIRECTION    SW (210)
  HIGHEST GUST SPEED    17   HIGHEST GUST DIRECTION     S (170)
  AVERAGE WIND SPEED     6.0


SKY COVER
  POSSIBLE SUNSHINE  MM
  AVERAGE SKY COVER 0.8


WEATHER CONDITIONS
 THE FOLLOWING WEATHER WAS RECORDED YESTERDAY.
  NO SIGNIFICANT WEATHER WAS OBSERVED.


RELATIVE HUMIDITY (PERCENT)
 HIGHEST    75           300 AM
 LOWEST     43           400 PM
 AVERAGE    59

..........................................................


THE HARRISBURG PA CLIMATE NORMALS FOR TODAY
                         NORMAL    RECORD    YEAR
 MAXIMUM TEMPERATURE (F)   64        92      1896
 MINIMUM TEMPERATURE (F)   43        29      1904


SUNRISE AND SUNSET
APRIL 19 2014.........SUNRISE   623 AM EDT   SUNSET   750 PM EDT
APRIL 20 2014.........SUNRISE   622 AM EDT   SUNSET   751 PM EDT


-  INDICATES NEGATIVE NUMBERS.
R  INDICATES RECORD WAS SET OR TIED.
MM INDICATES DATA IS MISSING.
T  INDICATES TRACE AMOUNT.




$$
