000
CDUS41 KCTP 262144
CLIMDT


CLIMATE REPORT
NATIONAL WEATHER SERVICE STATE COLLEGE PA
544 PM EDT WED APR 26 2017


...................................

...THE HARRISBURG PA CLIMATE SUMMARY FOR APRIL 26 2017...
VALID TODAY AS OF 0500 PM LOCAL TIME.

CLIMATE NORMAL PERIOD 1981 TO 2010
CLIMATE RECORD PERIOD 1888 TO 2017


WEATHER ITEM   OBSERVED TIME   RECORD YEAR NORMAL DEPARTURE LAST
                VALUE   (LST)  VALUE       VALUE  FROM      YEAR
                                                  NORMAL
..................................................................
TEMPERATURE (F)
 TODAY
  MAXIMUM         68    435 PM  91    1990  66      2       82
                                      1942
  MINIMUM         55    615 AM  32    1892  45     10       56
  AVERAGE         62                        56      6       69

PRECIPITATION (IN)
  TODAY            0.09          1.50 1998   0.11  -0.02     0.14
  MONTH TO DATE    3.00                      2.69   0.31     1.99
  SINCE MAR 1      7.72                      6.06   1.66     3.29
  SINCE JAN 1     12.10                     11.33   0.77    13.21

SNOWFALL (IN)
  TODAY            0.0           T    1919   0.0    0.0      0.0
  MONTH TO DATE    0.0                       0.4   -0.4      1.2
  SINCE MAR 1     18.4                       5.6   12.8      1.4
  SINCE JUL 1     23.9                      30.6   -6.7     39.1
  SNOW DEPTH       0

DEGREE DAYS
 HEATING
  TODAY            3                         9     -6        0
  MONTH TO DATE  216                       357   -141      336
  SINCE MAR 1    978                      1080   -102      856
  SINCE JUL 1   4216                      5068   -852     4228

 COOLING
  TODAY            0                         0      0        4
  MONTH TO DATE    7                         0      7       11
  SINCE MAR 1      7                         1      6       12
  SINCE JAN 1      7                         1      6       12
..................................................................


WIND (MPH)
  HIGHEST WIND SPEED     9   HIGHEST WIND DIRECTION     E (80)
  HIGHEST GUST SPEED    13   HIGHEST GUST DIRECTION     E (90)
  AVERAGE WIND SPEED     3.7


SKY COVER
  POSSIBLE SUNSHINE  MM
  AVERAGE SKY COVER 1.0


WEATHER CONDITIONS
 THE FOLLOWING WEATHER WAS RECORDED TODAY.
  LIGHT RAIN
  FOG


RELATIVE HUMIDITY (PERCENT)
 HIGHEST   100          1200 AM
 LOWEST     78           300 PM
 AVERAGE    89

..........................................................


THE HARRISBURG PA CLIMATE NORMALS FOR TOMORROW
                         NORMAL    RECORD    YEAR
 MAXIMUM TEMPERATURE (F)   67        92      2009
                                             1957
                                             1915
 MINIMUM TEMPERATURE (F)   46        33      1928


SUNRISE AND SUNSET
APRIL 26 2017.........SUNRISE   613 AM EDT   SUNSET   757 PM EDT
APRIL 27 2017.........SUNRISE   612 AM EDT   SUNSET   758 PM EDT


-  INDICATES NEGATIVE NUMBERS.
R  INDICATES RECORD WAS SET OR TIED.
MM INDICATES DATA IS MISSING.
T  INDICATES TRACE AMOUNT.




$$
