000
CDUS41 KCTP 070627
CLIMDT


CLIMATE REPORT
NATIONAL WEATHER SERVICE STATE COLLEGE PA
127 AM EST SUN FEB 7 2016


...................................

...THE HARRISBURG PA CLIMATE SUMMARY FOR FEBRUARY 6 2016...

CLIMATE NORMAL PERIOD 1981 TO 2010
CLIMATE RECORD PERIOD 1888 TO 2016


WEATHER ITEM   OBSERVED TIME   RECORD YEAR NORMAL DEPARTURE LAST
                VALUE   (LST)  VALUE       VALUE  FROM      YEAR
                                                  NORMAL
..................................................................
TEMPERATURE (F)
 YESTERDAY
  MAXIMUM         43    343 PM  66    2008  39      4       33
  MINIMUM         23    712 AM  -4    1895  23      0        7
  AVERAGE         33                        31      2       20

PRECIPITATION (IN)
  YESTERDAY        0.00          2.35 1896   0.08  -0.08     0.00
  MONTH TO DATE    1.16                      0.51   0.65     0.38
  SINCE DEC 1     10.08                      6.62   3.46     6.14
  SINCE JAN 1      5.79                      3.39   2.40     2.88

SNOWFALL (IN)
  YESTERDAY        0.0          11.8  2010   0.4   -0.4      0.0
  MONTH TO DATE    T                         2.4   -2.4      1.6
  SINCE DEC 1     30.6                      16.3   14.3     15.4
  SINCE JUL 1     30.6                      16.9   13.7     17.8
  SNOW DEPTH       T

DEGREE DAYS
 HEATING
  YESTERDAY       32                        34     -2       45
  MONTH TO DATE  169                       207    -38      241
  SINCE DEC 1   1862                      2257   -395     2302
  SINCE JUL 1   2637                      3296   -659     3315

 COOLING
  YESTERDAY        0                         0      0        0
  MONTH TO DATE    0                         0      0        0
  SINCE DEC 1      0                         0      0        0
  SINCE JAN 1      0                         0      0        0
..................................................................


WIND (MPH)
  HIGHEST WIND SPEED    16   HIGHEST WIND DIRECTION     S (190)
  HIGHEST GUST SPEED    23   HIGHEST GUST DIRECTION    SW (220)
  AVERAGE WIND SPEED     5.7


SKY COVER
  POSSIBLE SUNSHINE  MM
  AVERAGE SKY COVER 0.5


WEATHER CONDITIONS
 THE FOLLOWING WEATHER WAS RECORDED YESTERDAY.
  NO SIGNIFICANT WEATHER WAS OBSERVED.


RELATIVE HUMIDITY (PERCENT)
 HIGHEST    81           500 AM
 LOWEST     36           300 PM
 AVERAGE    59

..........................................................


THE HARRISBURG PA CLIMATE NORMALS FOR TODAY
                         NORMAL    RECORD    YEAR
 MAXIMUM TEMPERATURE (F)   39        57      2009
 MINIMUM TEMPERATURE (F)   23        -4      1935


SUNRISE AND SUNSET
FEBRUARY  7 2016......SUNRISE   710 AM EST   SUNSET   533 PM EST
FEBRUARY  8 2016......SUNRISE   709 AM EST   SUNSET   534 PM EST


-  INDICATES NEGATIVE NUMBERS.
R  INDICATES RECORD WAS SET OR TIED.
MM INDICATES DATA IS MISSING.
T  INDICATES TRACE AMOUNT.




$$
