000
CDUS41 KCTP 230617
CLIMDT


CLIMATE REPORT
NATIONAL WEATHER SERVICE STATE COLLEGE PA
216 AM EDT THU OCT 23 2014


...................................

...THE HARRISBURG PA CLIMATE SUMMARY FOR OCTOBER 22 2014...

CLIMATE NORMAL PERIOD 1981 TO 2010
CLIMATE RECORD PERIOD 1888 TO 2014


WEATHER ITEM   OBSERVED TIME   RECORD YEAR NORMAL DEPARTURE LAST
                VALUE   (LST)  VALUE       VALUE  FROM      YEAR
                                                  NORMAL
..................................................................
TEMPERATURE (F)
 YESTERDAY
  MAXIMUM         56    831 AM  83    1947  62     -6       60
  MINIMUM         52   1159 PM  25    1940  43      9       39
  AVERAGE         54                        52      2       50

PRECIPITATION (IN)
  YESTERDAY        0.08          2.18 1929   0.09  -0.01      T
  MONTH TO DATE    2.34                      2.44  -0.10    10.99
  SINCE SEP 1      3.88                      6.51  -2.63    12.15
  SINCE JAN 1     37.55                     33.45   4.10    36.42

SNOWFALL (IN)
  YESTERDAY        0.0
  MONTH TO DATE    0.0
  SINCE SEP 1      0.0
  SINCE JUL 1      0.0
  SNOW DEPTH       0

DEGREE DAYS
 HEATING
  YESTERDAY       11                        13     -2       15
  MONTH TO DATE  156                       211    -55      116
  SINCE SEP 1    190                       281    -91      191
  SINCE JUL 1    190                       283    -93      191

 COOLING
  YESTERDAY        0                         0      0        0
  MONTH TO DATE    8                        10     -2       45
  SINCE SEP 1    149                       107     42      153
  SINCE JAN 1   1050                      1003     47     1105
..................................................................


WIND (MPH)
  HIGHEST WIND SPEED    24   HIGHEST WIND DIRECTION    NW (330)
  HIGHEST GUST SPEED    34   HIGHEST GUST DIRECTION     N (340)
  AVERAGE WIND SPEED    12.0


SKY COVER
  POSSIBLE SUNSHINE  MM
  AVERAGE SKY COVER 1.0


WEATHER CONDITIONS
 THE FOLLOWING WEATHER WAS RECORDED YESTERDAY.
  LIGHT RAIN
  FOG


RELATIVE HUMIDITY (PERCENT)
 HIGHEST    83          1200 AM
 LOWEST     66           600 PM
 AVERAGE    75

..........................................................


THE HARRISBURG PA CLIMATE NORMALS FOR TODAY
                         NORMAL    RECORD    YEAR
 MAXIMUM TEMPERATURE (F)   62        86      1947
 MINIMUM TEMPERATURE (F)   42        29      1982
                                             1969
                                             1944


SUNRISE AND SUNSET
OCTOBER 23 2014.......SUNRISE   726 AM EDT   SUNSET   616 PM EDT
OCTOBER 24 2014.......SUNRISE   727 AM EDT   SUNSET   614 PM EDT


-  INDICATES NEGATIVE NUMBERS.
R  INDICATES RECORD WAS SET OR TIED.
MM INDICATES DATA IS MISSING.
T  INDICATES TRACE AMOUNT.




$$
