000
CDUS41 KCTP 300629
CLIMDT


CLIMATE REPORT
NATIONAL WEATHER SERVICE STATE COLLEGE PA
229 AM EDT WED JUL 30 2014


...................................

...THE HARRISBURG PA CLIMATE SUMMARY FOR JULY 29 2014...

CLIMATE NORMAL PERIOD 1981 TO 2010
CLIMATE RECORD PERIOD 1888 TO 2014


WEATHER ITEM   OBSERVED TIME   RECORD YEAR NORMAL DEPARTURE LAST
                VALUE   (LST)  VALUE       VALUE  FROM      YEAR
                                                  NORMAL
..................................................................
TEMPERATURE (F)
 YESTERDAY
  MAXIMUM         74    221 PM  98    1940  85    -11       79
                                      1930
  MINIMUM         59   1159 PM  56    1978  66     -7       62
  AVERAGE         67                        76     -9       71

PRECIPITATION (IN)
  YESTERDAY        0.00          1.86 1889   0.13  -0.13     0.00
  MONTH TO DATE    4.29                      4.32  -0.03     5.23
  SINCE JUN 1      8.07                      7.92   0.15     9.00
  SINCE JAN 1     29.71                     23.45   6.26    21.16

DEGREE DAYS
 HEATING
  YESTERDAY        0                         0      0        0
  MONTH TO DATE    0                         0      0        0
  SINCE JUN 1      1                        18    -17        2
  SINCE JUL 1      0                         0      0        0

 COOLING
  YESTERDAY        2                        11     -9        6
  MONTH TO DATE  339                       317     22      396
  SINCE JUN 1    586                       530     56      620
  SINCE JAN 1    646                       595     51      703
..................................................................


WIND (MPH)
  HIGHEST WIND SPEED    14   HIGHEST WIND DIRECTION    NW (330)
  HIGHEST GUST SPEED    19   HIGHEST GUST DIRECTION    NW (310)
  AVERAGE WIND SPEED     6.5


SKY COVER
  POSSIBLE SUNSHINE  MM
  AVERAGE SKY COVER 0.6


WEATHER CONDITIONS
 THE FOLLOWING WEATHER WAS RECORDED YESTERDAY.
  NO SIGNIFICANT WEATHER WAS OBSERVED.


RELATIVE HUMIDITY (PERCENT)
 HIGHEST    90           400 AM
 LOWEST     47           600 PM
 AVERAGE    69

..........................................................


THE HARRISBURG PA CLIMATE NORMALS FOR TODAY
                         NORMAL    RECORD    YEAR
 MAXIMUM TEMPERATURE (F)   85        98      1940
 MINIMUM TEMPERATURE (F)   66        53      1956


SUNRISE AND SUNSET
JULY 30 2014..........SUNRISE   603 AM EDT   SUNSET   823 PM EDT
JULY 31 2014..........SUNRISE   604 AM EDT   SUNSET   822 PM EDT


-  INDICATES NEGATIVE NUMBERS.
R  INDICATES RECORD WAS SET OR TIED.
MM INDICATES DATA IS MISSING.
T  INDICATES TRACE AMOUNT.




$$
