000
CDUS43 KLOT 012144
CLIMDW


CLIMATE REPORT
NATIONAL WEATHER SERVICE CHICAGO IL
442 PM CDT FRI AUG 1 2014


...................................

...THE CHICAGO-MIDWAY CLIMATE SUMMARY FOR AUGUST 1 2014...
VALID TODAY AS OF 0400 PM LOCAL TIME.

CLIMATE NORMAL PERIOD 1981 TO 2010
CLIMATE RECORD PERIOD 1928 TO 2014


WEATHER ITEM   OBSERVED TIME   RECORD YEAR NORMAL DEPARTURE
                VALUE   (LST)  VALUE       VALUE  FROM
                                                  NORMAL
...............................................................
TEMPERATURE (F)
 TODAY
  MAXIMUM         83   1040 AM 100    1988  83      0
  MINIMUM         67    447 AM  52    1947  67      0
  AVERAGE         75                        75      0

PRECIPITATION (IN)
  TODAY            0.21          2.55 1961   0.15   0.06
  MONTH TO DATE    0.21                      0.15   0.06
  SINCE JUN 1     13.11                      8.22   4.89
  SINCE JAN 1     24.40                     22.71   1.69

DEGREE DAYS
 HEATING
  TODAY            0                         0      0
  MONTH TO DATE    0                         0      0
  SINCE JUN 1      3                        32    -29
  SINCE JUL 1      1                         1      0

 COOLING
  TODAY           10                        10      0
  MONTH TO DATE   10                        10      0
  SINCE JUN 1    500                       558    -58
  SINCE JAN 1    611                       632    -21
...............................................................


WIND (MPH)
  RESULTANT WIND SPEED   6   RESULTANT WIND DIRECTION  SW (240)
  HIGHEST WIND SPEED    29   HIGHEST WIND DIRECTION    NW (300)
  HIGHEST GUST SPEED    37   HIGHEST GUST DIRECTION    NW (300)
  AVERAGE WIND SPEED     6.5


SKY COVER
  POSSIBLE SUNSHINE  MM
  AVERAGE SKY COVER 0.5


WEATHER CONDITIONS
 THE FOLLOWING WEATHER WAS RECORDED TODAY.
  THUNDERSTORM
  LIGHT RAIN
  HAZE


..........................................................


THE CHICAGO-MIDWAY CLIMATE NORMALS FOR TOMORROW
                         NORMAL    RECORD    YEAR
 MAXIMUM TEMPERATURE (F)   83       102      1991
 MINIMUM TEMPERATURE (F)   67        56      1965


SUNRISE AND SUNSET
AUGUST  1 2014........SUNRISE   545 AM CDT   SUNSET   809 PM CDT
AUGUST  2 2014........SUNRISE   546 AM CDT   SUNSET   808 PM CDT


-  INDICATES NEGATIVE NUMBERS.
R  INDICATES RECORD WAS SET OR TIED.
MM INDICATES DATA IS MISSING.
T  INDICATES TRACE AMOUNT.




$$
