751
CDUS43 KLOT 252232
CLIMDW


CLIMATE REPORT
NATIONAL WEATHER SERVICE CHICAGO IL
432 PM CST SUN FEB 25 2018


...................................

...THE CHICAGO-MIDWAY CLIMATE SUMMARY FOR FEBRUARY 25 2018...
VALID TODAY AS OF 0400 PM LOCAL TIME.

CLIMATE NORMAL PERIOD 1981 TO 2010
CLIMATE RECORD PERIOD 1928 TO 2018


WEATHER ITEM   OBSERVED TIME   RECORD YEAR NORMAL DEPARTURE
                VALUE   (LST)  VALUE       VALUE  FROM
                                                  NORMAL
...............................................................
TEMPERATURE (F)
 TODAY
  MAXIMUM         52   1218 AM  73    2000  39     13
  MINIMUM         34    536 AM  -5    1967  25      9
  AVERAGE         43                        32     11

PRECIPITATION (IN)
  TODAY            0.03          0.62 2007   0.09  -0.06
  MONTH TO DATE    4.38                      1.69   2.69
  SINCE DEC 1      5.46                      6.32  -0.86
  SINCE JAN 1      5.29                      3.75   1.54

DEGREE DAYS
 HEATING
  TODAY           22                        33    -11
  MONTH TO DATE  910                       916     -6
  SINCE DEC 1   3256                      3277    -21
  SINCE JUL 1   4239                      4412   -173

 COOLING
  TODAY            0                         0      0
  MONTH TO DATE    0                         0      0
  SINCE DEC 1      0                         0      0
  SINCE JAN 1      0                         0      0
...............................................................


WIND (MPH)
  RESULTANT WIND SPEED  21   RESULTANT WIND DIRECTION   W (250)
  HIGHEST WIND SPEED    36   HIGHEST WIND DIRECTION     W (260)
  HIGHEST GUST SPEED    48   HIGHEST GUST DIRECTION     W (260)
  AVERAGE WIND SPEED    21.6


SKY COVER
  POSSIBLE SUNSHINE  MM
  AVERAGE SKY COVER 0.6


WEATHER CONDITIONS
 THE FOLLOWING WEATHER WAS RECORDED TODAY.
  RAIN
  LIGHT RAIN
  FOG


..........................................................


THE CHICAGO-MIDWAY CLIMATE NORMALS FOR TOMORROW
                         NORMAL    RECORD    YEAR
 MAXIMUM TEMPERATURE (F)   40        64      2000
 MINIMUM TEMPERATURE (F)   25        -1      1963
                                             1888


SUNRISE AND SUNSET
FEBRUARY 25 2018......SUNRISE   632 AM CST   SUNSET   537 PM CST
FEBRUARY 26 2018......SUNRISE   630 AM CST   SUNSET   538 PM CST


-  INDICATES NEGATIVE NUMBERS.
R  INDICATES RECORD WAS SET OR TIED.
MM INDICATES DATA IS MISSING.
T  INDICATES TRACE AMOUNT.




$$
