000
CDUS43 KLOT 190632
CLIMDW


CLIMATE REPORT
NATIONAL WEATHER SERVICE CHICAGO IL
132 AM CDT SAT APR 19 2014


...................................

...THE CHICAGO-MIDWAY CLIMATE SUMMARY FOR APRIL 18 2014...

CLIMATE NORMAL PERIOD 1981 TO 2010
CLIMATE RECORD PERIOD 1928 TO 2014


WEATHER ITEM   OBSERVED TIME   RECORD YEAR NORMAL DEPARTURE LAST
                VALUE   (LST)  VALUE       VALUE  FROM      YEAR
                                                  NORMAL
..................................................................
TEMPERATURE (F)
 YESTERDAY
  MAXIMUM         51    151 PM  89    2002  60     -9       63
  MINIMUM         39   1056 PM  25    1983  43     -4       40
  AVERAGE         45                        52     -7       52

PRECIPITATION (IN)
  YESTERDAY        0.00          3.83 1975   0.13  -0.13     1.67
  MONTH TO DATE    1.72                      2.15  -0.43     5.84
  SINCE MAR 1      2.81                      4.87  -2.06     7.10
  SINCE JAN 1      5.30                      8.87  -3.57    11.35

DEGREE DAYS
 HEATING
  YESTERDAY       20                        14      6       13
  MONTH TO DATE  315                       308      7      343
  SINCE MAR 1   1312                      1120    192     1306
  SINCE JUL 1   6514                      5631    883     5458

 COOLING
  YESTERDAY        0                         0      0        0
  MONTH TO DATE    1                         0      1        0
  SINCE MAR 1      1                         1      0        0
  SINCE JAN 1      1                         1      0        0
..................................................................


WIND (MPH)
  RESULTANT WIND SPEED   8   RESULTANT WIND DIRECTION  NE (40)
  HIGHEST WIND SPEED    17   HIGHEST WIND DIRECTION    NE (30)
  HIGHEST GUST SPEED    22   HIGHEST GUST DIRECTION    NE (40)
  AVERAGE WIND SPEED     9.2



WEATHER CONDITIONS
 THE FOLLOWING WEATHER WAS RECORDED YESTERDAY.
  NO SIGNIFICANT WEATHER WAS OBSERVED.


..........................................................


THE CHICAGO-MIDWAY CLIMATE NORMALS FOR TODAY
                         NORMAL    RECORD    YEAR
 MAXIMUM TEMPERATURE (F)   61        86      1985
 MINIMUM TEMPERATURE (F)   43        24      1983


SUNRISE AND SUNSET
APRIL 19 2014.........SUNRISE   605 AM CDT   SUNSET   736 PM CDT
APRIL 20 2014.........SUNRISE   603 AM CDT   SUNSET   737 PM CDT


-  INDICATES NEGATIVE NUMBERS.
R  INDICATES RECORD WAS SET OR TIED.
MM INDICATES DATA IS MISSING.
T  INDICATES TRACE AMOUNT.




$$
