000
CDUS43 KLOT 010632
CLIMDW


CLIMATE REPORT
NATIONAL WEATHER SERVICE CHICAGO IL
131 AM CDT SUN MAY 1 2016


...................................

...THE CHICAGO-MIDWAY CLIMATE SUMMARY FOR APRIL 30 2016...

CLIMATE NORMAL PERIOD 1981 TO 2010
CLIMATE RECORD PERIOD 1928 TO 2016


WEATHER ITEM   OBSERVED TIME   RECORD YEAR NORMAL DEPARTURE LAST
                VALUE   (LST)  VALUE       VALUE  FROM      YEAR
                                                  NORMAL
..................................................................
TEMPERATURE (F)
 YESTERDAY
  MAXIMUM         50    824 AM  92    1942  65    -15       52
  MINIMUM         45    210 AM  31    1931  47     -2       42
  AVERAGE         48                        56     -8       47

PRECIPITATION (IN)
  YESTERDAY        0.71          2.15 1970   0.12   0.59     0.00
  MONTH TO DATE    2.50                      3.64  -1.14     2.94
  SINCE MAR 1      5.38                      6.36  -0.98     3.42
  SINCE JAN 1      6.16                     10.36  -4.20     4.76

DEGREE DAYS
 HEATING
  YESTERDAY       17                        10      7       18
  MONTH TO DATE  453                       449      4      370
  SINCE MAR 1   1057                      1260   -203     1196
  SINCE JUL 1   4695                      5771  -1076     5918

 COOLING
  YESTERDAY        0                         1     -1        0
  MONTH TO DATE   12                        12      0        0
  SINCE MAR 1     13                        13      0        0
  SINCE JAN 1     13                        13      0        0
..................................................................


WIND (MPH)
  RESULTANT WIND SPEED  14   RESULTANT WIND DIRECTION   E (70)
  HIGHEST WIND SPEED    24   HIGHEST WIND DIRECTION     E (80)
  HIGHEST GUST SPEED    32   HIGHEST GUST DIRECTION     E (90)
  AVERAGE WIND SPEED    15.0



WEATHER CONDITIONS
 THE FOLLOWING WEATHER WAS RECORDED YESTERDAY.
  RAIN
  LIGHT RAIN
  FOG
  HAZE


..........................................................


THE CHICAGO-MIDWAY CLIMATE NORMALS FOR TODAY
                         NORMAL    RECORD    YEAR
 MAXIMUM TEMPERATURE (F)   65        90      1951
 MINIMUM TEMPERATURE (F)   47        30      1943


SUNRISE AND SUNSET
MAY  1 2016...........SUNRISE   547 AM CDT   SUNSET   750 PM CDT
MAY  2 2016...........SUNRISE   545 AM CDT   SUNSET   751 PM CDT


-  INDICATES NEGATIVE NUMBERS.
R  INDICATES RECORD WAS SET OR TIED.
MM INDICATES DATA IS MISSING.
T  INDICATES TRACE AMOUNT.




$$
