000
CDUS44 KMEG 220738
CLIMEG


CLIMATE REPORT
NATIONAL WEATHER SERVICE MEMPHIS TN
138 AM CST WED NOV 22 2017


...................................

...THE MEMPHIS/GERMANTOWN WFO CLIMATE SUMMARY FOR NOVEMBER 21 2017...

CLIMATE NORMAL PERIOD 1981 TO 2010
CLIMATE RECORD PERIOD 1988 TO 2017


WEATHER ITEM   OBSERVED TIME   RECORD YEAR NORMAL DEPARTURE LAST
                VALUE   (LST)  VALUE       VALUE  FROM      YEAR
                                                  NORMAL
..................................................................
TEMPERATURE (F)
 YESTERDAY
  MAXIMUM         62        MM  76    1990  60      2       62
  MINIMUM         35        MM  23    2008  39     -4       29
  AVERAGE         49                        49      0       46

PRECIPITATION (IN)
  YESTERDAY        0.00          2.00 2011   0.19  -0.19     0.00
  MONTH TO DATE    1.91                      3.55  -1.64     1.03
  SINCE SEP 1      6.89                     11.13  -4.24     3.23
  SINCE JAN 1     46.08                     47.14  -1.06    54.47

SNOWFALL (IN)
  YESTERDAY        0.0          MM      MM                   0.0
  MONTH TO DATE    0.0                                       0.0
  SINCE SEP 1      0.0                                       0.0
  SINCE JUL 1      0.0                                       0.0
  SNOW DEPTH       0

DEGREE DAYS
 HEATING
  YESTERDAY       16                        16      0       19
  MONTH TO DATE  220                       257    -37      165
  SINCE SEP 1    374                       441    -67      194
  SINCE JUL 1    374                       441    -67      194

 COOLING
  YESTERDAY        0                         0      0        0
  MONTH TO DATE   18                         7     11       26
  SINCE SEP 1    432                       329    103      587
  SINCE JAN 1   2124                      1924    200     2423
..................................................................







THE MEMPHIS/GERMANTOWN WFO CLIMATE NORMALS FOR TODAY
                         NORMAL    RECORD    YEAR
 MAXIMUM TEMPERATURE (F)   60        76      1999
 MINIMUM TEMPERATURE (F)   38        19      2008


SUNRISE AND SUNSET
NOVEMBER 22 2017......SUNRISE   641 AM CST   SUNSET   450 PM CST
NOVEMBER 23 2017......SUNRISE   642 AM CST   SUNSET   449 PM CST


-  INDICATES NEGATIVE NUMBERS.
R  INDICATES RECORD WAS SET OR TIED.
MM INDICATES DATA IS MISSING.
T  INDICATES TRACE AMOUNT.




$$
