000
CDUS44 KMEG 310641
CLIMEG


CLIMATE REPORT
NATIONAL WEATHER SERVICE MEMPHIS TN
141 AM CDT TUE MAY 31 2016


...................................

...THE MEMPHIS/GERMANTOWN WFO CLIMATE SUMMARY FOR MAY 30 2016...

CLIMATE NORMAL PERIOD 1981 TO 2010
CLIMATE RECORD PERIOD 1988 TO 2016


WEATHER ITEM   OBSERVED TIME   RECORD YEAR NORMAL DEPARTURE LAST
                VALUE   (LST)  VALUE       VALUE  FROM      YEAR
                                                  NORMAL
..................................................................
TEMPERATURE (F)
 YESTERDAY
  MAXIMUM         90    127 PM  94    2011  84      6       83
  MINIMUM         67   1251 PM  53    1992  63      4       69
  AVERAGE         79                        74      5       76

PRECIPITATION (IN)
  YESTERDAY       MM             0.88 1992   0.15  MM        0.11
  MONTH TO DATE    4.59                      5.44  -0.85     4.92
  SINCE MAR 1     27.36                     15.71  11.65    15.00
  SINCE JAN 1     36.31                     24.34  11.97    21.08

SNOWFALL (IN)
  YESTERDAY       MM            MM      MM   0.0   MM        0.0
  MONTH TO DATE    0.0                       0.0    0.0      0.0
  SINCE MAR 1      T                         0.8   -0.8      4.1
  SINCE JUL 1      0.9                       2.4   -1.5      6.3
  SNOW DEPTH      MM

DEGREE DAYS
 HEATING
  YESTERDAY        0                         0      0        0
  MONTH TO DATE   38                        39     -1       25
  SINCE MAR 1    398                       666   -268      552
  SINCE JUL 1   2485                      3412   -927     3459

 COOLING
  YESTERDAY       14                         9      5       11
  MONTH TO DATE  159                       176    -17      219
  SINCE MAR 1    232                       241     -9      296
  SINCE JAN 1    232                       242    -10      296
..................................................................







THE MEMPHIS/GERMANTOWN WFO CLIMATE NORMALS FOR TODAY
                         NORMAL    RECORD    YEAR
 MAXIMUM TEMPERATURE (F)   84        94      2011
 MINIMUM TEMPERATURE (F)   64        52      1992


SUNRISE AND SUNSET
MAY 31 2016...........SUNRISE   546 AM CDT   SUNSET   808 PM CDT
JUNE  1 2016..........SUNRISE   546 AM CDT   SUNSET   809 PM CDT


-  INDICATES NEGATIVE NUMBERS.
R  INDICATES RECORD WAS SET OR TIED.
MM INDICATES DATA IS MISSING.
T  INDICATES TRACE AMOUNT.




$$
