000
CDUS44 KMEG 272203
CLIMEG


CLIMATE REPORT
NATIONAL WEATHER SERVICE MEMPHIS TN
503 PM CDT FRI MAR 27 2015


...................................

...THE MEMPHIS/GERMANTOWN WFO CLIMATE SUMMARY FOR MARCH 27 2015...
VALID TODAY AS OF 0500 PM LOCAL TIME.

CLIMATE NORMAL PERIOD 1981 TO 2010
CLIMATE RECORD PERIOD 1988 TO 2015


WEATHER ITEM   OBSERVED TIME   RECORD YEAR NORMAL DEPARTURE LAST
                VALUE   (LST)  VALUE       VALUE  FROM      YEAR
                                                  NORMAL
..................................................................
TEMPERATURE (F)
 TODAY
  MAXIMUM         51    330 PM  85    2012  66    -15       70
  MINIMUM         32    400 AM  25    2001  43    -11       49
  AVERAGE         42                        55    -13       60

PRECIPITATION (IN)
  TODAY            T             0.94 1994   0.16  -0.16     0.81
  MONTH TO DATE    5.68                      4.27   1.41     4.49
  SINCE MAR 1      5.68                      4.27   1.41     4.49
  SINCE JAN 1     11.76                     12.90  -1.14    13.11

SNOWFALL (IN)
  TODAY            0.0

DEGREE DAYS
 HEATING
  TODAY           23                        11     12        5
  MONTH TO DATE  376                       394    -18      486
  SINCE MAR 1    376                       394    -18      486
  SINCE JUL 1   3283                      3140    143     3490

 COOLING
  TODAY            0                         1     -1        0
  MONTH TO DATE    3                         4     -1        0
  SINCE MAR 1      3                         4     -1        0
  SINCE JAN 1      3                         5     -2        0
..................................................................







THE MEMPHIS/GERMANTOWN WFO CLIMATE NORMALS FOR TOMORROW
                         NORMAL    RECORD    YEAR
 MAXIMUM TEMPERATURE (F)   67        84      2012
 MINIMUM TEMPERATURE (F)   43        29      1990


SUNRISE AND SUNSET
MARCH 27 2015.........SUNRISE   653 AM CDT   SUNSET   716 PM CDT
MARCH 28 2015.........SUNRISE   652 AM CDT   SUNSET   717 PM CDT


-  INDICATES NEGATIVE NUMBERS.
R  INDICATES RECORD WAS SET OR TIED.
MM INDICATES DATA IS MISSING.
T  INDICATES TRACE AMOUNT.




$$
