000
CDUS44 KMEG 210632
CLIMEG


CLIMATE REPORT
NATIONAL WEATHER SERVICE MEMPHIS TN
132 AM CDT FRI JUL 21 2017


...................................

...THE MEMPHIS/GERMANTOWN WFO CLIMATE SUMMARY FOR JULY 20 2017...

CLIMATE NORMAL PERIOD 1981 TO 2010
CLIMATE RECORD PERIOD 1988 TO 2017


WEATHER ITEM   OBSERVED TIME   RECORD YEAR NORMAL DEPARTURE LAST
                VALUE   (LST)  VALUE       VALUE  FROM      YEAR
                                                  NORMAL
..................................................................
TEMPERATURE (F)
 YESTERDAY
  MAXIMUM         97        MM 100    2006  91      6       95
  MINIMUM         76        MM  62    2009  71      5       76
  AVERAGE         87                        81      6       86

PRECIPITATION (IN)
  YESTERDAY        0.00          1.11 2000   0.15  -0.15      T
  MONTH TO DATE    3.97                      2.94   1.03     2.96
  SINCE JUN 1      8.05                      6.62   1.43     7.07
  SINCE JAN 1     28.96                     31.11  -2.15    43.52

SNOWFALL (IN)
  YESTERDAY        0.0          MM      MM                   0.0
  MONTH TO DATE    0.0                                       0.0
  SINCE JUN 1      0.0                                       0.0
  SINCE JUL 1      0.0                                       0.0
  SNOW DEPTH       0

DEGREE DAYS
 HEATING
  YESTERDAY        0                         0      0        0
  MONTH TO DATE    0                         0      0        0
  SINCE JUN 1      0                         2     -2        0
  SINCE JUL 1      0                         0      0        0

 COOLING
  YESTERDAY       22                        16      6       21
  MONTH TO DATE  342                       318     24      366
  SINCE JUN 1    727                       699     28      841
  SINCE JAN 1   1072                       950    122     1086
..................................................................







THE MEMPHIS/GERMANTOWN WFO CLIMATE NORMALS FOR TODAY
                         NORMAL    RECORD    YEAR
 MAXIMUM TEMPERATURE (F)   91       102      2006
 MINIMUM TEMPERATURE (F)   71        64      2014


SUNRISE AND SUNSET
JULY 21 2017..........SUNRISE   600 AM CDT   SUNSET   810 PM CDT
JULY 22 2017..........SUNRISE   601 AM CDT   SUNSET   810 PM CDT


-  INDICATES NEGATIVE NUMBERS.
R  INDICATES RECORD WAS SET OR TIED.
MM INDICATES DATA IS MISSING.
T  INDICATES TRACE AMOUNT.




$$
