114
CDUS44 KMEG 020633
CLIMEG


CLIMATE REPORT
NATIONAL WEATHER SERVICE MEMPHIS TN
133 AM CDT MON MAY 2 2016


...................................

...THE MEMPHIS/GERMANTOWN WFO CLIMATE SUMMARY FOR MAY 1 2016...

CLIMATE NORMAL PERIOD 1981 TO 2010
CLIMATE RECORD PERIOD 1988 TO 2016


WEATHER ITEM   OBSERVED TIME   RECORD YEAR NORMAL DEPARTURE LAST
                VALUE   (LST)  VALUE       VALUE  FROM      YEAR
                                                  NORMAL
..................................................................
TEMPERATURE (F)
 YESTERDAY
  MAXIMUM         83   1250 PM  89    2012  76      7       72
                                      2007
                                      2002
  MINIMUM         63    355 AM  38    2005  54      9       46
  AVERAGE         73                        65      8       59

PRECIPITATION (IN)
  YESTERDAY        0.34          5.60 2010   0.21   0.13     0.00
  MONTH TO DATE    0.34                      0.21   0.13     0.00
  SINCE MAR 1     23.11                     10.48  12.63    10.08
  SINCE JAN 1     32.06                     19.11  12.95    16.16

SNOWFALL (IN)
  YESTERDAY        0.0          MM      MM   0.0    0.0      0.0
  MONTH TO DATE    0.0                       0.0    0.0      0.0
  SINCE MAR 1      T                         0.8   -0.8      4.1
  SINCE JUL 1      0.9                       2.4   -1.5      6.3
  SNOW DEPTH       0

DEGREE DAYS
 HEATING
  YESTERDAY        0                         3     -3        6
  MONTH TO DATE    0                         3     -3        6
  SINCE MAR 1    360                       630   -270      533
  SINCE JUL 1   2447                      3376   -929     3440

 COOLING
  YESTERDAY        8                         3      5        0
  MONTH TO DATE    8                         3      5        0
  SINCE MAR 1     81                        68     13       77
  SINCE JAN 1     81                        69     12       77
..................................................................







THE MEMPHIS/GERMANTOWN WFO CLIMATE NORMALS FOR TODAY
                         NORMAL    RECORD    YEAR
 MAXIMUM TEMPERATURE (F)   77        91      2012
 MINIMUM TEMPERATURE (F)   55        40      1994


SUNRISE AND SUNSET
MAY  2 2016...........SUNRISE   607 AM CDT   SUNSET   746 PM CDT
MAY  3 2016...........SUNRISE   606 AM CDT   SUNSET   747 PM CDT


-  INDICATES NEGATIVE NUMBERS.
R  INDICATES RECORD WAS SET OR TIED.
MM INDICATES DATA IS MISSING.
T  INDICATES TRACE AMOUNT.




$$
