138
CDUS44 KMEG 270638
CLIMEG


CLIMATE REPORT
NATIONAL WEATHER SERVICE MEMPHIS TN
138 AM CDT SAT MAY 27 2017


...................................

...THE MEMPHIS/GERMANTOWN WFO CLIMATE SUMMARY FOR MAY 26 2017...

CLIMATE NORMAL PERIOD 1981 TO 2010
CLIMATE RECORD PERIOD 1988 TO 2017


WEATHER ITEM   OBSERVED TIME   RECORD YEAR NORMAL DEPARTURE LAST
                VALUE   (LST)  VALUE       VALUE  FROM      YEAR
                                                  NORMAL
..................................................................
TEMPERATURE (F)
 YESTERDAY
  MAXIMUM         86    325 PM  96    1989  83      3       91
  MINIMUM         62    319 AM  52    2001  62      0       68
  AVERAGE         74                        73      1       80

PRECIPITATION (IN)
  YESTERDAY        0.00          2.57 1991   0.15  -0.15     0.21
  MONTH TO DATE    2.27                      4.84  -2.57     4.29
  SINCE MAR 1     12.56                     15.11  -2.55    27.06
  SINCE JAN 1     17.77                     23.74  -5.97    36.01

SNOWFALL (IN)
  YESTERDAY        0.0          MM      MM                   0.0
  MONTH TO DATE    0.0                                       0.0
  SINCE MAR 1      0.4                                        T
  SINCE JUL 1      1.4                                       0.9
  SNOW DEPTH       0

DEGREE DAYS
 HEATING
  YESTERDAY        0                         0      0        0
  MONTH TO DATE   30                        39     -9       38
  SINCE MAR 1    399                       666   -267      398
  SINCE JUL 1   2240                      3412  -1172     2485

 COOLING
  YESTERDAY        9                         8      1       15
  MONTH TO DATE   78                       141    -63      110
  SINCE MAR 1    224                       206     18      183
  SINCE JAN 1    238                       207     31      183
..................................................................







THE MEMPHIS/GERMANTOWN WFO CLIMATE NORMALS FOR TODAY
                         NORMAL    RECORD    YEAR
 MAXIMUM TEMPERATURE (F)   83        94      2012
                                             2006
 MINIMUM TEMPERATURE (F)   62        51      1999


SUNRISE AND SUNSET
MAY 27 2017...........SUNRISE   548 AM CDT   SUNSET   805 PM CDT
MAY 28 2017...........SUNRISE   548 AM CDT   SUNSET   806 PM CDT


-  INDICATES NEGATIVE NUMBERS.
R  INDICATES RECORD WAS SET OR TIED.
MM INDICATES DATA IS MISSING.
T  INDICATES TRACE AMOUNT.




$$
