000
CDUS44 KMEG 270639
CLIMEG


CLIMATE REPORT
NATIONAL WEATHER SERVICE MEMPHIS TN
139 AM CDT WED MAY 27 2015


...................................

...THE MEMPHIS/GERMANTOWN WFO CLIMATE SUMMARY FOR MAY 26 2015...

CLIMATE NORMAL PERIOD 1981 TO 2010
CLIMATE RECORD PERIOD 1988 TO 2015


WEATHER ITEM   OBSERVED TIME   RECORD YEAR NORMAL DEPARTURE LAST
                VALUE   (LST)  VALUE       VALUE  FROM      YEAR
                                                  NORMAL
..................................................................
TEMPERATURE (F)
 YESTERDAY
  MAXIMUM         82        MM  96    1989  83     -1       91
  MINIMUM         67        MM  52    2001  62      5       66
  AVERAGE         75                        73      2       79

PRECIPITATION (IN)
  YESTERDAY        0.06          2.57 1991   0.15  -0.09     0.00
  MONTH TO DATE    4.60                      4.84  -0.24     3.64
  SINCE MAR 1     14.68                     15.11  -0.43    15.74
  SINCE JAN 1     20.76                     23.74  -2.98    24.36

SNOWFALL (IN)
  YESTERDAY        0.0          MM      MM   0.0    0.0      0.0
  MONTH TO DATE    0.0                       0.0    0.0      0.0
  SINCE MAR 1      4.1                       0.8    3.3      0.3
  SINCE JUL 1      6.3                       2.4    3.9      0.8
  SNOW DEPTH       0

DEGREE DAYS
 HEATING
  YESTERDAY        0                         0      0        0
  MONTH TO DATE   25                        39    -14       57
  SINCE MAR 1    552                       666   -114      739
  SINCE JUL 1   3459                      3412     47     3743

 COOLING
  YESTERDAY       10                         8      2       14
  MONTH TO DATE  175                       141     34      197
  SINCE MAR 1    252                       206     46      245
  SINCE JAN 1    252                       207     45      245
..................................................................







THE MEMPHIS/GERMANTOWN WFO CLIMATE NORMALS FOR TODAY
                         NORMAL    RECORD    YEAR
 MAXIMUM TEMPERATURE (F)   83        94      2012
                                             2006
 MINIMUM TEMPERATURE (F)   62        51      1999


SUNRISE AND SUNSET
MAY 27 2015...........SUNRISE   548 AM CDT   SUNSET   805 PM CDT
MAY 28 2015...........SUNRISE   548 AM CDT   SUNSET   806 PM CDT


-  INDICATES NEGATIVE NUMBERS.
R  INDICATES RECORD WAS SET OR TIED.
MM INDICATES DATA IS MISSING.
T  INDICATES TRACE AMOUNT.




$$
