322
CDUS44 KMEG 250632
CLIMEG


CLIMATE REPORT
NATIONAL WEATHER SERVICE MEMPHIS TN
132 AM CDT THU AUG 25 2016


...................................

...THE MEMPHIS/GERMANTOWN WFO CLIMATE SUMMARY FOR AUGUST 24 2016...

CLIMATE NORMAL PERIOD 1981 TO 2010
CLIMATE RECORD PERIOD 1988 TO 2016


WEATHER ITEM   OBSERVED TIME   RECORD YEAR NORMAL DEPARTURE LAST
                VALUE   (LST)  VALUE       VALUE  FROM      YEAR
                                                  NORMAL
..................................................................
TEMPERATURE (F)
 YESTERDAY
  MAXIMUM         96        MM 101    2007  90      6       82
  MINIMUM         75        MM  58    1997  69      6       61
  AVERAGE         86                        79      7       72

PRECIPITATION (IN)
  YESTERDAY        0.00          0.85 1999   0.09  -0.09     0.00
  MONTH TO DATE    3.67                      2.64   1.03     4.20
  SINCE JUN 1     13.76                     10.86   2.90    11.97
  SINCE JAN 1     50.21                     35.35  14.86    33.65

SNOWFALL (IN)
  YESTERDAY        0.0          MM      MM   0.0    0.0      0.0
  MONTH TO DATE    0.0                       0.0    0.0      0.0
  SINCE JUN 1      0.0                       0.0    0.0      0.0
  SINCE JUL 1      0.0                       0.0    0.0      0.0
  SNOW DEPTH       0

DEGREE DAYS
 HEATING
  YESTERDAY        0                         0      0        0
  MONTH TO DATE    0                         0      0        0
  SINCE JUN 1      0                         2     -2        0
  SINCE JUL 1      0                         0      0        0

 COOLING
  YESTERDAY       21                        14      7        7
  MONTH TO DATE  414                       372     42      350
  SINCE JUN 1   1462                      1249    213     1368
  SINCE JAN 1   1707                      1500    207     1668
..................................................................







THE MEMPHIS/GERMANTOWN WFO CLIMATE NORMALS FOR TODAY
                         NORMAL    RECORD    YEAR
 MAXIMUM TEMPERATURE (F)   90        98      2005
 MINIMUM TEMPERATURE (F)   69        57      2015


SUNRISE AND SUNSET
AUGUST 25 2016........SUNRISE   627 AM CDT   SUNSET   735 PM CDT
AUGUST 26 2016........SUNRISE   628 AM CDT   SUNSET   733 PM CDT


-  INDICATES NEGATIVE NUMBERS.
R  INDICATES RECORD WAS SET OR TIED.
MM INDICATES DATA IS MISSING.
T  INDICATES TRACE AMOUNT.




$$
