000
CDUS44 KMEG 042249
CLIMEG


CLIMATE REPORT
NATIONAL WEATHER SERVICE MEMPHIS TN
449 PM CST SUN DEC 4 2016


...................................

...THE MEMPHIS/GERMANTOWN WFO CLIMATE SUMMARY FOR DECEMBER 4 2016...
VALID TODAY AS OF 0400 PM LOCAL TIME.

CLIMATE NORMAL PERIOD 1981 TO 2010
CLIMATE RECORD PERIOD 1988 TO 2016


WEATHER ITEM   OBSERVED TIME   RECORD YEAR NORMAL DEPARTURE LAST
                VALUE   (LST)  VALUE       VALUE  FROM      YEAR
                                                  NORMAL
..................................................................
TEMPERATURE (F)
 TODAY
  MAXIMUM         48    300 PM  77    2001  55     -7       56
  MINIMUM         41    600 AM  17    2006  35      6       28
  AVERAGE         45                        45      0       42

PRECIPITATION (IN)
  TODAY            0.53          2.75 1993   0.20   0.33     0.00
  MONTH TO DATE    0.90                      0.81   0.09     0.10
  SINCE DEC 1      0.90                      0.81   0.09     0.10
  SINCE JAN 1     57.46                     49.76   7.70    48.49

SNOWFALL (IN)
  TODAY            0.0

DEGREE DAYS
 HEATING
  TODAY           20                        20      0       23
  MONTH TO DATE   78                        79     -1       85
  SINCE DEC 1     78                        79     -1       85
  SINCE JUL 1    400                       678   -278      466

 COOLING
  TODAY            0                         0      0        0
  MONTH TO DATE    0                         0      0        0
  SINCE DEC 1      0                         0      0        0
  SINCE JAN 1   2423                      1926    497     2138
..................................................................







THE MEMPHIS/GERMANTOWN WFO CLIMATE NORMALS FOR TOMORROW
                         NORMAL    RECORD    YEAR
 MAXIMUM TEMPERATURE (F)   54        78      1998
 MINIMUM TEMPERATURE (F)   34        21      2009


SUNRISE AND SUNSET
DECEMBER  4 2016......SUNRISE   652 AM CST   SUNSET   447 PM CST
DECEMBER  5 2016......SUNRISE   653 AM CST   SUNSET   447 PM CST


-  INDICATES NEGATIVE NUMBERS.
R  INDICATES RECORD WAS SET OR TIED.
MM INDICATES DATA IS MISSING.
T  INDICATES TRACE AMOUNT.




$$
