000
CDUS44 KJAN 302111
CLIMEI


CLIMATE REPORT
NATIONAL WEATHER SERVICE JACKSON MS
409 PM CDT SUN APR 30 2017


...................................

...THE MERIDIAN CLIMATE SUMMARY FOR APRIL 30 2017...
VALID TODAY AS OF 0400 PM LOCAL TIME.

CLIMATE NORMAL PERIOD 1981 TO 2010
CLIMATE RECORD PERIOD 1889 TO 2017


WEATHER ITEM   OBSERVED TIME   RECORD YEAR NORMAL DEPARTURE LAST
                VALUE   (LST)  VALUE       VALUE  FROM      YEAR
                                                  NORMAL
..................................................................
TEMPERATURE (F)
 TODAY
  MAXIMUM         76    337 AM  92    1987  80     -4       80
  MINIMUM         67   1234 PM  39    1965  54     13       60
  AVERAGE         72                        66      6       70

PRECIPITATION (IN)
  TODAY            1.70          2.98 1940   0.14   1.56     0.30
  MONTH TO DATE    8.99                      4.78   4.21     4.15
  SINCE MAR 1     14.76                     10.20   4.56    16.53
  SINCE JAN 1     24.33                     20.93   3.40    24.02

SNOWFALL (IN)
  TODAY            0.0           0.0    MM   0.0    0.0      0.0
  MONTH TO DATE    0.0                       0.1   -0.1      0.0
  SINCE MAR 1      0.0                       0.3   -0.3      0.0
  SINCE JUL 1      0.8                       0.6    0.2       T

DEGREE DAYS
 HEATING
  TODAY            0                         2     -2        0
  MONTH TO DATE   31                       130    -99       63
  SINCE MAR 1    221                       437   -216      245
  SINCE JUL 1   1349                      2534  -1185     1807

 COOLING
  TODAY            7                         3      4        5
  MONTH TO DATE  145                        59     86       64
  SINCE MAR 1    219                        76    143       96
  SINCE JAN 1    265                        83    182      101
..................................................................


WIND (MPH)
  HIGHEST WIND SPEED    26   HIGHEST WIND DIRECTION    SE (140)
  HIGHEST GUST SPEED    34   HIGHEST GUST DIRECTION    SE (140)
  AVERAGE WIND SPEED    14.8


SKY COVER
  POSSIBLE SUNSHINE  MM
  AVERAGE SKY COVER 0.6


WEATHER CONDITIONS
 THE FOLLOWING WEATHER WAS RECORDED TODAY.
  THUNDERSTORM
  HEAVY RAIN
  RAIN
  LIGHT RAIN
  FOG
  HAZE


RELATIVE HUMIDITY (PERCENT)
 HIGHEST    87          1200 AM
 LOWEST     82           400 AM
 AVERAGE    85

..........................................................


THE MERIDIAN CLIMATE NORMALS FOR TOMORROW
                         NORMAL    RECORD    YEAR
 MAXIMUM TEMPERATURE (F)   80        91      1959
                                             1951
 MINIMUM TEMPERATURE (F)   54        40      1988
                                             1908


SUNRISE AND SUNSET
APRIL 30 2017.........SUNRISE   609 AM CDT   SUNSET   736 PM CDT
MAY  1 2017...........SUNRISE   608 AM CDT   SUNSET   736 PM CDT


-  INDICATES NEGATIVE NUMBERS.
R  INDICATES RECORD WAS SET OR TIED.
MM INDICATES DATA IS MISSING.
T  INDICATES TRACE AMOUNT.




$$
