000
CDUS44 KJAN 272110
CLIMEI


CLIMATE REPORT
NATIONAL WEATHER SERVICE JACKSON MS
408 PM CDT SAT AUG 27 2016


...................................

...THE MERIDIAN CLIMATE SUMMARY FOR AUGUST 27 2016...
VALID TODAY AS OF 0400 PM LOCAL TIME.

CLIMATE NORMAL PERIOD 1981 TO 2010
CLIMATE RECORD PERIOD 1889 TO 2016


WEATHER ITEM   OBSERVED TIME   RECORD YEAR NORMAL DEPARTURE LAST
                VALUE   (LST)  VALUE       VALUE  FROM      YEAR
                                                  NORMAL
..................................................................
TEMPERATURE (F)
 TODAY
  MAXIMUM         95    239 PM 105    1943  91      4       86
  MINIMUM         72    447 AM  55    1917  68      4       57
  AVERAGE         84                        80      4       72

PRECIPITATION (IN)
  TODAY            0.00          4.19 1992   0.11  -0.11     0.00
  MONTH TO DATE    5.03                      3.56   1.47     3.20
  SINCE JUN 1     12.34                     13.10  -0.76    11.74
  SINCE JAN 1     37.33                     38.53  -1.20    34.80

SNOWFALL (IN)
  TODAY            0.0           0.0  2002   0.0    0.0      0.0
                                      2001
  MONTH TO DATE    0.0                       0.0    0.0      0.0
  SINCE JUN 1      0.0                       0.0    0.0      0.0
  SINCE JUL 1      0.0                       0.0    0.0      0.0

DEGREE DAYS
 HEATING
  TODAY            0                         0      0        0
  MONTH TO DATE    0                         0      0        0
  SINCE JUN 1      0                         0      0        0
  SINCE JUL 1      0                         0      0        0

 COOLING
  TODAY           19                        15      4        7
  MONTH TO DATE  547                       419    128      441
  SINCE JUN 1   1721                      1283    438     1404
  SINCE JAN 1   2033                      1566    467     1769
..................................................................


WIND (MPH)
  HIGHEST WIND SPEED    13   HIGHEST WIND DIRECTION     E (100)
  HIGHEST GUST SPEED    16   HIGHEST GUST DIRECTION     E (90)
  AVERAGE WIND SPEED     2.2


SKY COVER
  POSSIBLE SUNSHINE  MM
  AVERAGE SKY COVER 0.3


WEATHER CONDITIONS
 THE FOLLOWING WEATHER WAS RECORDED TODAY.
  NO SIGNIFICANT WEATHER WAS OBSERVED.


RELATIVE HUMIDITY (PERCENT)
 HIGHEST    88           700 AM
 LOWEST     41           100 PM
 AVERAGE    65

..........................................................


THE MERIDIAN CLIMATE NORMALS FOR TOMORROW
                         NORMAL    RECORD    YEAR
 MAXIMUM TEMPERATURE (F)   91       103      2000
 MINIMUM TEMPERATURE (F)   68        56      1952


SUNRISE AND SUNSET
AUGUST 27 2016........SUNRISE   627 AM CDT   SUNSET   725 PM CDT
AUGUST 28 2016........SUNRISE   628 AM CDT   SUNSET   724 PM CDT


-  INDICATES NEGATIVE NUMBERS.
R  INDICATES RECORD WAS SET OR TIED.
MM INDICATES DATA IS MISSING.
T  INDICATES TRACE AMOUNT.




$$
