000
CDUS44 KJAN 012220
CLIMEI


CLIMATE REPORT
NATIONAL WEATHER SERVICE JACKSON MS
418 PM CST SUN FEB 1 2015


...................................

...THE MERIDIAN CLIMATE SUMMARY FOR FEBRUARY 1 2015...
VALID TODAY AS OF 0400 PM LOCAL TIME.

CLIMATE NORMAL PERIOD 1981 TO 2010
CLIMATE RECORD PERIOD 1889 TO 2015


WEATHER ITEM   OBSERVED TIME   RECORD YEAR NORMAL DEPARTURE LAST
                VALUE   (LST)  VALUE       VALUE  FROM      YEAR
                                                  NORMAL
..................................................................
TEMPERATURE (F)
 TODAY
  MAXIMUM         68    332 PM  81    1950  58     10       66
  MINIMUM         42   1234 AM  12    1951  34      8       27
  AVERAGE         55                        46      9       47

PRECIPITATION (IN)
  TODAY            0.08          4.17 1983   0.21  -0.13     0.00
  MONTH TO DATE    0.08                      0.21  -0.13     0.00
  SINCE DEC 1     15.47                     10.40   5.07     9.82
  SINCE JAN 1      6.79                      5.34   1.45     2.47

SNOWFALL (IN)
  TODAY            0.0           0.6  1951   0.0    0.0      0.0
  MONTH TO DATE    0.0                       0.0    0.0      0.0
  SINCE DEC 1      0.0                       0.3   -0.3      2.0
  SINCE JUL 1      0.0                       0.3   -0.3      2.0

DEGREE DAYS
 HEATING
  TODAY           10                        19     -9       18
  MONTH TO DATE   10                        19     -9       18
  SINCE DEC 1   1085                      1206   -121     1390
  SINCE JUL 1   1634                      1656    -22     1891

 COOLING
  TODAY            0                         0      0        0
  MONTH TO DATE    0                         0      0        0
  SINCE DEC 1      0                         9     -9       25
  SINCE JAN 1      0                         3     -3        0
..................................................................


WIND (MPH)
  HIGHEST WIND SPEED    23   HIGHEST WIND DIRECTION     S (190)
  HIGHEST GUST SPEED    31   HIGHEST GUST DIRECTION     S (200)
  AVERAGE WIND SPEED     9.1


SKY COVER
  POSSIBLE SUNSHINE  MM
  AVERAGE SKY COVER 0.8


WEATHER CONDITIONS
 THE FOLLOWING WEATHER WAS RECORDED TODAY.
  LIGHT RAIN
  FOG


RELATIVE HUMIDITY (PERCENT)
 HIGHEST    96           900 AM
 LOWEST     58          1200 AM
 AVERAGE    77

..........................................................


THE MERIDIAN CLIMATE NORMALS FOR TOMORROW
                         NORMAL    RECORD    YEAR
 MAXIMUM TEMPERATURE (F)   58        81      1990
 MINIMUM TEMPERATURE (F)   34         8      1951


SUNRISE AND SUNSET
FEBRUARY  1 2015......SUNRISE   649 AM CST   SUNSET   528 PM CST
FEBRUARY  2 2015......SUNRISE   649 AM CST   SUNSET   529 PM CST


-  INDICATES NEGATIVE NUMBERS.
R  INDICATES RECORD WAS SET OR TIED.
MM INDICATES DATA IS MISSING.
T  INDICATES TRACE AMOUNT.




$$
