000
CDUS44 KJAN 290639
CLIMEI


CLIMATE REPORT
NATIONAL WEATHER SERVICE JACKSON MS
136 AM CDT FRI JUL 29 2016


...................................

...THE MERIDIAN CLIMATE SUMMARY FOR JULY 28 2016...

CLIMATE NORMAL PERIOD 1981 TO 2010
CLIMATE RECORD PERIOD 1889 TO 2016


WEATHER ITEM   OBSERVED TIME   RECORD YEAR NORMAL DEPARTURE LAST
                VALUE   (LST)  VALUE       VALUE  FROM      YEAR
                                                  NORMAL
..................................................................
TEMPERATURE (F)
 YESTERDAY
  MAXIMUM         90   1242 PM 103    1952  92     -2       97
  MINIMUM         74    605 AM  61    1911  70      4       73
  AVERAGE         82                        81      1       85

PRECIPITATION (IN)
  YESTERDAY        0.19          2.15 1923   0.15   0.04     0.00
  MONTH TO DATE    2.40                      4.65  -2.25     3.57
  SINCE JUN 1      7.31                      9.05  -1.74     8.54
  SINCE JAN 1     32.30                     34.48  -2.18    31.60

SNOWFALL (IN)
  YESTERDAY        0.0           0.0    MM   0.0    0.0      0.0
  MONTH TO DATE    0.0                       0.0    0.0      0.0
  SINCE JUN 1      0.0                       0.0    0.0      0.0
  SINCE JUL 1      0.0                       0.0    0.0      0.0

DEGREE DAYS
 HEATING
  YESTERDAY        0                         0      0        0
  MONTH TO DATE    0                         0      0        0
  SINCE JUN 1      0                         0      0        0
  SINCE JUL 1      0                         0      0        0

 COOLING
  YESTERDAY       17                        16      1       20
  MONTH TO DATE  570                       439    131      489
  SINCE JUN 1   1114                       819    295      905
  SINCE JAN 1   1426                      1102    324     1270
..................................................................


WIND (MPH)
  HIGHEST WIND SPEED    25   HIGHEST WIND DIRECTION    SW (230)
  HIGHEST GUST SPEED    36   HIGHEST GUST DIRECTION     W (260)
  AVERAGE WIND SPEED     6.4


SKY COVER
  POSSIBLE SUNSHINE  MM
  AVERAGE SKY COVER 0.4


WEATHER CONDITIONS
 THE FOLLOWING WEATHER WAS RECORDED YESTERDAY.
  THUNDERSTORM
  HEAVY RAIN
  RAIN
  LIGHT RAIN
  HAZE


RELATIVE HUMIDITY (PERCENT)
 HIGHEST    93           200 AM
 LOWEST     63          1100 AM
 AVERAGE    78

..........................................................


THE MERIDIAN CLIMATE NORMALS FOR TODAY
                         NORMAL    RECORD    YEAR
 MAXIMUM TEMPERATURE (F)   92       102      1930
 MINIMUM TEMPERATURE (F)   70        61      1994


SUNRISE AND SUNSET
JULY 29 2016..........SUNRISE   608 AM CDT   SUNSET   754 PM CDT
JULY 30 2016..........SUNRISE   609 AM CDT   SUNSET   754 PM CDT


-  INDICATES NEGATIVE NUMBERS.
R  INDICATES RECORD WAS SET OR TIED.
MM INDICATES DATA IS MISSING.
T  INDICATES TRACE AMOUNT.




$$
