000
CDUS44 KJAN 260742
CLIMEI


CLIMATE REPORT
NATIONAL WEATHER SERVICE JACKSON MS
239 AM CDT TUE MAY 26 2015


...................................

...THE MERIDIAN CLIMATE SUMMARY FOR MAY 25 2015...

CLIMATE NORMAL PERIOD 1981 TO 2010
CLIMATE RECORD PERIOD 1889 TO 2015


WEATHER ITEM   OBSERVED TIME   RECORD YEAR NORMAL DEPARTURE LAST
                VALUE   (LST)  VALUE       VALUE  FROM      YEAR
                                                  NORMAL
..................................................................
TEMPERATURE (F)
 YESTERDAY
  MAXIMUM         77    224 PM  95    1953  85     -8       90
  MINIMUM         68    855 PM  47    1979  61      7       60
  AVERAGE         73                        73      0       75

PRECIPITATION (IN)
  YESTERDAY        0.08          2.97 1909   0.15  -0.07     0.00
  MONTH TO DATE    1.14                      3.64  -2.50     1.47
  SINCE MAR 1     11.20                     13.84  -2.64    21.24
  SINCE JAN 1     22.04                     24.57  -2.53    30.59

SNOWFALL (IN)
  YESTERDAY        0.0           0.0    MM   0.0    0.0      0.0
  MONTH TO DATE    0.0                       0.0    0.0      0.0
  SINCE MAR 1      T                         0.3   -0.3      0.0
  SINCE JUL 1      T                         0.6   -0.6      2.5

DEGREE DAYS
 HEATING
  YESTERDAY        0                         0      0        0
  MONTH TO DATE    6                        16    -10       21
  SINCE MAR 1    263                       453   -190      489
  SINCE JUL 1   2504                      2550    -46     2865

 COOLING
  YESTERDAY        8                         8      0       10
  MONTH TO DATE  162                       145     17      141
  SINCE MAR 1    302                       221     81      202
  SINCE JAN 1    302                       228     74      209
..................................................................


WIND (MPH)
  HIGHEST WIND SPEED    20   HIGHEST WIND DIRECTION     S (160)
  HIGHEST GUST SPEED    24   HIGHEST GUST DIRECTION    SE (150)
  AVERAGE WIND SPEED     7.2


SKY COVER
  POSSIBLE SUNSHINE  MM
  AVERAGE SKY COVER 0.5


WEATHER CONDITIONS
 THE FOLLOWING WEATHER WAS RECORDED YESTERDAY.
  THUNDERSTORM
  LIGHT RAIN
  FOG


RELATIVE HUMIDITY (PERCENT)
 HIGHEST    93          1200 AM
 LOWEST     79           400 PM
 AVERAGE    86

..........................................................


THE MERIDIAN CLIMATE NORMALS FOR TODAY
                         NORMAL    RECORD    YEAR
 MAXIMUM TEMPERATURE (F)   86        96      1964
                                             1950
 MINIMUM TEMPERATURE (F)   61        42      1979


SUNRISE AND SUNSET
MAY 26 2015...........SUNRISE   551 AM CDT   SUNSET   753 PM CDT
MAY 27 2015...........SUNRISE   551 AM CDT   SUNSET   754 PM CDT


-  INDICATES NEGATIVE NUMBERS.
R  INDICATES RECORD WAS SET OR TIED.
MM INDICATES DATA IS MISSING.
T  INDICATES TRACE AMOUNT.




$$
