000
CDUS44 KJAN 200729
CLIMEI


CLIMATE REPORT
NATIONAL WEATHER SERVICE JACKSON MS
228 AM CDT FRI OCT 20 2017


...................................

...THE MERIDIAN CLIMATE SUMMARY FOR OCTOBER 19 2017...

CLIMATE NORMAL PERIOD 1981 TO 2010
CLIMATE RECORD PERIOD 1889 TO 2017


WEATHER ITEM   OBSERVED TIME   RECORD YEAR NORMAL DEPARTURE LAST
                VALUE   (LST)  VALUE       VALUE  FROM      YEAR
                                                  NORMAL
..................................................................
TEMPERATURE (F)
 YESTERDAY
  MAXIMUM         81    305 PM  92    2016  76      5       92
  MINIMUM         46    615 AM  30    1948  50     -4       66
  AVERAGE         64                        63      1       79

PRECIPITATION (IN)
  YESTERDAY        0.00          4.73 1970   0.12  -0.12     0.00
  MONTH TO DATE    1.36                      2.22  -0.86     0.00
  SINCE SEP 1      2.41                      5.65  -3.24     0.57
  SINCE JAN 1     55.29                     44.61  10.68    37.90

SNOWFALL (IN)
  YESTERDAY        0.0           0.0  2002   0.0    0.0      0.0
                                      2001
  MONTH TO DATE    0.0                       0.0    0.0      0.0
  SINCE SEP 1      0.0                       0.0    0.0      0.0
  SINCE JUL 1      0.0                       0.0    0.0      0.0

DEGREE DAYS
 HEATING
  YESTERDAY        1                         4     -3        0
  MONTH TO DATE   11                        47    -36        0
  SINCE SEP 1     14                        54    -40        0
  SINCE JUL 1     14                        54    -40        0

 COOLING
  YESTERDAY        0                         2     -2       14
  MONTH TO DATE  176                        70    106      164
  SINCE SEP 1    516                       373    143      676
  SINCE JAN 1   2480                      1993    487     2787
..................................................................


WIND (MPH)
  HIGHEST WIND SPEED     9   HIGHEST WIND DIRECTION    NE (60)
  HIGHEST GUST SPEED    13   HIGHEST GUST DIRECTION     E (70)
  AVERAGE WIND SPEED     2.4


SKY COVER
  POSSIBLE SUNSHINE  MM
  AVERAGE SKY COVER 0.0


WEATHER CONDITIONS
 THE FOLLOWING WEATHER WAS RECORDED YESTERDAY.
  NO SIGNIFICANT WEATHER WAS OBSERVED.


RELATIVE HUMIDITY (PERCENT)
 HIGHEST   100           200 AM
 LOWEST     45           200 PM
 AVERAGE    73

..........................................................


THE MERIDIAN CLIMATE NORMALS FOR TODAY
                         NORMAL    RECORD    YEAR
 MAXIMUM TEMPERATURE (F)   76        89      2016
 MINIMUM TEMPERATURE (F)   49        30      1964


SUNRISE AND SUNSET
OCTOBER 20 2017.......SUNRISE   703 AM CDT   SUNSET   616 PM CDT
OCTOBER 21 2017.......SUNRISE   703 AM CDT   SUNSET   615 PM CDT


-  INDICATES NEGATIVE NUMBERS.
R  INDICATES RECORD WAS SET OR TIED.
MM INDICATES DATA IS MISSING.
T  INDICATES TRACE AMOUNT.




$$
