000
CDUS44 KJAN 302118
CLIMEI


CLIMATE REPORT
NATIONAL WEATHER SERVICE JACKSON MS
416 PM CDT FRI SEP 30 2016


...................................

...THE MERIDIAN CLIMATE SUMMARY FOR SEPTEMBER 30 2016...
VALID TODAY AS OF 0400 PM LOCAL TIME.

CLIMATE NORMAL PERIOD 1981 TO 2010
CLIMATE RECORD PERIOD 1889 TO 2016


WEATHER ITEM   OBSERVED TIME   RECORD YEAR NORMAL DEPARTURE LAST
                VALUE   (LST)  VALUE       VALUE  FROM      YEAR
                                                  NORMAL
..................................................................
TEMPERATURE (F)
 TODAY
  MAXIMUM         84    158 PM  95    1981  82      2       86
  MINIMUM         52    621 AM  34    1967  57     -5       67
  AVERAGE         68                        70     -2       77

PRECIPITATION (IN)
  TODAY            0.00          3.81 1985   0.12  -0.12     0.00
  MONTH TO DATE    0.57                      3.43  -2.86     3.60
  SINCE SEP 1      0.57                      3.43  -2.86     3.60
  SINCE JAN 1     37.90                     42.39  -4.49    39.30

SNOWFALL (IN)
  TODAY            0.0           0.0  2002   0.0    0.0      0.0
                                      2001
  MONTH TO DATE    0.0                       0.0    0.0      0.0
  SINCE SEP 1      0.0                       0.0    0.0      0.0
  SINCE JUL 1      0.0                       0.0    0.0      0.0

DEGREE DAYS
 HEATING
  TODAY            0                         1     -1        0
  MONTH TO DATE    0                         6     -6        1
  SINCE SEP 1      0                         7     -7        1
  SINCE JUL 1      0                         7     -7        1

 COOLING
  TODAY            3                         6     -3       12
  MONTH TO DATE  512                       303    209      332
  SINCE SEP 1    512                       303    209      332
  SINCE JAN 1   2623                      1923    700     2157
..................................................................


WIND (MPH)
  HIGHEST WIND SPEED    14   HIGHEST WIND DIRECTION     N (350)
  HIGHEST GUST SPEED    26   HIGHEST GUST DIRECTION    NW (300)
  AVERAGE WIND SPEED     4.3


SKY COVER
  POSSIBLE SUNSHINE  MM
  AVERAGE SKY COVER 0.2


WEATHER CONDITIONS
 THE FOLLOWING WEATHER WAS RECORDED TODAY.
  NO SIGNIFICANT WEATHER WAS OBSERVED.


RELATIVE HUMIDITY (PERCENT)
 HIGHEST    89           400 AM
 LOWEST     32           200 PM
 AVERAGE    61

..........................................................


THE MERIDIAN CLIMATE NORMALS FOR TOMORROW
                         NORMAL    RECORD    YEAR
 MAXIMUM TEMPERATURE (F)   82        95      2006
                                             1954
 MINIMUM TEMPERATURE (F)   57        40      1967
                                             1924


SUNRISE AND SUNSET
SEPTEMBER 30 2016.....SUNRISE   649 AM CDT   SUNSET   640 PM CDT
OCTOBER  1 2016.......SUNRISE   649 AM CDT   SUNSET   639 PM CDT


-  INDICATES NEGATIVE NUMBERS.
R  INDICATES RECORD WAS SET OR TIED.
MM INDICATES DATA IS MISSING.
T  INDICATES TRACE AMOUNT.




$$
