000
CDUS44 KMEG 300633
CLIMEM


CLIMATE REPORT
NATIONAL WEATHER SERVICE MEMPHIS TN
132 AM CDT MON MAR 30 2015


...................................

...THE MEMPHIS CLIMATE SUMMARY FOR MARCH 29 2015...

CLIMATE NORMAL PERIOD 1981 TO 2010
CLIMATE RECORD PERIOD 1872 TO 2015


WEATHER ITEM   OBSERVED TIME   RECORD YEAR NORMAL DEPARTURE LAST
                VALUE   (LST)  VALUE       VALUE  FROM      YEAR
                                                  NORMAL
..................................................................
TEMPERATURE (F)
 YESTERDAY
  MAXIMUM         71    345 PM  86    2007  68      3       59
  MINIMUM         35    152 AM  28    1955  48    -13       43
  AVERAGE         53                        58     -5       51

PRECIPITATION (IN)
  YESTERDAY        0.07          2.67 1939   0.18  -0.11     0.16
  MONTH TO DATE    5.45                      4.79   0.66     7.38
  SINCE MAR 1      5.45                      4.79   0.66     7.38
  SINCE JAN 1     11.10                     13.16  -2.06    15.50

SNOWFALL (IN)
  YESTERDAY        0.0           1.0  1991   0.0    0.0      0.0
  MONTH TO DATE    3.6                       0.4    3.2      0.5
  SINCE MAR 1      3.6                       0.4    3.2      0.5
  SINCE JUL 1      6.1                       3.8    2.3      0.8
  SNOW DEPTH       0

DEGREE DAYS
 HEATING
  YESTERDAY       12                         8      4       14
  MONTH TO DATE  376                       343     33      457
  SINCE MAR 1    376                       343     33      457
  SINCE JUL 1   3099                      2793    306     3283

 COOLING
  YESTERDAY        0                         1     -1        0
  MONTH TO DATE    4                        14    -10        2
  SINCE MAR 1      4                        14    -10        2
  SINCE JAN 1      4                        17    -13        2
..................................................................


WIND (MPH)
  HIGHEST WIND SPEED    21   HIGHEST WIND DIRECTION     S (180)
  HIGHEST GUST SPEED    29   HIGHEST GUST DIRECTION     S (180)
  AVERAGE WIND SPEED     8.8


SKY COVER
  POSSIBLE SUNSHINE  MM
  AVERAGE SKY COVER 0.5


WEATHER CONDITIONS
 THE FOLLOWING WEATHER WAS RECORDED YESTERDAY.
  THUNDERSTORM
  LIGHT RAIN
  FOG


RELATIVE HUMIDITY (PERCENT)
 HIGHEST    84          1100 PM
 LOWEST     42          1000 AM
 AVERAGE    63

..........................................................


THE MEMPHIS CLIMATE NORMALS FOR TODAY
                         NORMAL    RECORD    YEAR
 MAXIMUM TEMPERATURE (F)   68        85      1986
 MINIMUM TEMPERATURE (F)   48        23      1964


SUNRISE AND SUNSET
MARCH 30 2015.........SUNRISE   650 AM CDT   SUNSET   720 PM CDT
MARCH 31 2015.........SUNRISE   649 AM CDT   SUNSET   720 PM CDT


-  INDICATES NEGATIVE NUMBERS.
R  INDICATES RECORD WAS SET OR TIED.
MM INDICATES DATA IS MISSING.
T  INDICATES TRACE AMOUNT.




$$
