000
CDUS44 KMEG 300636
CLIMEM


CLIMATE REPORT
NATIONAL WEATHER SERVICE MEMPHIS TN
136 AM CDT SAT AUG 30 2014


...................................

...THE MEMPHIS CLIMATE SUMMARY FOR AUGUST 29 2014...

CLIMATE NORMAL PERIOD 1981 TO 2010
CLIMATE RECORD PERIOD 1872 TO 2014


WEATHER ITEM   OBSERVED TIME   RECORD YEAR NORMAL DEPARTURE LAST
                VALUE   (LST)  VALUE       VALUE  FROM      YEAR
                                                  NORMAL
..................................................................
TEMPERATURE (F)
 YESTERDAY
  MAXIMUM         95   1228 PM 106    2000  90      5       94
  MINIMUM         74    601 AM  53    1986  71      3       73
  AVERAGE         85                        81      4       84

PRECIPITATION (IN)
  YESTERDAY        0.02          2.16 2005   0.08  -0.06     0.00
  MONTH TO DATE    0.95                      2.73  -1.78     2.17
  SINCE JUN 1     16.91                     10.95   5.96    11.37
  SINCE JAN 1     42.87                     35.23   7.64    45.95

SNOWFALL (IN)
  YESTERDAY        0.0          MM      MM   0.0    0.0      0.0
  MONTH TO DATE    0.0                       0.0    0.0      0.0
  SINCE JUN 1      0.0                       0.0    0.0      0.0
  SINCE JUL 1      0.0                       0.0    0.0      0.0
  SNOW DEPTH       0

DEGREE DAYS
 HEATING
  YESTERDAY        0                         0      0        0
  MONTH TO DATE    0                         0      0        0
  SINCE JUN 1      0                         0      0        0
  SINCE JUL 1      0                         0      0        0

 COOLING
  YESTERDAY       20                        16      4       19
  MONTH TO DATE  522                       499     23      463
  SINCE JUN 1   1366                      1486   -120     1398
  SINCE JAN 1   1677                      1807   -130     1683
..................................................................


WIND (MPH)
  HIGHEST WIND SPEED    16   HIGHEST WIND DIRECTION    SW (210)
  HIGHEST GUST SPEED    22   HIGHEST GUST DIRECTION     W (250)
  AVERAGE WIND SPEED     5.5


SKY COVER
  POSSIBLE SUNSHINE  MM
  AVERAGE SKY COVER 0.5


WEATHER CONDITIONS
 THE FOLLOWING WEATHER WAS RECORDED YESTERDAY.
  LIGHT RAIN


RELATIVE HUMIDITY (PERCENT)
 HIGHEST    79           500 AM
 LOWEST     41          1200 PM
 AVERAGE    60

..........................................................


THE MEMPHIS CLIMATE NORMALS FOR TODAY
                         NORMAL    RECORD    YEAR
 MAXIMUM TEMPERATURE (F)   90       107      2000
 MINIMUM TEMPERATURE (F)   71        54      1946


SUNRISE AND SUNSET
AUGUST 30 2014........SUNRISE   631 AM CDT   SUNSET   729 PM CDT
AUGUST 31 2014........SUNRISE   632 AM CDT   SUNSET   728 PM CDT


-  INDICATES NEGATIVE NUMBERS.
R  INDICATES RECORD WAS SET OR TIED.
MM INDICATES DATA IS MISSING.
T  INDICATES TRACE AMOUNT.




$$
