000
CDUS44 KMEG 240733
CLIMEM


CLIMATE REPORT
NATIONAL WEATHER SERVICE MEMPHIS TN
132 AM CST FRI NOV 24 2017


...................................

...THE MEMPHIS CLIMATE SUMMARY FOR NOVEMBER 23 2017...

CLIMATE NORMAL PERIOD 1981 TO 2010
CLIMATE RECORD PERIOD 1872 TO 2017


WEATHER ITEM   OBSERVED TIME   RECORD YEAR NORMAL DEPARTURE LAST
                VALUE   (LST)  VALUE       VALUE  FROM      YEAR
                                                  NORMAL
..................................................................
TEMPERATURE (F)
 YESTERDAY
  MAXIMUM         56    247 PM  77    1973  59     -3       63
  MINIMUM         29    622 AM  19    1964  41    -12       53
  AVERAGE         43                        50     -7       58

PRECIPITATION (IN)
  YESTERDAY        0.00          3.77 1983   0.19  -0.19     0.50
  MONTH TO DATE    1.79                      4.04  -2.25     1.17
  SINCE SEP 1      7.44                     11.11  -3.67     3.06
  SINCE JAN 1     44.10                     46.49  -2.39    52.87

SNOWFALL (IN)
  YESTERDAY        0.0           1.2  1950   0.0    0.0      0.0
  MONTH TO DATE    0.0                       0.0    0.0      0.0
  SINCE SEP 1      0.0                       0.0    0.0      0.0
  SINCE JUL 1      0.0                       0.0    0.0      0.0
  SNOW DEPTH       0

DEGREE DAYS
 HEATING
  YESTERDAY       22                        15      7        7
  MONTH TO DATE  241                       254    -13      154
  SINCE SEP 1    372                       385    -13      172
  SINCE JUL 1    372                       385    -13      172

 COOLING
  YESTERDAY        0                         0      0        0
  MONTH TO DATE   22                        11     11       30
  SINCE SEP 1    486                       419     67      703
  SINCE JAN 1   2302                      2254     48     2804
..................................................................


WIND (MPH)
  HIGHEST WIND SPEED     9   HIGHEST WIND DIRECTION     W (290)
  HIGHEST GUST SPEED    14   HIGHEST GUST DIRECTION     N (20)
  AVERAGE WIND SPEED     2.4


SKY COVER
  POSSIBLE SUNSHINE  MM
  AVERAGE SKY COVER 0.1


WEATHER CONDITIONS
 THE FOLLOWING WEATHER WAS RECORDED YESTERDAY.
  NO SIGNIFICANT WEATHER WAS OBSERVED.


RELATIVE HUMIDITY (PERCENT)
 HIGHEST    78           600 AM
 LOWEST     26           200 PM
 AVERAGE    52

..........................................................


THE MEMPHIS CLIMATE NORMALS FOR TODAY
                         NORMAL    RECORD    YEAR
 MAXIMUM TEMPERATURE (F)   59        79      1973
 MINIMUM TEMPERATURE (F)   41        14      1950


SUNRISE AND SUNSET
NOVEMBER 24 2017......SUNRISE   643 AM CST   SUNSET   450 PM CST
NOVEMBER 25 2017......SUNRISE   644 AM CST   SUNSET   449 PM CST


-  INDICATES NEGATIVE NUMBERS.
R  INDICATES RECORD WAS SET OR TIED.
MM INDICATES DATA IS MISSING.
T  INDICATES TRACE AMOUNT.




$$
