000
CDUS44 KMEG 040646
CLIMEM


CLIMATE REPORT
NATIONAL WEATHER SERVICE MEMPHIS TN
146 AM CDT WED MAY 4 2016


...................................

...THE MEMPHIS CLIMATE SUMMARY FOR MAY 3 2016...

CLIMATE NORMAL PERIOD 1981 TO 2010
CLIMATE RECORD PERIOD 1872 TO 2016


WEATHER ITEM   OBSERVED TIME   RECORD YEAR NORMAL DEPARTURE LAST
                VALUE   (LST)  VALUE       VALUE  FROM      YEAR
                                                  NORMAL
..................................................................
TEMPERATURE (F)
 YESTERDAY
  MAXIMUM         67    452 PM  91    1952  78    -11       82
  MINIMUM         53   1149 PM  37    2013  58     -5       54
  AVERAGE         60                        68     -8       68

PRECIPITATION (IN)
  YESTERDAY        0.00          3.05 1979   0.19  -0.19     0.00
  MONTH TO DATE    0.32                      0.56  -0.24     0.00
  SINCE MAR 1     22.49                     11.22  11.27     8.55
  SINCE JAN 1     30.34                     19.59  10.75    14.20

SNOWFALL (IN)
  YESTERDAY        0.0          MM      MM   0.0    0.0      0.0
  MONTH TO DATE    0.0                       0.0    0.0      0.0
  SINCE MAR 1      0.0                       0.4   -0.4      3.6
  SINCE JUL 1      0.3                       3.8   -3.5      6.1
  SNOW DEPTH       0

DEGREE DAYS
 HEATING
  YESTERDAY        5                         1      4        0
  MONTH TO DATE    5                         4      1        3
  SINCE MAR 1    298                       499   -201      451
  SINCE JUL 1   2169                      2949   -780     3174

 COOLING
  YESTERDAY        0                         4     -4        3
  MONTH TO DATE    9                        12     -3        3
  SINCE MAR 1    113                       104      9       93
  SINCE JAN 1    116                       107      9       93
..................................................................


WIND (MPH)
  HIGHEST WIND SPEED    14   HIGHEST WIND DIRECTION    NW (300)
  HIGHEST GUST SPEED    18   HIGHEST GUST DIRECTION    NW (330)
  AVERAGE WIND SPEED     6.3


SKY COVER
  POSSIBLE SUNSHINE  MM
  AVERAGE SKY COVER 0.6


WEATHER CONDITIONS
 THE FOLLOWING WEATHER WAS RECORDED YESTERDAY.
  NO SIGNIFICANT WEATHER WAS OBSERVED.


RELATIVE HUMIDITY (PERCENT)
 HIGHEST    86           500 AM
 LOWEST     52           400 PM
 AVERAGE    69

..........................................................


THE MEMPHIS CLIMATE NORMALS FOR TODAY
                         NORMAL    RECORD    YEAR
 MAXIMUM TEMPERATURE (F)   78        91      2012
 MINIMUM TEMPERATURE (F)   59        36      2013


SUNRISE AND SUNSET
MAY  4 2016...........SUNRISE   605 AM CDT   SUNSET   748 PM CDT
MAY  5 2016...........SUNRISE   604 AM CDT   SUNSET   749 PM CDT


-  INDICATES NEGATIVE NUMBERS.
R  INDICATES RECORD WAS SET OR TIED.
MM INDICATES DATA IS MISSING.
T  INDICATES TRACE AMOUNT.




$$
