000
CDUS44 KMEG 230636
CLIMEM


CLIMATE REPORT
NATIONAL WEATHER SERVICE MEMPHIS TN
135 AM CDT SAT JUL 23 2016


...................................

...THE MEMPHIS CLIMATE SUMMARY FOR JULY 22 2016...

CLIMATE NORMAL PERIOD 1981 TO 2010
CLIMATE RECORD PERIOD 1872 TO 2016


WEATHER ITEM   OBSERVED TIME   RECORD YEAR NORMAL DEPARTURE LAST
                VALUE   (LST)  VALUE       VALUE  FROM      YEAR
                                                  NORMAL
..................................................................
TEMPERATURE (F)
 YESTERDAY
  MAXIMUM        100    426 PM 103    1943  92      8       92
  MINIMUM         80    527 AM  53    1944  74      6       74
  AVERAGE         90                        83      7       83

PRECIPITATION (IN)
  YESTERDAY        0.00          3.49 1980   0.16  -0.16     0.28
  MONTH TO DATE    3.95                      3.24   0.71     3.98
  SINCE JUN 1      5.12                      6.87  -1.75     8.45
  SINCE JAN 1     40.21                     31.15   9.06    28.67

SNOWFALL (IN)
  YESTERDAY        0.0          MM      MM   0.0    0.0      0.0
  MONTH TO DATE    0.0                       0.0    0.0      0.0
  SINCE JUN 1      0.0                       0.0    0.0      0.0
  SINCE JUL 1      0.0                       0.0    0.0      0.0
  SNOW DEPTH       0

DEGREE DAYS
 HEATING
  YESTERDAY        0                         0      0        0
  MONTH TO DATE    0                         0      0        0
  SINCE JUN 1      0                         0      0        0
  SINCE JUL 1      0                         0      0        0

 COOLING
  YESTERDAY       25                        18      7       18
  MONTH TO DATE  455                       392     63      419
  SINCE JUN 1   1007                       830    177      896
  SINCE JAN 1   1312                      1151    161     1250
..................................................................


WIND (MPH)
  HIGHEST WIND SPEED    22   HIGHEST WIND DIRECTION    NE (40)
  HIGHEST GUST SPEED    28   HIGHEST GUST DIRECTION    NE (30)
  AVERAGE WIND SPEED     4.8


SKY COVER
  POSSIBLE SUNSHINE  MM
  AVERAGE SKY COVER 0.4


WEATHER CONDITIONS
 THE FOLLOWING WEATHER WAS RECORDED YESTERDAY.
  NO SIGNIFICANT WEATHER WAS OBSERVED.


RELATIVE HUMIDITY (PERCENT)
 HIGHEST    85           500 AM
 LOWEST     48           200 PM
 AVERAGE    67

..........................................................


THE MEMPHIS CLIMATE NORMALS FOR TODAY
                         NORMAL    RECORD    YEAR
 MAXIMUM TEMPERATURE (F)   92       104      1934
                                             1901
 MINIMUM TEMPERATURE (F)   74        52      1947


SUNRISE AND SUNSET
JULY 23 2016..........SUNRISE   603 AM CDT   SUNSET   809 PM CDT
JULY 24 2016..........SUNRISE   604 AM CDT   SUNSET   809 PM CDT


-  INDICATES NEGATIVE NUMBERS.
R  INDICATES RECORD WAS SET OR TIED.
MM INDICATES DATA IS MISSING.
T  INDICATES TRACE AMOUNT.




$$
