000
CDUS44 KMEG 180736
CLIMEM


CLIMATE REPORT
NATIONAL WEATHER SERVICE MEMPHIS TN
135 AM CST SUN FEB 18 2018


...................................

...THE MEMPHIS CLIMATE SUMMARY FOR FEBRUARY 17 2018...

CLIMATE NORMAL PERIOD 1981 TO 2010
CLIMATE RECORD PERIOD 1872 TO 2018


WEATHER ITEM   OBSERVED TIME   RECORD YEAR NORMAL DEPARTURE LAST
                VALUE   (LST)  VALUE       VALUE  FROM      YEAR
                                                  NORMAL
..................................................................
TEMPERATURE (F)
 YESTERDAY
  MAXIMUM         49    700 PM  76    1976  55     -6       69
  MINIMUM         40   1159 PM   5    1900  37      3       40
  AVERAGE         45                        46     -1       55

PRECIPITATION (IN)
  YESTERDAY        0.31          1.64 1940   0.15   0.16     0.00
  MONTH TO DATE    5.36                      2.61   2.75     0.96
  SINCE DEC 1     16.64                     12.33   4.31    12.55
  SINCE JAN 1      9.38                      6.59   2.79     5.22

SNOWFALL (IN)
  YESTERDAY        0.0           2.3  1979   0.0    0.0      0.0
  MONTH TO DATE    0.0                       0.9   -0.9      0.0
  SINCE DEC 1      2.5                       3.0   -0.5      2.0
  SINCE JUL 1      2.5                       3.0   -0.5      2.0
  SNOW DEPTH       0

DEGREE DAYS
 HEATING
  YESTERDAY       20                        19      1       10
  MONTH TO DATE  356                       357     -1      233
  SINCE DEC 1   1896                      1760    136     1366
  SINCE JUL 1   2342                      2259     83     1636

 COOLING
  YESTERDAY        0                         0      0        0
  MONTH TO DATE    5                         0      5       11
  SINCE DEC 1      5                         3      2       16
  SINCE JAN 1      5                         1      4       13
..................................................................


WIND (MPH)
  HIGHEST WIND SPEED    16   HIGHEST WIND DIRECTION     N (340)
  HIGHEST GUST SPEED    20   HIGHEST GUST DIRECTION    NW (330)
  AVERAGE WIND SPEED     6.9


SKY COVER
  POSSIBLE SUNSHINE  MM
  AVERAGE SKY COVER 0.9


WEATHER CONDITIONS
 THE FOLLOWING WEATHER WAS RECORDED YESTERDAY.
  HEAVY RAIN
  RAIN
  LIGHT RAIN
  FOG


RELATIVE HUMIDITY (PERCENT)
 HIGHEST    96           700 AM
 LOWEST     76          1200 AM
 AVERAGE    86

..........................................................


THE MEMPHIS CLIMATE NORMALS FOR TODAY
                         NORMAL    RECORD    YEAR
 MAXIMUM TEMPERATURE (F)   56        78      1986
 MINIMUM TEMPERATURE (F)   37         1      1936


SUNRISE AND SUNSET
FEBRUARY 18 2018......SUNRISE   643 AM CST   SUNSET   546 PM CST
FEBRUARY 19 2018......SUNRISE   641 AM CST   SUNSET   546 PM CST


-  INDICATES NEGATIVE NUMBERS.
R  INDICATES RECORD WAS SET OR TIED.
MM INDICATES DATA IS MISSING.
T  INDICATES TRACE AMOUNT.




$$
