000
CDUS44 KMEG 250637
CLIMEM


CLIMATE REPORT
NATIONAL WEATHER SERVICE MEMPHIS TN
137 AM CDT MON SEP 25 2017


...................................

...THE MEMPHIS CLIMATE SUMMARY FOR SEPTEMBER 24 2017...

CLIMATE NORMAL PERIOD 1981 TO 2010
CLIMATE RECORD PERIOD 1872 TO 2017


WEATHER ITEM   OBSERVED TIME   RECORD YEAR NORMAL DEPARTURE LAST
                VALUE   (LST)  VALUE       VALUE  FROM      YEAR
                                                  NORMAL
..................................................................
TEMPERATURE (F)
 YESTERDAY
  MAXIMUM         90    112 PM  97    2016  82      8       97
  MINIMUM         72    336 AM  43    1983  62     10       72
  AVERAGE         81                        72      9       85

PRECIPITATION (IN)
  YESTERDAY        0.01          3.77 1890   0.11  -0.10     0.00
  MONTH TO DATE    1.61                      2.37  -0.76     0.67
  SINCE SEP 1      1.61                      2.37  -0.76     0.67
  SINCE JAN 1     38.27                     37.75   0.52    50.48

SNOWFALL (IN)
  YESTERDAY        0.0           0.0  2002   0.0    0.0      0.0
                                      2001
  MONTH TO DATE    0.0                       0.0    0.0      0.0
  SINCE SEP 1      0.0                       0.0    0.0      0.0
  SINCE JUL 1      0.0                       0.0    0.0      0.0
  SNOW DEPTH       0

DEGREE DAYS
 HEATING
  YESTERDAY        0                         1     -1        0
  MONTH TO DATE    3                         4     -1        0
  SINCE SEP 1      3                         4     -1        0
  SINCE JUL 1      3                         4     -1        0

 COOLING
  YESTERDAY       16                         8      8       20
  MONTH TO DATE  251                       275    -24      423
  SINCE SEP 1    251                       275    -24      423
  SINCE JAN 1   2067                      2110    -43     2524
..................................................................


WIND (MPH)
  HIGHEST WIND SPEED    18   HIGHEST WIND DIRECTION     E (100)
  HIGHEST GUST SPEED    27   HIGHEST GUST DIRECTION     E (100)
  AVERAGE WIND SPEED     3.9


SKY COVER
  POSSIBLE SUNSHINE  MM
  AVERAGE SKY COVER 0.3


WEATHER CONDITIONS
 THE FOLLOWING WEATHER WAS RECORDED YESTERDAY.
  THUNDERSTORM
  LIGHT RAIN


RELATIVE HUMIDITY (PERCENT)
 HIGHEST    87           400 AM
 LOWEST     47           100 PM
 AVERAGE    67

..........................................................


THE MEMPHIS CLIMATE NORMALS FOR TODAY
                         NORMAL    RECORD    YEAR
 MAXIMUM TEMPERATURE (F)   82        98      2016
 MINIMUM TEMPERATURE (F)   62        43      1965


SUNRISE AND SUNSET
SEPTEMBER 25 2017.....SUNRISE   650 AM CDT   SUNSET   652 PM CDT
SEPTEMBER 26 2017.....SUNRISE   651 AM CDT   SUNSET   651 PM CDT


-  INDICATES NEGATIVE NUMBERS.
R  INDICATES RECORD WAS SET OR TIED.
MM INDICATES DATA IS MISSING.
T  INDICATES TRACE AMOUNT.




$$
