000
CDUS41 KCLE 230534
CLIMFD


CLIMATE REPORT
NATIONAL WEATHER SERVICE CLEVELAND OH
133 AM EDT WED APR 23 2014


...................................

...THE MANSFIELD OH CLIMATE SUMMARY FOR APRIL 22 2014...

CLIMATE NORMAL PERIOD 1981 TO 2010
CLIMATE RECORD PERIOD 1916 TO 2014


WEATHER ITEM   OBSERVED TIME   RECORD YEAR NORMAL DEPARTURE LAST
                VALUE   (LST)  VALUE       VALUE  FROM      YEAR
                                                  NORMAL
..................................................................
TEMPERATURE (F)
 YESTERDAY
  MAXIMUM         66   1201 PM  84    1985  62      4       65
  MINIMUM         43   1159 PM  23    1922  40      3       33
  AVERAGE         55                        51      4       49

PRECIPITATION (IN)
  YESTERDAY        0.08                      0.14  -0.06     0.00
  MONTH TO DATE    4.06                      3.07   0.99     3.41
  SINCE MAR 1      5.90                      6.46  -0.56     5.36
  SINCE JAN 1     10.23                     11.72  -1.49    10.09

SNOWFALL (IN)
  YESTERDAY        0.0                       0.1   -0.1      0.0
  MONTH TO DATE    1.0                       2.4   -1.4      0.1
  SINCE MAR 1     11.5                      10.2    1.3      9.6
  SINCE JUL 1     65.4                      48.1   17.3     39.4
  SNOW DEPTH       0

DEGREE DAYS
 HEATING
  YESTERDAY       10                        14     -4       16
  MONTH TO DATE  330                       393    -63      379
  SINCE MAR 1   1357                      1258     99     1354
  SINCE JUL 1   6401                      5883    518     5727

 COOLING
  YESTERDAY        0                         0      0        0
  MONTH TO DATE    2                         0      2        6
  SINCE MAR 1      2                         1      1        6
  SINCE JAN 1      2                         1      1        6
..................................................................


WIND (MPH)
  HIGHEST WIND SPEED    23   HIGHEST WIND DIRECTION    NW (320)
  HIGHEST GUST SPEED    32   HIGHEST GUST DIRECTION     N (340)
  AVERAGE WIND SPEED    12.2


SKY COVER
  POSSIBLE SUNSHINE  MM
  AVERAGE SKY COVER 0.7


WEATHER CONDITIONS
 THE FOLLOWING WEATHER WAS RECORDED YESTERDAY.
  LIGHT RAIN
  FOG
  HAZE


RELATIVE HUMIDITY (PERCENT)
 HIGHEST   100           500 AM
 LOWEST     39           400 PM
 AVERAGE    70

..........................................................


THE MANSFIELD OH CLIMATE NORMALS FOR TODAY
                         NORMAL    RECORD    YEAR
 MAXIMUM TEMPERATURE (F)   62        86      1925
 MINIMUM TEMPERATURE (F)   41        22      1959
                                             1936


SUNRISE AND SUNSET
APRIL 23 2014.........SUNRISE   639 AM EDT   SUNSET   818 PM EDT
APRIL 24 2014.........SUNRISE   638 AM EDT   SUNSET   819 PM EDT


-  INDICATES NEGATIVE NUMBERS.
R  INDICATES RECORD WAS SET OR TIED.
MM INDICATES DATA IS MISSING.
T  INDICATES TRACE AMOUNT.




$$
