000
CDUS41 KCLE 020527
CLIMFD


CLIMATE REPORT
NATIONAL WEATHER SERVICE CLEVELAND OH
126 AM EDT TUE SEP 2 2014


...................................

...THE MANSFIELD OH CLIMATE SUMMARY FOR SEPTEMBER 1 2014...

CLIMATE NORMAL PERIOD 1981 TO 2010
CLIMATE RECORD PERIOD 1916 TO 2014


WEATHER ITEM   OBSERVED TIME   RECORD YEAR NORMAL DEPARTURE LAST
                VALUE   (LST)  VALUE       VALUE  FROM      YEAR
                                                  NORMAL
..................................................................
TEMPERATURE (F)
 YESTERDAY
  MAXIMUM         85    211 PM  95    1953  78      7       83
                                      1932
  MINIMUM         68    256 AM  43    2009  58     10       67
                                      1935
  AVERAGE         77                        68      9       75

PRECIPITATION (IN)
  YESTERDAY        0.00                      0.13  -0.13     0.06
  MONTH TO DATE    0.00                      0.13  -0.13     0.06
  SINCE SEP 1      0.00                      0.13  -0.13     0.06
  SINCE JAN 1     29.22                     30.96  -1.74    28.98

SNOWFALL (IN)
  YESTERDAY        0.0                       0.0    0.0      0.0
  MONTH TO DATE    0.0                       0.0    0.0      0.0
  SINCE SEP 1      0.0                       0.0    0.0      0.0
  SINCE JUL 1      0.0                       0.0    0.0      0.0
  SNOW DEPTH       0

DEGREE DAYS
 HEATING
  YESTERDAY        0                         1     -1        0
  MONTH TO DATE    0                         1     -1        0
  SINCE SEP 1      0                         1     -1        0
  SINCE JUL 1     27                        26      1       28

 COOLING
  YESTERDAY       12                         4      8       10
  MONTH TO DATE   12                         4      8       10
  SINCE SEP 1     12                         4      8       10
  SINCE JAN 1    566                       566      0      652
..................................................................


WIND (MPH)
  HIGHEST WIND SPEED    23   HIGHEST WIND DIRECTION     S (200)
  HIGHEST GUST SPEED    28   HIGHEST GUST DIRECTION    SW (210)
  AVERAGE WIND SPEED    11.7


SKY COVER
  POSSIBLE SUNSHINE  MM
  AVERAGE SKY COVER 0.5


WEATHER CONDITIONS
 THE FOLLOWING WEATHER WAS RECORDED YESTERDAY.
  FOG


RELATIVE HUMIDITY (PERCENT)
 HIGHEST   100           100 AM
 LOWEST     65           100 PM
 AVERAGE    83

..........................................................


THE MANSFIELD OH CLIMATE NORMALS FOR TODAY
                         NORMAL    RECORD    YEAR
 MAXIMUM TEMPERATURE (F)   78        97      1953
 MINIMUM TEMPERATURE (F)   57        36      1958


SUNRISE AND SUNSET
SEPTEMBER  2 2014.....SUNRISE   658 AM EDT   SUNSET   801 PM EDT
SEPTEMBER  3 2014.....SUNRISE   659 AM EDT   SUNSET   759 PM EDT


-  INDICATES NEGATIVE NUMBERS.
R  INDICATES RECORD WAS SET OR TIED.
MM INDICATES DATA IS MISSING.
T  INDICATES TRACE AMOUNT.




$$
